[INFO] fetching crate osu-pi 0.1.0...
[INFO] testing osu-pi-0.1.0 against beta-2023-04-20 for beta-1.70-1
[INFO] extracting crate osu-pi 0.1.0 into /workspace/builds/worker-0-tc2/source
[INFO] validating manifest of crates.io crate osu-pi 0.1.0 on toolchain beta-2023-04-20
[INFO] running `Command { std: CARGO_HOME="/workspace/cargo-home" RUSTUP_HOME="/workspace/rustup-home" "/workspace/cargo-home/bin/cargo" "+beta-2023-04-20" "metadata" "--manifest-path" "Cargo.toml" "--no-deps", kill_on_drop: false }`
[INFO] started tweaking crates.io crate osu-pi 0.1.0
[INFO] finished tweaking crates.io crate osu-pi 0.1.0
[INFO] tweaked toml for crates.io crate osu-pi 0.1.0 written to /workspace/builds/worker-0-tc2/source/Cargo.toml
[INFO] running `Command { std: CARGO_HOME="/workspace/cargo-home" RUSTUP_HOME="/workspace/rustup-home" __CARGO_TEST_CHANNEL_OVERRIDE_DO_NOT_USE_THIS="nightly" "/workspace/cargo-home/bin/cargo" "+beta-2023-04-20" "generate-lockfile" "--manifest-path" "Cargo.toml" "-Zno-index-update", kill_on_drop: false }`
[INFO] running `Command { std: CARGO_HOME="/workspace/cargo-home" RUSTUP_HOME="/workspace/rustup-home" "/workspace/cargo-home/bin/cargo" "+beta-2023-04-20" "fetch" "--manifest-path" "Cargo.toml", kill_on_drop: false }`
[INFO] running `Command { std: "docker" "create" "-v" "/var/lib/crater-agent-workspace/builds/worker-0-tc2/target:/opt/rustwide/target:rw,Z" "-v" "/var/lib/crater-agent-workspace/builds/worker-0-tc2/source:/opt/rustwide/workdir:ro,Z" "-v" "/var/lib/crater-agent-workspace/cargo-home:/opt/rustwide/cargo-home:ro,Z" "-v" "/var/lib/crater-agent-workspace/rustup-home:/opt/rustwide/rustup-home:ro,Z" "-e" "SOURCE_DIR=/opt/rustwide/workdir" "-e" "CARGO_TARGET_DIR=/opt/rustwide/target" "-e" "CARGO_HOME=/opt/rustwide/cargo-home" "-e" "RUSTUP_HOME=/opt/rustwide/rustup-home" "-w" "/opt/rustwide/workdir" "-m" "1610612736" "--user" "0:0" "--network" "none" "ghcr.io/rust-lang/crates-build-env/linux@sha256:5ff2268d62e97bff2cde7d5815dd6ed5b47097566f13b8d0ca110b04b60e07ed" "/opt/rustwide/cargo-home/bin/cargo" "+beta-2023-04-20" "metadata" "--no-deps" "--format-version=1", kill_on_drop: false }`
[INFO] [stdout] c6144041e3f8c8cd11a885cfc78442f87059f3008a479f676676678d0d939db1
[INFO] running `Command { std: "docker" "start" "-a" "c6144041e3f8c8cd11a885cfc78442f87059f3008a479f676676678d0d939db1", kill_on_drop: false }`
[INFO] running `Command { std: "docker" "inspect" "c6144041e3f8c8cd11a885cfc78442f87059f3008a479f676676678d0d939db1", kill_on_drop: false }`
[INFO] running `Command { std: "docker" "rm" "-f" "c6144041e3f8c8cd11a885cfc78442f87059f3008a479f676676678d0d939db1", kill_on_drop: false }`
[INFO] [stdout] c6144041e3f8c8cd11a885cfc78442f87059f3008a479f676676678d0d939db1
[INFO] running `Command { std: "docker" "create" "-v" "/var/lib/crater-agent-workspace/builds/worker-0-tc2/target:/opt/rustwide/target:rw,Z" "-v" "/var/lib/crater-agent-workspace/builds/worker-0-tc2/source:/opt/rustwide/workdir:ro,Z" "-v" "/var/lib/crater-agent-workspace/cargo-home:/opt/rustwide/cargo-home:ro,Z" "-v" "/var/lib/crater-agent-workspace/rustup-home:/opt/rustwide/rustup-home:ro,Z" "-e" "SOURCE_DIR=/opt/rustwide/workdir" "-e" "CARGO_TARGET_DIR=/opt/rustwide/target" "-e" "CARGO_INCREMENTAL=0" "-e" "RUST_BACKTRACE=full" "-e" "RUSTFLAGS=--cap-lints=warn" "-e" "RUSTDOCFLAGS=--cap-lints=warn" "-e" "CARGO_HOME=/opt/rustwide/cargo-home" "-e" "RUSTUP_HOME=/opt/rustwide/rustup-home" "-w" "/opt/rustwide/workdir" "-m" "1610612736" "--user" "0:0" "--network" "none" "ghcr.io/rust-lang/crates-build-env/linux@sha256:5ff2268d62e97bff2cde7d5815dd6ed5b47097566f13b8d0ca110b04b60e07ed" "/opt/rustwide/cargo-home/bin/cargo" "+beta-2023-04-20" "build" "--frozen" "--message-format=json", kill_on_drop: false }`
[INFO] [stdout] 9f58cffd84aeb719b8fd050ad090791a0344da0582615129adba245c6599c614
[INFO] running `Command { std: "docker" "start" "-a" "9f58cffd84aeb719b8fd050ad090791a0344da0582615129adba245c6599c614", kill_on_drop: false }`
[INFO] [stderr]    Compiling autocfg v1.1.0
[INFO] [stderr]    Compiling libc v0.2.142
[INFO] [stderr]    Compiling cfg-if v0.1.10
[INFO] [stderr]    Compiling cfg-if v1.0.0
[INFO] [stderr]    Compiling futures v0.1.31
[INFO] [stderr]    Compiling semver-parser v0.7.0
[INFO] [stderr]    Compiling log v0.4.17
[INFO] [stderr]    Compiling maybe-uninit v2.0.0
[INFO] [stderr]    Compiling lazy_static v1.4.0
[INFO] [stderr]    Compiling byteorder v1.4.3
[INFO] [stderr]    Compiling cc v1.0.79
[INFO] [stderr]    Compiling either v1.8.1
[INFO] [stderr]    Compiling tinyvec_macros v0.1.1
[INFO] [stderr]    Compiling rand_core v0.4.2
[INFO] [stderr]    Compiling scopeguard v1.1.0
[INFO] [stderr]    Compiling syn v2.0.15
[INFO] [stderr]    Compiling unicode-bidi v0.3.13
[INFO] [stderr]    Compiling fnv v1.0.7
[INFO] [stderr]    Compiling tinyvec v1.6.0
[INFO] [stderr]    Compiling pkg-config v0.3.26
[INFO] [stderr]    Compiling matches v0.1.10
[INFO] [stderr]    Compiling autocfg v0.1.8
[INFO] [stderr]    Compiling lock_api v0.3.4
[INFO] [stderr]    Compiling itoa v0.4.8
[INFO] [stderr]    Compiling semver v0.9.0
[INFO] [stderr]    Compiling crossbeam-utils v0.7.2
[INFO] [stderr]    Compiling slab v0.4.8
[INFO] [stderr]    Compiling memoffset v0.5.6
[INFO] [stderr]    Compiling crossbeam-epoch v0.8.2
[INFO] [stderr]    Compiling smallvec v0.6.14
[INFO] [stderr]    Compiling rand_core v0.3.1
[INFO] [stderr]    Compiling adler v1.0.2
[INFO] [stderr]    Compiling rustc_version v0.2.3
[INFO] [stderr]    Compiling memchr v2.5.0
[INFO] [stderr]    Compiling serde_derive v1.0.160
[INFO] [stderr]    Compiling syn v1.0.109
[INFO] [stderr]    Compiling indexmap v1.9.3
[INFO] [stderr]    Compiling unicase v2.6.0
[INFO] [stderr]    Compiling serde v1.0.160
[INFO] [stderr]    Compiling rand_chacha v0.1.1
[INFO] [stderr]    Compiling parking_lot_core v0.6.3
[INFO] [stderr]    Compiling parking_lot v0.9.0
[INFO] [stderr]    Compiling unicode-normalization v0.1.22
[INFO] [stderr]    Compiling rand_pcg v0.1.2
[INFO] [stderr]    Compiling foreign-types-shared v0.1.1
[INFO] [stderr]    Compiling percent-encoding v1.0.1
[INFO] [stderr]    Compiling hashbrown v0.12.3
[INFO] [stderr]    Compiling tokio-sync v0.1.8
[INFO] [stderr]    Compiling openssl v0.10.52
[INFO] [stderr]    Compiling failure_derive v0.1.8
[INFO] [stderr]    Compiling unicode-xid v0.2.4
[INFO] [stderr]    Compiling httparse v1.8.0
[INFO] [stderr]    Compiling gimli v0.27.2
[INFO] [stderr]    Compiling percent-encoding v2.2.0
[INFO] [stderr]    Compiling openssl-sys v0.9.87
[INFO] [stderr]    Compiling backtrace v0.3.67
[INFO] [stderr]    Compiling tokio-executor v0.1.10
[INFO] [stderr]    Compiling idna v0.1.5
[INFO] [stderr]    Compiling crossbeam-queue v0.2.3
[INFO] [stderr]    Compiling crossbeam-deque v0.7.4
[INFO] [stderr]    Compiling tokio-timer v0.2.13
[INFO] [stderr]    Compiling tokio-current-thread v0.1.7
[INFO] [stderr]    Compiling idna v0.3.0
[INFO] [stderr]    Compiling form_urlencoded v1.1.0
[INFO] [stderr]    Compiling object v0.30.3
[INFO] [stderr]    Compiling foreign-types v0.3.2
[INFO] [stderr]    Compiling iovec v0.1.4
[INFO] [stderr]    Compiling num_cpus v1.15.0
[INFO] [stderr]    Compiling net2 v0.2.38
[INFO] [stderr]    Compiling bytes v0.4.12
[INFO] [stderr]    Compiling time v0.1.45
[INFO] [stderr]    Compiling mio v0.6.23
[INFO] [stderr]    Compiling tokio-threadpool v0.1.18
[INFO] [stderr]    Compiling tokio-io v0.1.13
[INFO] [stderr]    Compiling http v0.1.21
[INFO] [stderr]    Compiling tokio-buf v0.1.1
[INFO] [stderr]    Compiling string v0.2.1
[INFO] [stderr]    Compiling url v1.7.2
[INFO] [stderr]    Compiling hyper v0.12.36
[INFO] [stderr]    Compiling miniz_oxide v0.6.2
[INFO] [stderr]    Compiling rand v0.6.5
[INFO] [stderr]    Compiling tokio-reactor v0.1.12
[INFO] [stderr]    Compiling once_cell v1.17.1
[INFO] [stderr]    Compiling synstructure v0.12.6
[INFO] [stderr]    Compiling bitflags v1.3.2
[INFO] [stderr]    Compiling try-lock v0.2.4
[INFO] [stderr]    Compiling serde_json v1.0.96
[INFO] [stderr]    Compiling crc32fast v1.3.2
[INFO] [stderr]    Compiling tokio-tcp v0.1.4
[INFO] [stderr]    Compiling native-tls v0.2.11
[INFO] [stderr]    Compiling addr2line v0.19.0
[INFO] [stderr]    Compiling rustc-demangle v0.1.23
[INFO] [stderr]    Compiling tokio v0.1.22
[INFO] [stderr]    Compiling want v0.2.0
[INFO] [stderr]    Compiling mime_guess v2.0.4
[INFO] [stderr]    Compiling url v2.3.1
[INFO] [stderr]    Compiling futures-cpupool v0.1.8
[INFO] [stderr]    Compiling rand_os v0.1.3
[INFO] [stderr]    Compiling idna v0.2.3
[INFO] [stderr]    Compiling rand_xorshift v0.1.1
[INFO] [stderr]    Compiling rand_isaac v0.1.1
[INFO] [stderr]    Compiling rand_hc v0.1.0
[INFO] [stderr]    Compiling rand_jitter v0.1.4
[INFO] [stderr]    Compiling openssl-probe v0.1.5
[INFO] [stderr]    Compiling h2 v0.1.26
[INFO] [stderr]    Compiling http-body v0.1.0
[INFO] [stderr]    Compiling itoa v1.0.6
[INFO] [stderr]    Compiling ryu v1.0.13
[INFO] [stderr]    Compiling cookie v0.12.0
[INFO] [stderr]    Compiling miniz_oxide v0.7.1
[INFO] [stderr]    Compiling publicsuffix v1.5.6
[INFO] [stderr]    Compiling try_from v0.3.2
[INFO] [stderr]    Compiling mime v0.3.17
[INFO] [stderr]    Compiling openssl-macros v0.1.1
[INFO] [stderr]    Compiling dtoa v0.4.8
[INFO] [stderr]    Compiling flate2 v1.0.26
[INFO] [stderr]    Compiling base64 v0.10.1
[INFO] [stderr]    Compiling encoding_rs v0.8.32
[INFO] [stderr]    Compiling uuid v0.7.4
[INFO] [stderr]    Compiling failure v0.1.8
[INFO] [stderr]    Compiling hyper-tls v0.3.2
[INFO] [stderr]    Compiling serde_urlencoded v0.5.5
[INFO] [stderr]    Compiling cookie_store v0.7.0
[INFO] [stderr]    Compiling reqwest v0.9.24
[INFO] [stderr]    Compiling osu-pi v0.1.0 (/opt/rustwide/workdir)
[INFO] [stdout] warning: value assigned to `limit_max` is never read
[INFO] [stdout]   --> src/lib.rs:99:13
[INFO] [stdout]    |
[INFO] [stdout] 99 |     let mut limit_max: i32 = 0;
[INFO] [stdout]    |             ^^^^^^^^^
[INFO] [stdout]    |
[INFO] [stdout]    = help: maybe it is overwritten before being read?
[INFO] [stdout]    = note: `#[warn(unused_assignments)]` on by default
[INFO] [stdout] 
[INFO] [stdout] 
[INFO] [stdout] warning: 1 warning emitted
[INFO] [stdout] 
[INFO] [stdout] 
[INFO] [stderr]     Finished dev [unoptimized + debuginfo] target(s) in 25.53s
[INFO] running `Command { std: "docker" "inspect" "9f58cffd84aeb719b8fd050ad090791a0344da0582615129adba245c6599c614", kill_on_drop: false }`
[INFO] running `Command { std: "docker" "rm" "-f" "9f58cffd84aeb719b8fd050ad090791a0344da0582615129adba245c6599c614", kill_on_drop: false }`
[INFO] [stdout] 9f58cffd84aeb719b8fd050ad090791a0344da0582615129adba245c6599c614
[INFO] running `Command { std: "docker" "create" "-v" "/var/lib/crater-agent-workspace/builds/worker-0-tc2/target:/opt/rustwide/target:rw,Z" "-v" "/var/lib/crater-agent-workspace/builds/worker-0-tc2/source:/opt/rustwide/workdir:ro,Z" "-v" "/var/lib/crater-agent-workspace/cargo-home:/opt/rustwide/cargo-home:ro,Z" "-v" "/var/lib/crater-agent-workspace/rustup-home:/opt/rustwide/rustup-home:ro,Z" "-e" "SOURCE_DIR=/opt/rustwide/workdir" "-e" "CARGO_TARGET_DIR=/opt/rustwide/target" "-e" "CARGO_INCREMENTAL=0" "-e" "RUST_BACKTRACE=full" "-e" "RUSTFLAGS=--cap-lints=warn" "-e" "RUSTDOCFLAGS=--cap-lints=warn" "-e" "CARGO_HOME=/opt/rustwide/cargo-home" "-e" "RUSTUP_HOME=/opt/rustwide/rustup-home" "-w" "/opt/rustwide/workdir" "-m" "1610612736" "--user" "0:0" "--network" "none" "ghcr.io/rust-lang/crates-build-env/linux@sha256:5ff2268d62e97bff2cde7d5815dd6ed5b47097566f13b8d0ca110b04b60e07ed" "/opt/rustwide/cargo-home/bin/cargo" "+beta-2023-04-20" "test" "--frozen" "--no-run" "--message-format=json", kill_on_drop: false }`
[INFO] [stdout] e52af5d5b1b756ae16b707c1bc575581af74208b9f6f56232142793ff5d81753
[INFO] running `Command { std: "docker" "start" "-a" "e52af5d5b1b756ae16b707c1bc575581af74208b9f6f56232142793ff5d81753", kill_on_drop: false }`
[INFO] [stdout] warning: value assigned to `limit_max` is never read
[INFO] [stdout]   --> src/lib.rs:99:13
[INFO] [stdout]    |
[INFO] [stdout] 99 |     let mut limit_max: i32 = 0;
[INFO] [stdout]    |             ^^^^^^^^^
[INFO] [stdout]    |
[INFO] [stdout]    = help: maybe it is overwritten before being read?
[INFO] [stdout]    = note: `#[warn(unused_assignments)]` on by default
[INFO] [stdout] 
[INFO] [stdout] 
[INFO] [stdout] warning: 1 warning emitted
[INFO] [stdout] 
[INFO] [stdout] 
[INFO] [stderr]    Compiling osu-pi v0.1.0 (/opt/rustwide/workdir)
[INFO] [stdout] warning: value assigned to `limit_max` is never read
[INFO] [stdout]   --> src/lib.rs:99:13
[INFO] [stdout]    |
[INFO] [stdout] 99 |     let mut limit_max: i32 = 0;
[INFO] [stdout]    |             ^^^^^^^^^
[INFO] [stdout]    |
[INFO] [stdout]    = help: maybe it is overwritten before being read?
[INFO] [stdout]    = note: `#[warn(unused_assignments)]` on by default
[INFO] [stdout] 
[INFO] [stdout] 
[INFO] [stdout] warning: 1 warning emitted
[INFO] [stdout] 
[INFO] [stdout] 
[INFO] [stderr]     Finished test [unoptimized + debuginfo] target(s) in 2.78s
[INFO] running `Command { std: "docker" "inspect" "e52af5d5b1b756ae16b707c1bc575581af74208b9f6f56232142793ff5d81753", kill_on_drop: false }`
[INFO] running `Command { std: "docker" "rm" "-f" "e52af5d5b1b756ae16b707c1bc575581af74208b9f6f56232142793ff5d81753", kill_on_drop: false }`
[INFO] [stdout] e52af5d5b1b756ae16b707c1bc575581af74208b9f6f56232142793ff5d81753
[INFO] running `Command { std: "docker" "create" "-v" "/var/lib/crater-agent-workspace/builds/worker-0-tc2/target:/opt/rustwide/target:rw,Z" "-v" "/var/lib/crater-agent-workspace/builds/worker-0-tc2/source:/opt/rustwide/workdir:ro,Z" "-v" "/var/lib/crater-agent-workspace/cargo-home:/opt/rustwide/cargo-home:ro,Z" "-v" "/var/lib/crater-agent-workspace/rustup-home:/opt/rustwide/rustup-home:ro,Z" "-e" "SOURCE_DIR=/opt/rustwide/workdir" "-e" "CARGO_TARGET_DIR=/opt/rustwide/target" "-e" "CARGO_INCREMENTAL=0" "-e" "RUST_BACKTRACE=full" "-e" "RUSTFLAGS=--cap-lints=warn" "-e" "RUSTDOCFLAGS=--cap-lints=warn" "-e" "CARGO_HOME=/opt/rustwide/cargo-home" "-e" "RUSTUP_HOME=/opt/rustwide/rustup-home" "-w" "/opt/rustwide/workdir" "-m" "1610612736" "--user" "0:0" "--network" "none" "ghcr.io/rust-lang/crates-build-env/linux@sha256:5ff2268d62e97bff2cde7d5815dd6ed5b47097566f13b8d0ca110b04b60e07ed" "/opt/rustwide/cargo-home/bin/cargo" "+beta-2023-04-20" "test" "--frozen", kill_on_drop: false }`
[INFO] [stdout] 996e2a5286d03e107e7246efe1e905e90e07cbafe0ecbccf02c95ca79c363aa5
[INFO] running `Command { std: "docker" "start" "-a" "996e2a5286d03e107e7246efe1e905e90e07cbafe0ecbccf02c95ca79c363aa5", kill_on_drop: false }`
[INFO] [stderr] warning: value assigned to `limit_max` is never read
[INFO] [stderr]   --> src/lib.rs:99:13
[INFO] [stderr]    |
[INFO] [stderr] 99 |     let mut limit_max: i32 = 0;
[INFO] [stderr]    |             ^^^^^^^^^
[INFO] [stderr]    |
[INFO] [stderr]    = help: maybe it is overwritten before being read?
[INFO] [stderr]    = note: `#[warn(unused_assignments)]` on by default
[INFO] [stderr] 
[INFO] [stderr] warning: `osu-pi` (lib) generated 1 warning
[INFO] [stderr] warning: `osu-pi` (lib test) generated 1 warning (1 duplicate)
[INFO] [stderr]     Finished test [unoptimized + debuginfo] target(s) in 0.13s
[INFO] [stderr]      Running unittests src/lib.rs (/opt/rustwide/target/debug/deps/osu_pi-f6f24c1a5d17774a)
[INFO] [stdout] 
[INFO] [stdout] running 0 tests
[INFO] [stdout] 
[INFO] [stdout] test result: ok. 0 passed; 0 failed; 0 ignored; 0 measured; 0 filtered out; finished in 0.00s
[INFO] [stdout] 
[INFO] [stderr]    Doc-tests osu-pi
[INFO] [stdout] 
[INFO] [stdout] running 11 tests
[INFO] [stdout] test src/lib.rs - Client::get_beatmap_by_id (line 399) ... FAILED
[INFO] [stdout] test src/lib.rs - Client::get_user (line 289) ... FAILED
[INFO] [stdout] test src/lib.rs - Client::get_beatmap_by_hash (line 444) ... FAILED
[INFO] [stdout] test src/lib.rs - Client::get_user_recent (line 316) ... FAILED
[INFO] [stdout] test src/lib.rs - Client::get_beatmap_by_user (line 429) ... FAILED
[INFO] [stdout] test src/lib.rs - Client::get_beatmap_by_set (line 414) ... FAILED
[INFO] [stdout] test src/lib.rs - Client::get_user_best (line 343) ... FAILED
[INFO] [stdout] test src/lib.rs - Client::get_scores (line 370) ... FAILED
[INFO] [stdout] test src/lib.rs - Client::new (line 77) ... FAILED
[INFO] [stdout] test src/lib.rs - (line 15) ... ok
[INFO] [stdout] test src/lib.rs - (line 21) ... FAILED
[INFO] [stdout] 
[INFO] [stdout] failures:
[INFO] [stdout] 
[INFO] [stdout] ---- src/lib.rs - Client::get_beatmap_by_id (line 399) stdout ----
[INFO] [stdout] error[E0433]: failed to resolve: use of undeclared type `Modes`
[INFO] [stdout]  --> src/lib.rs:400:47
[INFO] [stdout]   |
[INFO] [stdout] 3 | let map = client.get_beatmap_by_id("1553352", Modes::Standard, 10)
[INFO] [stdout]   |                                               ^^^^^ use of undeclared type `Modes`
[INFO] [stdout] 
[INFO] [stdout] error[E0425]: cannot find value `client` in this scope
[INFO] [stdout]  --> src/lib.rs:400:11
[INFO] [stdout]   |
[INFO] [stdout] 3 | let map = client.get_beatmap_by_id("1553352", Modes::Standard, 10)
[INFO] [stdout]   |           ^^^^^^ not found in this scope
[INFO] [stdout] 
[INFO] [stdout] error: aborting due to 2 previous errors
[INFO] [stdout] 
[INFO] [stdout] Some errors have detailed explanations: E0425, E0433.
[INFO] [stdout] For more information about an error, try `rustc --explain E0425`.
[INFO] [stdout] Couldn't compile the test.
[INFO] [stdout] ---- src/lib.rs - Client::get_user (line 289) stdout ----
[INFO] [stdout] error[E0433]: failed to resolve: use of undeclared type `Modes`
[INFO] [stdout]  --> src/lib.rs:290:40
[INFO] [stdout]   |
[INFO] [stdout] 3 | let user = client.get_user("Cookiezi", Modes::Standard, 10)
[INFO] [stdout]   |                                        ^^^^^ use of undeclared type `Modes`
[INFO] [stdout] 
[INFO] [stdout] error[E0425]: cannot find value `client` in this scope
[INFO] [stdout]  --> src/lib.rs:290:12
[INFO] [stdout]   |
[INFO] [stdout] 3 | let user = client.get_user("Cookiezi", Modes::Standard, 10)
[INFO] [stdout]   |            ^^^^^^ not found in this scope
[INFO] [stdout] 
[INFO] [stdout] error: aborting due to 2 previous errors
[INFO] [stdout] 
[INFO] [stdout] Some errors have detailed explanations: E0425, E0433.
[INFO] [stdout] For more information about an error, try `rustc --explain E0425`.
[INFO] [stdout] Couldn't compile the test.
[INFO] [stdout] ---- src/lib.rs - Client::get_beatmap_by_hash (line 444) stdout ----
[INFO] [stdout] error[E0433]: failed to resolve: use of undeclared type `Modes`
[INFO] [stdout]  --> src/lib.rs:445:74
[INFO] [stdout]   |
[INFO] [stdout] 3 | let map = client.get_beatmap_by_hash("f4b98cf7c6e2d9eed80f4551da211ac3", Modes::Standard, 10)
[INFO] [stdout]   |                                                                          ^^^^^ use of undeclared type `Modes`
[INFO] [stdout] 
[INFO] [stdout] error[E0425]: cannot find value `client` in this scope
[INFO] [stdout]  --> src/lib.rs:445:11
[INFO] [stdout]   |
[INFO] [stdout] 3 | let map = client.get_beatmap_by_hash("f4b98cf7c6e2d9eed80f4551da211ac3", Modes::Standard, 10)
[INFO] [stdout]   |           ^^^^^^ not found in this scope
[INFO] [stdout] 
[INFO] [stdout] error: aborting due to 2 previous errors
[INFO] [stdout] 
[INFO] [stdout] Some errors have detailed explanations: E0425, E0433.
[INFO] [stdout] For more information about an error, try `rustc --explain E0425`.
[INFO] [stdout] Couldn't compile the test.
[INFO] [stdout] ---- src/lib.rs - Client::get_user_recent (line 316) stdout ----
[INFO] [stdout] error[E0433]: failed to resolve: use of undeclared type `Modes`
[INFO] [stdout]  --> src/lib.rs:317:55
[INFO] [stdout]   |
[INFO] [stdout] 3 | let user_recent = client.get_user_recent("Cookieizi", Modes::Standard, 10)
[INFO] [stdout]   |                                                       ^^^^^ use of undeclared type `Modes`
[INFO] [stdout] 
[INFO] [stdout] error[E0425]: cannot find value `client` in this scope
[INFO] [stdout]  --> src/lib.rs:317:19
[INFO] [stdout]   |
[INFO] [stdout] 3 | let user_recent = client.get_user_recent("Cookieizi", Modes::Standard, 10)
[INFO] [stdout]   |                   ^^^^^^ not found in this scope
[INFO] [stdout] 
[INFO] [stdout] error: aborting due to 2 previous errors
[INFO] [stdout] 
[INFO] [stdout] Some errors have detailed explanations: E0425, E0433.
[INFO] [stdout] For more information about an error, try `rustc --explain E0425`.
[INFO] [stdout] Couldn't compile the test.
[INFO] [stdout] ---- src/lib.rs - Client::get_beatmap_by_user (line 429) stdout ----
[INFO] [stdout] error[E0433]: failed to resolve: use of undeclared type `Modes`
[INFO] [stdout]  --> src/lib.rs:430:50
[INFO] [stdout]   |
[INFO] [stdout] 3 | let map = client.get_beatmap_by_user("Cookiezi", Modes::Standard, 10)
[INFO] [stdout]   |                                                  ^^^^^ use of undeclared type `Modes`
[INFO] [stdout] 
[INFO] [stdout] error[E0425]: cannot find value `client` in this scope
[INFO] [stdout]  --> src/lib.rs:430:11
[INFO] [stdout]   |
[INFO] [stdout] 3 | let map = client.get_beatmap_by_user("Cookiezi", Modes::Standard, 10)
[INFO] [stdout]   |           ^^^^^^ not found in this scope
[INFO] [stdout] 
[INFO] [stdout] error: aborting due to 2 previous errors
[INFO] [stdout] 
[INFO] [stdout] Some errors have detailed explanations: E0425, E0433.
[INFO] [stdout] For more information about an error, try `rustc --explain E0425`.
[INFO] [stdout] Couldn't compile the test.
[INFO] [stdout] ---- src/lib.rs - Client::get_beatmap_by_set (line 414) stdout ----
[INFO] [stdout] error[E0433]: failed to resolve: use of undeclared type `Modes`
[INFO] [stdout]  --> src/lib.rs:415:47
[INFO] [stdout]   |
[INFO] [stdout] 3 | let map = client.get_beatmap_by_set("735969", Modes::Standard, 10)
[INFO] [stdout]   |                                               ^^^^^ use of undeclared type `Modes`
[INFO] [stdout] 
[INFO] [stdout] error[E0425]: cannot find value `client` in this scope
[INFO] [stdout]  --> src/lib.rs:415:11
[INFO] [stdout]   |
[INFO] [stdout] 3 | let map = client.get_beatmap_by_set("735969", Modes::Standard, 10)
[INFO] [stdout]   |           ^^^^^^ not found in this scope
[INFO] [stdout] 
[INFO] [stdout] error: aborting due to 2 previous errors
[INFO] [stdout] 
[INFO] [stdout] Some errors have detailed explanations: E0425, E0433.
[INFO] [stdout] For more information about an error, try `rustc --explain E0425`.
[INFO] [stdout] Couldn't compile the test.
[INFO] [stdout] ---- src/lib.rs - Client::get_user_best (line 343) stdout ----
[INFO] [stdout] error[E0433]: failed to resolve: use of undeclared type `Modes`
[INFO] [stdout]  --> src/lib.rs:344:50
[INFO] [stdout]   |
[INFO] [stdout] 3 | let user_best = client.get_user_best("Cookiezi", Modes::Standard, 10)
[INFO] [stdout]   |                                                  ^^^^^ use of undeclared type `Modes`
[INFO] [stdout] 
[INFO] [stdout] error[E0425]: cannot find value `client` in this scope
[INFO] [stdout]  --> src/lib.rs:344:17
[INFO] [stdout]   |
[INFO] [stdout] 3 | let user_best = client.get_user_best("Cookiezi", Modes::Standard, 10)
[INFO] [stdout]   |                 ^^^^^^ not found in this scope
[INFO] [stdout] 
[INFO] [stdout] error: aborting due to 2 previous errors
[INFO] [stdout] 
[INFO] [stdout] Some errors have detailed explanations: E0425, E0433.
[INFO] [stdout] For more information about an error, try `rustc --explain E0425`.
[INFO] [stdout] Couldn't compile the test.
[INFO] [stdout] ---- src/lib.rs - Client::get_scores (line 370) stdout ----
[INFO] [stdout] error[E0433]: failed to resolve: use of undeclared type `Modes`
[INFO] [stdout]  --> src/lib.rs:371:47
[INFO] [stdout]   |
[INFO] [stdout] 3 | let scores = client.get_scores("", "1553352", Modes::Standard, vec![Mods::NoMods], 10)
[INFO] [stdout]   |                                               ^^^^^ use of undeclared type `Modes`
[INFO] [stdout] 
[INFO] [stdout] error[E0433]: failed to resolve: use of undeclared type `Mods`
[INFO] [stdout]  --> src/lib.rs:371:69
[INFO] [stdout]   |
[INFO] [stdout] 3 | let scores = client.get_scores("", "1553352", Modes::Standard, vec![Mods::NoMods], 10)
[INFO] [stdout]   |                                                                     ^^^^ use of undeclared type `Mods`
[INFO] [stdout] 
[INFO] [stdout] error[E0425]: cannot find value `client` in this scope
[INFO] [stdout]  --> src/lib.rs:371:14
[INFO] [stdout]   |
[INFO] [stdout] 3 | let scores = client.get_scores("", "1553352", Modes::Standard, vec![Mods::NoMods], 10)
[INFO] [stdout]   |              ^^^^^^ not found in this scope
[INFO] [stdout] 
[INFO] [stdout] error: aborting due to 3 previous errors
[INFO] [stdout] 
[INFO] [stdout] Some errors have detailed explanations: E0425, E0433.
[INFO] [stdout] For more information about an error, try `rustc --explain E0425`.
[INFO] [stdout] Couldn't compile the test.
[INFO] [stdout] ---- src/lib.rs - Client::new (line 77) stdout ----
[INFO] [stdout] error: unexpected token: `...`
[INFO] [stdout]  --> src/lib.rs:79:17
[INFO] [stdout]   |
[INFO] [stdout] 4 | client.get_user(...).unwrap();
[INFO] [stdout]   |                 ^^^
[INFO] [stdout]   |
[INFO] [stdout] help: use `..` for an exclusive range
[INFO] [stdout]   |
[INFO] [stdout] 4 | client.get_user(..).unwrap();
[INFO] [stdout]   |                 ~~
[INFO] [stdout] help: or `..=` for an inclusive range
[INFO] [stdout]   |
[INFO] [stdout] 4 | client.get_user(..=).unwrap();
[INFO] [stdout]   |                 ~~~
[INFO] [stdout] 
[INFO] [stdout] error[E0586]: inclusive range with no end
[INFO] [stdout]  --> src/lib.rs:79:17
[INFO] [stdout]   |
[INFO] [stdout] 4 | client.get_user(...).unwrap();
[INFO] [stdout]   |                 ^^^ help: use `..` instead
[INFO] [stdout]   |
[INFO] [stdout]   = note: inclusive ranges must be bounded at the end (`..=b` or `a..=b`)
[INFO] [stdout] 
[INFO] [stdout] error[E0433]: failed to resolve: use of undeclared type `Client`
[INFO] [stdout]  --> src/lib.rs:78:14
[INFO] [stdout]   |
[INFO] [stdout] 3 | let client = Client::new("TOKEN_HERE");
[INFO] [stdout]   |              ^^^^^^ use of undeclared type `Client`
[INFO] [stdout]   |
[INFO] [stdout] help: consider importing one of these items
[INFO] [stdout]   |
[INFO] [stdout] 2 + use osu_pi::Client;
[INFO] [stdout]   |
[INFO] [stdout] 2 + use reqwest::Client;
[INFO] [stdout]   |
[INFO] [stdout] 2 + use reqwest::r#async::Client;
[INFO] [stdout]   |
[INFO] [stdout] 
[INFO] [stdout] error: aborting due to 3 previous errors
[INFO] [stdout] 
[INFO] [stdout] Some errors have detailed explanations: E0433, E0586.
[INFO] [stdout] For more information about an error, try `rustc --explain E0433`.
[INFO] [stdout] Couldn't compile the test.
[INFO] [stdout] ---- src/lib.rs - (line 21) stdout ----
[INFO] [stdout] Test executable failed (exit status: 101).
[INFO] [stdout] 
[INFO] [stdout] stderr:
[INFO] [stdout] thread 'main' panicked at 'Cannot retrieve any data from string.: Error(Hyper(Error(Connect, Custom { kind: Uncategorized, error: "failed to lookup address information: Temporary failure in name resolution" })), "https://osu.ppy.sh/api/get_user?u=Cookiezi&limit=10&m=0&k=SOME_RANDOM_TOKEN_HERE")', src/lib.rs:304:8
[INFO] [stdout] stack backtrace:
[INFO] [stdout]    0:     0x55675eece06a - std::backtrace_rs::backtrace::libunwind::trace::h2f05d0192276a8f6
[INFO] [stdout]                                at /rustc/1b7dd2252b99671ce5d1cb9664c5f8636329436d/library/std/src/../../backtrace/src/backtrace/libunwind.rs:93:5
[INFO] [stdout]    1:     0x55675eece06a - std::backtrace_rs::backtrace::trace_unsynchronized::hedc23dff7a1af150
[INFO] [stdout]                                at /rustc/1b7dd2252b99671ce5d1cb9664c5f8636329436d/library/std/src/../../backtrace/src/backtrace/mod.rs:66:5
[INFO] [stdout]    2:     0x55675eece06a - std::sys_common::backtrace::_print_fmt::h17541ef7592f3ce2
[INFO] [stdout]                                at /rustc/1b7dd2252b99671ce5d1cb9664c5f8636329436d/library/std/src/sys_common/backtrace.rs:65:5
[INFO] [stdout]    3:     0x55675eece06a - <std::sys_common::backtrace::_print::DisplayBacktrace as core::fmt::Display>::fmt::h20f75df5ab0c0792
[INFO] [stdout]                                at /rustc/1b7dd2252b99671ce5d1cb9664c5f8636329436d/library/std/src/sys_common/backtrace.rs:44:22
[INFO] [stdout]    4:     0x55675eef1bff - core::fmt::write::h78109e6f466b3af6
[INFO] [stdout]                                at /rustc/1b7dd2252b99671ce5d1cb9664c5f8636329436d/library/core/src/fmt/mod.rs:1254:17
[INFO] [stdout]    5:     0x55675eecb2d5 - std::io::Write::write_fmt::hc59e1b02dd273c8a
[INFO] [stdout]                                at /rustc/1b7dd2252b99671ce5d1cb9664c5f8636329436d/library/std/src/io/mod.rs:1698:15
[INFO] [stdout]    6:     0x55675eecde35 - std::sys_common::backtrace::_print::h8dac57a9f8fbf9a5
[INFO] [stdout]                                at /rustc/1b7dd2252b99671ce5d1cb9664c5f8636329436d/library/std/src/sys_common/backtrace.rs:47:5
[INFO] [stdout]    7:     0x55675eecde35 - std::sys_common::backtrace::print::hf9ecbf41d1aa712f
[INFO] [stdout]                                at /rustc/1b7dd2252b99671ce5d1cb9664c5f8636329436d/library/std/src/sys_common/backtrace.rs:34:9
[INFO] [stdout]    8:     0x55675eecf4de - std::panicking::default_hook::{{closure}}::h04c07acfc84ca028
[INFO] [stdout]                                at /rustc/1b7dd2252b99671ce5d1cb9664c5f8636329436d/library/std/src/panicking.rs:269:22
[INFO] [stdout]    9:     0x55675eecf285 - std::panicking::default_hook::h01f6bb23e1eceb2c
[INFO] [stdout]                                at /rustc/1b7dd2252b99671ce5d1cb9664c5f8636329436d/library/std/src/panicking.rs:288:9
[INFO] [stdout]   10:     0x55675eecfa3e - std::panicking::rust_panic_with_hook::h2bb3722bbaf2f6df
[INFO] [stdout]                                at /rustc/1b7dd2252b99671ce5d1cb9664c5f8636329436d/library/std/src/panicking.rs:691:13
[INFO] [stdout]   11:     0x55675eecf939 - std::panicking::begin_panic_handler::{{closure}}::h91bc7f36a4be011b
[INFO] [stdout]                                at /rustc/1b7dd2252b99671ce5d1cb9664c5f8636329436d/library/std/src/panicking.rs:582:13
[INFO] [stdout]   12:     0x55675eece4d6 - std::sys_common::backtrace::__rust_end_short_backtrace::h8b3d3717114f9e59
[INFO] [stdout]                                at /rustc/1b7dd2252b99671ce5d1cb9664c5f8636329436d/library/std/src/sys_common/backtrace.rs:150:18
[INFO] [stdout]   13:     0x55675eecf692 - rust_begin_unwind
[INFO] [stdout]                                at /rustc/1b7dd2252b99671ce5d1cb9664c5f8636329436d/library/std/src/panicking.rs:578:5
[INFO] [stdout]   14:     0x55675ea9af13 - core::panicking::panic_fmt::hfd368e3fbdabea26
[INFO] [stdout]                                at /rustc/1b7dd2252b99671ce5d1cb9664c5f8636329436d/library/core/src/panicking.rs:67:14
[INFO] [stdout]   15:     0x55675ea9b4b3 - core::result::unwrap_failed::he54eb4b2f125b26f
[INFO] [stdout]                                at /rustc/1b7dd2252b99671ce5d1cb9664c5f8636329436d/library/core/src/result.rs:1687:5
[INFO] [stdout]   16:     0x55675ea9d5bf - core::result::Result<T,E>::expect::he04b55c58dc72192
[INFO] [stdout]                                at /rustc/1b7dd2252b99671ce5d1cb9664c5f8636329436d/library/core/src/result.rs:1046:23
[INFO] [stdout]   17:     0x55675ea9c3f9 - <osu_pi::Client as osu_pi::UserMethods>::get_user::h4ec1897c0a99e94e
[INFO] [stdout]                                at /opt/rustwide/workdir/src/lib.rs:303:5
[INFO] [stdout]   18:     0x55675ea9bbf1 - rust_out::main::h2731449a68dfa004
[INFO] [stdout]   19:     0x55675ea9b9d3 - core::ops::function::FnOnce::call_once::hd1715aa1b26fc35c
[INFO] [stdout]   20:     0x55675ea9b766 - std::sys_common::backtrace::__rust_begin_short_backtrace::h8d2b4d09ce515535
[INFO] [stdout]   21:     0x55675ea9b7b9 - std::rt::lang_start::{{closure}}::hc9a918c63b0dc835
[INFO] [stdout]   22:     0x55675eec7d6e - core::ops::function::impls::<impl core::ops::function::FnOnce<A> for &F>::call_once::h2eb19b8ce4148df4
[INFO] [stdout]                                at /rustc/1b7dd2252b99671ce5d1cb9664c5f8636329436d/library/core/src/ops/function.rs:287:13
[INFO] [stdout]   23:     0x55675eec7d6e - std::panicking::try::do_call::h2e900feff5d504c5
[INFO] [stdout]                                at /rustc/1b7dd2252b99671ce5d1cb9664c5f8636329436d/library/std/src/panicking.rs:485:40
[INFO] [stdout]   24:     0x55675eec7d6e - std::panicking::try::h8854836cb85aa9f2
[INFO] [stdout]                                at /rustc/1b7dd2252b99671ce5d1cb9664c5f8636329436d/library/std/src/panicking.rs:449:19
[INFO] [stdout]   25:     0x55675eec7d6e - std::panic::catch_unwind::h706025dd4c48f64b
[INFO] [stdout]                                at /rustc/1b7dd2252b99671ce5d1cb9664c5f8636329436d/library/std/src/panic.rs:140:14
[INFO] [stdout]   26:     0x55675eec7d6e - std::rt::lang_start_internal::{{closure}}::h7be5b97f4a07a91a
[INFO] [stdout]                                at /rustc/1b7dd2252b99671ce5d1cb9664c5f8636329436d/library/std/src/rt.rs:148:48
[INFO] [stdout]   27:     0x55675eec7d6e - std::panicking::try::do_call::h59847e9d0a176965
[INFO] [stdout]                                at /rustc/1b7dd2252b99671ce5d1cb9664c5f8636329436d/library/std/src/panicking.rs:485:40
[INFO] [stdout]   28:     0x55675eec7d6e - std::panicking::try::h399a918ba8522823
[INFO] [stdout]                                at /rustc/1b7dd2252b99671ce5d1cb9664c5f8636329436d/library/std/src/panicking.rs:449:19
[INFO] [stdout]   29:     0x55675eec7d6e - std::panic::catch_unwind::hca7ca6c55b2a2e26
[INFO] [stdout]                                at /rustc/1b7dd2252b99671ce5d1cb9664c5f8636329436d/library/std/src/panic.rs:140:14
[INFO] [stdout]   30:     0x55675eec7d6e - std::rt::lang_start_internal::h2c807a81560459eb
[INFO] [stdout]                                at /rustc/1b7dd2252b99671ce5d1cb9664c5f8636329436d/library/std/src/rt.rs:148:20
[INFO] [stdout]   31:     0x55675ea9b797 - std::rt::lang_start::hc4bd3329ce767e23
[INFO] [stdout]   32:     0x55675ea9bd15 - main
[INFO] [stdout]   33:     0x7ffb3d969d90 - <unknown>
[INFO] [stdout]   34:     0x7ffb3d969e40 - __libc_start_main
[INFO] [stdout]   35:     0x55675ea9b695 - _start
[INFO] [stdout]   36:                0x0 - <unknown>
[INFO] [stdout] 
[INFO] [stdout] 
[INFO] [stdout] 
[INFO] [stdout] failures:
[INFO] [stdout]     src/lib.rs - (line 21)
[INFO] [stdout]     src/lib.rs - Client::get_beatmap_by_hash (line 444)
[INFO] [stdout]     src/lib.rs - Client::get_beatmap_by_id (line 399)
[INFO] [stdout]     src/lib.rs - Client::get_beatmap_by_set (line 414)
[INFO] [stdout]     src/lib.rs - Client::get_beatmap_by_user (line 429)
[INFO] [stdout]     src/lib.rs - Client::get_scores (line 370)
[INFO] [stdout]     src/lib.rs - Client::get_user (line 289)
[INFO] [stdout]     src/lib.rs - Client::get_user_best (line 343)
[INFO] [stdout]     src/lib.rs - Client::get_user_recent (line 316)
[INFO] [stdout]     src/lib.rs - Client::new (line 77)
[INFO] [stdout] 
[INFO] [stdout] test result: FAILED. 1 passed; 10 failed; 0 ignored; 0 measured; 0 filtered out; finished in 2.21s
[INFO] [stdout] 
[INFO] [stderr] error: doctest failed, to rerun pass `--doc`
[INFO] running `Command { std: "docker" "inspect" "996e2a5286d03e107e7246efe1e905e90e07cbafe0ecbccf02c95ca79c363aa5", kill_on_drop: false }`
[INFO] running `Command { std: "docker" "rm" "-f" "996e2a5286d03e107e7246efe1e905e90e07cbafe0ecbccf02c95ca79c363aa5", kill_on_drop: false }`
[INFO] [stdout] 996e2a5286d03e107e7246efe1e905e90e07cbafe0ecbccf02c95ca79c363aa5
