[INFO] fetching crate oreo 0.2.1...
[INFO] testing oreo-0.2.1 against beta-2023-04-20 for beta-1.70-1
[INFO] extracting crate oreo 0.2.1 into /workspace/builds/worker-1-tc2/source
[INFO] validating manifest of crates.io crate oreo 0.2.1 on toolchain beta-2023-04-20
[INFO] running `Command { std: CARGO_HOME="/workspace/cargo-home" RUSTUP_HOME="/workspace/rustup-home" "/workspace/cargo-home/bin/cargo" "+beta-2023-04-20" "metadata" "--manifest-path" "Cargo.toml" "--no-deps", kill_on_drop: false }`
[INFO] started tweaking crates.io crate oreo 0.2.1
[INFO] finished tweaking crates.io crate oreo 0.2.1
[INFO] tweaked toml for crates.io crate oreo 0.2.1 written to /workspace/builds/worker-1-tc2/source/Cargo.toml
[INFO] crate crates.io crate oreo 0.2.1 already has a lockfile, it will not be regenerated
[INFO] running `Command { std: CARGO_HOME="/workspace/cargo-home" RUSTUP_HOME="/workspace/rustup-home" "/workspace/cargo-home/bin/cargo" "+beta-2023-04-20" "fetch" "--manifest-path" "Cargo.toml", kill_on_drop: false }`
[INFO] [stderr]  Downloading crates ...
[INFO] [stderr]   Downloaded tracing-core v0.1.24
[INFO] [stderr]   Downloaded rstest v0.12.0
[INFO] [stderr]   Downloaded tracing-subscriber v0.3.10
[INFO] running `Command { std: "docker" "create" "-v" "/var/lib/crater-agent-workspace/builds/worker-1-tc2/target:/opt/rustwide/target:rw,Z" "-v" "/var/lib/crater-agent-workspace/builds/worker-1-tc2/source:/opt/rustwide/workdir:ro,Z" "-v" "/var/lib/crater-agent-workspace/cargo-home:/opt/rustwide/cargo-home:ro,Z" "-v" "/var/lib/crater-agent-workspace/rustup-home:/opt/rustwide/rustup-home:ro,Z" "-e" "SOURCE_DIR=/opt/rustwide/workdir" "-e" "CARGO_TARGET_DIR=/opt/rustwide/target" "-e" "CARGO_HOME=/opt/rustwide/cargo-home" "-e" "RUSTUP_HOME=/opt/rustwide/rustup-home" "-w" "/opt/rustwide/workdir" "-m" "1610612736" "--user" "0:0" "--network" "none" "ghcr.io/rust-lang/crates-build-env/linux@sha256:5ff2268d62e97bff2cde7d5815dd6ed5b47097566f13b8d0ca110b04b60e07ed" "/opt/rustwide/cargo-home/bin/cargo" "+beta-2023-04-20" "metadata" "--no-deps" "--format-version=1", kill_on_drop: false }`
[INFO] [stdout] 5c05a651c8b5dac4f96860169384ec805bcf9ea824e182047832af3d3ddf91df
[INFO] running `Command { std: "docker" "start" "-a" "5c05a651c8b5dac4f96860169384ec805bcf9ea824e182047832af3d3ddf91df", kill_on_drop: false }`
[INFO] running `Command { std: "docker" "inspect" "5c05a651c8b5dac4f96860169384ec805bcf9ea824e182047832af3d3ddf91df", kill_on_drop: false }`
[INFO] running `Command { std: "docker" "rm" "-f" "5c05a651c8b5dac4f96860169384ec805bcf9ea824e182047832af3d3ddf91df", kill_on_drop: false }`
[INFO] [stdout] 5c05a651c8b5dac4f96860169384ec805bcf9ea824e182047832af3d3ddf91df
[INFO] running `Command { std: "docker" "create" "-v" "/var/lib/crater-agent-workspace/builds/worker-1-tc2/target:/opt/rustwide/target:rw,Z" "-v" "/var/lib/crater-agent-workspace/builds/worker-1-tc2/source:/opt/rustwide/workdir:ro,Z" "-v" "/var/lib/crater-agent-workspace/cargo-home:/opt/rustwide/cargo-home:ro,Z" "-v" "/var/lib/crater-agent-workspace/rustup-home:/opt/rustwide/rustup-home:ro,Z" "-e" "SOURCE_DIR=/opt/rustwide/workdir" "-e" "CARGO_TARGET_DIR=/opt/rustwide/target" "-e" "CARGO_INCREMENTAL=0" "-e" "RUST_BACKTRACE=full" "-e" "RUSTFLAGS=--cap-lints=warn" "-e" "RUSTDOCFLAGS=--cap-lints=warn" "-e" "CARGO_HOME=/opt/rustwide/cargo-home" "-e" "RUSTUP_HOME=/opt/rustwide/rustup-home" "-w" "/opt/rustwide/workdir" "-m" "1610612736" "--user" "0:0" "--network" "none" "ghcr.io/rust-lang/crates-build-env/linux@sha256:5ff2268d62e97bff2cde7d5815dd6ed5b47097566f13b8d0ca110b04b60e07ed" "/opt/rustwide/cargo-home/bin/cargo" "+beta-2023-04-20" "build" "--frozen" "--message-format=json", kill_on_drop: false }`
[INFO] [stdout] 8d5430b85162d5d4f1e372c3e6869b72b121695d1269ef25024d4143e9d97980
[INFO] running `Command { std: "docker" "start" "-a" "8d5430b85162d5d4f1e372c3e6869b72b121695d1269ef25024d4143e9d97980", kill_on_drop: false }`
[INFO] [stderr]    Compiling libc v0.2.121
[INFO] [stderr]    Compiling version_check v0.9.4
[INFO] [stderr]    Compiling proc-macro2 v1.0.36
[INFO] [stderr]    Compiling unicode-xid v0.2.2
[INFO] [stderr]    Compiling syn v1.0.90
[INFO] [stderr]    Compiling memchr v2.4.1
[INFO] [stderr]    Compiling typenum v1.15.0
[INFO] [stderr]    Compiling log v0.4.16
[INFO] [stderr]    Compiling parking_lot_core v0.9.2
[INFO] [stderr]    Compiling smallvec v1.8.0
[INFO] [stderr]    Compiling serde_derive v1.0.136
[INFO] [stderr]    Compiling serde v1.0.136
[INFO] [stderr]    Compiling scopeguard v1.1.0
[INFO] [stderr]    Compiling lock_api v0.4.7
[INFO] [stderr]    Compiling miniz_oxide v0.4.4
[INFO] [stderr]    Compiling cc v1.0.73
[INFO] [stderr]    Compiling indexmap v1.8.1
[INFO] [stderr]    Compiling tracing-core v0.1.24
[INFO] [stderr]    Compiling gimli v0.26.1
[INFO] [stderr]    Compiling once_cell v1.10.0
[INFO] [stderr]    Compiling subtle v2.4.1
[INFO] [stderr]    Compiling adler v1.0.2
[INFO] [stderr]    Compiling generic-array v0.14.5
[INFO] [stderr]    Compiling proc-macro-error-attr v1.0.4
[INFO] [stderr]    Compiling proc-macro-error v1.0.4
[INFO] [stderr]    Compiling rustc-demangle v0.1.21
[INFO] [stderr]    Compiling serde_json v1.0.79
[INFO] [stderr]    Compiling hashbrown v0.11.2
[INFO] [stderr]    Compiling heck v0.4.0
[INFO] [stderr]    Compiling pin-project-lite v0.2.8
[INFO] [stderr]    Compiling anyhow v1.0.56
[INFO] [stderr]    Compiling tracing-log v0.1.2
[INFO] [stderr]    Compiling thread_local v1.1.4
[INFO] [stderr]    Compiling sharded-slab v0.1.4
[INFO] [stderr]    Compiling ryu v1.0.9
[INFO] [stderr]    Compiling quote v1.0.17
[INFO] [stderr]    Compiling object v0.27.1
[INFO] [stderr]    Compiling num_cpus v1.13.1
[INFO] [stderr]    Compiling getrandom v0.2.6
[INFO] [stderr]    Compiling socket2 v0.4.4
[INFO] [stderr]    Compiling signal-hook-registry v1.4.0
[INFO] [stderr]    Compiling backtrace v0.3.64
[INFO] [stderr]    Compiling atty v0.2.14
[INFO] [stderr]    Compiling mio v0.8.2
[INFO] [stderr]    Compiling os_str_bytes v6.0.0
[INFO] [stderr]    Compiling bitflags v1.3.2
[INFO] [stderr]    Compiling textwrap v0.15.0
[INFO] [stderr]    Compiling strsim v0.10.0
[INFO] [stderr]    Compiling itoa v1.0.1
[INFO] [stderr]    Compiling cpufeatures v0.2.2
[INFO] [stderr]    Compiling bytes v1.1.0
[INFO] [stderr]    Compiling termcolor v1.1.3
[INFO] [stderr]    Compiling parking_lot v0.12.0
[INFO] [stderr]    Compiling ansi_term v0.12.1
[INFO] [stderr]    Compiling crypto-common v0.1.3
[INFO] [stderr]    Compiling block-buffer v0.10.2
[INFO] [stderr]    Compiling hex v0.4.3
[INFO] [stderr]    Compiling digest v0.10.3
[INFO] [stderr]    Compiling tracing-subscriber v0.3.10
[INFO] [stderr]    Compiling dashmap v5.2.0
[INFO] [stderr]    Compiling addr2line v0.17.0
[INFO] [stderr]    Compiling sha2 v0.10.2
[INFO] [stderr]    Compiling hmac v0.12.1
[INFO] [stderr]    Compiling tokio-macros v1.7.0
[INFO] [stderr]    Compiling clap_derive v3.1.7
[INFO] [stderr]    Compiling tracing-attributes v0.1.20
[INFO] [stderr]    Compiling tokio v1.17.0
[INFO] [stderr]    Compiling tracing v0.1.32
[INFO] [stderr]    Compiling clap v3.1.8
[INFO] [stderr]    Compiling uuid v0.8.2
[INFO] [stderr]    Compiling oreo v0.2.1 (/opt/rustwide/workdir)
[INFO] [stderr]     Finished dev [unoptimized + debuginfo] target(s) in 21.81s
[INFO] running `Command { std: "docker" "inspect" "8d5430b85162d5d4f1e372c3e6869b72b121695d1269ef25024d4143e9d97980", kill_on_drop: false }`
[INFO] running `Command { std: "docker" "rm" "-f" "8d5430b85162d5d4f1e372c3e6869b72b121695d1269ef25024d4143e9d97980", kill_on_drop: false }`
[INFO] [stdout] 8d5430b85162d5d4f1e372c3e6869b72b121695d1269ef25024d4143e9d97980
[INFO] running `Command { std: "docker" "create" "-v" "/var/lib/crater-agent-workspace/builds/worker-1-tc2/target:/opt/rustwide/target:rw,Z" "-v" "/var/lib/crater-agent-workspace/builds/worker-1-tc2/source:/opt/rustwide/workdir:ro,Z" "-v" "/var/lib/crater-agent-workspace/cargo-home:/opt/rustwide/cargo-home:ro,Z" "-v" "/var/lib/crater-agent-workspace/rustup-home:/opt/rustwide/rustup-home:ro,Z" "-e" "SOURCE_DIR=/opt/rustwide/workdir" "-e" "CARGO_TARGET_DIR=/opt/rustwide/target" "-e" "CARGO_INCREMENTAL=0" "-e" "RUST_BACKTRACE=full" "-e" "RUSTFLAGS=--cap-lints=warn" "-e" "RUSTDOCFLAGS=--cap-lints=warn" "-e" "CARGO_HOME=/opt/rustwide/cargo-home" "-e" "RUSTUP_HOME=/opt/rustwide/rustup-home" "-w" "/opt/rustwide/workdir" "-m" "1610612736" "--user" "0:0" "--network" "none" "ghcr.io/rust-lang/crates-build-env/linux@sha256:5ff2268d62e97bff2cde7d5815dd6ed5b47097566f13b8d0ca110b04b60e07ed" "/opt/rustwide/cargo-home/bin/cargo" "+beta-2023-04-20" "test" "--frozen" "--no-run" "--message-format=json", kill_on_drop: false }`
[INFO] [stdout] 3c9eb46817f6d349237cb829011d3580ee200ca501881c393a0daa889e55e9c1
[INFO] running `Command { std: "docker" "start" "-a" "3c9eb46817f6d349237cb829011d3580ee200ca501881c393a0daa889e55e9c1", kill_on_drop: false }`
[INFO] [stderr]    Compiling semver v1.0.7
[INFO] [stderr]    Compiling rustc_version v0.4.0
[INFO] [stderr]    Compiling rstest v0.12.0
[INFO] [stderr]    Compiling oreo v0.2.1 (/opt/rustwide/workdir)
[INFO] [stderr]     Finished test [unoptimized + debuginfo] target(s) in 5.76s
[INFO] running `Command { std: "docker" "inspect" "3c9eb46817f6d349237cb829011d3580ee200ca501881c393a0daa889e55e9c1", kill_on_drop: false }`
[INFO] running `Command { std: "docker" "rm" "-f" "3c9eb46817f6d349237cb829011d3580ee200ca501881c393a0daa889e55e9c1", kill_on_drop: false }`
[INFO] [stdout] 3c9eb46817f6d349237cb829011d3580ee200ca501881c393a0daa889e55e9c1
[INFO] running `Command { std: "docker" "create" "-v" "/var/lib/crater-agent-workspace/builds/worker-1-tc2/target:/opt/rustwide/target:rw,Z" "-v" "/var/lib/crater-agent-workspace/builds/worker-1-tc2/source:/opt/rustwide/workdir:ro,Z" "-v" "/var/lib/crater-agent-workspace/cargo-home:/opt/rustwide/cargo-home:ro,Z" "-v" "/var/lib/crater-agent-workspace/rustup-home:/opt/rustwide/rustup-home:ro,Z" "-e" "SOURCE_DIR=/opt/rustwide/workdir" "-e" "CARGO_TARGET_DIR=/opt/rustwide/target" "-e" "CARGO_INCREMENTAL=0" "-e" "RUST_BACKTRACE=full" "-e" "RUSTFLAGS=--cap-lints=warn" "-e" "RUSTDOCFLAGS=--cap-lints=warn" "-e" "CARGO_HOME=/opt/rustwide/cargo-home" "-e" "RUSTUP_HOME=/opt/rustwide/rustup-home" "-w" "/opt/rustwide/workdir" "-m" "1610612736" "--user" "0:0" "--network" "none" "ghcr.io/rust-lang/crates-build-env/linux@sha256:5ff2268d62e97bff2cde7d5815dd6ed5b47097566f13b8d0ca110b04b60e07ed" "/opt/rustwide/cargo-home/bin/cargo" "+beta-2023-04-20" "test" "--frozen", kill_on_drop: false }`
[INFO] [stdout] 1aaf857e666ef53ba51fa4dcf1a4b2fd8f98ff6f509cfd8669df7dd0f24360d8
[INFO] running `Command { std: "docker" "start" "-a" "1aaf857e666ef53ba51fa4dcf1a4b2fd8f98ff6f509cfd8669df7dd0f24360d8", kill_on_drop: false }`
[INFO] [stderr]     Finished test [unoptimized + debuginfo] target(s) in 0.06s
[INFO] [stderr]      Running unittests lib.rs (/opt/rustwide/target/debug/deps/oreo-b59db1cf63ac1274)
[INFO] [stdout] 
[INFO] [stdout] running 0 tests
[INFO] [stdout] 
[INFO] [stdout] test result: ok. 0 passed; 0 failed; 0 ignored; 0 measured; 0 filtered out; finished in 0.00s
[INFO] [stdout] 
[INFO] [stderr]      Running unittests main.rs (/opt/rustwide/target/debug/deps/oreo-ba1e1869573aa630)
[INFO] [stdout] 
[INFO] [stdout] running 0 tests
[INFO] [stdout] 
[INFO] [stdout] test result: ok. 0 passed; 0 failed; 0 ignored; 0 measured; 0 filtered out; finished in 0.00s
[INFO] [stdout] 
[INFO] [stderr]      Running tests/auth_test.rs (/opt/rustwide/target/debug/deps/auth_test-9b65c4db24ded81a)
[INFO] [stdout] 
[INFO] [stdout] running 2 tests
[INFO] [stdout] test auth_handshake ... ok
[INFO] [stdout] test auth_handshake_fail ... ok
[INFO] [stdout] 
[INFO] [stdout] test result: ok. 2 passed; 0 failed; 0 ignored; 0 measured; 0 filtered out; finished in 0.00s
[INFO] [stdout] 
[INFO] [stderr]      Running tests/e2e_test.rs (/opt/rustwide/target/debug/deps/e2e_test-0cc50bb9cbf2066f)
[INFO] [stdout] 
[INFO] [stdout] running 6 tests
[INFO] [stdout] test invalid_address ... ok
[INFO] [stdout] test basic_proxy::secret_2 ... ok
[INFO] [stdout] test basic_proxy::secret_1 ... ok
[INFO] [stdout] test mismatched_secret::case_1 ... ok
[INFO] [stdout] test basic_proxy::secret_3 ... ok
[INFO] [stdout] test mismatched_secret::case_2 ... ok
[INFO] [stdout] 
[INFO] [stdout] test result: ok. 6 passed; 0 failed; 0 ignored; 0 measured; 0 filtered out; finished in 3.37s
[INFO] [stdout] 
[INFO] [stderr]    Doc-tests oreo
[INFO] [stdout] 
[INFO] [stdout] running 1 test
[INFO] [stdout] test auth.rs - auth::Authenticator::validate (line 30) ... FAILED
[INFO] [stdout] 
[INFO] [stdout] failures:
[INFO] [stdout] 
[INFO] [stdout] ---- auth.rs - auth::Authenticator::validate (line 30) stdout ----
[INFO] [stdout] error[E0433]: failed to resolve: use of undeclared crate or module `bore_cli`
[INFO] [stdout]  --> auth.rs:31:5
[INFO] [stdout]   |
[INFO] [stdout] 3 | use bore_cli::auth::Authenticator;
[INFO] [stdout]   |     ^^^^^^^^ use of undeclared crate or module `bore_cli`
[INFO] [stdout] 
[INFO] [stdout] error: aborting due to previous error
[INFO] [stdout] 
[INFO] [stdout] For more information about this error, try `rustc --explain E0433`.
[INFO] [stdout] Couldn't compile the test.
[INFO] [stdout] 
[INFO] [stdout] failures:
[INFO] [stdout]     auth.rs - auth::Authenticator::validate (line 30)
[INFO] [stdout] 
[INFO] [stdout] test result: FAILED. 0 passed; 1 failed; 0 ignored; 0 measured; 0 filtered out; finished in 0.10s
[INFO] [stdout] 
[INFO] [stderr] error: doctest failed, to rerun pass `--doc`
[INFO] running `Command { std: "docker" "inspect" "1aaf857e666ef53ba51fa4dcf1a4b2fd8f98ff6f509cfd8669df7dd0f24360d8", kill_on_drop: false }`
[INFO] running `Command { std: "docker" "rm" "-f" "1aaf857e666ef53ba51fa4dcf1a4b2fd8f98ff6f509cfd8669df7dd0f24360d8", kill_on_drop: false }`
[INFO] [stdout] 1aaf857e666ef53ba51fa4dcf1a4b2fd8f98ff6f509cfd8669df7dd0f24360d8
