[INFO] fetching crate openweather-async 0.1.2...
[INFO] testing openweather-async-0.1.2 against beta-2023-04-20 for beta-1.70-1
[INFO] extracting crate openweather-async 0.1.2 into /workspace/builds/worker-2-tc2/source
[INFO] validating manifest of crates.io crate openweather-async 0.1.2 on toolchain beta-2023-04-20
[INFO] running `Command { std: CARGO_HOME="/workspace/cargo-home" RUSTUP_HOME="/workspace/rustup-home" "/workspace/cargo-home/bin/cargo" "+beta-2023-04-20" "metadata" "--manifest-path" "Cargo.toml" "--no-deps", kill_on_drop: false }`
[INFO] started tweaking crates.io crate openweather-async 0.1.2
[INFO] finished tweaking crates.io crate openweather-async 0.1.2
[INFO] tweaked toml for crates.io crate openweather-async 0.1.2 written to /workspace/builds/worker-2-tc2/source/Cargo.toml
[INFO] running `Command { std: CARGO_HOME="/workspace/cargo-home" RUSTUP_HOME="/workspace/rustup-home" __CARGO_TEST_CHANNEL_OVERRIDE_DO_NOT_USE_THIS="nightly" "/workspace/cargo-home/bin/cargo" "+beta-2023-04-20" "generate-lockfile" "--manifest-path" "Cargo.toml" "-Zno-index-update", kill_on_drop: false }`
[INFO] running `Command { std: CARGO_HOME="/workspace/cargo-home" RUSTUP_HOME="/workspace/rustup-home" "/workspace/cargo-home/bin/cargo" "+beta-2023-04-20" "fetch" "--manifest-path" "Cargo.toml", kill_on_drop: false }`
[INFO] running `Command { std: "docker" "create" "-v" "/var/lib/crater-agent-workspace/builds/worker-2-tc2/target:/opt/rustwide/target:rw,Z" "-v" "/var/lib/crater-agent-workspace/builds/worker-2-tc2/source:/opt/rustwide/workdir:ro,Z" "-v" "/var/lib/crater-agent-workspace/cargo-home:/opt/rustwide/cargo-home:ro,Z" "-v" "/var/lib/crater-agent-workspace/rustup-home:/opt/rustwide/rustup-home:ro,Z" "-e" "SOURCE_DIR=/opt/rustwide/workdir" "-e" "CARGO_TARGET_DIR=/opt/rustwide/target" "-e" "CARGO_HOME=/opt/rustwide/cargo-home" "-e" "RUSTUP_HOME=/opt/rustwide/rustup-home" "-w" "/opt/rustwide/workdir" "-m" "1610612736" "--user" "0:0" "--network" "none" "ghcr.io/rust-lang/crates-build-env/linux@sha256:5ff2268d62e97bff2cde7d5815dd6ed5b47097566f13b8d0ca110b04b60e07ed" "/opt/rustwide/cargo-home/bin/cargo" "+beta-2023-04-20" "metadata" "--no-deps" "--format-version=1", kill_on_drop: false }`
[INFO] [stdout] 06bdb42bdc5c16a78df793ef17bbf312be5e0bcc290706535502868ac68c813d
[INFO] running `Command { std: "docker" "start" "-a" "06bdb42bdc5c16a78df793ef17bbf312be5e0bcc290706535502868ac68c813d", kill_on_drop: false }`
[INFO] running `Command { std: "docker" "inspect" "06bdb42bdc5c16a78df793ef17bbf312be5e0bcc290706535502868ac68c813d", kill_on_drop: false }`
[INFO] running `Command { std: "docker" "rm" "-f" "06bdb42bdc5c16a78df793ef17bbf312be5e0bcc290706535502868ac68c813d", kill_on_drop: false }`
[INFO] [stdout] 06bdb42bdc5c16a78df793ef17bbf312be5e0bcc290706535502868ac68c813d
[INFO] running `Command { std: "docker" "create" "-v" "/var/lib/crater-agent-workspace/builds/worker-2-tc2/target:/opt/rustwide/target:rw,Z" "-v" "/var/lib/crater-agent-workspace/builds/worker-2-tc2/source:/opt/rustwide/workdir:ro,Z" "-v" "/var/lib/crater-agent-workspace/cargo-home:/opt/rustwide/cargo-home:ro,Z" "-v" "/var/lib/crater-agent-workspace/rustup-home:/opt/rustwide/rustup-home:ro,Z" "-e" "SOURCE_DIR=/opt/rustwide/workdir" "-e" "CARGO_TARGET_DIR=/opt/rustwide/target" "-e" "CARGO_INCREMENTAL=0" "-e" "RUST_BACKTRACE=full" "-e" "RUSTFLAGS=--cap-lints=warn" "-e" "RUSTDOCFLAGS=--cap-lints=warn" "-e" "CARGO_HOME=/opt/rustwide/cargo-home" "-e" "RUSTUP_HOME=/opt/rustwide/rustup-home" "-w" "/opt/rustwide/workdir" "-m" "1610612736" "--user" "0:0" "--network" "none" "ghcr.io/rust-lang/crates-build-env/linux@sha256:5ff2268d62e97bff2cde7d5815dd6ed5b47097566f13b8d0ca110b04b60e07ed" "/opt/rustwide/cargo-home/bin/cargo" "+beta-2023-04-20" "build" "--frozen" "--message-format=json", kill_on_drop: false }`
[INFO] [stdout] 30d86ed1ff07b71884b067708be2ee148e84cb51981349c92ed931c93b027f9d
[INFO] running `Command { std: "docker" "start" "-a" "30d86ed1ff07b71884b067708be2ee148e84cb51981349c92ed931c93b027f9d", kill_on_drop: false }`
[INFO] [stderr]    Compiling libc v0.2.142
[INFO] [stderr]    Compiling syn v1.0.109
[INFO] [stderr]    Compiling futures-core v0.3.28
[INFO] [stderr]    Compiling slab v0.4.8
[INFO] [stderr]    Compiling pkg-config v0.3.26
[INFO] [stderr]    Compiling cfg-if v0.1.10
[INFO] [stderr]    Compiling fnv v1.0.7
[INFO] [stderr]    Compiling bytes v0.5.6
[INFO] [stderr]    Compiling futures-task v0.3.28
[INFO] [stderr]    Compiling pin-project-lite v0.1.12
[INFO] [stderr]    Compiling tracing-core v0.1.30
[INFO] [stderr]    Compiling indexmap v1.9.3
[INFO] [stderr]    Compiling openssl v0.10.52
[INFO] [stderr]    Compiling bytes v1.4.0
[INFO] [stderr]    Compiling futures-util v0.3.28
[INFO] [stderr]    Compiling foreign-types-shared v0.1.1
[INFO] [stderr]    Compiling openssl-sys v0.9.87
[INFO] [stderr]    Compiling foreign-types v0.3.2
[INFO] [stderr]    Compiling tracing v0.1.37
[INFO] [stderr]    Compiling http v0.2.9
[INFO] [stderr]    Compiling openssl-macros v0.1.1
[INFO] [stderr]    Compiling native-tls v0.2.11
[INFO] [stderr]    Compiling serde v1.0.160
[INFO] [stderr]    Compiling tinyvec_macros v0.1.1
[INFO] [stderr]    Compiling httparse v1.8.0
[INFO] [stderr]    Compiling futures-sink v0.3.28
[INFO] [stderr]    Compiling futures-channel v0.3.28
[INFO] [stderr]    Compiling pin-utils v0.1.0
[INFO] [stderr]    Compiling tinyvec v1.6.0
[INFO] [stderr]    Compiling openssl-probe v0.1.5
[INFO] [stderr]    Compiling try-lock v0.2.4
[INFO] [stderr]    Compiling net2 v0.2.38
[INFO] [stderr]    Compiling iovec v0.1.4
[INFO] [stderr]    Compiling mio v0.6.23
[INFO] [stderr]    Compiling percent-encoding v2.2.0
[INFO] [stderr]    Compiling http-body v0.3.1
[INFO] [stderr]    Compiling form_urlencoded v1.1.0
[INFO] [stderr]    Compiling want v0.3.0
[INFO] [stderr]    Compiling socket2 v0.3.19
[INFO] [stderr]    Compiling unicode-normalization v0.1.22
[INFO] [stderr]    Compiling mime_guess v2.0.4
[INFO] [stderr]    Compiling httpdate v0.3.2
[INFO] [stderr]    Compiling tower-service v0.3.2
[INFO] [stderr]    Compiling unicode-bidi v0.3.13
[INFO] [stderr]    Compiling itoa v0.4.8
[INFO] [stderr]    Compiling mime v0.3.17
[INFO] [stderr]    Compiling encoding_rs v0.8.32
[INFO] [stderr]    Compiling idna v0.3.0
[INFO] [stderr]    Compiling ipnet v2.7.2
[INFO] [stderr]    Compiling url v2.3.1
[INFO] [stderr]    Compiling base64 v0.13.1
[INFO] [stderr]    Compiling dotenv v0.15.0
[INFO] [stderr]    Compiling tokio-macros v0.2.6
[INFO] [stderr]    Compiling pin-project-internal v1.0.12
[INFO] [stderr]    Compiling tokio v0.2.25
[INFO] [stderr]    Compiling serde_urlencoded v0.7.1
[INFO] [stderr]    Compiling serde_json v1.0.96
[INFO] [stderr]    Compiling pin-project v1.0.12
[INFO] [stderr]    Compiling tracing-futures v0.2.5
[INFO] [stderr]    Compiling tokio-util v0.3.1
[INFO] [stderr]    Compiling tokio-tls v0.3.1
[INFO] [stderr]    Compiling h2 v0.2.7
[INFO] [stderr]    Compiling hyper v0.13.10
[INFO] [stderr]    Compiling hyper-tls v0.4.3
[INFO] [stderr]    Compiling reqwest v0.10.10
[INFO] [stderr]    Compiling openweather-async v0.1.2 (/opt/rustwide/workdir)
[INFO] [stderr]     Finished dev [unoptimized + debuginfo] target(s) in 1m 00s
[INFO] running `Command { std: "docker" "inspect" "30d86ed1ff07b71884b067708be2ee148e84cb51981349c92ed931c93b027f9d", kill_on_drop: false }`
[INFO] running `Command { std: "docker" "rm" "-f" "30d86ed1ff07b71884b067708be2ee148e84cb51981349c92ed931c93b027f9d", kill_on_drop: false }`
[INFO] [stdout] 30d86ed1ff07b71884b067708be2ee148e84cb51981349c92ed931c93b027f9d
[INFO] running `Command { std: "docker" "create" "-v" "/var/lib/crater-agent-workspace/builds/worker-2-tc2/target:/opt/rustwide/target:rw,Z" "-v" "/var/lib/crater-agent-workspace/builds/worker-2-tc2/source:/opt/rustwide/workdir:ro,Z" "-v" "/var/lib/crater-agent-workspace/cargo-home:/opt/rustwide/cargo-home:ro,Z" "-v" "/var/lib/crater-agent-workspace/rustup-home:/opt/rustwide/rustup-home:ro,Z" "-e" "SOURCE_DIR=/opt/rustwide/workdir" "-e" "CARGO_TARGET_DIR=/opt/rustwide/target" "-e" "CARGO_INCREMENTAL=0" "-e" "RUST_BACKTRACE=full" "-e" "RUSTFLAGS=--cap-lints=warn" "-e" "RUSTDOCFLAGS=--cap-lints=warn" "-e" "CARGO_HOME=/opt/rustwide/cargo-home" "-e" "RUSTUP_HOME=/opt/rustwide/rustup-home" "-w" "/opt/rustwide/workdir" "-m" "1610612736" "--user" "0:0" "--network" "none" "ghcr.io/rust-lang/crates-build-env/linux@sha256:5ff2268d62e97bff2cde7d5815dd6ed5b47097566f13b8d0ca110b04b60e07ed" "/opt/rustwide/cargo-home/bin/cargo" "+beta-2023-04-20" "test" "--frozen" "--no-run" "--message-format=json", kill_on_drop: false }`
[INFO] [stdout] 681ebf22955cedc1ae921bfdaa2e8222c7278d1d6c0a31acd20fe2d3ff1c0a43
[INFO] running `Command { std: "docker" "start" "-a" "681ebf22955cedc1ae921bfdaa2e8222c7278d1d6c0a31acd20fe2d3ff1c0a43", kill_on_drop: false }`
[INFO] [stderr]    Compiling openweather-async v0.1.2 (/opt/rustwide/workdir)
[INFO] [stdout] warning: unused variable: `temp`
[INFO] [stdout]   --> src/lib.rs:20:13
[INFO] [stdout]    |
[INFO] [stdout] 20 |         let temp = weather.get_by_city("Tokyo").await?;
[INFO] [stdout]    |             ^^^^ help: if this is intentional, prefix it with an underscore: `_temp`
[INFO] [stdout]    |
[INFO] [stdout]    = note: `#[warn(unused_variables)]` on by default
[INFO] [stdout] 
[INFO] [stdout] 
[INFO] [stdout] warning: unused variable: `temp`
[INFO] [stdout]   --> src/lib.rs:29:13
[INFO] [stdout]    |
[INFO] [stdout] 29 |         let temp = weather.get_by_city_and_country("Tokyo", "Japan").await?;
[INFO] [stdout]    |             ^^^^ help: if this is intentional, prefix it with an underscore: `_temp`
[INFO] [stdout] 
[INFO] [stdout] 
[INFO] [stdout] warning: unused variable: `temp`
[INFO] [stdout]   --> src/lib.rs:38:13
[INFO] [stdout]    |
[INFO] [stdout] 38 |         let temp = weather.get_by_coordinates(56.0, 12.0).await?;
[INFO] [stdout]    |             ^^^^ help: if this is intentional, prefix it with an underscore: `_temp`
[INFO] [stdout] 
[INFO] [stdout] 
[INFO] [stdout] warning: unused variable: `temp`
[INFO] [stdout]   --> src/lib.rs:47:13
[INFO] [stdout]    |
[INFO] [stdout] 47 |         let temp = weather.get_by_zipcode(80918, "US").await?;
[INFO] [stdout]    |             ^^^^ help: if this is intentional, prefix it with an underscore: `_temp`
[INFO] [stdout] 
[INFO] [stdout] 
[INFO] [stdout] warning: 4 warnings emitted
[INFO] [stdout] 
[INFO] [stdout] 
[INFO] [stderr]     Finished test [unoptimized + debuginfo] target(s) in 4.72s
[INFO] running `Command { std: "docker" "inspect" "681ebf22955cedc1ae921bfdaa2e8222c7278d1d6c0a31acd20fe2d3ff1c0a43", kill_on_drop: false }`
[INFO] running `Command { std: "docker" "rm" "-f" "681ebf22955cedc1ae921bfdaa2e8222c7278d1d6c0a31acd20fe2d3ff1c0a43", kill_on_drop: false }`
[INFO] [stdout] 681ebf22955cedc1ae921bfdaa2e8222c7278d1d6c0a31acd20fe2d3ff1c0a43
[INFO] running `Command { std: "docker" "create" "-v" "/var/lib/crater-agent-workspace/builds/worker-2-tc2/target:/opt/rustwide/target:rw,Z" "-v" "/var/lib/crater-agent-workspace/builds/worker-2-tc2/source:/opt/rustwide/workdir:ro,Z" "-v" "/var/lib/crater-agent-workspace/cargo-home:/opt/rustwide/cargo-home:ro,Z" "-v" "/var/lib/crater-agent-workspace/rustup-home:/opt/rustwide/rustup-home:ro,Z" "-e" "SOURCE_DIR=/opt/rustwide/workdir" "-e" "CARGO_TARGET_DIR=/opt/rustwide/target" "-e" "CARGO_INCREMENTAL=0" "-e" "RUST_BACKTRACE=full" "-e" "RUSTFLAGS=--cap-lints=warn" "-e" "RUSTDOCFLAGS=--cap-lints=warn" "-e" "CARGO_HOME=/opt/rustwide/cargo-home" "-e" "RUSTUP_HOME=/opt/rustwide/rustup-home" "-w" "/opt/rustwide/workdir" "-m" "1610612736" "--user" "0:0" "--network" "none" "ghcr.io/rust-lang/crates-build-env/linux@sha256:5ff2268d62e97bff2cde7d5815dd6ed5b47097566f13b8d0ca110b04b60e07ed" "/opt/rustwide/cargo-home/bin/cargo" "+beta-2023-04-20" "test" "--frozen", kill_on_drop: false }`
[INFO] [stdout] c55fe49c1d38ff53d1047bfc4b450f09487efedcede8ee1aa03a6dc903ee1217
[INFO] running `Command { std: "docker" "start" "-a" "c55fe49c1d38ff53d1047bfc4b450f09487efedcede8ee1aa03a6dc903ee1217", kill_on_drop: false }`
[INFO] [stderr] warning: unused variable: `temp`
[INFO] [stderr]   --> src/lib.rs:20:13
[INFO] [stderr]    |
[INFO] [stderr] 20 |         let temp = weather.get_by_city("Tokyo").await?;
[INFO] [stderr]    |             ^^^^ help: if this is intentional, prefix it with an underscore: `_temp`
[INFO] [stderr]    |
[INFO] [stderr]    = note: `#[warn(unused_variables)]` on by default
[INFO] [stderr] 
[INFO] [stderr] warning: unused variable: `temp`
[INFO] [stderr]   --> src/lib.rs:29:13
[INFO] [stderr]    |
[INFO] [stderr] 29 |         let temp = weather.get_by_city_and_country("Tokyo", "Japan").await?;
[INFO] [stderr]    |             ^^^^ help: if this is intentional, prefix it with an underscore: `_temp`
[INFO] [stderr] 
[INFO] [stderr] warning: unused variable: `temp`
[INFO] [stderr]   --> src/lib.rs:38:13
[INFO] [stderr]    |
[INFO] [stderr] 38 |         let temp = weather.get_by_coordinates(56.0, 12.0).await?;
[INFO] [stderr]    |             ^^^^ help: if this is intentional, prefix it with an underscore: `_temp`
[INFO] [stderr] 
[INFO] [stderr] warning: unused variable: `temp`
[INFO] [stderr]   --> src/lib.rs:47:13
[INFO] [stderr]    |
[INFO] [stderr] 47 |         let temp = weather.get_by_zipcode(80918, "US").await?;
[INFO] [stderr]    |             ^^^^ help: if this is intentional, prefix it with an underscore: `_temp`
[INFO] [stderr] 
[INFO] [stderr] warning: `openweather-async` (lib test) generated 4 warnings (run `cargo fix --lib -p openweather-async --tests` to apply 4 suggestions)
[INFO] [stderr]     Finished test [unoptimized + debuginfo] target(s) in 0.15s
[INFO] [stderr]      Running unittests src/lib.rs (/opt/rustwide/target/debug/deps/openweather_async-6e766241b398e22d)
[INFO] [stdout] 
[INFO] [stdout] running 6 tests
[INFO] [stdout] test test::get_by_city_and_country ... FAILED
[INFO] [stdout] test test::get_by_cities_in_cycle ... FAILED
[INFO] [stdout] test test::get_by_cities_in_zone ... FAILED
[INFO] [stdout] test test::get_by_city ... FAILED
[INFO] [stdout] test test::get_by_zipcode ... FAILED
[INFO] [stdout] test test::get_by_coordinates ... FAILED
[INFO] [stdout] 
[INFO] [stdout] failures:
[INFO] [stdout] 
[INFO] [stdout] ---- test::get_by_city_and_country stdout ----
[INFO] [stdout] "https://api.openweathermap.org/data/2.5/weather?q=Tokyo,Japan&appid=3c3c205a0ac758be3bf96bf999f18ffd&units=metric"
[INFO] [stdout] Error: reqwest::Error { kind: Request, url: Url { scheme: "https", cannot_be_a_base: false, username: "", password: None, host: Some(Domain("api.openweathermap.org")), port: None, path: "/data/2.5/weather", query: Some("q=Tokyo,Japan&appid=3c3c205a0ac758be3bf96bf999f18ffd&units=metric"), fragment: None }, source: hyper::Error(Connect, ConnectError("dns error", Custom { kind: Uncategorized, error: "failed to lookup address information: Temporary failure in name resolution" })) }
[INFO] [stdout] 
[INFO] [stdout] ---- test::get_by_cities_in_cycle stdout ----
[INFO] [stdout] "https://api.openweathermap.org/data/2.5/find?lat=12&lon=32&cnt=3&appid=3c3c205a0ac758be3bf96bf999f18ffd&units=metric"
[INFO] [stdout] Error: reqwest::Error { kind: Request, url: Url { scheme: "https", cannot_be_a_base: false, username: "", password: None, host: Some(Domain("api.openweathermap.org")), port: None, path: "/data/2.5/find", query: Some("lat=12&lon=32&cnt=3&appid=3c3c205a0ac758be3bf96bf999f18ffd&units=metric"), fragment: None }, source: hyper::Error(Connect, ConnectError("dns error", Custom { kind: Uncategorized, error: "failed to lookup address information: Temporary failure in name resolution" })) }
[INFO] [stdout] 
[INFO] [stdout] ---- test::get_by_cities_in_zone stdout ----
[INFO] [stdout] "https://api.openweathermap.org/data/2.5/box/city?bbox=12,32,15,37,10&appid=3c3c205a0ac758be3bf96bf999f18ffd&units=metric"
[INFO] [stdout] Error: reqwest::Error { kind: Request, url: Url { scheme: "https", cannot_be_a_base: false, username: "", password: None, host: Some(Domain("api.openweathermap.org")), port: None, path: "/data/2.5/box/city", query: Some("bbox=12,32,15,37,10&appid=3c3c205a0ac758be3bf96bf999f18ffd&units=metric"), fragment: None }, source: hyper::Error(Connect, ConnectError("dns error", Custom { kind: Uncategorized, error: "failed to lookup address information: Temporary failure in name resolution" })) }
[INFO] [stdout] 
[INFO] [stdout] ---- test::get_by_city stdout ----
[INFO] [stdout] "https://api.openweathermap.org/data/2.5/weather?q=Tokyo&appid=3c3c205a0ac758be3bf96bf999f18ffd&units=metric"
[INFO] [stdout] Error: reqwest::Error { kind: Request, url: Url { scheme: "https", cannot_be_a_base: false, username: "", password: None, host: Some(Domain("api.openweathermap.org")), port: None, path: "/data/2.5/weather", query: Some("q=Tokyo&appid=3c3c205a0ac758be3bf96bf999f18ffd&units=metric"), fragment: None }, source: hyper::Error(Connect, ConnectError("dns error", Custom { kind: Uncategorized, error: "failed to lookup address information: Temporary failure in name resolution" })) }
[INFO] [stdout] 
[INFO] [stdout] ---- test::get_by_zipcode stdout ----
[INFO] [stdout] "https://api.openweathermap.org/data/2.5/weather?q=80918,US&appid=3c3c205a0ac758be3bf96bf999f18ffd&units=metric"
[INFO] [stdout] Error: reqwest::Error { kind: Request, url: Url { scheme: "https", cannot_be_a_base: false, username: "", password: None, host: Some(Domain("api.openweathermap.org")), port: None, path: "/data/2.5/weather", query: Some("q=80918,US&appid=3c3c205a0ac758be3bf96bf999f18ffd&units=metric"), fragment: None }, source: hyper::Error(Connect, ConnectError("dns error", Custom { kind: Uncategorized, error: "failed to lookup address information: Temporary failure in name resolution" })) }
[INFO] [stdout] 
[INFO] [stdout] ---- test::get_by_coordinates stdout ----
[INFO] [stdout] "https://api.openweathermap.org/data/2.5/weather?lat=56&lon=12&appid=3c3c205a0ac758be3bf96bf999f18ffd&units=metric"
[INFO] [stdout] Error: reqwest::Error { kind: Request, url: Url { scheme: "https", cannot_be_a_base: false, username: "", password: None, host: Some(Domain("api.openweathermap.org")), port: None, path: "/data/2.5/weather", query: Some("lat=56&lon=12&appid=3c3c205a0ac758be3bf96bf999f18ffd&units=metric"), fragment: None }, source: hyper::Error(Connect, ConnectError("dns error", Custom { kind: Uncategorized, error: "failed to lookup address information: Temporary failure in name resolution" })) }
[INFO] [stdout] 
[INFO] [stdout] 
[INFO] [stdout] failures:
[INFO] [stdout]     test::get_by_cities_in_cycle
[INFO] [stdout]     test::get_by_cities_in_zone
[INFO] [stdout]     test::get_by_city
[INFO] [stdout]     test::get_by_city_and_country
[INFO] [stdout]     test::get_by_coordinates
[INFO] [stdout]     test::get_by_zipcode
[INFO] [stdout] 
[INFO] [stdout] test result: FAILED. 0 passed; 6 failed; 0 ignored; 0 measured; 0 filtered out; finished in 0.73s
[INFO] [stdout] 
[INFO] [stderr] error: test failed, to rerun pass `--lib`
[INFO] running `Command { std: "docker" "inspect" "c55fe49c1d38ff53d1047bfc4b450f09487efedcede8ee1aa03a6dc903ee1217", kill_on_drop: false }`
[INFO] running `Command { std: "docker" "rm" "-f" "c55fe49c1d38ff53d1047bfc4b450f09487efedcede8ee1aa03a6dc903ee1217", kill_on_drop: false }`
[INFO] [stdout] c55fe49c1d38ff53d1047bfc4b450f09487efedcede8ee1aa03a6dc903ee1217
