[INFO] fetching crate opentelemetry-application-insights 0.25.0...
[INFO] testing opentelemetry-application-insights-0.25.0 against beta-2023-04-20 for beta-1.70-1
[INFO] extracting crate opentelemetry-application-insights 0.25.0 into /workspace/builds/worker-4-tc2/source
[INFO] validating manifest of crates.io crate opentelemetry-application-insights 0.25.0 on toolchain beta-2023-04-20
[INFO] running `Command { std: CARGO_HOME="/workspace/cargo-home" RUSTUP_HOME="/workspace/rustup-home" "/workspace/cargo-home/bin/cargo" "+beta-2023-04-20" "metadata" "--manifest-path" "Cargo.toml" "--no-deps", kill_on_drop: false }`
[INFO] started tweaking crates.io crate opentelemetry-application-insights 0.25.0
[INFO] removed 0 missing examples
[INFO] finished tweaking crates.io crate opentelemetry-application-insights 0.25.0
[INFO] tweaked toml for crates.io crate opentelemetry-application-insights 0.25.0 written to /workspace/builds/worker-4-tc2/source/Cargo.toml
[INFO] crate crates.io crate opentelemetry-application-insights 0.25.0 already has a lockfile, it will not be regenerated
[INFO] running `Command { std: CARGO_HOME="/workspace/cargo-home" RUSTUP_HOME="/workspace/rustup-home" "/workspace/cargo-home/bin/cargo" "+beta-2023-04-20" "fetch" "--manifest-path" "Cargo.toml", kill_on_drop: false }`
[INFO] [stderr]     Updating crates.io index
[INFO] [stderr]  Downloading crates ...
[INFO] [stderr]   Downloaded test-case-macros v2.2.1
[INFO] [stderr]   Downloaded cookie v0.14.4
[INFO] [stderr]   Downloaded surf v2.3.2
[INFO] [stderr]   Downloaded async-global-executor v2.3.0
[INFO] [stderr]   Downloaded blocking v1.2.0
[INFO] [stderr]   Downloaded sluice v0.5.5
[INFO] [stderr]   Downloaded serde_repr v0.1.11
[INFO] [stderr]   Downloaded test-case v2.2.1
[INFO] [stderr]   Downloaded async-process v1.5.0
[INFO] [stderr]   Downloaded opentelemetry-http v0.8.0
[INFO] [stderr]   Downloaded iana-time-zone v0.1.48
[INFO] [stderr]   Downloaded console v0.15.1
[INFO] [stderr]   Downloaded spinning_top v0.2.4
[INFO] [stderr]   Downloaded similar v2.2.0
[INFO] [stderr]   Downloaded opentelemetry_sdk v0.19.0
[INFO] [stderr]   Downloaded async-std v1.12.0
[INFO] [stderr]   Downloaded ureq v2.5.0
[INFO] [stderr]   Downloaded opentelemetry_api v0.19.0
[INFO] [stderr]   Downloaded http-client v6.5.3
[INFO] [stderr]   Downloaded opentelemetry v0.19.0
[INFO] [stderr]   Downloaded opentelemetry-semantic-conventions v0.11.0
[INFO] [stderr]   Downloaded insta v1.19.1
[INFO] [stderr]   Downloaded tokio v1.21.1
[INFO] [stderr]   Downloaded curl-sys v0.4.56+curl-7.83.1
[INFO] [stderr]   Downloaded openssl-src v111.22.0+1.1.1q
[INFO] running `Command { std: "docker" "create" "-v" "/var/lib/crater-agent-workspace/builds/worker-4-tc2/target:/opt/rustwide/target:rw,Z" "-v" "/var/lib/crater-agent-workspace/builds/worker-4-tc2/source:/opt/rustwide/workdir:ro,Z" "-v" "/var/lib/crater-agent-workspace/cargo-home:/opt/rustwide/cargo-home:ro,Z" "-v" "/var/lib/crater-agent-workspace/rustup-home:/opt/rustwide/rustup-home:ro,Z" "-e" "SOURCE_DIR=/opt/rustwide/workdir" "-e" "CARGO_TARGET_DIR=/opt/rustwide/target" "-e" "CARGO_HOME=/opt/rustwide/cargo-home" "-e" "RUSTUP_HOME=/opt/rustwide/rustup-home" "-w" "/opt/rustwide/workdir" "-m" "1610612736" "--user" "0:0" "--network" "none" "ghcr.io/rust-lang/crates-build-env/linux@sha256:5ff2268d62e97bff2cde7d5815dd6ed5b47097566f13b8d0ca110b04b60e07ed" "/opt/rustwide/cargo-home/bin/cargo" "+beta-2023-04-20" "metadata" "--no-deps" "--format-version=1", kill_on_drop: false }`
[INFO] [stdout] 5e4086ec2c646338962ade6c16000f10f9429c04d3e5c35dc87b8e77326d8570
[INFO] running `Command { std: "docker" "start" "-a" "5e4086ec2c646338962ade6c16000f10f9429c04d3e5c35dc87b8e77326d8570", kill_on_drop: false }`
[INFO] running `Command { std: "docker" "inspect" "5e4086ec2c646338962ade6c16000f10f9429c04d3e5c35dc87b8e77326d8570", kill_on_drop: false }`
[INFO] running `Command { std: "docker" "rm" "-f" "5e4086ec2c646338962ade6c16000f10f9429c04d3e5c35dc87b8e77326d8570", kill_on_drop: false }`
[INFO] [stdout] 5e4086ec2c646338962ade6c16000f10f9429c04d3e5c35dc87b8e77326d8570
[INFO] running `Command { std: "docker" "create" "-v" "/var/lib/crater-agent-workspace/builds/worker-4-tc2/target:/opt/rustwide/target:rw,Z" "-v" "/var/lib/crater-agent-workspace/builds/worker-4-tc2/source:/opt/rustwide/workdir:ro,Z" "-v" "/var/lib/crater-agent-workspace/cargo-home:/opt/rustwide/cargo-home:ro,Z" "-v" "/var/lib/crater-agent-workspace/rustup-home:/opt/rustwide/rustup-home:ro,Z" "-e" "SOURCE_DIR=/opt/rustwide/workdir" "-e" "CARGO_TARGET_DIR=/opt/rustwide/target" "-e" "CARGO_INCREMENTAL=0" "-e" "RUST_BACKTRACE=full" "-e" "RUSTFLAGS=--cap-lints=warn" "-e" "RUSTDOCFLAGS=--cap-lints=warn" "-e" "CARGO_HOME=/opt/rustwide/cargo-home" "-e" "RUSTUP_HOME=/opt/rustwide/rustup-home" "-w" "/opt/rustwide/workdir" "-m" "1610612736" "--user" "0:0" "--network" "none" "ghcr.io/rust-lang/crates-build-env/linux@sha256:5ff2268d62e97bff2cde7d5815dd6ed5b47097566f13b8d0ca110b04b60e07ed" "/opt/rustwide/cargo-home/bin/cargo" "+beta-2023-04-20" "build" "--frozen" "--message-format=json", kill_on_drop: false }`
[INFO] [stdout] c32abc974599356b4d990fc32b9676629939c62dfc26cd7b0c1813cc91d50489
[INFO] running `Command { std: "docker" "start" "-a" "c32abc974599356b4d990fc32b9676629939c62dfc26cd7b0c1813cc91d50489", kill_on_drop: false }`
[INFO] [stderr]    Compiling autocfg v1.1.0
[INFO] [stderr]    Compiling proc-macro2 v1.0.43
[INFO] [stderr]    Compiling quote v1.0.21
[INFO] [stderr]    Compiling unicode-ident v1.0.4
[INFO] [stderr]    Compiling syn v1.0.99
[INFO] [stderr]    Compiling libc v0.2.132
[INFO] [stderr]    Compiling futures-core v0.3.24
[INFO] [stderr]    Compiling memchr v2.5.0
[INFO] [stderr]    Compiling pin-project-lite v0.2.9
[INFO] [stderr]    Compiling once_cell v1.14.0
[INFO] [stderr]    Compiling futures-io v0.3.24
[INFO] [stderr]    Compiling log v0.4.17
[INFO] [stderr]    Compiling cache-padded v1.2.0
[INFO] [stderr]    Compiling parking v2.0.0
[INFO] [stderr]    Compiling value-bag v1.0.0-alpha.9
[INFO] [stderr]    Compiling fastrand v1.8.0
[INFO] [stderr]    Compiling waker-fn v1.1.0
[INFO] [stderr]    Compiling concurrent-queue v1.2.4
[INFO] [stderr]    Compiling futures-task v0.3.24
[INFO] [stderr]    Compiling event-listener v2.5.3
[INFO] [stderr]    Compiling pin-utils v0.1.0
[INFO] [stderr]    Compiling futures-util v0.3.24
[INFO] [stderr]    Compiling futures-sink v0.3.24
[INFO] [stderr]    Compiling bytes v1.2.1
[INFO] [stderr]    Compiling thiserror v1.0.35
[INFO] [stderr]    Compiling signal-hook v0.3.14
[INFO] [stderr]    Compiling futures-channel v0.3.24
[INFO] [stderr]    Compiling crossbeam-utils v0.8.11
[INFO] [stderr]    Compiling async-task v4.3.0
[INFO] [stderr]    Compiling async-trait v0.1.57
[INFO] [stderr]    Compiling async-channel v1.7.1
[INFO] [stderr]    Compiling slab v0.4.7
[INFO] [stderr]    Compiling polling v2.3.0
[INFO] [stderr]    Compiling async-io v1.9.0
[INFO] [stderr]    Compiling indexmap v1.9.1
[INFO] [stderr]    Compiling tokio v1.21.1
[INFO] [stderr]    Compiling async-process v1.5.0
[INFO] [stderr]    Compiling hashbrown v0.12.3
[INFO] [stderr]    Compiling atomic-waker v1.0.0
[INFO] [stderr]    Compiling futures-lite v1.12.0
[INFO] [stderr]    Compiling signal-hook-registry v1.4.0
[INFO] [stderr]    Compiling socket2 v0.4.7
[INFO] [stderr]    Compiling getrandom v0.2.7
[INFO] [stderr]    Compiling async-lock v2.5.0
[INFO] [stderr]    Compiling urlencoding v2.1.2
[INFO] [stderr]    Compiling num-traits v0.2.15
[INFO] [stderr]    Compiling rand_core v0.6.3
[INFO] [stderr]    Compiling serde_derive v1.0.144
[INFO] [stderr]    Compiling crossbeam-channel v0.5.6
[INFO] [stderr]    Compiling num-integer v0.1.45
[INFO] [stderr]    Compiling serde v1.0.144
[INFO] [stderr]    Compiling crc32fast v1.3.2
[INFO] [stderr]    Compiling percent-encoding v2.2.0
[INFO] [stderr]    Compiling rand_chacha v0.3.1
[INFO] [stderr]    Compiling async-executor v1.4.1
[INFO] [stderr]    Compiling blocking v1.2.0
[INFO] [stderr]    Compiling itoa v1.0.3
[INFO] [stderr]    Compiling rand v0.8.5
[INFO] [stderr]    Compiling fnv v1.0.7
[INFO] [stderr]    Compiling serde_json v1.0.85
[INFO] [stderr]    Compiling adler v1.0.2
[INFO] [stderr]    Compiling time v0.1.44
[INFO] [stderr]    Compiling http v0.2.8
[INFO] [stderr]    Compiling miniz_oxide v0.5.4
[INFO] [stderr]    Compiling iana-time-zone v0.1.48
[INFO] [stderr]    Compiling ryu v1.0.11
[INFO] [stderr]    Compiling flate2 v1.0.24
[INFO] [stderr]    Compiling chrono v0.4.22
[INFO] [stderr]    Compiling ctor v0.1.23
[INFO] [stderr]    Compiling futures-macro v0.3.24
[INFO] [stderr]    Compiling thiserror-impl v1.0.35
[INFO] [stderr]    Compiling tokio-macros v1.8.0
[INFO] [stderr]    Compiling async-attributes v1.1.2
[INFO] [stderr]    Compiling serde_repr v0.1.11
[INFO] [stderr]    Compiling mio v0.8.4
[INFO] [stderr]    Compiling kv-log-macro v1.0.7
[INFO] [stderr]    Compiling async-global-executor v2.3.0
[INFO] [stderr]    Compiling async-std v1.12.0
[INFO] [stderr]    Compiling tokio-stream v0.1.9
[INFO] [stderr]    Compiling opentelemetry_api v0.19.0
[INFO] [stderr]    Compiling futures-executor v0.3.24
[INFO] [stderr]    Compiling opentelemetry_sdk v0.19.0
[INFO] [stderr]    Compiling opentelemetry-http v0.8.0
[INFO] [stderr]    Compiling opentelemetry v0.19.0
[INFO] [stderr]    Compiling opentelemetry-semantic-conventions v0.11.0
[INFO] [stderr]    Compiling opentelemetry-application-insights v0.25.0 (/opt/rustwide/workdir)
[INFO] [stderr]     Finished dev [unoptimized + debuginfo] target(s) in 20.48s
[INFO] running `Command { std: "docker" "inspect" "c32abc974599356b4d990fc32b9676629939c62dfc26cd7b0c1813cc91d50489", kill_on_drop: false }`
[INFO] running `Command { std: "docker" "rm" "-f" "c32abc974599356b4d990fc32b9676629939c62dfc26cd7b0c1813cc91d50489", kill_on_drop: false }`
[INFO] [stdout] c32abc974599356b4d990fc32b9676629939c62dfc26cd7b0c1813cc91d50489
[INFO] running `Command { std: "docker" "create" "-v" "/var/lib/crater-agent-workspace/builds/worker-4-tc2/target:/opt/rustwide/target:rw,Z" "-v" "/var/lib/crater-agent-workspace/builds/worker-4-tc2/source:/opt/rustwide/workdir:ro,Z" "-v" "/var/lib/crater-agent-workspace/cargo-home:/opt/rustwide/cargo-home:ro,Z" "-v" "/var/lib/crater-agent-workspace/rustup-home:/opt/rustwide/rustup-home:ro,Z" "-e" "SOURCE_DIR=/opt/rustwide/workdir" "-e" "CARGO_TARGET_DIR=/opt/rustwide/target" "-e" "CARGO_INCREMENTAL=0" "-e" "RUST_BACKTRACE=full" "-e" "RUSTFLAGS=--cap-lints=warn" "-e" "RUSTDOCFLAGS=--cap-lints=warn" "-e" "CARGO_HOME=/opt/rustwide/cargo-home" "-e" "RUSTUP_HOME=/opt/rustwide/rustup-home" "-w" "/opt/rustwide/workdir" "-m" "1610612736" "--user" "0:0" "--network" "none" "ghcr.io/rust-lang/crates-build-env/linux@sha256:5ff2268d62e97bff2cde7d5815dd6ed5b47097566f13b8d0ca110b04b60e07ed" "/opt/rustwide/cargo-home/bin/cargo" "+beta-2023-04-20" "test" "--frozen" "--no-run" "--message-format=json", kill_on_drop: false }`
[INFO] [stdout] 78a87e207d8e83d968b3dc9d891875c5d74002f7c87a58516650c6769aeecc78
[INFO] running `Command { std: "docker" "start" "-a" "78a87e207d8e83d968b3dc9d891875c5d74002f7c87a58516650c6769aeecc78", kill_on_drop: false }`
[INFO] [stderr]     Blocking waiting for file lock on package cache
[INFO] [stderr]     Blocking waiting for file lock on package cache
[INFO] [stderr]    Compiling unicode-ident v1.0.4
[INFO] [stderr]    Compiling generic-array v0.14.6
[INFO] [stderr]    Compiling proc-macro2 v1.0.43
[INFO] [stderr]    Compiling quote v1.0.21
[INFO] [stderr]    Compiling syn v1.0.99
[INFO] [stderr]    Compiling cc v1.0.73
[INFO] [stderr]    Compiling pkg-config v0.3.25
[INFO] [stderr]    Compiling subtle v2.4.1
[INFO] [stderr]    Compiling opaque-debug v0.3.0
[INFO] [stderr]    Compiling standback v0.2.17
[INFO] [stderr]    Compiling wasm-bindgen-shared v0.2.83
[INFO] [stderr]    Compiling proc-macro-hack v0.5.19
[INFO] [stderr]    Compiling tinyvec_macros v0.1.0
[INFO] [stderr]    Compiling getrandom v0.1.16
[INFO] [stderr]    Compiling form_urlencoded v1.1.0
[INFO] [stderr]    Compiling lock_api v0.4.8
[INFO] [stderr]    Compiling cpuid-bool v0.2.0
[INFO] [stderr]    Compiling const_fn v0.4.9
[INFO] [stderr]    Compiling unicode-bidi v0.3.8
[INFO] [stderr]    Compiling tinyvec v1.6.0
[INFO] [stderr]    Compiling bumpalo v3.11.0
[INFO] [stderr]    Compiling time v0.2.27
[INFO] [stderr]    Compiling unicase v2.6.0
[INFO] [stderr]    Compiling scopeguard v1.1.0
[INFO] [stderr]    Compiling tracing-core v0.1.29
[INFO] [stderr]    Compiling cookie v0.14.4
[INFO] [stderr]    Compiling rand_core v0.5.1
[INFO] [stderr]    Compiling proc-macro-error-attr v1.0.4
[INFO] [stderr]    Compiling curl v0.4.44
[INFO] [stderr]    Compiling cipher v0.2.5
[INFO] [stderr]    Compiling digest v0.9.0
[INFO] [stderr]    Compiling universal-hash v0.4.1
[INFO] [stderr]    Compiling crypto-mac v0.10.1
[INFO] [stderr]    Compiling aead v0.3.2
[INFO] [stderr]    Compiling polyval v0.4.5
[INFO] [stderr]    Compiling hmac v0.10.1
[INFO] [stderr]    Compiling aes-soft v0.6.4
[INFO] [stderr]    Compiling ctr v0.6.0
[INFO] [stderr]    Compiling block-buffer v0.9.0
[INFO] [stderr]    Compiling wasm-bindgen v0.2.83
[INFO] [stderr]    Compiling cpufeatures v0.2.5
[INFO] [stderr]    Compiling libnghttp2-sys v0.1.7+1.45.0
[INFO] [stderr]    Compiling openssl-sys v0.9.75
[INFO] [stderr]    Compiling libz-sys v1.1.8
[INFO] [stderr]    Compiling curl-sys v0.4.56+curl-7.83.1
[INFO] [stderr]    Compiling unicode-normalization v0.1.21
[INFO] [stderr]    Compiling anyhow v1.0.65
[INFO] [stderr]    Compiling ghash v0.3.1
[INFO] [stderr]    Compiling aes v0.6.0
[INFO] [stderr]    Compiling sha2 v0.9.9
[INFO] [stderr]    Compiling aes-gcm v0.8.0
[INFO] [stderr]    Compiling hkdf v0.10.0
[INFO] [stderr]    Compiling rand_chacha v0.2.2
[INFO] [stderr]    Compiling spinning_top v0.2.4
[INFO] [stderr]    Compiling proc-macro-error v1.0.4
[INFO] [stderr]    Compiling base64 v0.13.0
[INFO] [stderr]    Compiling isahc v0.9.14
[INFO] [stderr]    Compiling openssl-probe v0.1.5
[INFO] [stderr]    Compiling http-types v2.12.0
[INFO] [stderr]    Compiling flume v0.9.2
[INFO] [stderr]    Compiling idna v0.3.0
[INFO] [stderr]    Compiling mime_guess v2.0.4
[INFO] [stderr]    Compiling rand v0.7.3
[INFO] [stderr]    Compiling sluice v0.5.5
[INFO] [stderr]    Compiling aho-corasick v0.7.19
[INFO] [stderr]    Compiling regex-syntax v0.6.27
[INFO] [stderr]    Compiling infer v0.2.3
[INFO] [stderr]    Compiling semver v1.0.13
[INFO] [stderr]    Compiling encoding_rs v0.8.31
[INFO] [stderr]    Compiling bytes v0.5.6
[INFO] [stderr]    Compiling terminal_size v0.1.17
[INFO] [stderr]    Compiling mime v0.3.16
[INFO] [stderr]    Compiling linked-hash-map v0.5.6
[INFO] [stderr]    Compiling doc-comment v0.3.3
[INFO] [stderr]    Compiling yaml-rust v0.4.5
[INFO] [stderr]    Compiling console v0.15.1
[INFO] [stderr]    Compiling atty v0.2.14
[INFO] [stderr]    Compiling humantime v2.1.0
[INFO] [stderr]    Compiling termcolor v1.1.3
[INFO] [stderr]    Compiling similar v2.2.0
[INFO] [stderr]    Compiling insta v1.19.1
[INFO] [stderr]    Compiling regex v1.6.0
[INFO] [stderr]    Compiling ctor v0.1.23
[INFO] [stderr]    Compiling thiserror-impl v1.0.35
[INFO] [stderr]    Compiling serde_derive v1.0.144
[INFO] [stderr]    Compiling futures-macro v0.3.24
[INFO] [stderr]    Compiling async-attributes v1.1.2
[INFO] [stderr]    Compiling async-trait v0.1.57
[INFO] [stderr]    Compiling time-macros-impl v0.1.2
[INFO] [stderr]    Compiling tokio-macros v1.8.0
[INFO] [stderr]    Compiling pin-project-internal v1.0.12
[INFO] [stderr]    Compiling tracing-attributes v0.1.22
[INFO] [stderr]    Compiling test-case-macros v2.2.1
[INFO] [stderr]    Compiling serde_repr v0.1.11
[INFO] [stderr]    Compiling time-macros v0.1.1
[INFO] [stderr]    Compiling test-case v2.2.1
[INFO] [stderr]    Compiling futures-util v0.3.24
[INFO] [stderr]    Compiling value-bag v1.0.0-alpha.9
[INFO] [stderr]    Compiling pin-project v1.0.12
[INFO] [stderr]    Compiling log v0.4.17
[INFO] [stderr]    Compiling thiserror v1.0.35
[INFO] [stderr]    Compiling polling v2.3.0
[INFO] [stderr]    Compiling kv-log-macro v1.0.7
[INFO] [stderr]    Compiling mio v0.8.4
[INFO] [stderr]    Compiling wasm-bindgen-backend v0.2.83
[INFO] [stderr]    Compiling tracing v0.1.36
[INFO] [stderr]    Compiling env_logger v0.9.0
[INFO] [stderr]    Compiling async-io v1.9.0
[INFO] [stderr]    Compiling tracing-futures v0.2.5
[INFO] [stderr]    Compiling tokio v1.21.1
[INFO] [stderr]    Compiling async-global-executor v2.3.0
[INFO] [stderr]    Compiling async-process v1.5.0
[INFO] [stderr]    Compiling async-std v1.12.0
[INFO] [stderr]    Compiling wasm-bindgen-macro-support v0.2.83
[INFO] [stderr]    Compiling serde v1.0.144
[INFO] [stderr]    Compiling wasm-bindgen-macro v0.2.83
[INFO] [stderr]    Compiling opentelemetry_api v0.19.0
[INFO] [stderr]    Compiling futures-executor v0.3.24
[INFO] [stderr]    Compiling tokio-stream v0.1.9
[INFO] [stderr]    Compiling opentelemetry-http v0.8.0
[INFO] [stderr]    Compiling js-sys v0.3.60
[INFO] [stderr]    Compiling opentelemetry_sdk v0.19.0
[INFO] [stderr]    Compiling url v2.3.1
[INFO] [stderr]    Compiling serde_json v1.0.85
[INFO] [stderr]    Compiling serde_urlencoded v0.7.1
[INFO] [stderr]    Compiling serde_qs v0.8.5
[INFO] [stderr]    Compiling opentelemetry v0.19.0
[INFO] [stderr]    Compiling opentelemetry-semantic-conventions v0.11.0
[INFO] [stderr]    Compiling version-sync v0.9.4
[INFO] [stderr]    Compiling opentelemetry-application-insights v0.25.0 (/opt/rustwide/workdir)
[INFO] [stderr]    Compiling web-sys v0.3.60
[INFO] [stderr]    Compiling http-client v6.5.3
[INFO] [stderr]    Compiling surf v2.3.2
[INFO] [stderr]     Finished test [unoptimized + debuginfo] target(s) in 51.69s
[INFO] running `Command { std: "docker" "inspect" "78a87e207d8e83d968b3dc9d891875c5d74002f7c87a58516650c6769aeecc78", kill_on_drop: false }`
[INFO] running `Command { std: "docker" "rm" "-f" "78a87e207d8e83d968b3dc9d891875c5d74002f7c87a58516650c6769aeecc78", kill_on_drop: false }`
[INFO] [stdout] 78a87e207d8e83d968b3dc9d891875c5d74002f7c87a58516650c6769aeecc78
[INFO] running `Command { std: "docker" "create" "-v" "/var/lib/crater-agent-workspace/builds/worker-4-tc2/target:/opt/rustwide/target:rw,Z" "-v" "/var/lib/crater-agent-workspace/builds/worker-4-tc2/source:/opt/rustwide/workdir:ro,Z" "-v" "/var/lib/crater-agent-workspace/cargo-home:/opt/rustwide/cargo-home:ro,Z" "-v" "/var/lib/crater-agent-workspace/rustup-home:/opt/rustwide/rustup-home:ro,Z" "-e" "SOURCE_DIR=/opt/rustwide/workdir" "-e" "CARGO_TARGET_DIR=/opt/rustwide/target" "-e" "CARGO_INCREMENTAL=0" "-e" "RUST_BACKTRACE=full" "-e" "RUSTFLAGS=--cap-lints=warn" "-e" "RUSTDOCFLAGS=--cap-lints=warn" "-e" "CARGO_HOME=/opt/rustwide/cargo-home" "-e" "RUSTUP_HOME=/opt/rustwide/rustup-home" "-w" "/opt/rustwide/workdir" "-m" "1610612736" "--user" "0:0" "--network" "none" "ghcr.io/rust-lang/crates-build-env/linux@sha256:5ff2268d62e97bff2cde7d5815dd6ed5b47097566f13b8d0ca110b04b60e07ed" "/opt/rustwide/cargo-home/bin/cargo" "+beta-2023-04-20" "test" "--frozen", kill_on_drop: false }`
[INFO] [stdout] 32f75a316a987e411175a73d3a159c41fe01d0b308d0229687624d0c15a80f0e
[INFO] running `Command { std: "docker" "start" "-a" "32f75a316a987e411175a73d3a159c41fe01d0b308d0229687624d0c15a80f0e", kill_on_drop: false }`
[INFO] [stderr]     Finished test [unoptimized + debuginfo] target(s) in 0.26s
[INFO] [stderr]      Running unittests src/lib.rs (/opt/rustwide/target/debug/deps/opentelemetry_application_insights-900eb02d3a667ffe)
[INFO] [stdout] 
[INFO] [stdout] running 3 tests
[INFO] [stdout] test convert::tests::duration::all ... ok
[INFO] [stdout] test models::tests::serialization_format ... ok
[INFO] [stdout] test models::tests::sanitization ... ok
[INFO] [stdout] 
[INFO] [stdout] test result: ok. 3 passed; 0 failed; 0 ignored; 0 measured; 0 filtered out; finished in 0.00s
[INFO] [stdout] 
[INFO] [stderr]      Running tests/http_requests.rs (/opt/rustwide/target/debug/deps/http_requests-13eaf89b91901d79)
[INFO] [stdout] 
[INFO] [stdout] running 3 tests
[INFO] [stdout] test traces_batch_tokio ... ok
[INFO] [stdout] test traces_batch_async_std ... ok
[INFO] [stdout] test traces_simple ... ok
[INFO] [stdout] 
[INFO] [stdout] test result: ok. 3 passed; 0 failed; 0 ignored; 0 measured; 0 filtered out; finished in 2.04s
[INFO] [stdout] 
[INFO] [stderr]      Running tests/version_numbers.rs (/opt/rustwide/target/debug/deps/version_numbers-5137088b07cdf862)
[INFO] [stdout] 
[INFO] [stdout] running 2 tests
[INFO] [stdout] test changelog ... ok
[INFO] [stdout] test html_root_url ... ok
[INFO] [stdout] 
[INFO] [stdout] test result: ok. 2 passed; 0 failed; 0 ignored; 0 measured; 0 filtered out; finished in 0.02s
[INFO] [stdout] 
[INFO] [stderr]    Doc-tests opentelemetry-application-insights
[INFO] [stdout] 
[INFO] [stdout] running 8 tests
[INFO] [stdout] test src/lib.rs - (line 39) - compile ... FAILED
[INFO] [stdout] test src/lib.rs - PipelineBuilder<C>::with_trace_config (line 357) - compile ... FAILED
[INFO] [stdout] test src/lib.rs - PipelineBuilder<C>::with_service_name (line 387) ... FAILED
[INFO] [stdout] test src/lib.rs - PipelineBuilder<C>::with_endpoint (line 310) - compile ... FAILED
[INFO] [stdout] test src/lib.rs - (line 13) - compile ... FAILED
[INFO] [stdout] test src/lib.rs - PipelineBuilder<C>::with_sample_rate (line 336) - compile ... FAILED
[INFO] [stdout] test src/readme_test.rs - readme_test (line 15) - compile ... FAILED
[INFO] [stdout] test src/models/context_tag_keys.rs - models::context_tag_keys::attrs (line 102) ... ok
[INFO] [stderr] error: doctest failed, to rerun pass `--doc`
[INFO] [stdout] 
[INFO] [stdout] failures:
[INFO] [stdout] 
[INFO] [stdout] ---- src/lib.rs - (line 39) stdout ----
[INFO] [stdout] error: The default runtime flavor is `multi_thread`, but the `rt-multi-thread` feature is disabled.
[INFO] [stdout]  --> src/lib.rs:42:1
[INFO] [stdout]   |
[INFO] [stdout] 5 | #[tokio::main]
[INFO] [stdout]   | ^^^^^^^^^^^^^^
[INFO] [stdout]   |
[INFO] [stdout]   = note: this error originates in the attribute macro `tokio::main` (in Nightly builds, run with -Z macro-backtrace for more info)
[INFO] [stdout] 
[INFO] [stdout] error[E0433]: failed to resolve: use of undeclared crate or module `reqwest`
[INFO] [stdout]  --> src/lib.rs:46:22
[INFO] [stdout]   |
[INFO] [stdout] 9 |         .with_client(reqwest::Client::new())
[INFO] [stdout]   |                      ^^^^^^^ use of undeclared crate or module `reqwest`
[INFO] [stdout]   |
[INFO] [stdout] help: consider importing this struct
[INFO] [stdout]   |
[INFO] [stdout] 3 + use surf::Client;
[INFO] [stdout]   |
[INFO] [stdout] help: if you import `Client`, refer to it directly
[INFO] [stdout]   |
[INFO] [stdout] 9 -         .with_client(reqwest::Client::new())
[INFO] [stdout] 9 +         .with_client(Client::new())
[INFO] [stdout]   |
[INFO] [stdout] 
[INFO] [stdout] error: aborting due to 2 previous errors
[INFO] [stdout] 
[INFO] [stdout] For more information about this error, try `rustc --explain E0433`.
[INFO] [stdout] Couldn't compile the test.
[INFO] [stdout] ---- src/lib.rs - PipelineBuilder<C>::with_trace_config (line 357) stdout ----
[INFO] [stdout] error[E0433]: failed to resolve: use of undeclared crate or module `reqwest`
[INFO] [stdout]  --> src/lib.rs:360:18
[INFO] [stdout]   |
[INFO] [stdout] 6 |     .with_client(reqwest::blocking::Client::new())
[INFO] [stdout]   |                  ^^^^^^^ use of undeclared crate or module `reqwest`
[INFO] [stdout]   |
[INFO] [stdout] help: consider importing this struct
[INFO] [stdout]   |
[INFO] [stdout] 2 + use surf::Client;
[INFO] [stdout]   |
[INFO] [stdout] help: if you import `Client`, refer to it directly
[INFO] [stdout]   |
[INFO] [stdout] 6 -     .with_client(reqwest::blocking::Client::new())
[INFO] [stdout] 6 +     .with_client(Client::new())
[INFO] [stdout]   |
[INFO] [stdout] 
[INFO] [stdout] error: aborting due to previous error
[INFO] [stdout] 
[INFO] [stdout] For more information about this error, try `rustc --explain E0433`.
[INFO] [stdout] Couldn't compile the test.
[INFO] [stdout] ---- src/lib.rs - PipelineBuilder<C>::with_service_name (line 387) stdout ----
[INFO] [stdout] error[E0433]: failed to resolve: use of undeclared crate or module `reqwest`
[INFO] [stdout]  --> src/lib.rs:390:18
[INFO] [stdout]   |
[INFO] [stdout] 6 |     .with_client(reqwest::blocking::Client::new())
[INFO] [stdout]   |                  ^^^^^^^ use of undeclared crate or module `reqwest`
[INFO] [stdout]   |
[INFO] [stdout] help: consider importing this struct
[INFO] [stdout]   |
[INFO] [stdout] 2 + use surf::Client;
[INFO] [stdout]   |
[INFO] [stdout] help: if you import `Client`, refer to it directly
[INFO] [stdout]   |
[INFO] [stdout] 6 -     .with_client(reqwest::blocking::Client::new())
[INFO] [stdout] 6 +     .with_client(Client::new())
[INFO] [stdout]   |
[INFO] [stdout] 
[INFO] [stdout] error: aborting due to previous error
[INFO] [stdout] 
[INFO] [stdout] For more information about this error, try `rustc --explain E0433`.
[INFO] [stdout] Couldn't compile the test.
[INFO] [stdout] ---- src/lib.rs - PipelineBuilder<C>::with_endpoint (line 310) stdout ----
[INFO] [stdout] error[E0433]: failed to resolve: use of undeclared crate or module `reqwest`
[INFO] [stdout]  --> src/lib.rs:313:18
[INFO] [stdout]   |
[INFO] [stdout] 5 |     .with_client(reqwest::blocking::Client::new())
[INFO] [stdout]   |                  ^^^^^^^ use of undeclared crate or module `reqwest`
[INFO] [stdout]   |
[INFO] [stdout] help: consider importing this struct
[INFO] [stdout]   |
[INFO] [stdout] 2 + use surf::Client;
[INFO] [stdout]   |
[INFO] [stdout] help: if you import `Client`, refer to it directly
[INFO] [stdout]   |
[INFO] [stdout] 5 -     .with_client(reqwest::blocking::Client::new())
[INFO] [stdout] 5 +     .with_client(Client::new())
[INFO] [stdout]   |
[INFO] [stdout] 
[INFO] [stdout] error: aborting due to previous error
[INFO] [stdout] 
[INFO] [stdout] For more information about this error, try `rustc --explain E0433`.
[INFO] [stdout] Couldn't compile the test.
[INFO] [stdout] ---- src/lib.rs - (line 13) stdout ----
[INFO] [stdout] error[E0433]: failed to resolve: use of undeclared crate or module `reqwest`
[INFO] [stdout]  --> src/lib.rs:19:22
[INFO] [stdout]   |
[INFO] [stdout] 8 |         .with_client(reqwest::blocking::Client::new())
[INFO] [stdout]   |                      ^^^^^^^ use of undeclared crate or module `reqwest`
[INFO] [stdout]   |
[INFO] [stdout] help: consider importing this struct
[INFO] [stdout]   |
[INFO] [stdout] 3 + use surf::Client;
[INFO] [stdout]   |
[INFO] [stdout] help: if you import `Client`, refer to it directly
[INFO] [stdout]   |
[INFO] [stdout] 8 -         .with_client(reqwest::blocking::Client::new())
[INFO] [stdout] 8 +         .with_client(Client::new())
[INFO] [stdout]   |
[INFO] [stdout] 
[INFO] [stdout] error: aborting due to previous error
[INFO] [stdout] 
[INFO] [stdout] For more information about this error, try `rustc --explain E0433`.
[INFO] [stdout] Couldn't compile the test.
[INFO] [stdout] ---- src/lib.rs - PipelineBuilder<C>::with_sample_rate (line 336) stdout ----
[INFO] [stdout] error[E0433]: failed to resolve: use of undeclared crate or module `reqwest`
[INFO] [stdout]  --> src/lib.rs:338:18
[INFO] [stdout]   |
[INFO] [stdout] 5 |     .with_client(reqwest::blocking::Client::new())
[INFO] [stdout]   |                  ^^^^^^^ use of undeclared crate or module `reqwest`
[INFO] [stdout]   |
[INFO] [stdout] help: consider importing this struct
[INFO] [stdout]   |
[INFO] [stdout] 2 + use surf::Client;
[INFO] [stdout]   |
[INFO] [stdout] help: if you import `Client`, refer to it directly
[INFO] [stdout]   |
[INFO] [stdout] 5 -     .with_client(reqwest::blocking::Client::new())
[INFO] [stdout] 5 +     .with_client(Client::new())
[INFO] [stdout]   |
[INFO] [stdout] 
[INFO] [stdout] error: aborting due to previous error
[INFO] [stdout] 
[INFO] [stdout] For more information about this error, try `rustc --explain E0433`.
[INFO] [stdout] Couldn't compile the test.
[INFO] [stdout] ---- src/readme_test.rs - readme_test (line 15) stdout ----
[INFO] [stdout] error[E0433]: failed to resolve: use of undeclared crate or module `reqwest`
[INFO] [stdout]  --> src/readme_test.rs:21:22
[INFO] [stdout]   |
[INFO] [stdout] 8 |         .with_client(reqwest::blocking::Client::new())
[INFO] [stdout]   |                      ^^^^^^^ use of undeclared crate or module `reqwest`
[INFO] [stdout]   |
[INFO] [stdout] help: consider importing this struct
[INFO] [stdout]   |
[INFO] [stdout] 3 + use surf::Client;
[INFO] [stdout]   |
[INFO] [stdout] help: if you import `Client`, refer to it directly
[INFO] [stdout]   |
[INFO] [stdout] 8 -         .with_client(reqwest::blocking::Client::new())
[INFO] [stdout] 8 +         .with_client(Client::new())
[INFO] [stdout]   |
[INFO] [stdout] 
[INFO] [stdout] error: aborting due to previous error
[INFO] [stdout] 
[INFO] [stdout] For more information about this error, try `rustc --explain E0433`.
[INFO] [stdout] Couldn't compile the test.
[INFO] [stdout] 
[INFO] [stdout] failures:
[INFO] [stdout]     src/lib.rs - (line 13)
[INFO] [stdout]     src/lib.rs - (line 39)
[INFO] [stdout]     src/lib.rs - PipelineBuilder<C>::with_endpoint (line 310)
[INFO] [stdout]     src/lib.rs - PipelineBuilder<C>::with_sample_rate (line 336)
[INFO] [stdout]     src/lib.rs - PipelineBuilder<C>::with_service_name (line 387)
[INFO] [stdout]     src/lib.rs - PipelineBuilder<C>::with_trace_config (line 357)
[INFO] [stdout]     src/readme_test.rs - readme_test (line 15)
[INFO] [stdout] 
[INFO] [stdout] test result: FAILED. 1 passed; 7 failed; 0 ignored; 0 measured; 0 filtered out; finished in 1.49s
[INFO] [stdout] 
[INFO] running `Command { std: "docker" "inspect" "32f75a316a987e411175a73d3a159c41fe01d0b308d0229687624d0c15a80f0e", kill_on_drop: false }`
[INFO] running `Command { std: "docker" "rm" "-f" "32f75a316a987e411175a73d3a159c41fe01d0b308d0229687624d0c15a80f0e", kill_on_drop: false }`
[INFO] [stdout] 32f75a316a987e411175a73d3a159c41fe01d0b308d0229687624d0c15a80f0e
