[INFO] fetching crate openrr-remote 0.1.0...
[INFO] testing openrr-remote-0.1.0 against beta-2023-04-20 for beta-1.70-1
[INFO] extracting crate openrr-remote 0.1.0 into /workspace/builds/worker-6-tc2/source
[INFO] validating manifest of crates.io crate openrr-remote 0.1.0 on toolchain beta-2023-04-20
[INFO] running `Command { std: CARGO_HOME="/workspace/cargo-home" RUSTUP_HOME="/workspace/rustup-home" "/workspace/cargo-home/bin/cargo" "+beta-2023-04-20" "metadata" "--manifest-path" "Cargo.toml" "--no-deps", kill_on_drop: false }`
[INFO] started tweaking crates.io crate openrr-remote 0.1.0
[INFO] finished tweaking crates.io crate openrr-remote 0.1.0
[INFO] tweaked toml for crates.io crate openrr-remote 0.1.0 written to /workspace/builds/worker-6-tc2/source/Cargo.toml
[INFO] crate crates.io crate openrr-remote 0.1.0 already has a lockfile, it will not be regenerated
[INFO] running `Command { std: CARGO_HOME="/workspace/cargo-home" RUSTUP_HOME="/workspace/rustup-home" "/workspace/cargo-home/bin/cargo" "+beta-2023-04-20" "fetch" "--manifest-path" "Cargo.toml", kill_on_drop: false }`
[INFO] [stderr]     Updating crates.io index
[INFO] [stderr]  Downloading crates ...
[INFO] [stderr]   Downloaded prost v0.11.8
[INFO] [stderr]   Downloaded prost-types v0.11.8
[INFO] [stderr]   Downloaded prost-derive v0.11.8
[INFO] [stderr]   Downloaded serde-xml-rs v0.6.0
[INFO] [stderr]   Downloaded schemars_derive v0.8.12
[INFO] [stderr]   Downloaded urdf-rs v0.6.9
[INFO] [stderr]   Downloaded schemars v0.8.12
[INFO] [stderr]   Downloaded nalgebra v0.30.1
[INFO] [stderr]   Downloaded simba v0.7.3
[INFO] [stderr]   Downloaded auto_impl v1.0.1
[INFO] [stderr]   Downloaded serde_derive_internals v0.26.0
[INFO] [stderr]   Downloaded RustyXML v0.3.0
[INFO] [stderr]   Downloaded axum-core v0.3.3
[INFO] [stderr]   Downloaded sync_wrapper v0.1.2
[INFO] [stderr]   Downloaded assert_approx_eq v1.1.0
[INFO] [stderr]   Downloaded prost-build v0.11.8
[INFO] [stderr]   Downloaded arci v0.1.0
[INFO] [stderr]   Downloaded axum v0.6.12
[INFO] running `Command { std: "docker" "create" "-v" "/var/lib/crater-agent-workspace/builds/worker-6-tc2/target:/opt/rustwide/target:rw,Z" "-v" "/var/lib/crater-agent-workspace/builds/worker-6-tc2/source:/opt/rustwide/workdir:ro,Z" "-v" "/var/lib/crater-agent-workspace/cargo-home:/opt/rustwide/cargo-home:ro,Z" "-v" "/var/lib/crater-agent-workspace/rustup-home:/opt/rustwide/rustup-home:ro,Z" "-e" "SOURCE_DIR=/opt/rustwide/workdir" "-e" "CARGO_TARGET_DIR=/opt/rustwide/target" "-e" "CARGO_HOME=/opt/rustwide/cargo-home" "-e" "RUSTUP_HOME=/opt/rustwide/rustup-home" "-w" "/opt/rustwide/workdir" "-m" "1610612736" "--user" "0:0" "--network" "none" "ghcr.io/rust-lang/crates-build-env/linux@sha256:5ff2268d62e97bff2cde7d5815dd6ed5b47097566f13b8d0ca110b04b60e07ed" "/opt/rustwide/cargo-home/bin/cargo" "+beta-2023-04-20" "metadata" "--no-deps" "--format-version=1", kill_on_drop: false }`
[INFO] [stdout] bf4d9304c9680c382437ebc1c23564d4a41b8cd89b0e0b982da3ec83e597893a
[INFO] running `Command { std: "docker" "start" "-a" "bf4d9304c9680c382437ebc1c23564d4a41b8cd89b0e0b982da3ec83e597893a", kill_on_drop: false }`
[INFO] running `Command { std: "docker" "inspect" "bf4d9304c9680c382437ebc1c23564d4a41b8cd89b0e0b982da3ec83e597893a", kill_on_drop: false }`
[INFO] running `Command { std: "docker" "rm" "-f" "bf4d9304c9680c382437ebc1c23564d4a41b8cd89b0e0b982da3ec83e597893a", kill_on_drop: false }`
[INFO] [stdout] bf4d9304c9680c382437ebc1c23564d4a41b8cd89b0e0b982da3ec83e597893a
[INFO] running `Command { std: "docker" "create" "-v" "/var/lib/crater-agent-workspace/builds/worker-6-tc2/target:/opt/rustwide/target:rw,Z" "-v" "/var/lib/crater-agent-workspace/builds/worker-6-tc2/source:/opt/rustwide/workdir:ro,Z" "-v" "/var/lib/crater-agent-workspace/cargo-home:/opt/rustwide/cargo-home:ro,Z" "-v" "/var/lib/crater-agent-workspace/rustup-home:/opt/rustwide/rustup-home:ro,Z" "-e" "SOURCE_DIR=/opt/rustwide/workdir" "-e" "CARGO_TARGET_DIR=/opt/rustwide/target" "-e" "CARGO_INCREMENTAL=0" "-e" "RUST_BACKTRACE=full" "-e" "RUSTFLAGS=--cap-lints=warn" "-e" "RUSTDOCFLAGS=--cap-lints=warn" "-e" "CARGO_HOME=/opt/rustwide/cargo-home" "-e" "RUSTUP_HOME=/opt/rustwide/rustup-home" "-w" "/opt/rustwide/workdir" "-m" "1610612736" "--user" "0:0" "--network" "none" "ghcr.io/rust-lang/crates-build-env/linux@sha256:5ff2268d62e97bff2cde7d5815dd6ed5b47097566f13b8d0ca110b04b60e07ed" "/opt/rustwide/cargo-home/bin/cargo" "+beta-2023-04-20" "build" "--frozen" "--message-format=json", kill_on_drop: false }`
[INFO] [stdout] 1748a6c4ff57885b56cc76f8a7cf6bbb1fda25e93ea52780fdf10340fe5f3cbc
[INFO] running `Command { std: "docker" "start" "-a" "1748a6c4ff57885b56cc76f8a7cf6bbb1fda25e93ea52780fdf10340fe5f3cbc", kill_on_drop: false }`
[INFO] [stderr]    Compiling proc-macro2 v1.0.54
[INFO] [stderr]    Compiling quote v1.0.26
[INFO] [stderr]    Compiling unicode-ident v1.0.8
[INFO] [stderr]    Compiling autocfg v1.1.0
[INFO] [stderr]    Compiling syn v1.0.109
[INFO] [stderr]    Compiling cfg-if v1.0.0
[INFO] [stderr]    Compiling log v0.4.17
[INFO] [stderr]    Compiling libc v0.2.140
[INFO] [stderr]    Compiling pin-project-lite v0.2.9
[INFO] [stderr]    Compiling futures-core v0.3.28
[INFO] [stderr]    Compiling bytes v1.4.0
[INFO] [stderr]    Compiling memchr v2.5.0
[INFO] [stderr]    Compiling lock_api v0.4.9
[INFO] [stderr]    Compiling parking_lot_core v0.9.7
[INFO] [stderr]    Compiling indexmap v1.9.3
[INFO] [stderr]    Compiling slab v0.4.8
[INFO] [stderr]    Compiling futures-channel v0.3.28
[INFO] [stderr]    Compiling syn v2.0.12
[INFO] [stderr]    Compiling anyhow v1.0.70
[INFO] [stderr]    Compiling scopeguard v1.1.0
[INFO] [stderr]    Compiling futures-task v0.3.28
[INFO] [stderr]    Compiling smallvec v1.10.0
[INFO] [stderr]    Compiling futures-sink v0.3.28
[INFO] [stderr]    Compiling tokio v1.27.0
[INFO] [stderr]    Compiling once_cell v1.17.1
[INFO] [stderr]    Compiling either v1.8.1
[INFO] [stderr]    Compiling hashbrown v0.12.3
[INFO] [stderr]    Compiling futures-util v0.3.28
[INFO] [stderr]    Compiling parking_lot v0.12.1
[INFO] [stderr]    Compiling mio v0.8.6
[INFO] [stderr]    Compiling socket2 v0.4.9
[INFO] [stderr]    Compiling num_cpus v1.15.0
[INFO] [stderr]    Compiling futures-io v0.3.28
[INFO] [stderr]    Compiling itoa v1.0.6
[INFO] [stderr]    Compiling pin-utils v0.1.0
[INFO] [stderr]    Compiling tracing-core v0.1.30
[INFO] [stderr]    Compiling itertools v0.10.5
[INFO] [stderr]    Compiling serde_derive v1.0.159
[INFO] [stderr]    Compiling num-traits v0.2.15
[INFO] [stderr]    Compiling rustversion v1.0.12
[INFO] [stderr]    Compiling serde v1.0.159
[INFO] [stderr]    Compiling bitflags v1.3.2
[INFO] [stderr]    Compiling version_check v0.9.4
[INFO] [stderr]    Compiling fnv v1.0.7
[INFO] [stderr]    Compiling io-lifetimes v1.0.9
[INFO] [stderr]    Compiling http v0.2.9
[INFO] [stderr]    Compiling rustix v0.37.5
[INFO] [stderr]    Compiling getrandom v0.2.8
[INFO] [stderr]    Compiling httparse v1.8.0
[INFO] [stderr]    Compiling prettyplease v0.1.25
[INFO] [stderr]    Compiling tower-service v0.3.2
[INFO] [stderr]    Compiling async-trait v0.1.68
[INFO] [stderr]    Compiling linux-raw-sys v0.3.1
[INFO] [stderr]    Compiling rand_core v0.6.4
[INFO] [stderr]    Compiling http-body v0.4.5
[INFO] [stderr]    Compiling proc-macro-error-attr v1.0.4
[INFO] [stderr]    Compiling num-integer v0.1.45
[INFO] [stderr]    Compiling thiserror v1.0.40
[INFO] [stderr]    Compiling ppv-lite86 v0.2.17
[INFO] [stderr]    Compiling try-lock v0.2.4
[INFO] [stderr]    Compiling fastrand v1.9.0
[INFO] [stderr]    Compiling bytemuck v1.13.1
[INFO] [stderr]    Compiling regex-syntax v0.6.29
[INFO] [stderr]    Compiling paste v1.0.12
[INFO] [stderr]    Compiling fixedbitset v0.4.2
[INFO] [stderr]    Compiling safe_arch v0.6.0
[INFO] [stderr]    Compiling rand_chacha v0.3.1
[INFO] [stderr]    Compiling petgraph v0.6.3
[INFO] [stderr]    Compiling want v0.3.0
[INFO] [stderr]    Compiling which v4.4.0
[INFO] [stderr]    Compiling axum-core v0.3.3
[INFO] [stderr]    Compiling proc-macro-error v1.0.4
[INFO] [stderr]    Compiling num-rational v0.4.1
[INFO] [stderr]    Compiling multimap v0.8.3
[INFO] [stderr]    Compiling regex v1.7.3
[INFO] [stderr]    Compiling lazy_static v1.4.0
[INFO] [stderr]    Compiling futures-macro v0.3.28
[INFO] [stderr]    Compiling tokio-macros v2.0.0
[INFO] [stderr]    Compiling tempfile v3.5.0
[INFO] [stderr]    Compiling thiserror-impl v1.0.40
[INFO] [stderr]    Compiling serde_json v1.0.95
[INFO] [stderr]    Compiling httpdate v1.0.2
[INFO] [stderr]    Compiling typenum v1.16.0
[INFO] [stderr]    Compiling tower-layer v0.3.2
[INFO] [stderr]    Compiling heck v0.4.1
[INFO] [stderr]    Compiling tracing-attributes v0.1.23
[INFO] [stderr]    Compiling prost-derive v0.11.8
[INFO] [stderr]    Compiling pin-project-internal v1.0.12
[INFO] [stderr]    Compiling serde_derive_internals v0.26.0
[INFO] [stderr]    Compiling wide v0.7.8
[INFO] [stderr]    Compiling tracing v0.1.37
[INFO] [stderr]    Compiling pin-project v1.0.12
[INFO] [stderr]    Compiling rand v0.8.5
[INFO] [stderr]    Compiling axum v0.6.12
[INFO] [stderr]    Compiling num-complex v0.4.3
[INFO] [stderr]    Compiling prost v0.11.8
[INFO] [stderr]    Compiling approx v0.5.1
[INFO] [stderr]    Compiling aho-corasick v0.7.20
[INFO] [stderr]    Compiling xml-rs v0.8.4
[INFO] [stderr]    Compiling tokio-util v0.7.7
[INFO] [stderr]    Compiling prost-types v0.11.8
[INFO] [stderr]    Compiling schemars v0.8.12
[INFO] [stderr]    Compiling h2 v0.3.16
[INFO] [stderr]    Compiling ryu v1.0.13
[INFO] [stderr]    Compiling prost-build v0.11.8
[INFO] [stderr]    Compiling mime v0.3.17
[INFO] [stderr]    Compiling rawpointer v0.2.1
[INFO] [stderr]    Compiling matrixmultiply v0.3.2
[INFO] [stderr]    Compiling tower v0.4.13
[INFO] [stderr]    Compiling tonic-build v0.8.4
[INFO] [stderr]    Compiling simba v0.7.3
[INFO] [stderr]    Compiling serde-xml-rs v0.6.0
[INFO] [stderr]    Compiling tokio-io-timeout v1.2.0
[INFO] [stderr]    Compiling futures-executor v0.3.28
[INFO] [stderr]    Compiling schemars_derive v0.8.12
[INFO] [stderr]    Compiling hyper v0.14.25
[INFO] [stderr]    Compiling nalgebra-macros v0.1.0
[INFO] [stderr]    Compiling async-stream-impl v0.3.4
[INFO] [stderr]    Compiling RustyXML v0.3.0
[INFO] [stderr]    Compiling percent-encoding v2.2.0
[INFO] [stderr]    Compiling dyn-clone v1.0.11
[INFO] [stderr]    Compiling matchit v0.7.0
[INFO] [stderr]    Compiling sync_wrapper v0.1.2
[INFO] [stderr]    Compiling urdf-rs v0.6.9
[INFO] [stderr]    Compiling auto_impl v1.0.1
[INFO] [stderr]    Compiling async-stream v0.3.4
[INFO] [stderr]    Compiling futures v0.3.28
[INFO] [stderr]    Compiling openrr-remote v0.1.0 (/opt/rustwide/workdir)
[INFO] [stderr]    Compiling tokio-stream v0.1.12
[INFO] [stderr]    Compiling tracing-futures v0.2.5
[INFO] [stderr]    Compiling base64 v0.13.1
[INFO] [stderr]    Compiling hyper-timeout v0.4.1
[INFO] [stderr]    Compiling nalgebra v0.30.1
[INFO] [stderr]    Compiling tonic v0.8.3
[INFO] [stderr]    Compiling arci v0.1.0
[INFO] [stderr]     Finished dev [unoptimized + debuginfo] target(s) in 2m 11s
[INFO] running `Command { std: "docker" "inspect" "1748a6c4ff57885b56cc76f8a7cf6bbb1fda25e93ea52780fdf10340fe5f3cbc", kill_on_drop: false }`
[INFO] running `Command { std: "docker" "rm" "-f" "1748a6c4ff57885b56cc76f8a7cf6bbb1fda25e93ea52780fdf10340fe5f3cbc", kill_on_drop: false }`
[INFO] [stdout] 1748a6c4ff57885b56cc76f8a7cf6bbb1fda25e93ea52780fdf10340fe5f3cbc
[INFO] running `Command { std: "docker" "create" "-v" "/var/lib/crater-agent-workspace/builds/worker-6-tc2/target:/opt/rustwide/target:rw,Z" "-v" "/var/lib/crater-agent-workspace/builds/worker-6-tc2/source:/opt/rustwide/workdir:ro,Z" "-v" "/var/lib/crater-agent-workspace/cargo-home:/opt/rustwide/cargo-home:ro,Z" "-v" "/var/lib/crater-agent-workspace/rustup-home:/opt/rustwide/rustup-home:ro,Z" "-e" "SOURCE_DIR=/opt/rustwide/workdir" "-e" "CARGO_TARGET_DIR=/opt/rustwide/target" "-e" "CARGO_INCREMENTAL=0" "-e" "RUST_BACKTRACE=full" "-e" "RUSTFLAGS=--cap-lints=warn" "-e" "RUSTDOCFLAGS=--cap-lints=warn" "-e" "CARGO_HOME=/opt/rustwide/cargo-home" "-e" "RUSTUP_HOME=/opt/rustwide/rustup-home" "-w" "/opt/rustwide/workdir" "-m" "1610612736" "--user" "0:0" "--network" "none" "ghcr.io/rust-lang/crates-build-env/linux@sha256:5ff2268d62e97bff2cde7d5815dd6ed5b47097566f13b8d0ca110b04b60e07ed" "/opt/rustwide/cargo-home/bin/cargo" "+beta-2023-04-20" "test" "--frozen" "--no-run" "--message-format=json", kill_on_drop: false }`
[INFO] [stdout] 5d17ebf66ef25f0dca9c128ccae761b31001ff22bc40d71e1fdc56c23af8847b
[INFO] running `Command { std: "docker" "start" "-a" "5d17ebf66ef25f0dca9c128ccae761b31001ff22bc40d71e1fdc56c23af8847b", kill_on_drop: false }`
[INFO] [stderr]     Blocking waiting for file lock on package cache
[INFO] [stderr]    Compiling tokio v1.27.0
[INFO] [stderr]    Compiling signal-hook-registry v1.4.1
[INFO] [stderr]    Compiling assert_approx_eq v1.1.0
[INFO] [stderr]    Compiling tokio-util v0.7.7
[INFO] [stderr]    Compiling tokio-io-timeout v1.2.0
[INFO] [stderr]    Compiling tokio-stream v0.1.12
[INFO] [stderr]    Compiling arci v0.1.0
[INFO] [stderr]    Compiling h2 v0.3.16
[INFO] [stderr]    Compiling tower v0.4.13
[INFO] [stderr]    Compiling hyper v0.14.25
[INFO] [stderr]    Compiling axum v0.6.12
[INFO] [stderr]    Compiling hyper-timeout v0.4.1
[INFO] [stderr]    Compiling tonic v0.8.3
[INFO] [stderr]    Compiling openrr-remote v0.1.0 (/opt/rustwide/workdir)
[INFO] [stderr]     Finished test [unoptimized + debuginfo] target(s) in 58.27s
[INFO] running `Command { std: "docker" "inspect" "5d17ebf66ef25f0dca9c128ccae761b31001ff22bc40d71e1fdc56c23af8847b", kill_on_drop: false }`
[INFO] running `Command { std: "docker" "rm" "-f" "5d17ebf66ef25f0dca9c128ccae761b31001ff22bc40d71e1fdc56c23af8847b", kill_on_drop: false }`
[INFO] [stdout] 5d17ebf66ef25f0dca9c128ccae761b31001ff22bc40d71e1fdc56c23af8847b
[INFO] running `Command { std: "docker" "create" "-v" "/var/lib/crater-agent-workspace/builds/worker-6-tc2/target:/opt/rustwide/target:rw,Z" "-v" "/var/lib/crater-agent-workspace/builds/worker-6-tc2/source:/opt/rustwide/workdir:ro,Z" "-v" "/var/lib/crater-agent-workspace/cargo-home:/opt/rustwide/cargo-home:ro,Z" "-v" "/var/lib/crater-agent-workspace/rustup-home:/opt/rustwide/rustup-home:ro,Z" "-e" "SOURCE_DIR=/opt/rustwide/workdir" "-e" "CARGO_TARGET_DIR=/opt/rustwide/target" "-e" "CARGO_INCREMENTAL=0" "-e" "RUST_BACKTRACE=full" "-e" "RUSTFLAGS=--cap-lints=warn" "-e" "RUSTDOCFLAGS=--cap-lints=warn" "-e" "CARGO_HOME=/opt/rustwide/cargo-home" "-e" "RUSTUP_HOME=/opt/rustwide/rustup-home" "-w" "/opt/rustwide/workdir" "-m" "1610612736" "--user" "0:0" "--network" "none" "ghcr.io/rust-lang/crates-build-env/linux@sha256:5ff2268d62e97bff2cde7d5815dd6ed5b47097566f13b8d0ca110b04b60e07ed" "/opt/rustwide/cargo-home/bin/cargo" "+beta-2023-04-20" "test" "--frozen", kill_on_drop: false }`
[INFO] [stdout] bf06c76153ff5660b4e78ba0425abe3a2541dda5c3165ab93170a57e63c42b81
[INFO] running `Command { std: "docker" "start" "-a" "bf06c76153ff5660b4e78ba0425abe3a2541dda5c3165ab93170a57e63c42b81", kill_on_drop: false }`
[INFO] [stderr]     Finished test [unoptimized + debuginfo] target(s) in 0.33s
[INFO] [stderr]      Running unittests src/lib.rs (/opt/rustwide/target/debug/deps/openrr_remote-b427763943e32a40)
[INFO] [stderr]      Running tests/test.rs (/opt/rustwide/target/debug/deps/test-4c08d7c4c67aff52)
[INFO] [stdout] 
[INFO] [stdout] running 0 tests
[INFO] [stdout] 
[INFO] [stdout] test result: ok. 0 passed; 0 failed; 0 ignored; 0 measured; 0 filtered out; finished in 0.00s
[INFO] [stdout] 
[INFO] [stdout] 
[INFO] [stdout] running 8 tests
[INFO] [stdout] test joint_trajectory_client ... FAILED
[INFO] [stdout] test move_base ... FAILED
[INFO] [stdout] test speaker ... FAILED
[INFO] [stdout] test multiple ... FAILED
[INFO] [stdout] test localization ... FAILED
[INFO] [stdout] test navigation ... FAILED
[INFO] [stdout] test gamepad ... FAILED
[INFO] [stdout] test transform_resolver ... FAILED
[INFO] [stdout] 
[INFO] [stdout] failures:
[INFO] [stdout] 
[INFO] [stdout] ---- joint_trajectory_client stdout ----
[INFO] [stdout] Error: arci: Connection error : transport error
[INFO] [stdout] 
[INFO] [stdout] ---- move_base stdout ----
[INFO] [stdout] Error: arci: Connection error : transport error
[INFO] [stdout] 
[INFO] [stdout] ---- speaker stdout ----
[INFO] [stdout] Error: arci: Connection error : transport error
[INFO] [stdout] 
[INFO] [stdout] ---- multiple stdout ----
[INFO] [stdout] Error: arci: Connection error : transport error
[INFO] [stdout] 
[INFO] [stdout] ---- localization stdout ----
[INFO] [stdout] Error: arci: Connection error : transport error
[INFO] [stderr] error: test failed, to rerun pass `--test test`
[INFO] [stdout] 
[INFO] [stdout] ---- navigation stdout ----
[INFO] [stdout] Error: arci: Connection error : transport error
[INFO] [stdout] 
[INFO] [stdout] ---- gamepad stdout ----
[INFO] [stdout] Error: arci: Connection error : transport error
[INFO] [stdout] 
[INFO] [stdout] ---- transform_resolver stdout ----
[INFO] [stdout] Error: arci: Connection error : transport error
[INFO] [stdout] 
[INFO] [stdout] 
[INFO] [stdout] failures:
[INFO] [stdout]     gamepad
[INFO] [stdout]     joint_trajectory_client
[INFO] [stdout]     localization
[INFO] [stdout]     move_base
[INFO] [stdout]     multiple
[INFO] [stdout]     navigation
[INFO] [stdout]     speaker
[INFO] [stdout]     transform_resolver
[INFO] [stdout] 
[INFO] [stdout] test result: FAILED. 0 passed; 8 failed; 0 ignored; 0 measured; 0 filtered out; finished in 1.09s
[INFO] [stdout] 
[INFO] running `Command { std: "docker" "inspect" "bf06c76153ff5660b4e78ba0425abe3a2541dda5c3165ab93170a57e63c42b81", kill_on_drop: false }`
[INFO] running `Command { std: "docker" "rm" "-f" "bf06c76153ff5660b4e78ba0425abe3a2541dda5c3165ab93170a57e63c42b81", kill_on_drop: false }`
[INFO] [stdout] bf06c76153ff5660b4e78ba0425abe3a2541dda5c3165ab93170a57e63c42b81
