[INFO] fetching crate openmetrics 0.2.1...
[INFO] testing openmetrics-0.2.1 against beta-2023-04-20 for beta-1.70-1
[INFO] extracting crate openmetrics 0.2.1 into /workspace/builds/worker-1-tc2/source
[INFO] validating manifest of crates.io crate openmetrics 0.2.1 on toolchain beta-2023-04-20
[INFO] running `Command { std: CARGO_HOME="/workspace/cargo-home" RUSTUP_HOME="/workspace/rustup-home" "/workspace/cargo-home/bin/cargo" "+beta-2023-04-20" "metadata" "--manifest-path" "Cargo.toml" "--no-deps", kill_on_drop: false }`
[INFO] started tweaking crates.io crate openmetrics 0.2.1
[INFO] finished tweaking crates.io crate openmetrics 0.2.1
[INFO] tweaked toml for crates.io crate openmetrics 0.2.1 written to /workspace/builds/worker-1-tc2/source/Cargo.toml
[INFO] running `Command { std: CARGO_HOME="/workspace/cargo-home" RUSTUP_HOME="/workspace/rustup-home" __CARGO_TEST_CHANNEL_OVERRIDE_DO_NOT_USE_THIS="nightly" "/workspace/cargo-home/bin/cargo" "+beta-2023-04-20" "generate-lockfile" "--manifest-path" "Cargo.toml" "-Zno-index-update", kill_on_drop: false }`
[INFO] running `Command { std: CARGO_HOME="/workspace/cargo-home" RUSTUP_HOME="/workspace/rustup-home" "/workspace/cargo-home/bin/cargo" "+beta-2023-04-20" "fetch" "--manifest-path" "Cargo.toml", kill_on_drop: false }`
[INFO] running `Command { std: "docker" "create" "-v" "/var/lib/crater-agent-workspace/builds/worker-1-tc2/target:/opt/rustwide/target:rw,Z" "-v" "/var/lib/crater-agent-workspace/builds/worker-1-tc2/source:/opt/rustwide/workdir:ro,Z" "-v" "/var/lib/crater-agent-workspace/cargo-home:/opt/rustwide/cargo-home:ro,Z" "-v" "/var/lib/crater-agent-workspace/rustup-home:/opt/rustwide/rustup-home:ro,Z" "-e" "SOURCE_DIR=/opt/rustwide/workdir" "-e" "CARGO_TARGET_DIR=/opt/rustwide/target" "-e" "CARGO_HOME=/opt/rustwide/cargo-home" "-e" "RUSTUP_HOME=/opt/rustwide/rustup-home" "-w" "/opt/rustwide/workdir" "-m" "1610612736" "--user" "0:0" "--network" "none" "ghcr.io/rust-lang/crates-build-env/linux@sha256:5ff2268d62e97bff2cde7d5815dd6ed5b47097566f13b8d0ca110b04b60e07ed" "/opt/rustwide/cargo-home/bin/cargo" "+beta-2023-04-20" "metadata" "--no-deps" "--format-version=1", kill_on_drop: false }`
[INFO] [stdout] bc9fa359331284163902bc293951073f7cd0cc3f9f766392b8918f144a29aa67
[INFO] running `Command { std: "docker" "start" "-a" "bc9fa359331284163902bc293951073f7cd0cc3f9f766392b8918f144a29aa67", kill_on_drop: false }`
[INFO] running `Command { std: "docker" "inspect" "bc9fa359331284163902bc293951073f7cd0cc3f9f766392b8918f144a29aa67", kill_on_drop: false }`
[INFO] running `Command { std: "docker" "rm" "-f" "bc9fa359331284163902bc293951073f7cd0cc3f9f766392b8918f144a29aa67", kill_on_drop: false }`
[INFO] [stdout] bc9fa359331284163902bc293951073f7cd0cc3f9f766392b8918f144a29aa67
[INFO] running `Command { std: "docker" "create" "-v" "/var/lib/crater-agent-workspace/builds/worker-1-tc2/target:/opt/rustwide/target:rw,Z" "-v" "/var/lib/crater-agent-workspace/builds/worker-1-tc2/source:/opt/rustwide/workdir:ro,Z" "-v" "/var/lib/crater-agent-workspace/cargo-home:/opt/rustwide/cargo-home:ro,Z" "-v" "/var/lib/crater-agent-workspace/rustup-home:/opt/rustwide/rustup-home:ro,Z" "-e" "SOURCE_DIR=/opt/rustwide/workdir" "-e" "CARGO_TARGET_DIR=/opt/rustwide/target" "-e" "CARGO_INCREMENTAL=0" "-e" "RUST_BACKTRACE=full" "-e" "RUSTFLAGS=--cap-lints=warn" "-e" "RUSTDOCFLAGS=--cap-lints=warn" "-e" "CARGO_HOME=/opt/rustwide/cargo-home" "-e" "RUSTUP_HOME=/opt/rustwide/rustup-home" "-w" "/opt/rustwide/workdir" "-m" "1610612736" "--user" "0:0" "--network" "none" "ghcr.io/rust-lang/crates-build-env/linux@sha256:5ff2268d62e97bff2cde7d5815dd6ed5b47097566f13b8d0ca110b04b60e07ed" "/opt/rustwide/cargo-home/bin/cargo" "+beta-2023-04-20" "build" "--frozen" "--message-format=json", kill_on_drop: false }`
[INFO] [stdout] c473d542bf18d991751031e21234de2d1bed166fcbd1dc70b4d638484d42116a
[INFO] running `Command { std: "docker" "start" "-a" "c473d542bf18d991751031e21234de2d1bed166fcbd1dc70b4d638484d42116a", kill_on_drop: false }`
[INFO] [stderr]    Compiling thiserror v1.0.40
[INFO] [stderr]    Compiling ucd-trie v0.1.5
[INFO] [stderr]    Compiling syn v2.0.15
[INFO] [stderr]    Compiling thiserror-impl v1.0.40
[INFO] [stderr]    Compiling pest v2.6.0
[INFO] [stderr]    Compiling pest_meta v2.6.0
[INFO] [stderr]    Compiling pest_generator v2.6.0
[INFO] [stderr]    Compiling pest_derive v2.6.0
[INFO] [stderr]    Compiling openmetrics v0.2.1 (/opt/rustwide/workdir)
[INFO] [stdout] warning: unused variable: `metric_name`
[INFO] [stdout]   --> src/metrics.rs:24:16
[INFO] [stdout]    |
[INFO] [stdout] 24 |     pub fn add(metric_name: &str, metric_text: &str) -> Label {
[INFO] [stdout]    |                ^^^^^^^^^^^ help: if this is intentional, prefix it with an underscore: `_metric_name`
[INFO] [stdout]    |
[INFO] [stdout]    = note: `#[warn(unused_variables)]` on by default
[INFO] [stdout] 
[INFO] [stdout] 
[INFO] [stdout] warning: unused variable: `metric_name`
[INFO] [stdout]   --> src/metrics.rs:61:28
[INFO] [stdout]    |
[INFO] [stdout] 61 |     pub fn new_with_metric(metric_name: &str, metric_text: &str) -> Self {
[INFO] [stdout]    |                            ^^^^^^^^^^^ help: if this is intentional, prefix it with an underscore: `_metric_name`
[INFO] [stdout] 
[INFO] [stdout] 
[INFO] [stdout] warning: unused variable: `metric_text`
[INFO] [stdout]   --> src/metrics.rs:61:47
[INFO] [stdout]    |
[INFO] [stdout] 61 |     pub fn new_with_metric(metric_name: &str, metric_text: &str) -> Self {
[INFO] [stdout]    |                                               ^^^^^^^^^^^ help: if this is intentional, prefix it with an underscore: `_metric_text`
[INFO] [stdout] 
[INFO] [stdout] 
[INFO] [stdout] warning: unused variable: `metric_name`
[INFO] [stdout]   --> src/metrics.rs:80:12
[INFO] [stdout]    |
[INFO] [stdout] 80 | pub fn add(metric_name: &str, metric_text: &str) -> Label {
[INFO] [stdout]    |            ^^^^^^^^^^^ help: if this is intentional, prefix it with an underscore: `_metric_name`
[INFO] [stdout] 
[INFO] [stdout] 
[INFO] [stdout] warning: 4 warnings emitted
[INFO] [stdout] 
[INFO] [stdout] 
[INFO] [stderr]     Finished dev [unoptimized + debuginfo] target(s) in 7.62s
[INFO] running `Command { std: "docker" "inspect" "c473d542bf18d991751031e21234de2d1bed166fcbd1dc70b4d638484d42116a", kill_on_drop: false }`
[INFO] running `Command { std: "docker" "rm" "-f" "c473d542bf18d991751031e21234de2d1bed166fcbd1dc70b4d638484d42116a", kill_on_drop: false }`
[INFO] [stdout] c473d542bf18d991751031e21234de2d1bed166fcbd1dc70b4d638484d42116a
[INFO] running `Command { std: "docker" "create" "-v" "/var/lib/crater-agent-workspace/builds/worker-1-tc2/target:/opt/rustwide/target:rw,Z" "-v" "/var/lib/crater-agent-workspace/builds/worker-1-tc2/source:/opt/rustwide/workdir:ro,Z" "-v" "/var/lib/crater-agent-workspace/cargo-home:/opt/rustwide/cargo-home:ro,Z" "-v" "/var/lib/crater-agent-workspace/rustup-home:/opt/rustwide/rustup-home:ro,Z" "-e" "SOURCE_DIR=/opt/rustwide/workdir" "-e" "CARGO_TARGET_DIR=/opt/rustwide/target" "-e" "CARGO_INCREMENTAL=0" "-e" "RUST_BACKTRACE=full" "-e" "RUSTFLAGS=--cap-lints=warn" "-e" "RUSTDOCFLAGS=--cap-lints=warn" "-e" "CARGO_HOME=/opt/rustwide/cargo-home" "-e" "RUSTUP_HOME=/opt/rustwide/rustup-home" "-w" "/opt/rustwide/workdir" "-m" "1610612736" "--user" "0:0" "--network" "none" "ghcr.io/rust-lang/crates-build-env/linux@sha256:5ff2268d62e97bff2cde7d5815dd6ed5b47097566f13b8d0ca110b04b60e07ed" "/opt/rustwide/cargo-home/bin/cargo" "+beta-2023-04-20" "test" "--frozen" "--no-run" "--message-format=json", kill_on_drop: false }`
[INFO] [stdout] 215a4316b6fcf4b1fd3df86d91fa8858f5029a221f542f0ebea956c8d98628dd
[INFO] running `Command { std: "docker" "start" "-a" "215a4316b6fcf4b1fd3df86d91fa8858f5029a221f542f0ebea956c8d98628dd", kill_on_drop: false }`
[INFO] [stdout] warning: unused variable: `metric_name`
[INFO] [stdout]   --> src/metrics.rs:24:16
[INFO] [stdout]    |
[INFO] [stdout] 24 |     pub fn add(metric_name: &str, metric_text: &str) -> Label {
[INFO] [stdout]    |                ^^^^^^^^^^^ help: if this is intentional, prefix it with an underscore: `_metric_name`
[INFO] [stdout]    |
[INFO] [stdout]    = note: `#[warn(unused_variables)]` on by default
[INFO] [stdout] 
[INFO] [stdout] 
[INFO] [stdout] warning: unused variable: `metric_name`
[INFO] [stdout]   --> src/metrics.rs:61:28
[INFO] [stdout]    |
[INFO] [stdout] 61 |     pub fn new_with_metric(metric_name: &str, metric_text: &str) -> Self {
[INFO] [stdout]    |                            ^^^^^^^^^^^ help: if this is intentional, prefix it with an underscore: `_metric_name`
[INFO] [stdout] 
[INFO] [stdout] 
[INFO] [stdout] warning: unused variable: `metric_text`
[INFO] [stdout]   --> src/metrics.rs:61:47
[INFO] [stdout]    |
[INFO] [stdout] 61 |     pub fn new_with_metric(metric_name: &str, metric_text: &str) -> Self {
[INFO] [stdout]    |                                               ^^^^^^^^^^^ help: if this is intentional, prefix it with an underscore: `_metric_text`
[INFO] [stdout] 
[INFO] [stdout] 
[INFO] [stdout] warning: unused variable: `metric_name`
[INFO] [stdout]   --> src/metrics.rs:80:12
[INFO] [stdout]    |
[INFO] [stdout] 80 | pub fn add(metric_name: &str, metric_text: &str) -> Label {
[INFO] [stdout]    |            ^^^^^^^^^^^ help: if this is intentional, prefix it with an underscore: `_metric_name`
[INFO] [stdout] 
[INFO] [stdout] 
[INFO] [stderr]    Compiling openmetrics v0.2.1 (/opt/rustwide/workdir)
[INFO] [stdout] warning: 4 warnings emitted
[INFO] [stdout] 
[INFO] [stdout] 
[INFO] [stdout] warning: unused variable: `metric_name`
[INFO] [stdout]   --> src/metrics.rs:24:16
[INFO] [stdout]    |
[INFO] [stdout] 24 |     pub fn add(metric_name: &str, metric_text: &str) -> Label {
[INFO] [stdout]    |                ^^^^^^^^^^^ help: if this is intentional, prefix it with an underscore: `_metric_name`
[INFO] [stdout]    |
[INFO] [stdout]    = note: `#[warn(unused_variables)]` on by default
[INFO] [stdout] 
[INFO] [stdout] 
[INFO] [stdout] warning: unused variable: `metric_name`
[INFO] [stdout]   --> src/metrics.rs:61:28
[INFO] [stdout]    |
[INFO] [stdout] 61 |     pub fn new_with_metric(metric_name: &str, metric_text: &str) -> Self {
[INFO] [stdout]    |                            ^^^^^^^^^^^ help: if this is intentional, prefix it with an underscore: `_metric_name`
[INFO] [stdout] 
[INFO] [stdout] 
[INFO] [stdout] warning: unused variable: `metric_text`
[INFO] [stdout]   --> src/metrics.rs:61:47
[INFO] [stdout]    |
[INFO] [stdout] 61 |     pub fn new_with_metric(metric_name: &str, metric_text: &str) -> Self {
[INFO] [stdout]    |                                               ^^^^^^^^^^^ help: if this is intentional, prefix it with an underscore: `_metric_text`
[INFO] [stdout] 
[INFO] [stdout] 
[INFO] [stdout] warning: unused variable: `metric_name`
[INFO] [stdout]   --> src/metrics.rs:80:12
[INFO] [stdout]    |
[INFO] [stdout] 80 | pub fn add(metric_name: &str, metric_text: &str) -> Label {
[INFO] [stdout]    |            ^^^^^^^^^^^ help: if this is intentional, prefix it with an underscore: `_metric_name`
[INFO] [stdout] 
[INFO] [stdout] 
[INFO] [stdout] warning: 4 warnings emitted
[INFO] [stdout] 
[INFO] [stdout] 
[INFO] [stderr]     Finished test [unoptimized + debuginfo] target(s) in 0.34s
[INFO] running `Command { std: "docker" "inspect" "215a4316b6fcf4b1fd3df86d91fa8858f5029a221f542f0ebea956c8d98628dd", kill_on_drop: false }`
[INFO] running `Command { std: "docker" "rm" "-f" "215a4316b6fcf4b1fd3df86d91fa8858f5029a221f542f0ebea956c8d98628dd", kill_on_drop: false }`
[INFO] [stdout] 215a4316b6fcf4b1fd3df86d91fa8858f5029a221f542f0ebea956c8d98628dd
[INFO] running `Command { std: "docker" "create" "-v" "/var/lib/crater-agent-workspace/builds/worker-1-tc2/target:/opt/rustwide/target:rw,Z" "-v" "/var/lib/crater-agent-workspace/builds/worker-1-tc2/source:/opt/rustwide/workdir:ro,Z" "-v" "/var/lib/crater-agent-workspace/cargo-home:/opt/rustwide/cargo-home:ro,Z" "-v" "/var/lib/crater-agent-workspace/rustup-home:/opt/rustwide/rustup-home:ro,Z" "-e" "SOURCE_DIR=/opt/rustwide/workdir" "-e" "CARGO_TARGET_DIR=/opt/rustwide/target" "-e" "CARGO_INCREMENTAL=0" "-e" "RUST_BACKTRACE=full" "-e" "RUSTFLAGS=--cap-lints=warn" "-e" "RUSTDOCFLAGS=--cap-lints=warn" "-e" "CARGO_HOME=/opt/rustwide/cargo-home" "-e" "RUSTUP_HOME=/opt/rustwide/rustup-home" "-w" "/opt/rustwide/workdir" "-m" "1610612736" "--user" "0:0" "--network" "none" "ghcr.io/rust-lang/crates-build-env/linux@sha256:5ff2268d62e97bff2cde7d5815dd6ed5b47097566f13b8d0ca110b04b60e07ed" "/opt/rustwide/cargo-home/bin/cargo" "+beta-2023-04-20" "test" "--frozen", kill_on_drop: false }`
[INFO] [stdout] 7b661e444f06c23e48f5adfe7cdddc12a018b190621c1901260342804351898f
[INFO] running `Command { std: "docker" "start" "-a" "7b661e444f06c23e48f5adfe7cdddc12a018b190621c1901260342804351898f", kill_on_drop: false }`
[INFO] [stderr] warning: unused variable: `metric_name`
[INFO] [stderr]   --> src/metrics.rs:24:16
[INFO] [stderr]    |
[INFO] [stderr] 24 |     pub fn add(metric_name: &str, metric_text: &str) -> Label {
[INFO] [stderr]    |                ^^^^^^^^^^^ help: if this is intentional, prefix it with an underscore: `_metric_name`
[INFO] [stderr]    |
[INFO] [stderr]    = note: `#[warn(unused_variables)]` on by default
[INFO] [stderr] 
[INFO] [stderr] warning: unused variable: `metric_name`
[INFO] [stderr]   --> src/metrics.rs:61:28
[INFO] [stderr]    |
[INFO] [stderr] 61 |     pub fn new_with_metric(metric_name: &str, metric_text: &str) -> Self {
[INFO] [stderr]    |                            ^^^^^^^^^^^ help: if this is intentional, prefix it with an underscore: `_metric_name`
[INFO] [stderr] 
[INFO] [stderr] warning: unused variable: `metric_text`
[INFO] [stderr]   --> src/metrics.rs:61:47
[INFO] [stderr]    |
[INFO] [stderr] 61 |     pub fn new_with_metric(metric_name: &str, metric_text: &str) -> Self {
[INFO] [stderr]    |                                               ^^^^^^^^^^^ help: if this is intentional, prefix it with an underscore: `_metric_text`
[INFO] [stderr] 
[INFO] [stderr] warning: unused variable: `metric_name`
[INFO] [stderr]   --> src/metrics.rs:80:12
[INFO] [stderr]    |
[INFO] [stderr] 80 | pub fn add(metric_name: &str, metric_text: &str) -> Label {
[INFO] [stderr]    |            ^^^^^^^^^^^ help: if this is intentional, prefix it with an underscore: `_metric_name`
[INFO] [stderr] 
[INFO] [stderr] warning: `openmetrics` (lib) generated 4 warnings (run `cargo fix --lib -p openmetrics` to apply 4 suggestions)
[INFO] [stderr] warning: `openmetrics` (lib test) generated 4 warnings (4 duplicates)
[INFO] [stderr]     Finished test [unoptimized + debuginfo] target(s) in 0.02s
[INFO] [stderr]      Running unittests src/lib.rs (/opt/rustwide/target/debug/deps/openmetrics-0131c1443ac9b5b5)
[INFO] [stderr]    Doc-tests openmetrics
[INFO] [stdout] 
[INFO] [stdout] running 0 tests
[INFO] [stdout] 
[INFO] [stdout] test result: ok. 0 passed; 0 failed; 0 ignored; 0 measured; 0 filtered out; finished in 0.00s
[INFO] [stdout] 
[INFO] [stdout] 
[INFO] [stdout] running 1 test
[INFO] [stdout] test src/lib.rs - (line 14) ... FAILED
[INFO] [stdout] 
[INFO] [stdout] failures:
[INFO] [stdout] 
[INFO] [stdout] ---- src/lib.rs - (line 14) stdout ----
[INFO] [stdout] Test executable failed (exit status: 101).
[INFO] [stdout] 
[INFO] [stdout] stderr:
[INFO] [stdout] thread 'main' panicked at 'cannot read file!: Os { code: 2, kind: NotFound, message: "No such file or directory" }', src/lib.rs:13:53
[INFO] [stdout] stack backtrace:
[INFO] [stdout]    0:     0x5563ccfb87ba - std::backtrace_rs::backtrace::libunwind::trace::h2f05d0192276a8f6
[INFO] [stdout]                                at /rustc/1b7dd2252b99671ce5d1cb9664c5f8636329436d/library/std/src/../../backtrace/src/backtrace/libunwind.rs:93:5
[INFO] [stdout]    1:     0x5563ccfb87ba - std::backtrace_rs::backtrace::trace_unsynchronized::hedc23dff7a1af150
[INFO] [stdout]                                at /rustc/1b7dd2252b99671ce5d1cb9664c5f8636329436d/library/std/src/../../backtrace/src/backtrace/mod.rs:66:5
[INFO] [stdout]    2:     0x5563ccfb87ba - std::sys_common::backtrace::_print_fmt::h17541ef7592f3ce2
[INFO] [stdout]                                at /rustc/1b7dd2252b99671ce5d1cb9664c5f8636329436d/library/std/src/sys_common/backtrace.rs:65:5
[INFO] [stdout]    3:     0x5563ccfb87ba - <std::sys_common::backtrace::_print::DisplayBacktrace as core::fmt::Display>::fmt::h20f75df5ab0c0792
[INFO] [stdout]                                at /rustc/1b7dd2252b99671ce5d1cb9664c5f8636329436d/library/std/src/sys_common/backtrace.rs:44:22
[INFO] [stdout]    4:     0x5563ccfd319f - core::fmt::write::h78109e6f466b3af6
[INFO] [stdout]                                at /rustc/1b7dd2252b99671ce5d1cb9664c5f8636329436d/library/core/src/fmt/mod.rs:1254:17
[INFO] [stdout]    5:     0x5563ccfb6555 - std::io::Write::write_fmt::hc59e1b02dd273c8a
[INFO] [stdout]                                at /rustc/1b7dd2252b99671ce5d1cb9664c5f8636329436d/library/std/src/io/mod.rs:1698:15
[INFO] [stdout]    6:     0x5563ccfb8585 - std::sys_common::backtrace::_print::h8dac57a9f8fbf9a5
[INFO] [stdout]                                at /rustc/1b7dd2252b99671ce5d1cb9664c5f8636329436d/library/std/src/sys_common/backtrace.rs:47:5
[INFO] [stdout]    7:     0x5563ccfb8585 - std::sys_common::backtrace::print::hf9ecbf41d1aa712f
[INFO] [stdout]                                at /rustc/1b7dd2252b99671ce5d1cb9664c5f8636329436d/library/std/src/sys_common/backtrace.rs:34:9
[INFO] [stdout]    8:     0x5563ccfb9b0e - std::panicking::default_hook::{{closure}}::h04c07acfc84ca028
[INFO] [stdout]                                at /rustc/1b7dd2252b99671ce5d1cb9664c5f8636329436d/library/std/src/panicking.rs:269:22
[INFO] [stdout]    9:     0x5563ccfb98b5 - std::panicking::default_hook::h01f6bb23e1eceb2c
[INFO] [stdout]                                at /rustc/1b7dd2252b99671ce5d1cb9664c5f8636329436d/library/std/src/panicking.rs:288:9
[INFO] [stdout]   10:     0x5563ccfba06e - std::panicking::rust_panic_with_hook::h2bb3722bbaf2f6df
[INFO] [stdout]                                at /rustc/1b7dd2252b99671ce5d1cb9664c5f8636329436d/library/std/src/panicking.rs:691:13
[INFO] [stdout]   11:     0x5563ccfb9f69 - std::panicking::begin_panic_handler::{{closure}}::h91bc7f36a4be011b
[INFO] [stdout]                                at /rustc/1b7dd2252b99671ce5d1cb9664c5f8636329436d/library/std/src/panicking.rs:582:13
[INFO] [stdout]   12:     0x5563ccfb8c26 - std::sys_common::backtrace::__rust_end_short_backtrace::h8b3d3717114f9e59
[INFO] [stdout]                                at /rustc/1b7dd2252b99671ce5d1cb9664c5f8636329436d/library/std/src/sys_common/backtrace.rs:150:18
[INFO] [stdout]   13:     0x5563ccfb9cc2 - rust_begin_unwind
[INFO] [stdout]                                at /rustc/1b7dd2252b99671ce5d1cb9664c5f8636329436d/library/std/src/panicking.rs:578:5
[INFO] [stdout]   14:     0x5563ccf5d353 - core::panicking::panic_fmt::hfd368e3fbdabea26
[INFO] [stdout]                                at /rustc/1b7dd2252b99671ce5d1cb9664c5f8636329436d/library/core/src/panicking.rs:67:14
[INFO] [stdout]   15:     0x5563ccf5d893 - core::result::unwrap_failed::he54eb4b2f125b26f
[INFO] [stdout]                                at /rustc/1b7dd2252b99671ce5d1cb9664c5f8636329436d/library/core/src/result.rs:1687:5
[INFO] [stdout]   16:     0x5563ccf5df04 - core::result::Result<T,E>::expect::hbb192929efc636e3
[INFO] [stdout]   17:     0x5563ccf5e134 - rust_out::main::h2731449a68dfa004
[INFO] [stdout]   18:     0x5563ccf5de33 - core::ops::function::FnOnce::call_once::hd1715aa1b26fc35c
[INFO] [stdout]   19:     0x5563ccf5db06 - std::sys_common::backtrace::__rust_begin_short_backtrace::h8d2b4d09ce515535
[INFO] [stdout]   20:     0x5563ccf5dc09 - std::rt::lang_start::{{closure}}::hc9a918c63b0dc835
[INFO] [stdout]   21:     0x5563ccfb394e - core::ops::function::impls::<impl core::ops::function::FnOnce<A> for &F>::call_once::h2eb19b8ce4148df4
[INFO] [stdout]                                at /rustc/1b7dd2252b99671ce5d1cb9664c5f8636329436d/library/core/src/ops/function.rs:287:13
[INFO] [stdout]   22:     0x5563ccfb394e - std::panicking::try::do_call::h2e900feff5d504c5
[INFO] [stdout]                                at /rustc/1b7dd2252b99671ce5d1cb9664c5f8636329436d/library/std/src/panicking.rs:485:40
[INFO] [stdout]   23:     0x5563ccfb394e - std::panicking::try::h8854836cb85aa9f2
[INFO] [stdout]                                at /rustc/1b7dd2252b99671ce5d1cb9664c5f8636329436d/library/std/src/panicking.rs:449:19
[INFO] [stdout]   24:     0x5563ccfb394e - std::panic::catch_unwind::h706025dd4c48f64b
[INFO] [stdout]                                at /rustc/1b7dd2252b99671ce5d1cb9664c5f8636329436d/library/std/src/panic.rs:140:14
[INFO] [stdout]   25:     0x5563ccfb394e - std::rt::lang_start_internal::{{closure}}::h7be5b97f4a07a91a
[INFO] [stdout]                                at /rustc/1b7dd2252b99671ce5d1cb9664c5f8636329436d/library/std/src/rt.rs:148:48
[INFO] [stdout]   26:     0x5563ccfb394e - std::panicking::try::do_call::h59847e9d0a176965
[INFO] [stdout]                                at /rustc/1b7dd2252b99671ce5d1cb9664c5f8636329436d/library/std/src/panicking.rs:485:40
[INFO] [stdout]   27:     0x5563ccfb394e - std::panicking::try::h399a918ba8522823
[INFO] [stdout]                                at /rustc/1b7dd2252b99671ce5d1cb9664c5f8636329436d/library/std/src/panicking.rs:449:19
[INFO] [stdout]   28:     0x5563ccfb394e - std::panic::catch_unwind::hca7ca6c55b2a2e26
[INFO] [stdout]                                at /rustc/1b7dd2252b99671ce5d1cb9664c5f8636329436d/library/std/src/panic.rs:140:14
[INFO] [stdout]   29:     0x5563ccfb394e - std::rt::lang_start_internal::h2c807a81560459eb
[INFO] [stdout]                                at /rustc/1b7dd2252b99671ce5d1cb9664c5f8636329436d/library/std/src/rt.rs:148:20
[INFO] [stdout]   30:     0x5563ccf5dbe7 - std::rt::lang_start::hc4bd3329ce767e23
[INFO] [stdout]   31:     0x5563ccf5e325 - main
[INFO] [stdout]   32:     0x7f902527cd90 - <unknown>
[INFO] [stdout]   33:     0x7f902527ce40 - __libc_start_main
[INFO] [stdout]   34:     0x5563ccf5da25 - _start
[INFO] [stdout]   35:                0x0 - <unknown>
[INFO] [stdout] 
[INFO] [stdout] 
[INFO] [stdout] 
[INFO] [stdout] failures:
[INFO] [stdout]     src/lib.rs - (line 14)
[INFO] [stdout] 
[INFO] [stdout] test result: FAILED. 0 passed; 1 failed; 0 ignored; 0 measured; 0 filtered out; finished in 0.38s
[INFO] [stdout] 
[INFO] [stderr] error: doctest failed, to rerun pass `--doc`
[INFO] running `Command { std: "docker" "inspect" "7b661e444f06c23e48f5adfe7cdddc12a018b190621c1901260342804351898f", kill_on_drop: false }`
[INFO] running `Command { std: "docker" "rm" "-f" "7b661e444f06c23e48f5adfe7cdddc12a018b190621c1901260342804351898f", kill_on_drop: false }`
[INFO] [stdout] 7b661e444f06c23e48f5adfe7cdddc12a018b190621c1901260342804351898f
