[INFO] fetching crate ontodev_valve 0.2.0...
[INFO] testing ontodev_valve-0.2.0 against beta-2023-04-20 for beta-1.70-1
[INFO] extracting crate ontodev_valve 0.2.0 into /workspace/builds/worker-6-tc2/source
[INFO] validating manifest of crates.io crate ontodev_valve 0.2.0 on toolchain beta-2023-04-20
[INFO] running `Command { std: CARGO_HOME="/workspace/cargo-home" RUSTUP_HOME="/workspace/rustup-home" "/workspace/cargo-home/bin/cargo" "+beta-2023-04-20" "metadata" "--manifest-path" "Cargo.toml" "--no-deps", kill_on_drop: false }`
[INFO] started tweaking crates.io crate ontodev_valve 0.2.0
[INFO] finished tweaking crates.io crate ontodev_valve 0.2.0
[INFO] tweaked toml for crates.io crate ontodev_valve 0.2.0 written to /workspace/builds/worker-6-tc2/source/Cargo.toml
[INFO] crate crates.io crate ontodev_valve 0.2.0 already has a lockfile, it will not be regenerated
[INFO] running `Command { std: CARGO_HOME="/workspace/cargo-home" RUSTUP_HOME="/workspace/rustup-home" "/workspace/cargo-home/bin/cargo" "+beta-2023-04-20" "fetch" "--manifest-path" "Cargo.toml", kill_on_drop: false }`
[INFO] [stderr]     Blocking waiting for file lock on package cache
[INFO] [stderr]     Updating crates.io index
[INFO] [stderr]     Blocking waiting for file lock on package cache
[INFO] [stderr]  Downloading crates ...
[INFO] [stderr]   Downloaded sqlx-core v0.5.13
[INFO] [stderr]   Downloaded futures-intrusive v0.4.2
[INFO] [stderr]   Downloaded argparse v0.2.2
[INFO] [stderr]   Downloaded lalrpop v0.19.8
[INFO] [stderr]   Downloaded enquote v1.1.0
[INFO] [stderr]   Downloaded async-process v1.6.0
[INFO] [stderr]   Downloaded gloo-timers v0.2.5
[INFO] [stderr]   Downloaded crc-catalog v1.1.1
[INFO] [stderr]   Downloaded polling v2.5.1
[INFO] [stderr]   Downloaded sqlx-rt v0.5.13
[INFO] [stderr]   Downloaded syn v1.0.104
[INFO] [stderr]   Downloaded sqlx v0.5.13
[INFO] [stderr]   Downloaded async-scoped v0.7.1
[INFO] [stderr]   Downloaded ena v0.14.0
[INFO] [stderr]   Downloaded lalrpop-util v0.19.8
[INFO] [stderr]   Downloaded crc v2.1.0
[INFO] [stderr]   Downloaded serde_derive v1.0.148
[INFO] [stderr]   Downloaded serde v1.0.148
[INFO] [stderr]   Downloaded sqlx-macros v0.5.13
[INFO] [stderr]   Downloaded whoami v1.2.3
[INFO] [stderr]   Downloaded async-rustls v0.2.0
[INFO] running `Command { std: "docker" "create" "-v" "/var/lib/crater-agent-workspace/builds/worker-6-tc2/target:/opt/rustwide/target:rw,Z" "-v" "/var/lib/crater-agent-workspace/builds/worker-6-tc2/source:/opt/rustwide/workdir:ro,Z" "-v" "/var/lib/crater-agent-workspace/cargo-home:/opt/rustwide/cargo-home:ro,Z" "-v" "/var/lib/crater-agent-workspace/rustup-home:/opt/rustwide/rustup-home:ro,Z" "-e" "SOURCE_DIR=/opt/rustwide/workdir" "-e" "CARGO_TARGET_DIR=/opt/rustwide/target" "-e" "CARGO_HOME=/opt/rustwide/cargo-home" "-e" "RUSTUP_HOME=/opt/rustwide/rustup-home" "-w" "/opt/rustwide/workdir" "-m" "1610612736" "--user" "0:0" "--network" "none" "ghcr.io/rust-lang/crates-build-env/linux@sha256:5ff2268d62e97bff2cde7d5815dd6ed5b47097566f13b8d0ca110b04b60e07ed" "/opt/rustwide/cargo-home/bin/cargo" "+beta-2023-04-20" "metadata" "--no-deps" "--format-version=1", kill_on_drop: false }`
[INFO] [stdout] 9d243c75955745ea9819df57f5ef20374bdee4199d11ef079fbec25123f038e6
[INFO] running `Command { std: "docker" "start" "-a" "9d243c75955745ea9819df57f5ef20374bdee4199d11ef079fbec25123f038e6", kill_on_drop: false }`
[INFO] running `Command { std: "docker" "inspect" "9d243c75955745ea9819df57f5ef20374bdee4199d11ef079fbec25123f038e6", kill_on_drop: false }`
[INFO] running `Command { std: "docker" "rm" "-f" "9d243c75955745ea9819df57f5ef20374bdee4199d11ef079fbec25123f038e6", kill_on_drop: false }`
[INFO] [stdout] 9d243c75955745ea9819df57f5ef20374bdee4199d11ef079fbec25123f038e6
[INFO] running `Command { std: "docker" "create" "-v" "/var/lib/crater-agent-workspace/builds/worker-6-tc2/target:/opt/rustwide/target:rw,Z" "-v" "/var/lib/crater-agent-workspace/builds/worker-6-tc2/source:/opt/rustwide/workdir:ro,Z" "-v" "/var/lib/crater-agent-workspace/cargo-home:/opt/rustwide/cargo-home:ro,Z" "-v" "/var/lib/crater-agent-workspace/rustup-home:/opt/rustwide/rustup-home:ro,Z" "-e" "SOURCE_DIR=/opt/rustwide/workdir" "-e" "CARGO_TARGET_DIR=/opt/rustwide/target" "-e" "CARGO_INCREMENTAL=0" "-e" "RUST_BACKTRACE=full" "-e" "RUSTFLAGS=--cap-lints=warn" "-e" "RUSTDOCFLAGS=--cap-lints=warn" "-e" "CARGO_HOME=/opt/rustwide/cargo-home" "-e" "RUSTUP_HOME=/opt/rustwide/rustup-home" "-w" "/opt/rustwide/workdir" "-m" "1610612736" "--user" "0:0" "--network" "none" "ghcr.io/rust-lang/crates-build-env/linux@sha256:5ff2268d62e97bff2cde7d5815dd6ed5b47097566f13b8d0ca110b04b60e07ed" "/opt/rustwide/cargo-home/bin/cargo" "+beta-2023-04-20" "build" "--frozen" "--message-format=json", kill_on_drop: false }`
[INFO] [stdout] 09a835545e5a45b55f9e1abf9fe77602e94ac537fcf06edd09ee2203a074ae1a
[INFO] running `Command { std: "docker" "start" "-a" "09a835545e5a45b55f9e1abf9fe77602e94ac537fcf06edd09ee2203a074ae1a", kill_on_drop: false }`
[INFO] [stderr]    Compiling autocfg v1.1.0
[INFO] [stderr]    Compiling libc v0.2.137
[INFO] [stderr]    Compiling version_check v0.9.4
[INFO] [stderr]    Compiling proc-macro2 v1.0.47
[INFO] [stderr]    Compiling quote v1.0.21
[INFO] [stderr]    Compiling unicode-ident v1.0.5
[INFO] [stderr]    Compiling syn v1.0.104
[INFO] [stderr]    Compiling memchr v2.5.0
[INFO] [stderr]    Compiling futures-core v0.3.25
[INFO] [stderr]    Compiling once_cell v1.16.0
[INFO] [stderr]    Compiling crossbeam-utils v0.8.14
[INFO] [stderr]    Compiling typenum v1.15.0
[INFO] [stderr]    Compiling log v0.4.17
[INFO] [stderr]    Compiling pin-project-lite v0.2.9
[INFO] [stderr]    Compiling futures-io v0.3.25
[INFO] [stderr]    Compiling cc v1.0.77
[INFO] [stderr]    Compiling fastrand v1.8.0
[INFO] [stderr]    Compiling event-listener v2.5.3
[INFO] [stderr]    Compiling smallvec v1.10.0
[INFO] [stderr]    Compiling futures-task v0.3.25
[INFO] [stderr]    Compiling untrusted v0.7.1
[INFO] [stderr]    Compiling signal-hook v0.3.14
[INFO] [stderr]    Compiling spin v0.5.2
[INFO] [stderr]    Compiling value-bag v1.0.0-alpha.9
[INFO] [stderr]    Compiling generic-array v0.14.6
[INFO] [stderr]    Compiling slab v0.4.7
[INFO] [stderr]    Compiling lock_api v0.4.9
[INFO] [stderr]    Compiling polling v2.5.1
[INFO] [stderr]    Compiling async-io v1.12.0
[INFO] [stderr]    Compiling async-task v4.3.0
[INFO] [stderr]    Compiling async-process v1.6.0
[INFO] [stderr]    Compiling indexmap v1.9.2
[INFO] [stderr]    Compiling futures-channel v0.3.25
[INFO] [stderr]    Compiling futures-lite v1.12.0
[INFO] [stderr]    Compiling hashbrown v0.12.3
[INFO] [stderr]    Compiling serde_derive v1.0.148
[INFO] [stderr]    Compiling concurrent-queue v2.0.0
[INFO] [stderr]    Compiling num-traits v0.2.15
[INFO] [stderr]    Compiling serde v1.0.148
[INFO] [stderr]    Compiling either v1.8.0
[INFO] [stderr]    Compiling tinyvec v1.6.0
[INFO] [stderr]    Compiling ahash v0.7.6
[INFO] [stderr]    Compiling futures-sink v0.3.25
[INFO] [stderr]    Compiling async-channel v1.8.0
[INFO] [stderr]    Compiling ring v0.16.20
[INFO] [stderr]    Compiling itertools v0.10.5
[INFO] [stderr]    Compiling cpufeatures v0.2.5
[INFO] [stderr]    Compiling socket2 v0.4.7
[INFO] [stderr]    Compiling signal-hook-registry v1.4.0
[INFO] [stderr]    Compiling getrandom v0.2.8
[INFO] [stderr]    Compiling base64 v0.13.1
[INFO] [stderr]    Compiling parking_lot_core v0.8.5
[INFO] [stderr]    Compiling instant v0.1.12
[INFO] [stderr]    Compiling async-lock v2.6.0
[INFO] [stderr]    Compiling pkg-config v0.3.26
[INFO] [stderr]    Compiling vcpkg v0.2.15
[INFO] [stderr]    Compiling blocking v1.3.0
[INFO] [stderr]    Compiling async-executor v1.5.0
[INFO] [stderr]    Compiling unicode-bidi v0.3.8
[INFO] [stderr]    Compiling thiserror v1.0.37
[INFO] [stderr]    Compiling block-buffer v0.10.3
[INFO] [stderr]    Compiling crypto-common v0.1.6
[INFO] [stderr]    Compiling unicode-normalization v0.1.22
[INFO] [stderr]    Compiling futures-util v0.3.25
[INFO] [stderr]    Compiling digest v0.10.6
[INFO] [stderr]    Compiling parking_lot_core v0.9.5
[INFO] [stderr]    Compiling crossbeam-queue v0.3.8
[INFO] [stderr]    Compiling rand_core v0.6.4
[INFO] [stderr]    Compiling dirs-sys-next v0.1.2
[INFO] [stderr]    Compiling spin v0.9.4
[INFO] [stderr]    Compiling ryu v1.0.11
[INFO] [stderr]    Compiling serde_json v1.0.89
[INFO] [stderr]    Compiling percent-encoding v2.2.0
[INFO] [stderr]    Compiling libsqlite3-sys v0.24.2
[INFO] [stderr]    Compiling crunchy v0.2.2
[INFO] [stderr]    Compiling minimal-lexical v0.2.1
[INFO] [stderr]    Compiling parking_lot v0.11.2
[INFO] [stderr]    Compiling hashbrown v0.11.2
[INFO] [stderr]    Compiling rand_chacha v0.3.1
[INFO] [stderr]    Compiling form_urlencoded v1.1.0
[INFO] [stderr]    Compiling idna v0.3.0
[INFO] [stderr]    Compiling dirs-next v2.0.0
[INFO] [stderr]    Compiling dirs-sys v0.3.7
[INFO] [stderr]    Compiling aho-corasick v0.7.20
[INFO] [stderr]    Compiling memoffset v0.7.1
[INFO] [stderr]    Compiling nom v7.1.1
[INFO] [stderr]    Compiling crc-catalog v1.1.1
[INFO] [stderr]    Compiling regex-syntax v0.6.28
[INFO] [stderr]    Compiling tiny-keccak v2.0.2
[INFO] [stderr]    Compiling unicode_categories v0.1.1
[INFO] [stderr]    Compiling fixedbitset v0.4.2
[INFO] [stderr]    Compiling siphasher v0.3.10
[INFO] [stderr]    Compiling itoa v1.0.4
[INFO] [stderr]    Compiling hashlink v0.7.0
[INFO] [stderr]    Compiling url v2.3.1
[INFO] [stderr]    Compiling phf_shared v0.10.0
[INFO] [stderr]    Compiling crc v2.1.0
[INFO] [stderr]    Compiling dirs v4.0.0
[INFO] [stderr]    Compiling rand v0.8.5
[INFO] [stderr]    Compiling parking_lot v0.12.1
[INFO] [stderr]    Compiling futures-intrusive v0.4.2
[INFO] [stderr]    Compiling term v0.7.0
[INFO] [stderr]    Compiling atoi v0.4.0
[INFO] [stderr]    Compiling stringprep v0.1.2
[INFO] [stderr]    Compiling hmac v0.12.1
[INFO] [stderr]    Compiling crossbeam-epoch v0.9.13
[INFO] [stderr]    Compiling bytes v1.3.0
[INFO] [stderr]    Compiling hex v0.4.3
[INFO] [stderr]    Compiling new_debug_unreachable v1.0.4
[INFO] [stderr]    Compiling precomputed-hash v0.1.1
[INFO] [stderr]    Compiling bitflags v1.3.2
[INFO] [stderr]    Compiling bit-vec v0.6.3
[INFO] [stderr]    Compiling whoami v1.2.3
[INFO] [stderr]    Compiling paste v1.0.9
[INFO] [stderr]    Compiling byteorder v1.4.3
[INFO] [stderr]    Compiling bit-set v0.5.3
[INFO] [stderr]    Compiling string_cache v0.8.4
[INFO] [stderr]    Compiling ascii-canvas v3.0.0
[INFO] [stderr]    Compiling hkdf v0.12.3
[INFO] [stderr]    Compiling petgraph v0.6.2
[INFO] [stderr]    Compiling sha2 v0.10.6
[INFO] [stderr]    Compiling webpki v0.21.4
[INFO] [stderr]    Compiling sct v0.6.1
[INFO] [stderr]    Compiling sha-1 v0.10.1
[INFO] [stderr]    Compiling md-5 v0.10.5
[INFO] [stderr]    Compiling atty v0.2.14
[INFO] [stderr]    Compiling num-integer v0.1.45
[INFO] [stderr]    Compiling unicode-xid v0.2.4
[INFO] [stderr]    Compiling diff v0.1.13
[INFO] [stderr]    Compiling unicode-segmentation v1.10.0
[INFO] [stderr]    Compiling webpki-roots v0.21.1
[INFO] [stderr]    Compiling pico-args v0.4.2
[INFO] [stderr]    Compiling sqlformat v0.1.8
[INFO] [stderr]    Compiling regex v1.7.0
[INFO] [stderr]    Compiling regex-automata v0.1.10
[INFO] [stderr]    Compiling dotenv v0.15.0
[INFO] [stderr]    Compiling heck v0.4.0
[INFO] [stderr]    Compiling crossbeam-deque v0.8.2
[INFO] [stderr]    Compiling time v0.1.44
[INFO] [stderr]    Compiling crossbeam-channel v0.5.6
[INFO] [stderr]    Compiling csv-core v0.1.10
[INFO] [stderr]    Compiling iana-time-zone v0.1.53
[INFO] [stderr]    Compiling num_cpus v1.14.0
[INFO] [stderr]    Compiling argparse v0.2.2
[INFO] [stderr]    Compiling indoc v1.0.7
[INFO] [stderr]    Compiling chrono v0.4.23
[INFO] [stderr]    Compiling futures-executor v0.3.25
[INFO] [stderr]    Compiling crossbeam v0.8.2
[INFO] [stderr]    Compiling ctor v0.1.26
[INFO] [stderr]    Compiling pin-project-internal v1.0.12
[INFO] [stderr]    Compiling thiserror-impl v1.0.37
[INFO] [stderr]    Compiling futures-macro v0.3.25
[INFO] [stderr]    Compiling async-attributes v1.1.2
[INFO] [stderr]    Compiling lalrpop-util v0.19.8
[INFO] [stderr]    Compiling pin-project v1.0.12
[INFO] [stderr]    Compiling flume v0.10.14
[INFO] [stderr]    Compiling kv-log-macro v1.0.7
[INFO] [stderr]    Compiling rustls v0.19.1
[INFO] [stderr]    Compiling ena v0.14.0
[INFO] [stderr]    Compiling enquote v1.1.0
[INFO] [stderr]    Compiling lalrpop v0.19.8
[INFO] [stderr]    Compiling async-global-executor v2.3.1
[INFO] [stderr]    Compiling async-std v1.12.0
[INFO] [stderr]    Compiling async-rustls v0.2.0
[INFO] [stderr]    Compiling futures v0.3.25
[INFO] [stderr]    Compiling sqlx-rt v0.5.13
[INFO] [stderr]    Compiling async-scoped v0.7.1
[INFO] [stderr]    Compiling bstr v0.2.17
[INFO] [stderr]    Compiling csv v1.1.6
[INFO] [stderr]    Compiling sqlx-core v0.5.13
[INFO] [stderr]    Compiling ontodev_valve v0.2.0 (/opt/rustwide/workdir)
[INFO] [stderr]    Compiling sqlx-macros v0.5.13
[INFO] [stderr]    Compiling sqlx v0.5.13
[INFO] [stderr]     Finished dev [unoptimized + debuginfo] target(s) in 1m 02s
[INFO] [stderr] warning: the following packages contain code that will be rejected by a future version of Rust: lalrpop v0.19.8
[INFO] [stderr]     Blocking waiting for file lock on package cache
[INFO] [stderr] note: to see what the problems were, use the option `--future-incompat-report`, or run `cargo report future-incompatibilities --id 1`
[INFO] running `Command { std: "docker" "inspect" "09a835545e5a45b55f9e1abf9fe77602e94ac537fcf06edd09ee2203a074ae1a", kill_on_drop: false }`
[INFO] running `Command { std: "docker" "rm" "-f" "09a835545e5a45b55f9e1abf9fe77602e94ac537fcf06edd09ee2203a074ae1a", kill_on_drop: false }`
[INFO] [stdout] 09a835545e5a45b55f9e1abf9fe77602e94ac537fcf06edd09ee2203a074ae1a
[INFO] running `Command { std: "docker" "create" "-v" "/var/lib/crater-agent-workspace/builds/worker-6-tc2/target:/opt/rustwide/target:rw,Z" "-v" "/var/lib/crater-agent-workspace/builds/worker-6-tc2/source:/opt/rustwide/workdir:ro,Z" "-v" "/var/lib/crater-agent-workspace/cargo-home:/opt/rustwide/cargo-home:ro,Z" "-v" "/var/lib/crater-agent-workspace/rustup-home:/opt/rustwide/rustup-home:ro,Z" "-e" "SOURCE_DIR=/opt/rustwide/workdir" "-e" "CARGO_TARGET_DIR=/opt/rustwide/target" "-e" "CARGO_INCREMENTAL=0" "-e" "RUST_BACKTRACE=full" "-e" "RUSTFLAGS=--cap-lints=warn" "-e" "RUSTDOCFLAGS=--cap-lints=warn" "-e" "CARGO_HOME=/opt/rustwide/cargo-home" "-e" "RUSTUP_HOME=/opt/rustwide/rustup-home" "-w" "/opt/rustwide/workdir" "-m" "1610612736" "--user" "0:0" "--network" "none" "ghcr.io/rust-lang/crates-build-env/linux@sha256:5ff2268d62e97bff2cde7d5815dd6ed5b47097566f13b8d0ca110b04b60e07ed" "/opt/rustwide/cargo-home/bin/cargo" "+beta-2023-04-20" "test" "--frozen" "--no-run" "--message-format=json", kill_on_drop: false }`
[INFO] [stdout] 66d6a082546e1a8704863c52af205a787aa6c7cfd062911e94198193578d2db0
[INFO] running `Command { std: "docker" "start" "-a" "66d6a082546e1a8704863c52af205a787aa6c7cfd062911e94198193578d2db0", kill_on_drop: false }`
[INFO] [stderr]    Compiling ontodev_valve v0.2.0 (/opt/rustwide/workdir)
[INFO] [stderr]     Finished test [unoptimized + debuginfo] target(s) in 1.78s
[INFO] [stderr] warning: the following packages contain code that will be rejected by a future version of Rust: lalrpop v0.19.8
[INFO] [stderr] note: to see what the problems were, use the option `--future-incompat-report`, or run `cargo report future-incompatibilities --id 1`
[INFO] running `Command { std: "docker" "inspect" "66d6a082546e1a8704863c52af205a787aa6c7cfd062911e94198193578d2db0", kill_on_drop: false }`
[INFO] running `Command { std: "docker" "rm" "-f" "66d6a082546e1a8704863c52af205a787aa6c7cfd062911e94198193578d2db0", kill_on_drop: false }`
[INFO] [stdout] 66d6a082546e1a8704863c52af205a787aa6c7cfd062911e94198193578d2db0
[INFO] running `Command { std: "docker" "create" "-v" "/var/lib/crater-agent-workspace/builds/worker-6-tc2/target:/opt/rustwide/target:rw,Z" "-v" "/var/lib/crater-agent-workspace/builds/worker-6-tc2/source:/opt/rustwide/workdir:ro,Z" "-v" "/var/lib/crater-agent-workspace/cargo-home:/opt/rustwide/cargo-home:ro,Z" "-v" "/var/lib/crater-agent-workspace/rustup-home:/opt/rustwide/rustup-home:ro,Z" "-e" "SOURCE_DIR=/opt/rustwide/workdir" "-e" "CARGO_TARGET_DIR=/opt/rustwide/target" "-e" "CARGO_INCREMENTAL=0" "-e" "RUST_BACKTRACE=full" "-e" "RUSTFLAGS=--cap-lints=warn" "-e" "RUSTDOCFLAGS=--cap-lints=warn" "-e" "CARGO_HOME=/opt/rustwide/cargo-home" "-e" "RUSTUP_HOME=/opt/rustwide/rustup-home" "-w" "/opt/rustwide/workdir" "-m" "1610612736" "--user" "0:0" "--network" "none" "ghcr.io/rust-lang/crates-build-env/linux@sha256:5ff2268d62e97bff2cde7d5815dd6ed5b47097566f13b8d0ca110b04b60e07ed" "/opt/rustwide/cargo-home/bin/cargo" "+beta-2023-04-20" "test" "--frozen", kill_on_drop: false }`
[INFO] [stdout] 08c18c2e8af16ff37e3198077a1b2eb7f291b7e31ffc36e429a774c33d7a8d77
[INFO] running `Command { std: "docker" "start" "-a" "08c18c2e8af16ff37e3198077a1b2eb7f291b7e31ffc36e429a774c33d7a8d77", kill_on_drop: false }`
[INFO] [stderr]     Finished test [unoptimized + debuginfo] target(s) in 0.24s
[INFO] [stderr] warning: the following packages contain code that will be rejected by a future version of Rust: lalrpop v0.19.8
[INFO] [stderr] note: to see what the problems were, use the option `--future-incompat-report`, or run `cargo report future-incompatibilities --id 1`
[INFO] [stderr]      Running unittests src/lib.rs (/opt/rustwide/target/debug/deps/ontodev_valve-15c96a7afe1eb7ac)
[INFO] [stderr]      Running unittests src/main.rs (/opt/rustwide/target/debug/deps/ontodev_valve-81b5b812c2b46e99)
[INFO] [stdout] 
[INFO] [stdout] running 0 tests
[INFO] [stdout] 
[INFO] [stdout] test result: ok. 0 passed; 0 failed; 0 ignored; 0 measured; 0 filtered out; finished in 0.00s
[INFO] [stdout] 
[INFO] [stdout] 
[INFO] [stderr]    Doc-tests ontodev_valve
[INFO] [stdout] running 0 tests
[INFO] [stdout] 
[INFO] [stdout] test result: ok. 0 passed; 0 failed; 0 ignored; 0 measured; 0 filtered out; finished in 0.00s
[INFO] [stdout] 
[INFO] [stdout] 
[INFO] [stdout] running 2 tests
[INFO] [stdout] test src/lib.rs - get_compiled_rule_conditions (line 385) ... FAILED
[INFO] [stdout] test src/lib.rs - (line 10) ... FAILED
[INFO] [stdout] 
[INFO] [stdout] failures:
[INFO] [stdout] 
[INFO] [stdout] ---- src/lib.rs - get_compiled_rule_conditions (line 385) stdout ----
[INFO] [stdout] error: unexpected token: `...`
[INFO] [stdout]  --> src/lib.rs:388:42
[INFO] [stdout]   |
[INFO] [stdout] 5 |          when_column_1: [rule_1, rule_2, ...],
[INFO] [stdout]   |                                          ^^^
[INFO] [stdout]   |
[INFO] [stdout] help: use `..` for an exclusive range
[INFO] [stdout]   |
[INFO] [stdout] 5 |          when_column_1: [rule_1, rule_2, ..],
[INFO] [stdout]   |                                          ~~
[INFO] [stdout] help: or `..=` for an inclusive range
[INFO] [stdout]   |
[INFO] [stdout] 5 |          when_column_1: [rule_1, rule_2, ..=],
[INFO] [stdout]   |                                          ~~~
[INFO] [stdout] 
[INFO] [stdout] error[E0586]: inclusive range with no end
[INFO] [stdout]  --> src/lib.rs:388:42
[INFO] [stdout]   |
[INFO] [stdout] 5 |          when_column_1: [rule_1, rule_2, ...],
[INFO] [stdout]   |                                          ^^^ help: use `..` instead
[INFO] [stdout]   |
[INFO] [stdout]   = note: inclusive ranges must be bounded at the end (`..=b` or `a..=b`)
[INFO] [stdout] 
[INFO] [stdout] error: expected identifier, found `...`
[INFO] [stdout]  --> src/lib.rs:389:10
[INFO] [stdout]   |
[INFO] [stdout] 4 |      table_1: {
[INFO] [stdout]   |               - while parsing this struct
[INFO] [stdout] 5 |          when_column_1: [rule_1, rule_2, ...],
[INFO] [stdout] 6 |          ...
[INFO] [stdout]   |          ^^^ expected identifier
[INFO] [stdout] 
[INFO] [stdout] error: struct literal body without path
[INFO] [stdout]  --> src/lib.rs:387:15
[INFO] [stdout]   |
[INFO] [stdout] 4 |        table_1: {
[INFO] [stdout]   |  _______________^
[INFO] [stdout] 5 | |          when_column_1: [rule_1, rule_2, ...],
[INFO] [stdout] 6 | |          ...
[INFO] [stdout] 7 | |      },
[INFO] [stdout]   | |______^
[INFO] [stdout]   |
[INFO] [stdout] help: you might have forgotten to add the struct literal inside the block
[INFO] [stdout]   |
[INFO] [stdout] 4 ~      table_1: { SomeStruct {
[INFO] [stdout] 5 |          when_column_1: [rule_1, rule_2, ...],
[INFO] [stdout] 6 |          ...
[INFO] [stdout] 7 ~      } },
[INFO] [stdout]   |
[INFO] [stdout] 
[INFO] [stdout] error: expected identifier, found `...`
[INFO] [stdout]  --> src/lib.rs:391:6
[INFO] [stdout]   |
[INFO] [stdout] 3 | {
[INFO] [stdout]   | - while parsing this struct
[INFO] [stdout] ...
[INFO] [stdout] 8 |      ...
[INFO] [stdout]   |      ^^^ expected identifier
[INFO] [stdout] 
[INFO] [stdout] error: struct literal body without path
[INFO] [stdout]  --> src/lib.rs:386:1
[INFO] [stdout]   |
[INFO] [stdout] 3 | / {
[INFO] [stdout] 4 | |      table_1: {
[INFO] [stdout] 5 | |          when_column_1: [rule_1, rule_2, ...],
[INFO] [stdout] 6 | |          ...
[INFO] [stdout] 7 | |      },
[INFO] [stdout] 8 | |      ...
[INFO] [stdout] 9 | | }
[INFO] [stdout]   | |_^
[INFO] [stdout]   |
[INFO] [stdout] help: you might have forgotten to add the struct literal inside the block
[INFO] [stdout]   |
[INFO] [stdout] 3 ~ { SomeStruct {
[INFO] [stdout] 4 |      table_1: {
[INFO] [stdout] ...
[INFO] [stdout] 8 |      ...
[INFO] [stdout] 9 ~ } }
[INFO] [stdout]   |
[INFO] [stdout] 
[INFO] [stdout] error: aborting due to 6 previous errors
[INFO] [stdout] 
[INFO] [stdout] For more information about this error, try `rustc --explain E0586`.
[INFO] [stdout] Couldn't compile the test.
[INFO] [stdout] ---- src/lib.rs - (line 10) stdout ----
[INFO] [stdout] error[E0425]: cannot find value `valve` in this scope
[INFO] [stdout]  --> src/lib.rs:11:1
[INFO] [stdout]   |
[INFO] [stdout] 3 | valve --help
[INFO] [stdout]   | ^^^^^ not found in this scope
[INFO] [stdout] 
[INFO] [stdout] error[E0425]: cannot find value `help` in this scope
[INFO] [stdout]  --> src/lib.rs:11:9
[INFO] [stdout]   |
[INFO] [stdout] 3 | valve --help
[INFO] [stdout]   |         ^^^^ not found in this scope
[INFO] [stdout] 
[INFO] [stdout] error: aborting due to 2 previous errors
[INFO] [stdout] 
[INFO] [stdout] For more information about this error, try `rustc --explain E0425`.
[INFO] [stdout] Couldn't compile the test.
[INFO] [stdout] 
[INFO] [stdout] failures:
[INFO] [stdout]     src/lib.rs - (line 10)
[INFO] [stdout]     src/lib.rs - get_compiled_rule_conditions (line 385)
[INFO] [stdout] 
[INFO] [stdout] test result: FAILED. 0 passed; 2 failed; 0 ignored; 0 measured; 0 filtered out; finished in 0.11s
[INFO] [stdout] 
[INFO] [stderr] error: doctest failed, to rerun pass `--doc`
[INFO] running `Command { std: "docker" "inspect" "08c18c2e8af16ff37e3198077a1b2eb7f291b7e31ffc36e429a774c33d7a8d77", kill_on_drop: false }`
[INFO] running `Command { std: "docker" "rm" "-f" "08c18c2e8af16ff37e3198077a1b2eb7f291b7e31ffc36e429a774c33d7a8d77", kill_on_drop: false }`
[INFO] [stdout] 08c18c2e8af16ff37e3198077a1b2eb7f291b7e31ffc36e429a774c33d7a8d77
