[INFO] fetching crate ohkami_macros 0.2.0...
[INFO] testing ohkami_macros-0.2.0 against 1.69.0 for beta-1.70-1
[INFO] extracting crate ohkami_macros 0.2.0 into /workspace/builds/worker-5-tc1/source
[INFO] validating manifest of crates.io crate ohkami_macros 0.2.0 on toolchain 1.69.0
[INFO] running `Command { std: CARGO_HOME="/workspace/cargo-home" RUSTUP_HOME="/workspace/rustup-home" "/workspace/cargo-home/bin/cargo" "+1.69.0" "metadata" "--manifest-path" "Cargo.toml" "--no-deps", kill_on_drop: false }`
[INFO] started tweaking crates.io crate ohkami_macros 0.2.0
[INFO] finished tweaking crates.io crate ohkami_macros 0.2.0
[INFO] tweaked toml for crates.io crate ohkami_macros 0.2.0 written to /workspace/builds/worker-5-tc1/source/Cargo.toml
[INFO] crate crates.io crate ohkami_macros 0.2.0 already has a lockfile, it will not be regenerated
[INFO] running `Command { std: CARGO_HOME="/workspace/cargo-home" RUSTUP_HOME="/workspace/rustup-home" "/workspace/cargo-home/bin/cargo" "+1.69.0" "fetch" "--manifest-path" "Cargo.toml", kill_on_drop: false }`
[INFO] running `Command { std: "docker" "create" "-v" "/var/lib/crater-agent-workspace/builds/worker-5-tc1/target:/opt/rustwide/target:rw,Z" "-v" "/var/lib/crater-agent-workspace/builds/worker-5-tc1/source:/opt/rustwide/workdir:ro,Z" "-v" "/var/lib/crater-agent-workspace/cargo-home:/opt/rustwide/cargo-home:ro,Z" "-v" "/var/lib/crater-agent-workspace/rustup-home:/opt/rustwide/rustup-home:ro,Z" "-e" "SOURCE_DIR=/opt/rustwide/workdir" "-e" "CARGO_TARGET_DIR=/opt/rustwide/target" "-e" "CARGO_HOME=/opt/rustwide/cargo-home" "-e" "RUSTUP_HOME=/opt/rustwide/rustup-home" "-w" "/opt/rustwide/workdir" "-m" "1610612736" "--user" "0:0" "--network" "none" "ghcr.io/rust-lang/crates-build-env/linux@sha256:5ff2268d62e97bff2cde7d5815dd6ed5b47097566f13b8d0ca110b04b60e07ed" "/opt/rustwide/cargo-home/bin/cargo" "+1.69.0" "metadata" "--no-deps" "--format-version=1", kill_on_drop: false }`
[INFO] [stdout] 2ae57fc56badf69796066315f91b198aaf4f43ba6131760b7cf8b604ca490775
[INFO] running `Command { std: "docker" "start" "-a" "2ae57fc56badf69796066315f91b198aaf4f43ba6131760b7cf8b604ca490775", kill_on_drop: false }`
[INFO] running `Command { std: "docker" "inspect" "2ae57fc56badf69796066315f91b198aaf4f43ba6131760b7cf8b604ca490775", kill_on_drop: false }`
[INFO] running `Command { std: "docker" "rm" "-f" "2ae57fc56badf69796066315f91b198aaf4f43ba6131760b7cf8b604ca490775", kill_on_drop: false }`
[INFO] [stdout] 2ae57fc56badf69796066315f91b198aaf4f43ba6131760b7cf8b604ca490775
[INFO] running `Command { std: "docker" "create" "-v" "/var/lib/crater-agent-workspace/builds/worker-5-tc1/target:/opt/rustwide/target:rw,Z" "-v" "/var/lib/crater-agent-workspace/builds/worker-5-tc1/source:/opt/rustwide/workdir:ro,Z" "-v" "/var/lib/crater-agent-workspace/cargo-home:/opt/rustwide/cargo-home:ro,Z" "-v" "/var/lib/crater-agent-workspace/rustup-home:/opt/rustwide/rustup-home:ro,Z" "-e" "SOURCE_DIR=/opt/rustwide/workdir" "-e" "CARGO_TARGET_DIR=/opt/rustwide/target" "-e" "CARGO_INCREMENTAL=0" "-e" "RUST_BACKTRACE=full" "-e" "RUSTFLAGS=--cap-lints=warn" "-e" "RUSTDOCFLAGS=--cap-lints=warn" "-e" "CARGO_HOME=/opt/rustwide/cargo-home" "-e" "RUSTUP_HOME=/opt/rustwide/rustup-home" "-w" "/opt/rustwide/workdir" "-m" "1610612736" "--user" "0:0" "--network" "none" "ghcr.io/rust-lang/crates-build-env/linux@sha256:5ff2268d62e97bff2cde7d5815dd6ed5b47097566f13b8d0ca110b04b60e07ed" "/opt/rustwide/cargo-home/bin/cargo" "+1.69.0" "build" "--frozen" "--message-format=json", kill_on_drop: false }`
[INFO] [stdout] eef90d3e68f3aac1396037c038cb5a79c2e14595386b89e4a11cf497eacebc06
[INFO] running `Command { std: "docker" "start" "-a" "eef90d3e68f3aac1396037c038cb5a79c2e14595386b89e4a11cf497eacebc06", kill_on_drop: false }`
[INFO] [stderr]    Compiling proc-macro2 v1.0.49
[INFO] [stderr]    Compiling unicode-ident v1.0.6
[INFO] [stderr]    Compiling quote v1.0.23
[INFO] [stderr]    Compiling syn v1.0.107
[INFO] [stderr]    Compiling serde_derive v1.0.152
[INFO] [stderr]    Compiling serde v1.0.152
[INFO] [stderr]    Compiling serde_json v1.0.91
[INFO] [stderr]    Compiling ryu v1.0.12
[INFO] [stderr]    Compiling itoa v1.0.5
[INFO] [stderr]    Compiling ohkami_macros v0.2.0 (/opt/rustwide/workdir)
[INFO] [stderr]     Finished dev [unoptimized + debuginfo] target(s) in 13.63s
[INFO] running `Command { std: "docker" "inspect" "eef90d3e68f3aac1396037c038cb5a79c2e14595386b89e4a11cf497eacebc06", kill_on_drop: false }`
[INFO] running `Command { std: "docker" "rm" "-f" "eef90d3e68f3aac1396037c038cb5a79c2e14595386b89e4a11cf497eacebc06", kill_on_drop: false }`
[INFO] [stdout] eef90d3e68f3aac1396037c038cb5a79c2e14595386b89e4a11cf497eacebc06
[INFO] running `Command { std: "docker" "create" "-v" "/var/lib/crater-agent-workspace/builds/worker-5-tc1/target:/opt/rustwide/target:rw,Z" "-v" "/var/lib/crater-agent-workspace/builds/worker-5-tc1/source:/opt/rustwide/workdir:ro,Z" "-v" "/var/lib/crater-agent-workspace/cargo-home:/opt/rustwide/cargo-home:ro,Z" "-v" "/var/lib/crater-agent-workspace/rustup-home:/opt/rustwide/rustup-home:ro,Z" "-e" "SOURCE_DIR=/opt/rustwide/workdir" "-e" "CARGO_TARGET_DIR=/opt/rustwide/target" "-e" "CARGO_INCREMENTAL=0" "-e" "RUST_BACKTRACE=full" "-e" "RUSTFLAGS=--cap-lints=warn" "-e" "RUSTDOCFLAGS=--cap-lints=warn" "-e" "CARGO_HOME=/opt/rustwide/cargo-home" "-e" "RUSTUP_HOME=/opt/rustwide/rustup-home" "-w" "/opt/rustwide/workdir" "-m" "1610612736" "--user" "0:0" "--network" "none" "ghcr.io/rust-lang/crates-build-env/linux@sha256:5ff2268d62e97bff2cde7d5815dd6ed5b47097566f13b8d0ca110b04b60e07ed" "/opt/rustwide/cargo-home/bin/cargo" "+1.69.0" "test" "--frozen" "--no-run" "--message-format=json", kill_on_drop: false }`
[INFO] [stdout] 6766ab3c8077da5bd4e21ff61923e789af574ba9cf65f0a1bf3db72bea74953d
[INFO] running `Command { std: "docker" "start" "-a" "6766ab3c8077da5bd4e21ff61923e789af574ba9cf65f0a1bf3db72bea74953d", kill_on_drop: false }`
[INFO] [stderr]    Compiling proc-macro2 v1.0.49
[INFO] [stderr]    Compiling unicode-ident v1.0.6
[INFO] [stderr]    Compiling ryu v1.0.12
[INFO] [stderr]    Compiling quote v1.0.23
[INFO] [stderr]    Compiling syn v1.0.107
[INFO] [stderr]    Compiling serde v1.0.152
[INFO] [stderr]    Compiling serde_json v1.0.91
[INFO] [stderr]    Compiling itoa v1.0.5
[INFO] [stderr]    Compiling serde_derive v1.0.152
[INFO] [stderr]    Compiling ohkami_macros v0.2.0 (/opt/rustwide/workdir)
[INFO] [stderr]     Finished test [unoptimized + debuginfo] target(s) in 12.35s
[INFO] running `Command { std: "docker" "inspect" "6766ab3c8077da5bd4e21ff61923e789af574ba9cf65f0a1bf3db72bea74953d", kill_on_drop: false }`
[INFO] running `Command { std: "docker" "rm" "-f" "6766ab3c8077da5bd4e21ff61923e789af574ba9cf65f0a1bf3db72bea74953d", kill_on_drop: false }`
[INFO] [stdout] 6766ab3c8077da5bd4e21ff61923e789af574ba9cf65f0a1bf3db72bea74953d
[INFO] running `Command { std: "docker" "create" "-v" "/var/lib/crater-agent-workspace/builds/worker-5-tc1/target:/opt/rustwide/target:rw,Z" "-v" "/var/lib/crater-agent-workspace/builds/worker-5-tc1/source:/opt/rustwide/workdir:ro,Z" "-v" "/var/lib/crater-agent-workspace/cargo-home:/opt/rustwide/cargo-home:ro,Z" "-v" "/var/lib/crater-agent-workspace/rustup-home:/opt/rustwide/rustup-home:ro,Z" "-e" "SOURCE_DIR=/opt/rustwide/workdir" "-e" "CARGO_TARGET_DIR=/opt/rustwide/target" "-e" "CARGO_INCREMENTAL=0" "-e" "RUST_BACKTRACE=full" "-e" "RUSTFLAGS=--cap-lints=warn" "-e" "RUSTDOCFLAGS=--cap-lints=warn" "-e" "CARGO_HOME=/opt/rustwide/cargo-home" "-e" "RUSTUP_HOME=/opt/rustwide/rustup-home" "-w" "/opt/rustwide/workdir" "-m" "1610612736" "--user" "0:0" "--network" "none" "ghcr.io/rust-lang/crates-build-env/linux@sha256:5ff2268d62e97bff2cde7d5815dd6ed5b47097566f13b8d0ca110b04b60e07ed" "/opt/rustwide/cargo-home/bin/cargo" "+1.69.0" "test" "--frozen", kill_on_drop: false }`
[INFO] [stdout] 918082cd58c065b7d9d4e8f044c8c429a99d5ca2e56fd85129ee0c4d92bd9551
[INFO] running `Command { std: "docker" "start" "-a" "918082cd58c065b7d9d4e8f044c8c429a99d5ca2e56fd85129ee0c4d92bd9551", kill_on_drop: false }`
[INFO] [stderr]     Finished test [unoptimized + debuginfo] target(s) in 0.01s
[INFO] [stderr]      Running unittests src/lib.rs (/opt/rustwide/target/debug/deps/ohkami_macros-3537b4145f77b5f3)
[INFO] [stdout] 
[INFO] [stdout] running 0 tests
[INFO] [stdout] 
[INFO] [stdout] test result: ok. 0 passed; 0 failed; 0 ignored; 0 measured; 0 filtered out; finished in 0.00s
[INFO] [stdout] 
[INFO] [stderr]    Doc-tests ohkami_macros
[INFO] [stdout] 
[INFO] [stdout] running 1 test
[INFO] [stdout] test src/lib.rs - derive_json (line 18) - compile ... FAILED
[INFO] [stdout] 
[INFO] [stdout] failures:
[INFO] [stdout] 
[INFO] [stdout] ---- src/lib.rs - derive_json (line 18) stdout ----
[INFO] [stdout] error[E0433]: failed to resolve: use of undeclared crate or module `ohkami`
[INFO] [stdout]  --> src/lib.rs:19:5
[INFO] [stdout]   |
[INFO] [stdout] 3 | use ohkami::prelude::*;
[INFO] [stdout]   |     ^^^^^^ use of undeclared crate or module `ohkami`
[INFO] [stdout] 
[INFO] [stdout] error: cannot find derive macro `JSON` in this scope
[INFO] [stdout]  --> src/lib.rs:21:10
[INFO] [stdout]   |
[INFO] [stdout] 5 | #[derive(JSON)]
[INFO] [stdout]   |          ^^^^
[INFO] [stdout]   |
[INFO] [stdout]   = help: consider importing this derive macro:
[INFO] [stdout]           ohkami_macros::JSON
[INFO] [stdout] 
[INFO] [stdout] error[E0412]: cannot find type `Context` in this scope
[INFO] [stdout]   --> src/lib.rs:27:21
[INFO] [stdout]    |
[INFO] [stdout] 11 | async fn handler(c: Context, payload: User) -> Result<Response> {
[INFO] [stdout]    |                     ^^^^^^^ not found in this scope
[INFO] [stdout]    |
[INFO] [stdout] help: consider importing one of these items
[INFO] [stdout]    |
[INFO] [stdout] 2  | use core::task::Context;
[INFO] [stdout]    |
[INFO] [stdout] 2  | use std::task::Context;
[INFO] [stdout]    |
[INFO] [stdout] 
[INFO] [stdout] error[E0412]: cannot find type `Response` in this scope
[INFO] [stdout]   --> src/lib.rs:27:55
[INFO] [stdout]    |
[INFO] [stdout] 11 | async fn handler(c: Context, payload: User) -> Result<Response> {
[INFO] [stdout]    |                                                       ^^^^^^^^ not found in this scope
[INFO] [stdout]    |
[INFO] [stdout] help: you might be missing a type parameter
[INFO] [stdout]    |
[INFO] [stdout] 11 | async fn handler<Response>(c: Context, payload: User) -> Result<Response> {
[INFO] [stdout]    |                 ++++++++++
[INFO] [stdout] 
[INFO] [stdout] error[E0107]: enum takes 2 generic arguments but 1 generic argument was supplied
[INFO] [stdout]   --> src/lib.rs:27:48
[INFO] [stdout]    |
[INFO] [stdout] 11 | async fn handler(c: Context, payload: User) -> Result<Response> {
[INFO] [stdout]    |                                                ^^^^^^ -------- supplied 1 generic argument
[INFO] [stdout]    |                                                |
[INFO] [stdout]    |                                                expected 2 generic arguments
[INFO] [stdout]    |
[INFO] [stdout] help: add missing generic argument
[INFO] [stdout]    |
[INFO] [stdout] 11 | async fn handler(c: Context, payload: User) -> Result<Response, E> {
[INFO] [stdout]    |                                                               +++
[INFO] [stdout] 
[INFO] [stdout] error: aborting due to 5 previous errors
[INFO] [stdout] 
[INFO] [stdout] Some errors have detailed explanations: E0107, E0412, E0433.
[INFO] [stdout] For more information about an error, try `rustc --explain E0107`.
[INFO] [stdout] Couldn't compile the test.
[INFO] [stdout] 
[INFO] [stdout] failures:
[INFO] [stdout]     src/lib.rs - derive_json (line 18)
[INFO] [stdout] 
[INFO] [stdout] test result: FAILED. 0 passed; 1 failed; 0 ignored; 0 measured; 0 filtered out; finished in 0.05s
[INFO] [stdout] 
[INFO] [stderr] error: doctest failed, to rerun pass `--doc`
[INFO] running `Command { std: "docker" "inspect" "918082cd58c065b7d9d4e8f044c8c429a99d5ca2e56fd85129ee0c4d92bd9551", kill_on_drop: false }`
[INFO] running `Command { std: "docker" "rm" "-f" "918082cd58c065b7d9d4e8f044c8c429a99d5ca2e56fd85129ee0c4d92bd9551", kill_on_drop: false }`
[INFO] [stdout] 918082cd58c065b7d9d4e8f044c8c429a99d5ca2e56fd85129ee0c4d92bd9551
