[INFO] fetching crate ohkami 0.8.3...
[INFO] testing ohkami-0.8.3 against 1.69.0 for beta-1.70-1
[INFO] extracting crate ohkami 0.8.3 into /workspace/builds/worker-5-tc1/source
[INFO] validating manifest of crates.io crate ohkami 0.8.3 on toolchain 1.69.0
[INFO] running `Command { std: CARGO_HOME="/workspace/cargo-home" RUSTUP_HOME="/workspace/rustup-home" "/workspace/cargo-home/bin/cargo" "+1.69.0" "metadata" "--manifest-path" "Cargo.toml" "--no-deps", kill_on_drop: false }`
[INFO] started tweaking crates.io crate ohkami 0.8.3
[INFO] finished tweaking crates.io crate ohkami 0.8.3
[INFO] tweaked toml for crates.io crate ohkami 0.8.3 written to /workspace/builds/worker-5-tc1/source/Cargo.toml
[INFO] crate crates.io crate ohkami 0.8.3 already has a lockfile, it will not be regenerated
[INFO] running `Command { std: CARGO_HOME="/workspace/cargo-home" RUSTUP_HOME="/workspace/rustup-home" "/workspace/cargo-home/bin/cargo" "+1.69.0" "fetch" "--manifest-path" "Cargo.toml", kill_on_drop: false }`
[INFO] [stderr]  Downloading crates ...
[INFO] [stderr]   Downloaded gloo-timers v0.2.5
[INFO] [stderr]   Downloaded whoami v1.3.0
[INFO] [stderr]   Downloaded ohkami_macros v0.2.0
[INFO] [stderr]   Downloaded dotenvy v0.15.6
[INFO] [stderr]   Downloaded sqlx-rt v0.6.2
[INFO] [stderr]   Downloaded sqlformat v0.2.0
[INFO] [stderr]   Downloaded sqlx-macros v0.6.2
[INFO] [stderr]   Downloaded nom v7.1.2
[INFO] [stderr]   Downloaded sqlx-core v0.6.2
[INFO] [stderr]   Downloaded sqlx v0.6.2
[INFO] running `Command { std: "docker" "create" "-v" "/var/lib/crater-agent-workspace/builds/worker-5-tc1/target:/opt/rustwide/target:rw,Z" "-v" "/var/lib/crater-agent-workspace/builds/worker-5-tc1/source:/opt/rustwide/workdir:ro,Z" "-v" "/var/lib/crater-agent-workspace/cargo-home:/opt/rustwide/cargo-home:ro,Z" "-v" "/var/lib/crater-agent-workspace/rustup-home:/opt/rustwide/rustup-home:ro,Z" "-e" "SOURCE_DIR=/opt/rustwide/workdir" "-e" "CARGO_TARGET_DIR=/opt/rustwide/target" "-e" "CARGO_HOME=/opt/rustwide/cargo-home" "-e" "RUSTUP_HOME=/opt/rustwide/rustup-home" "-w" "/opt/rustwide/workdir" "-m" "1610612736" "--user" "0:0" "--network" "none" "ghcr.io/rust-lang/crates-build-env/linux@sha256:5ff2268d62e97bff2cde7d5815dd6ed5b47097566f13b8d0ca110b04b60e07ed" "/opt/rustwide/cargo-home/bin/cargo" "+1.69.0" "metadata" "--no-deps" "--format-version=1", kill_on_drop: false }`
[INFO] [stdout] da96fb254860ba8db121bad4e83b05cd928206da41261e2f09cd05322665e5fa
[INFO] running `Command { std: "docker" "start" "-a" "da96fb254860ba8db121bad4e83b05cd928206da41261e2f09cd05322665e5fa", kill_on_drop: false }`
[INFO] running `Command { std: "docker" "inspect" "da96fb254860ba8db121bad4e83b05cd928206da41261e2f09cd05322665e5fa", kill_on_drop: false }`
[INFO] running `Command { std: "docker" "rm" "-f" "da96fb254860ba8db121bad4e83b05cd928206da41261e2f09cd05322665e5fa", kill_on_drop: false }`
[INFO] [stdout] da96fb254860ba8db121bad4e83b05cd928206da41261e2f09cd05322665e5fa
[INFO] running `Command { std: "docker" "create" "-v" "/var/lib/crater-agent-workspace/builds/worker-5-tc1/target:/opt/rustwide/target:rw,Z" "-v" "/var/lib/crater-agent-workspace/builds/worker-5-tc1/source:/opt/rustwide/workdir:ro,Z" "-v" "/var/lib/crater-agent-workspace/cargo-home:/opt/rustwide/cargo-home:ro,Z" "-v" "/var/lib/crater-agent-workspace/rustup-home:/opt/rustwide/rustup-home:ro,Z" "-e" "SOURCE_DIR=/opt/rustwide/workdir" "-e" "CARGO_TARGET_DIR=/opt/rustwide/target" "-e" "CARGO_INCREMENTAL=0" "-e" "RUST_BACKTRACE=full" "-e" "RUSTFLAGS=--cap-lints=warn" "-e" "RUSTDOCFLAGS=--cap-lints=warn" "-e" "CARGO_HOME=/opt/rustwide/cargo-home" "-e" "RUSTUP_HOME=/opt/rustwide/rustup-home" "-w" "/opt/rustwide/workdir" "-m" "1610612736" "--user" "0:0" "--network" "none" "ghcr.io/rust-lang/crates-build-env/linux@sha256:5ff2268d62e97bff2cde7d5815dd6ed5b47097566f13b8d0ca110b04b60e07ed" "/opt/rustwide/cargo-home/bin/cargo" "+1.69.0" "build" "--frozen" "--message-format=json", kill_on_drop: false }`
[INFO] [stdout] fd76ff308f14aa756c378d339e51c1c7af7ad21593168315958e503fe41198e1
[INFO] running `Command { std: "docker" "start" "-a" "fd76ff308f14aa756c378d339e51c1c7af7ad21593168315958e503fe41198e1", kill_on_drop: false }`
[INFO] [stderr]    Compiling proc-macro2 v1.0.49
[INFO] [stderr]    Compiling quote v1.0.23
[INFO] [stderr]    Compiling unicode-ident v1.0.6
[INFO] [stderr]    Compiling syn v1.0.107
[INFO] [stderr]    Compiling futures-core v0.3.25
[INFO] [stderr]    Compiling log v0.4.17
[INFO] [stderr]    Compiling libc v0.2.139
[INFO] [stderr]    Compiling memchr v2.5.0
[INFO] [stderr]    Compiling crossbeam-utils v0.8.14
[INFO] [stderr]    Compiling pin-project-lite v0.2.9
[INFO] [stderr]    Compiling waker-fn v1.1.0
[INFO] [stderr]    Compiling event-listener v2.5.3
[INFO] [stderr]    Compiling futures-io v0.3.25
[INFO] [stderr]    Compiling value-bag v1.0.0-alpha.9
[INFO] [stderr]    Compiling parking v2.0.0
[INFO] [stderr]    Compiling once_cell v1.17.0
[INFO] [stderr]    Compiling fastrand v1.8.0
[INFO] [stderr]    Compiling slab v0.4.7
[INFO] [stderr]    Compiling polling v2.5.2
[INFO] [stderr]    Compiling serde_derive v1.0.152
[INFO] [stderr]    Compiling num-traits v0.2.15
[INFO] [stderr]    Compiling async-io v1.12.0
[INFO] [stderr]    Compiling async-task v4.3.0
[INFO] [stderr]    Compiling serde v1.0.152
[INFO] [stderr]    Compiling tracing-core v0.1.30
[INFO] [stderr]    Compiling num-integer v0.1.45
[INFO] [stderr]    Compiling serde_json v1.0.91
[INFO] [stderr]    Compiling atomic-waker v1.0.0
[INFO] [stderr]    Compiling itoa v1.0.5
[INFO] [stderr]    Compiling ryu v1.0.12
[INFO] [stderr]    Compiling overload v0.1.1
[INFO] [stderr]    Compiling sharded-slab v0.1.4
[INFO] [stderr]    Compiling thread_local v1.1.4
[INFO] [stderr]    Compiling smallvec v1.10.0
[INFO] [stderr]    Compiling byteorder v1.4.3
[INFO] [stderr]    Compiling pin-utils v0.1.0
[INFO] [stderr]    Compiling nu-ansi-term v0.46.0
[INFO] [stderr]    Compiling iana-time-zone v0.1.53
[INFO] [stderr]    Compiling concurrent-queue v2.0.0
[INFO] [stderr]    Compiling fxhash v0.2.1
[INFO] [stderr]    Compiling futures-lite v1.12.0
[INFO] [stderr]    Compiling socket2 v0.4.7
[INFO] [stderr]    Compiling async-channel v1.8.0
[INFO] [stderr]    Compiling time v0.1.45
[INFO] [stderr]    Compiling async-lock v2.6.0
[INFO] [stderr]    Compiling async-executor v1.5.0
[INFO] [stderr]    Compiling blocking v1.3.0
[INFO] [stderr]    Compiling chrono v0.4.23
[INFO] [stderr]    Compiling ctor v0.1.26
[INFO] [stderr]    Compiling tracing-attributes v0.1.23
[INFO] [stderr]    Compiling tracing-log v0.1.3
[INFO] [stderr]    Compiling kv-log-macro v1.0.7
[INFO] [stderr]    Compiling tracing v0.1.37
[INFO] [stderr]    Compiling tracing-subscriber v0.3.16
[INFO] [stderr]    Compiling async-global-executor v2.3.1
[INFO] [stderr]    Compiling async-std v1.12.0
[INFO] [stderr]    Compiling ohkami_macros v0.2.0
[INFO] [stderr]    Compiling ohkami v0.8.3 (/opt/rustwide/workdir)
[INFO] [stderr]     Finished dev [unoptimized + debuginfo] target(s) in 16.79s
[INFO] running `Command { std: "docker" "inspect" "fd76ff308f14aa756c378d339e51c1c7af7ad21593168315958e503fe41198e1", kill_on_drop: false }`
[INFO] running `Command { std: "docker" "rm" "-f" "fd76ff308f14aa756c378d339e51c1c7af7ad21593168315958e503fe41198e1", kill_on_drop: false }`
[INFO] [stdout] fd76ff308f14aa756c378d339e51c1c7af7ad21593168315958e503fe41198e1
[INFO] running `Command { std: "docker" "create" "-v" "/var/lib/crater-agent-workspace/builds/worker-5-tc1/target:/opt/rustwide/target:rw,Z" "-v" "/var/lib/crater-agent-workspace/builds/worker-5-tc1/source:/opt/rustwide/workdir:ro,Z" "-v" "/var/lib/crater-agent-workspace/cargo-home:/opt/rustwide/cargo-home:ro,Z" "-v" "/var/lib/crater-agent-workspace/rustup-home:/opt/rustwide/rustup-home:ro,Z" "-e" "SOURCE_DIR=/opt/rustwide/workdir" "-e" "CARGO_TARGET_DIR=/opt/rustwide/target" "-e" "CARGO_INCREMENTAL=0" "-e" "RUST_BACKTRACE=full" "-e" "RUSTFLAGS=--cap-lints=warn" "-e" "RUSTDOCFLAGS=--cap-lints=warn" "-e" "CARGO_HOME=/opt/rustwide/cargo-home" "-e" "RUSTUP_HOME=/opt/rustwide/rustup-home" "-w" "/opt/rustwide/workdir" "-m" "1610612736" "--user" "0:0" "--network" "none" "ghcr.io/rust-lang/crates-build-env/linux@sha256:5ff2268d62e97bff2cde7d5815dd6ed5b47097566f13b8d0ca110b04b60e07ed" "/opt/rustwide/cargo-home/bin/cargo" "+1.69.0" "test" "--frozen" "--no-run" "--message-format=json", kill_on_drop: false }`
[INFO] [stdout] 2fcc55fb33aa61c9a69ebfefa7ffcf9ede8eac03d9823f96b16a989bf5c3b442
[INFO] running `Command { std: "docker" "start" "-a" "2fcc55fb33aa61c9a69ebfefa7ffcf9ede8eac03d9823f96b16a989bf5c3b442", kill_on_drop: false }`
[INFO] [stderr]    Compiling ohkami v0.8.3 (/opt/rustwide/workdir)
[INFO] [stderr]     Finished test [unoptimized + debuginfo] target(s) in 2.36s
[INFO] running `Command { std: "docker" "inspect" "2fcc55fb33aa61c9a69ebfefa7ffcf9ede8eac03d9823f96b16a989bf5c3b442", kill_on_drop: false }`
[INFO] running `Command { std: "docker" "rm" "-f" "2fcc55fb33aa61c9a69ebfefa7ffcf9ede8eac03d9823f96b16a989bf5c3b442", kill_on_drop: false }`
[INFO] [stdout] 2fcc55fb33aa61c9a69ebfefa7ffcf9ede8eac03d9823f96b16a989bf5c3b442
[INFO] running `Command { std: "docker" "create" "-v" "/var/lib/crater-agent-workspace/builds/worker-5-tc1/target:/opt/rustwide/target:rw,Z" "-v" "/var/lib/crater-agent-workspace/builds/worker-5-tc1/source:/opt/rustwide/workdir:ro,Z" "-v" "/var/lib/crater-agent-workspace/cargo-home:/opt/rustwide/cargo-home:ro,Z" "-v" "/var/lib/crater-agent-workspace/rustup-home:/opt/rustwide/rustup-home:ro,Z" "-e" "SOURCE_DIR=/opt/rustwide/workdir" "-e" "CARGO_TARGET_DIR=/opt/rustwide/target" "-e" "CARGO_INCREMENTAL=0" "-e" "RUST_BACKTRACE=full" "-e" "RUSTFLAGS=--cap-lints=warn" "-e" "RUSTDOCFLAGS=--cap-lints=warn" "-e" "CARGO_HOME=/opt/rustwide/cargo-home" "-e" "RUSTUP_HOME=/opt/rustwide/rustup-home" "-w" "/opt/rustwide/workdir" "-m" "1610612736" "--user" "0:0" "--network" "none" "ghcr.io/rust-lang/crates-build-env/linux@sha256:5ff2268d62e97bff2cde7d5815dd6ed5b47097566f13b8d0ca110b04b60e07ed" "/opt/rustwide/cargo-home/bin/cargo" "+1.69.0" "test" "--frozen", kill_on_drop: false }`
[INFO] [stdout] 9cb5982fddeb89189671df1dc39a869ac17c9c4855bd0f3385db09d490c41450
[INFO] running `Command { std: "docker" "start" "-a" "9cb5982fddeb89189671df1dc39a869ac17c9c4855bd0f3385db09d490c41450", kill_on_drop: false }`
[INFO] [stderr]     Finished test [unoptimized + debuginfo] target(s) in 0.13s
[INFO] [stderr]      Running unittests src/lib.rs (/opt/rustwide/target/debug/deps/ohkami-208dde1afa5fdea9)
[INFO] [stdout] 
[INFO] [stdout] running 12 tests
[INFO] [stdout] test handler::test::different_signature_handlers ... ok
[INFO] [stdout] test server::test::basic_use ... ok
[INFO] [stdout] test handler::test::handle_payload ... ok
[INFO] [stdout] test context::test::how_str_as_ptr_works ... ok
[INFO] [stdout] test setting::middleware::test::server ... ok
[INFO] [stdout] test utils::string::test::test_unescaped ... ok
[INFO] [stdout] test utils::validation::test::how_str_split_works ... ok
[INFO] [stdout] test context::store::test::use_store ... ok
[INFO] [stdout] test utils::validation::test::validate_bad_request_paths ... ok
[INFO] [stdout] test utils::validation::test::validate_bad_middleware_routes ... ok
[INFO] [stdout] test utils::validation::test::validate_ok_request_paths ... ok
[INFO] [stdout] test utils::validation::test::validate_ok_middleware_routes ... ok
[INFO] [stdout] 
[INFO] [stdout] test result: ok. 12 passed; 0 failed; 0 ignored; 0 measured; 0 filtered out; finished in 0.05s
[INFO] [stdout] 
[INFO] [stderr]    Doc-tests ohkami
[INFO] [stdout] 
[INFO] [stdout] running 11 tests
[INFO] [stdout] test src/setting/config.rs - setting::config::Config (line 17) - compile ... FAILED
[INFO] [stdout] test src/context.rs - context::RequestContext::query (line 157) - compile ... FAILED
[INFO] [stdout] test src/response.rs - response::Response::error_context (line 32) - compile ... FAILED
[INFO] [stdout] test src/server.rs - server::Ohkami::GET (line 133) - compile ... FAILED
[INFO] [stdout] test src/server.rs - server::Ohkami::DELETE (line 187) - compile ... FAILED
[INFO] [stdout] test src/server.rs - server::Ohkami::PATCH (line 169) - compile ... FAILED
[INFO] [stdout] test src/server.rs - server::Ohkami::POST (line 151) - compile ... FAILED
[INFO] [stdout] test src/server.rs - server::Ohkami::route (line 232) - compile ... FAILED
[INFO] [stdout] test src/result.rs - result::ElseResponseWithErr::_else (line 51) - compile ... FAILED
[INFO] [stdout] test src/result.rs - result::ElseResponse::_else (line 23) - compile ... FAILED
[INFO] [stdout] test src/setting/config.rs - setting::config::Config (line 13) - compile ... FAILED
[INFO] [stdout] 
[INFO] [stdout] failures:
[INFO] [stdout] 
[INFO] [stdout] ---- src/setting/config.rs - setting::config::Config (line 17) stdout ----
[INFO] [stdout] error[E0422]: cannot find struct, variant or union type `Config` in this scope
[INFO] [stdout]  --> src/setting/config.rs:19:18
[INFO] [stdout]   |
[INFO] [stdout] 3 |     let config = Config {
[INFO] [stdout]   |                  ^^^^^^ not found in this scope
[INFO] [stdout]   |
[INFO] [stdout] help: consider importing this struct
[INFO] [stdout]   |
[INFO] [stdout] 2 | use ohkami::prelude::Config;
[INFO] [stdout]   |
[INFO] [stdout] 
[INFO] [stdout] error[E0107]: enum takes 2 generic arguments but 1 generic argument was supplied
[INFO] [stdout]  --> src/setting/config.rs:18:14
[INFO] [stdout]   |
[INFO] [stdout] 2 | fn main() -> Result<()> {
[INFO] [stdout]   |              ^^^^^^ -- supplied 1 generic argument
[INFO] [stdout]   |              |
[INFO] [stdout]   |              expected 2 generic arguments
[INFO] [stdout]   |
[INFO] [stdout] help: add missing generic argument
[INFO] [stdout]   |
[INFO] [stdout] 2 | fn main() -> Result<(), E> {
[INFO] [stdout]   |                       +++
[INFO] [stdout] 
[INFO] [stdout] error: aborting due to 2 previous errors
[INFO] [stdout] 
[INFO] [stdout] Some errors have detailed explanations: E0107, E0422.
[INFO] [stdout] For more information about an error, try `rustc --explain E0107`.
[INFO] [stdout] Couldn't compile the test.
[INFO] [stdout] ---- src/context.rs - context::RequestContext::query (line 157) stdout ----
[INFO] [stdout] error[E0425]: cannot find value `ctx` in this scope
[INFO] [stdout]  --> src/context.rs:158:13
[INFO] [stdout]   |
[INFO] [stdout] 3 | let count = ctx.query("count")?;
[INFO] [stdout]   |             ^^^ not found in this scope
[INFO] [stdout] 
[INFO] [stdout] error: aborting due to previous error
[INFO] [stdout] 
[INFO] [stdout] For more information about this error, try `rustc --explain E0425`.
[INFO] [stdout] Couldn't compile the test.
[INFO] [stdout] ---- src/response.rs - response::Response::error_context (line 32) stdout ----
[INFO] [stdout] error[E0425]: cannot find value `ctx` in this scope
[INFO] [stdout]  --> src/response.rs:33:22
[INFO] [stdout]   |
[INFO] [stdout] 3 | let requested_user = ctx.body::<User>()
[INFO] [stdout]   |                      ^^^ not found in this scope
[INFO] [stdout] 
[INFO] [stdout] error[E0412]: cannot find type `User` in this scope
[INFO] [stdout]  --> src/response.rs:33:33
[INFO] [stdout]   |
[INFO] [stdout] 3 | let requested_user = ctx.body::<User>()
[INFO] [stdout]   |                                 ^^^^ not found in this scope
[INFO] [stdout]   |
[INFO] [stdout] help: you might be missing a type parameter
[INFO] [stdout]   |
[INFO] [stdout] 2 | fn main() { #[allow(non_snake_case)] fn _doctest_main_src_response_rs_32_0<User>() {
[INFO] [stdout]   |                                                                           ++++++
[INFO] [stdout] 
[INFO] [stdout] error: aborting due to 2 previous errors
[INFO] [stdout] 
[INFO] [stdout] Some errors have detailed explanations: E0412, E0425.
[INFO] [stdout] For more information about an error, try `rustc --explain E0412`.
[INFO] [stdout] Couldn't compile the test.
[INFO] [stdout] ---- src/server.rs - server::Ohkami::GET (line 133) stdout ----
[INFO] [stdout] error[E0433]: failed to resolve: use of undeclared type `Ohkami`
[INFO] [stdout]  --> src/server.rs:134:1
[INFO] [stdout]   |
[INFO] [stdout] 3 | Ohkami::setup()
[INFO] [stdout]   | ^^^^^^ use of undeclared type `Ohkami`
[INFO] [stdout]   |
[INFO] [stdout] help: consider importing this struct
[INFO] [stdout]   |
[INFO] [stdout] 2 | use ohkami::prelude::Ohkami;
[INFO] [stdout]   |
[INFO] [stdout] 
[INFO] [stdout] error[E0425]: cannot find value `handler` in this scope
[INFO] [stdout]  --> src/server.rs:135:28
[INFO] [stdout]   |
[INFO] [stdout] 4 |     .GET("/api/users/:id", handler)
[INFO] [stdout]   |                            ^^^^^^^ not found in this scope
[INFO] [stdout] 
[INFO] [stdout] error: aborting due to 2 previous errors
[INFO] [stdout] 
[INFO] [stdout] Some errors have detailed explanations: E0425, E0433.
[INFO] [stdout] For more information about an error, try `rustc --explain E0425`.
[INFO] [stdout] Couldn't compile the test.
[INFO] [stdout] ---- src/server.rs - server::Ohkami::DELETE (line 187) stdout ----
[INFO] [stdout] error[E0425]: cannot find value `handler` in this scope
[INFO] [stdout]  --> src/server.rs:189:31
[INFO] [stdout]   |
[INFO] [stdout] 4 |     .DELETE("/api/users/:id", handler)
[INFO] [stdout]   |                               ^^^^^^^ not found in this scope
[INFO] [stdout] 
[INFO] [stdout] error[E0433]: failed to resolve: use of undeclared type `Server`
[INFO] [stdout]  --> src/server.rs:188:1
[INFO] [stdout]   |
[INFO] [stdout] 3 | Server::setup()
[INFO] [stdout]   | ^^^^^^ use of undeclared type `Server`
[INFO] [stdout]   |
[INFO] [stdout] help: there is an enum variant `ohkami::prelude::Header::Server`; try using the variant's enum
[INFO] [stdout]   |
[INFO] [stdout] 3 | ohkami::prelude::Header()
[INFO] [stdout]   | ~~~~~~~~~~~~~~~~~~~~~~~
[INFO] [stdout] 
[INFO] [stdout] error: aborting due to 2 previous errors
[INFO] [stdout] 
[INFO] [stdout] Some errors have detailed explanations: E0425, E0433.
[INFO] [stdout] For more information about an error, try `rustc --explain E0425`.
[INFO] [stdout] Couldn't compile the test.
[INFO] [stdout] ---- src/server.rs - server::Ohkami::PATCH (line 169) stdout ----
[INFO] [stdout] error[E0425]: cannot find value `handler` in this scope
[INFO] [stdout]  --> src/server.rs:171:30
[INFO] [stdout]   |
[INFO] [stdout] 4 |     .PATCH("/api/users/:id", handler)
[INFO] [stdout]   |                              ^^^^^^^ not found in this scope
[INFO] [stdout] 
[INFO] [stdout] error[E0433]: failed to resolve: use of undeclared type `Server`
[INFO] [stdout]  --> src/server.rs:170:1
[INFO] [stdout]   |
[INFO] [stdout] 3 | Server::setup()
[INFO] [stdout]   | ^^^^^^ use of undeclared type `Server`
[INFO] [stdout]   |
[INFO] [stdout] help: there is an enum variant `ohkami::prelude::Header::Server`; try using the variant's enum
[INFO] [stdout]   |
[INFO] [stdout] 3 | ohkami::prelude::Header()
[INFO] [stdout]   | ~~~~~~~~~~~~~~~~~~~~~~~
[INFO] [stdout] 
[INFO] [stdout] error: aborting due to 2 previous errors
[INFO] [stdout] 
[INFO] [stdout] Some errors have detailed explanations: E0425, E0433.
[INFO] [stdout] For more information about an error, try `rustc --explain E0425`.
[INFO] [stdout] Couldn't compile the test.
[INFO] [stdout] ---- src/server.rs - server::Ohkami::POST (line 151) stdout ----
[INFO] [stdout] error[E0433]: failed to resolve: use of undeclared type `Ohkami`
[INFO] [stdout]  --> src/server.rs:152:1
[INFO] [stdout]   |
[INFO] [stdout] 3 | Ohkami::setup()
[INFO] [stdout]   | ^^^^^^ use of undeclared type `Ohkami`
[INFO] [stdout]   |
[INFO] [stdout] help: consider importing this struct
[INFO] [stdout]   |
[INFO] [stdout] 2 | use ohkami::prelude::Ohkami;
[INFO] [stdout]   |
[INFO] [stdout] 
[INFO] [stdout] error[E0425]: cannot find value `handler` in this scope
[INFO] [stdout]  --> src/server.rs:153:29
[INFO] [stdout]   |
[INFO] [stdout] 4 |     .POST("/api/users/:id", handler)
[INFO] [stdout]   |                             ^^^^^^^ not found in this scope
[INFO] [stdout] 
[INFO] [stdout] error: aborting due to 2 previous errors
[INFO] [stdout] 
[INFO] [stdout] Some errors have detailed explanations: E0425, E0433.
[INFO] [stdout] For more information about an error, try `rustc --explain E0425`.
[INFO] [stdout] Couldn't compile the test.
[INFO] [stdout] ---- src/server.rs - server::Ohkami::route (line 232) stdout ----
[INFO] [stdout] error[E0573]: expected type, found derive macro `JSON`
[INFO] [stdout]   --> src/server.rs:250:27
[INFO] [stdout]    |
[INFO] [stdout] 20 | async fn reflect(payload: JSON<User>) -> Result<Response> {
[INFO] [stdout]    |                           ^^^^^^^^^^ not a type
[INFO] [stdout]    |
[INFO] [stdout] help: consider importing this trait instead
[INFO] [stdout]    |
[INFO] [stdout] 3  | use ohkami::components::json::JSON;
[INFO] [stdout]    |
[INFO] [stdout] 
[INFO] [stdout] error[E0412]: cannot find type `User` in this scope
[INFO] [stdout]   --> src/server.rs:250:32
[INFO] [stdout]    |
[INFO] [stdout] 20 | async fn reflect(payload: JSON<User>) -> Result<Response> {
[INFO] [stdout]    |                                ^^^^ not found in this scope
[INFO] [stdout]    |
[INFO] [stdout] help: you might be missing a type parameter
[INFO] [stdout]    |
[INFO] [stdout] 20 | async fn reflect<User>(payload: JSON<User>) -> Result<Response> {
[INFO] [stdout]    |                 ++++++
[INFO] [stdout] 
[INFO] [stdout] error[E0308]: mismatched types
[INFO] [stdout]   --> src/server.rs:246:42
[INFO] [stdout]    |
[INFO] [stdout] 16 |   async fn hello_api() -> Result<Response> {
[INFO] [stdout]    |  __________________________________________^
[INFO] [stdout] 17 | |     /* --- */
[INFO] [stdout] 18 | | }
[INFO] [stdout]    | |_^ expected `Result<Response, Response>`, found `()`
[INFO] [stdout]    |
[INFO] [stdout]    = note:   expected enum `std::result::Result<ohkami::response::Response, ohkami::response::Response>`
[INFO] [stdout]            found unit type `()`
[INFO] [stdout] 
[INFO] [stdout] error[E0308]: mismatched types
[INFO] [stdout]   --> src/server.rs:250:59
[INFO] [stdout]    |
[INFO] [stdout] 20 |   async fn reflect(payload: JSON<User>) -> Result<Response> {
[INFO] [stdout]    |  ___________________________________________________________^
[INFO] [stdout] 21 | |     /* --- */
[INFO] [stdout] 22 | | }
[INFO] [stdout]    | |_^ expected `Result<Response, Response>`, found `()`
[INFO] [stdout]    |
[INFO] [stdout]    = note:   expected enum `std::result::Result<ohkami::response::Response, ohkami::response::Response>`
[INFO] [stdout]            found unit type `()`
[INFO] [stdout] 
[INFO] [stdout] error[E0282]: type annotations needed
[INFO] [stdout]   --> src/server.rs:241:28
[INFO] [stdout]    |
[INFO] [stdout] 11 |             GET(hello_api).POST(reflect)
[INFO] [stdout]    |                            ^^^^ cannot infer type of the type parameter `P` declared on the method `POST`
[INFO] [stdout]    |
[INFO] [stdout] help: consider specifying the generic arguments
[INFO] [stdout]    |
[INFO] [stdout] 11 |             GET(hello_api).POST::<_, P>(reflect)
[INFO] [stdout]    |                                ++++++++
[INFO] [stdout] 
[INFO] [stdout] error[E0283]: type annotations needed
[INFO] [stdout]   --> src/server.rs:241:28
[INFO] [stdout]    |
[INFO] [stdout] 11 |             GET(hello_api).POST(reflect)
[INFO] [stdout]    |                            ^^^^ cannot infer type of the type parameter `P` declared on the method `POST`
[INFO] [stdout]    |
[INFO] [stdout]    = note: multiple `impl`s satisfying `fn([type error]) -> impl Future<Output = std::result::Result<ohkami::response::Response, ohkami::response::Response>> {reflect}: ohkami::handler::Handler<_>` found in the `ohkami` crate:
[INFO] [stdout]            - impl<F, Fut> ohkami::handler::Handler<String> for F
[INFO] [stdout]              where <F as FnOnce<(String,)>>::Output == Fut, <Fut as Future>::Output == std::result::Result<ohkami::response::Response, ohkami::response::Response>, F: Fn<(String,)>, F: Send, F: Sync, F: 'static, Fut: Future, Fut: Send, Fut: 'static;
[INFO] [stdout]            - impl<F, Fut> ohkami::handler::Handler<i32> for F
[INFO] [stdout]              where <F as FnOnce<(i32,)>>::Output == Fut, <Fut as Future>::Output == std::result::Result<ohkami::response::Response, ohkami::response::Response>, F: Fn<(i32,)>, F: Send, F: Sync, F: 'static, Fut: Future, Fut: Send, Fut: 'static;
[INFO] [stdout]            - impl<F, Fut> ohkami::handler::Handler<i64> for F
[INFO] [stdout]              where <F as FnOnce<(i64,)>>::Output == Fut, <Fut as Future>::Output == std::result::Result<ohkami::response::Response, ohkami::response::Response>, F: Fn<(i64,)>, F: Send, F: Sync, F: 'static, Fut: Future, Fut: Send, Fut: 'static;
[INFO] [stdout]            - impl<F, Fut> ohkami::handler::Handler<ohkami::context::Context> for F
[INFO] [stdout]              where <F as FnOnce<(ohkami::context::Context,)>>::Output == Fut, <Fut as Future>::Output == std::result::Result<ohkami::response::Response, ohkami::response::Response>, F: Fn<(ohkami::context::Context,)>, F: Send, F: Sync, F: 'static, Fut: Future, Fut: Send, Fut: 'static;
[INFO] [stdout]            - impl<F, Fut> ohkami::handler::Handler<u64> for F
[INFO] [stdout]              where <F as FnOnce<(u64,)>>::Output == Fut, <Fut as Future>::Output == std::result::Result<ohkami::response::Response, ohkami::response::Response>, F: Fn<(u64,)>, F: Send, F: Sync, F: 'static, Fut: Future, Fut: Send, Fut: 'static;
[INFO] [stdout]            - impl<F, Fut> ohkami::handler::Handler<usize> for F
[INFO] [stdout]              where <F as FnOnce<(usize,)>>::Output == Fut, <Fut as Future>::Output == std::result::Result<ohkami::response::Response, ohkami::response::Response>, F: Fn<(usize,)>, F: Send, F: Sync, F: 'static, Fut: Future, Fut: Send, Fut: 'static;
[INFO] [stdout] note: required by a bound in `HandlerGroup::POST`
[INFO] [stdout]   --> /opt/rustwide/workdir/src/handler/group.rs:21:20
[INFO] [stdout]    |
[INFO] [stdout] 21 |     pub fn POST<H: Handler<P>, P: Param>(mut self, handler: H) -> Self {
[INFO] [stdout]    |                    ^^^^^^^^^^ required by this bound in `HandlerGroup::POST`
[INFO] [stdout] help: consider specifying the generic arguments
[INFO] [stdout]    |
[INFO] [stdout] 11 |             GET(hello_api).POST::<_, P>(reflect)
[INFO] [stdout]    |                                ++++++++
[INFO] [stdout] 
[INFO] [stdout] error: aborting due to 6 previous errors
[INFO] [stdout] 
[INFO] [stdout] Some errors have detailed explanations: E0282, E0283, E0308, E0412, E0573.
[INFO] [stdout] For more information about an error, try `rustc --explain E0282`.
[INFO] [stdout] Couldn't compile the test.
[INFO] [stdout] ---- src/result.rs - result::ElseResponseWithErr::_else (line 51) stdout ----
[INFO] [stdout] error: expected expression, found `.`
[INFO] [stdout]   --> src/result.rs:62:5
[INFO] [stdout]    |
[INFO] [stdout] 13 |     ._else(|_| Response::InternalServerError(None))?;
[INFO] [stdout]    |     ^ expected expression
[INFO] [stdout] 
[INFO] [stdout] error[E0425]: cannot find value `ctx` in this scope
[INFO] [stdout]  --> src/result.rs:52:12
[INFO] [stdout]   |
[INFO] [stdout] 3 | let user = ctx.body::<User>()?;
[INFO] [stdout]   |            ^^^ not found in this scope
[INFO] [stdout] 
[INFO] [stdout] error[E0412]: cannot find type `User` in this scope
[INFO] [stdout]  --> src/result.rs:52:23
[INFO] [stdout]   |
[INFO] [stdout] 3 | let user = ctx.body::<User>()?;
[INFO] [stdout]   |                       ^^^^ not found in this scope
[INFO] [stdout]   |
[INFO] [stdout] help: you might be missing a type parameter
[INFO] [stdout]   |
[INFO] [stdout] 2 | fn main() { #[allow(non_snake_case)] fn _doctest_main_src_result_rs_51_0<User>() {
[INFO] [stdout]   |                                                                         ++++++
[INFO] [stdout] 
[INFO] [stdout] error[E0425]: cannot find value `ctx` in this scope
[INFO] [stdout]  --> src/result.rs:55:12
[INFO] [stdout]   |
[INFO] [stdout] 6 | let user = ctx.body::<User>()
[INFO] [stdout]   |            ^^^ not found in this scope
[INFO] [stdout] 
[INFO] [stdout] error[E0412]: cannot find type `User` in this scope
[INFO] [stdout]  --> src/result.rs:55:23
[INFO] [stdout]   |
[INFO] [stdout] 6 | let user = ctx.body::<User>()
[INFO] [stdout]   |                       ^^^^ not found in this scope
[INFO] [stdout]   |
[INFO] [stdout] help: you might be missing a type parameter
[INFO] [stdout]   |
[INFO] [stdout] 2 | fn main() { #[allow(non_snake_case)] fn _doctest_main_src_result_rs_51_0<User>() {
[INFO] [stdout]   |                                                                         ++++++
[INFO] [stdout] 
[INFO] [stdout] error[E0425]: cannot find value `ctx` in this scope
[INFO] [stdout]   --> src/result.rs:59:12
[INFO] [stdout]    |
[INFO] [stdout] 10 | let user = ctx.body::<User>()
[INFO] [stdout]    |            ^^^ not found in this scope
[INFO] [stdout] 
[INFO] [stdout] error[E0412]: cannot find type `User` in this scope
[INFO] [stdout]   --> src/result.rs:59:23
[INFO] [stdout]    |
[INFO] [stdout] 10 | let user = ctx.body::<User>()
[INFO] [stdout]    |                       ^^^^ not found in this scope
[INFO] [stdout]    |
[INFO] [stdout] help: you might be missing a type parameter
[INFO] [stdout]    |
[INFO] [stdout] 2  | fn main() { #[allow(non_snake_case)] fn _doctest_main_src_result_rs_51_0<User>() {
[INFO] [stdout]    |                                                                         ++++++
[INFO] [stdout] 
[INFO] [stdout] error[E0433]: failed to resolve: use of undeclared type `Response`
[INFO] [stdout]   --> src/result.rs:60:16
[INFO] [stdout]    |
[INFO] [stdout] 11 |     ._else(|_| Response::InternalServerError("can't get user"))?;
[INFO] [stdout]    |                ^^^^^^^^ use of undeclared type `Response`
[INFO] [stdout]    |
[INFO] [stdout] help: consider importing this struct
[INFO] [stdout]    |
[INFO] [stdout] 2  | use ohkami::prelude::Response;
[INFO] [stdout]    |
[INFO] [stdout] 
[INFO] [stdout] error: aborting due to 8 previous errors
[INFO] [stdout] 
[INFO] [stdout] Some errors have detailed explanations: E0412, E0425, E0433.
[INFO] [stdout] For more information about an error, try `rustc --explain E0412`.
[INFO] [stdout] Couldn't compile the test.
[INFO] [stdout] ---- src/result.rs - result::ElseResponse::_else (line 23) stdout ----
[INFO] [stdout] error: expected expression, found `.`
[INFO] [stdout]  --> src/result.rs:29:5
[INFO] [stdout]   |
[INFO] [stdout] 8 |     ._else(|| Response::BadRequest(None))?;
[INFO] [stdout]   |     ^ expected expression
[INFO] [stdout] 
[INFO] [stdout] error[E0424]: expected value, found module `self`
[INFO] [stdout]  --> src/result.rs:24:15
[INFO] [stdout]   |
[INFO] [stdout] 2 | fn main() { #[allow(non_snake_case)] fn _doctest_main_src_result_rs_23_0() {
[INFO] [stdout]   |                                         -------------------------------- this function can't have a `self` parameter
[INFO] [stdout] 3 | let handler = self.handler.as_ref()._else(|| Response::NotFound(None))?;
[INFO] [stdout]   |               ^^^^ `self` value is a keyword only available in methods with a `self` parameter
[INFO] [stdout] 
[INFO] [stdout] error[E0433]: failed to resolve: use of undeclared type `Response`
[INFO] [stdout]  --> src/result.rs:24:46
[INFO] [stdout]   |
[INFO] [stdout] 3 | let handler = self.handler.as_ref()._else(|| Response::NotFound(None))?;
[INFO] [stdout]   |                                              ^^^^^^^^ use of undeclared type `Response`
[INFO] [stdout]   |
[INFO] [stdout] help: consider importing this struct
[INFO] [stdout]   |
[INFO] [stdout] 2 | use ohkami::prelude::Response;
[INFO] [stdout]   |
[INFO] [stdout] 
[INFO] [stdout] error[E0425]: cannot find value `count` in this scope
[INFO] [stdout]  --> src/result.rs:26:2
[INFO] [stdout]   |
[INFO] [stdout] 5 | (count < 10)
[INFO] [stdout]   |  ^^^^^ not found in this scope
[INFO] [stdout] 
[INFO] [stdout] error[E0433]: failed to resolve: use of undeclared type `Response`
[INFO] [stdout]  --> src/result.rs:27:15
[INFO] [stdout]   |
[INFO] [stdout] 6 |     ._else(|| Response::BadRequest("`count` must be less than 10"))?;
[INFO] [stdout]   |               ^^^^^^^^ use of undeclared type `Response`
[INFO] [stdout]   |
[INFO] [stdout] help: consider importing this struct
[INFO] [stdout]   |
[INFO] [stdout] 2 | use ohkami::prelude::Response;
[INFO] [stdout]   |
[INFO] [stdout] 
[INFO] [stdout] error[E0599]: no method named `_else` found for type `bool` in the current scope
[INFO] [stdout]   --> src/result.rs:27:6
[INFO] [stdout]    |
[INFO] [stdout] 5  | / (count < 10)
[INFO] [stdout] 6  | |     ._else(|| Response::BadRequest("`count` must be less than 10"))?;
[INFO] [stdout]    | |     -^^^^^ method not found in `bool`
[INFO] [stdout]    | |_____|
[INFO] [stdout]    | 
[INFO] [stdout]    |
[INFO] [stdout]   ::: /opt/rustwide/workdir/src/result.rs:31:8
[INFO] [stdout]    |
[INFO] [stdout] 31 |       fn _else<F: FnOnce() -> Response>(self, err: F) -> Result<Self::Expect>;
[INFO] [stdout]    |          ----- the method is available for `bool` here
[INFO] [stdout]    |
[INFO] [stdout]    = help: items from traits can only be used if the trait is in scope
[INFO] [stdout] help: the following trait is implemented but not in scope; perhaps add a `use` for it:
[INFO] [stdout]    |
[INFO] [stdout] 2  | use ohkami::result::ElseResponse;
[INFO] [stdout]    |
[INFO] [stdout] 
[INFO] [stdout] error: aborting due to 6 previous errors
[INFO] [stdout] 
[INFO] [stdout] Some errors have detailed explanations: E0424, E0425, E0433, E0599.
[INFO] [stdout] For more information about an error, try `rustc --explain E0424`.
[INFO] [stdout] Couldn't compile the test.
[INFO] [stdout] ---- src/setting/config.rs - setting::config::Config (line 13) stdout ----
[INFO] [stdout] error[E0308]: mismatched types
[INFO] [stdout]  --> src/setting/config.rs:14:1
[INFO] [stdout]   |
[INFO] [stdout] 3 | Some(tracing_subscriber::fmt().with_max_level(tracing::Level::DEBUG))
[INFO] [stdout]   | ^^^^^^^^^^^^^^^^^^^^^^^^^^^^^^^^^^^^^^^^^^^^^^^^^^^^^^^^^^^^^^^^^^^^^ expected `()`, found `Option<SubscriberBuilder>`
[INFO] [stdout]   |
[INFO] [stdout]   = note: expected unit type `()`
[INFO] [stdout]                   found enum `Option<SubscriberBuilder>`
[INFO] [stdout] help: consider using a semicolon here
[INFO] [stdout]   |
[INFO] [stdout] 3 | Some(tracing_subscriber::fmt().with_max_level(tracing::Level::DEBUG));
[INFO] [stdout]   |                                                                      +
[INFO] [stdout] help: try adding a return type
[INFO] [stdout]   |
[INFO] [stdout] 2 | fn main() { #[allow(non_snake_case)] fn _doctest_main_src_setting_config_rs_13_0() -> Option<SubscriberBuilder> {
[INFO] [stdout]   |                                                                                    ++++++++++++++++++++++++++++
[INFO] [stdout] 
[INFO] [stdout] error: aborting due to previous error
[INFO] [stdout] 
[INFO] [stdout] For more information about this error, try `rustc --explain E0308`.
[INFO] [stdout] Couldn't compile the test.
[INFO] [stdout] 
[INFO] [stdout] failures:
[INFO] [stdout]     src/context.rs - context::RequestContext::query (line 157)
[INFO] [stdout]     src/response.rs - response::Response::error_context (line 32)
[INFO] [stdout]     src/result.rs - result::ElseResponse::_else (line 23)
[INFO] [stdout]     src/result.rs - result::ElseResponseWithErr::_else (line 51)
[INFO] [stdout]     src/server.rs - server::Ohkami::DELETE (line 187)
[INFO] [stdout]     src/server.rs - server::Ohkami::GET (line 133)
[INFO] [stdout]     src/server.rs - server::Ohkami::PATCH (line 169)
[INFO] [stdout]     src/server.rs - server::Ohkami::POST (line 151)
[INFO] [stdout]     src/server.rs - server::Ohkami::route (line 232)
[INFO] [stdout]     src/setting/config.rs - setting::config::Config (line 13)
[INFO] [stdout]     src/setting/config.rs - setting::config::Config (line 17)
[INFO] [stdout] 
[INFO] [stdout] test result: FAILED. 0 passed; 11 failed; 0 ignored; 0 measured; 0 filtered out; finished in 0.21s
[INFO] [stdout] 
[INFO] [stderr] error: doctest failed, to rerun pass `--doc`
[INFO] running `Command { std: "docker" "inspect" "9cb5982fddeb89189671df1dc39a869ac17c9c4855bd0f3385db09d490c41450", kill_on_drop: false }`
[INFO] running `Command { std: "docker" "rm" "-f" "9cb5982fddeb89189671df1dc39a869ac17c9c4855bd0f3385db09d490c41450", kill_on_drop: false }`
[INFO] [stdout] 9cb5982fddeb89189671df1dc39a869ac17c9c4855bd0f3385db09d490c41450
