[INFO] fetching crate ohash 0.1.0...
[INFO] testing ohash-0.1.0 against 1.69.0 for beta-1.70-1
[INFO] extracting crate ohash 0.1.0 into /workspace/builds/worker-1-tc1/source
[INFO] validating manifest of crates.io crate ohash 0.1.0 on toolchain 1.69.0
[INFO] running `Command { std: CARGO_HOME="/workspace/cargo-home" RUSTUP_HOME="/workspace/rustup-home" "/workspace/cargo-home/bin/cargo" "+1.69.0" "metadata" "--manifest-path" "Cargo.toml" "--no-deps", kill_on_drop: false }`
[INFO] started tweaking crates.io crate ohash 0.1.0
[INFO] finished tweaking crates.io crate ohash 0.1.0
[INFO] tweaked toml for crates.io crate ohash 0.1.0 written to /workspace/builds/worker-1-tc1/source/Cargo.toml
[INFO] running `Command { std: CARGO_HOME="/workspace/cargo-home" RUSTUP_HOME="/workspace/rustup-home" __CARGO_TEST_CHANNEL_OVERRIDE_DO_NOT_USE_THIS="nightly" "/workspace/cargo-home/bin/cargo" "+1.69.0" "generate-lockfile" "--manifest-path" "Cargo.toml" "-Zno-index-update", kill_on_drop: false }`
[INFO] running `Command { std: CARGO_HOME="/workspace/cargo-home" RUSTUP_HOME="/workspace/rustup-home" "/workspace/cargo-home/bin/cargo" "+1.69.0" "fetch" "--manifest-path" "Cargo.toml", kill_on_drop: false }`
[INFO] running `Command { std: "docker" "create" "-v" "/var/lib/crater-agent-workspace/builds/worker-1-tc1/target:/opt/rustwide/target:rw,Z" "-v" "/var/lib/crater-agent-workspace/builds/worker-1-tc1/source:/opt/rustwide/workdir:ro,Z" "-v" "/var/lib/crater-agent-workspace/cargo-home:/opt/rustwide/cargo-home:ro,Z" "-v" "/var/lib/crater-agent-workspace/rustup-home:/opt/rustwide/rustup-home:ro,Z" "-e" "SOURCE_DIR=/opt/rustwide/workdir" "-e" "CARGO_TARGET_DIR=/opt/rustwide/target" "-e" "CARGO_HOME=/opt/rustwide/cargo-home" "-e" "RUSTUP_HOME=/opt/rustwide/rustup-home" "-w" "/opt/rustwide/workdir" "-m" "1610612736" "--user" "0:0" "--network" "none" "ghcr.io/rust-lang/crates-build-env/linux@sha256:5ff2268d62e97bff2cde7d5815dd6ed5b47097566f13b8d0ca110b04b60e07ed" "/opt/rustwide/cargo-home/bin/cargo" "+1.69.0" "metadata" "--no-deps" "--format-version=1", kill_on_drop: false }`
[INFO] [stdout] a2280ce48aeb640c237cb21b9f5fb9cc2207afcd2d9b8633ed362889141f2ec6
[INFO] running `Command { std: "docker" "start" "-a" "a2280ce48aeb640c237cb21b9f5fb9cc2207afcd2d9b8633ed362889141f2ec6", kill_on_drop: false }`
[INFO] running `Command { std: "docker" "inspect" "a2280ce48aeb640c237cb21b9f5fb9cc2207afcd2d9b8633ed362889141f2ec6", kill_on_drop: false }`
[INFO] running `Command { std: "docker" "rm" "-f" "a2280ce48aeb640c237cb21b9f5fb9cc2207afcd2d9b8633ed362889141f2ec6", kill_on_drop: false }`
[INFO] [stdout] a2280ce48aeb640c237cb21b9f5fb9cc2207afcd2d9b8633ed362889141f2ec6
[INFO] running `Command { std: "docker" "create" "-v" "/var/lib/crater-agent-workspace/builds/worker-1-tc1/target:/opt/rustwide/target:rw,Z" "-v" "/var/lib/crater-agent-workspace/builds/worker-1-tc1/source:/opt/rustwide/workdir:ro,Z" "-v" "/var/lib/crater-agent-workspace/cargo-home:/opt/rustwide/cargo-home:ro,Z" "-v" "/var/lib/crater-agent-workspace/rustup-home:/opt/rustwide/rustup-home:ro,Z" "-e" "SOURCE_DIR=/opt/rustwide/workdir" "-e" "CARGO_TARGET_DIR=/opt/rustwide/target" "-e" "CARGO_INCREMENTAL=0" "-e" "RUST_BACKTRACE=full" "-e" "RUSTFLAGS=--cap-lints=warn" "-e" "RUSTDOCFLAGS=--cap-lints=warn" "-e" "CARGO_HOME=/opt/rustwide/cargo-home" "-e" "RUSTUP_HOME=/opt/rustwide/rustup-home" "-w" "/opt/rustwide/workdir" "-m" "1610612736" "--user" "0:0" "--network" "none" "ghcr.io/rust-lang/crates-build-env/linux@sha256:5ff2268d62e97bff2cde7d5815dd6ed5b47097566f13b8d0ca110b04b60e07ed" "/opt/rustwide/cargo-home/bin/cargo" "+1.69.0" "build" "--frozen" "--message-format=json", kill_on_drop: false }`
[INFO] [stdout] 2f620bf3c1c99b77147a55d4c68754ce68fd64dae6c2db20f603f02079bc5bcf
[INFO] running `Command { std: "docker" "start" "-a" "2f620bf3c1c99b77147a55d4c68754ce68fd64dae6c2db20f603f02079bc5bcf", kill_on_drop: false }`
[INFO] [stderr]    Compiling ohash v0.1.0 (/opt/rustwide/workdir)
[INFO] [stderr]     Finished dev [unoptimized + debuginfo] target(s) in 0.10s
[INFO] running `Command { std: "docker" "inspect" "2f620bf3c1c99b77147a55d4c68754ce68fd64dae6c2db20f603f02079bc5bcf", kill_on_drop: false }`
[INFO] running `Command { std: "docker" "rm" "-f" "2f620bf3c1c99b77147a55d4c68754ce68fd64dae6c2db20f603f02079bc5bcf", kill_on_drop: false }`
[INFO] [stdout] 2f620bf3c1c99b77147a55d4c68754ce68fd64dae6c2db20f603f02079bc5bcf
[INFO] running `Command { std: "docker" "create" "-v" "/var/lib/crater-agent-workspace/builds/worker-1-tc1/target:/opt/rustwide/target:rw,Z" "-v" "/var/lib/crater-agent-workspace/builds/worker-1-tc1/source:/opt/rustwide/workdir:ro,Z" "-v" "/var/lib/crater-agent-workspace/cargo-home:/opt/rustwide/cargo-home:ro,Z" "-v" "/var/lib/crater-agent-workspace/rustup-home:/opt/rustwide/rustup-home:ro,Z" "-e" "SOURCE_DIR=/opt/rustwide/workdir" "-e" "CARGO_TARGET_DIR=/opt/rustwide/target" "-e" "CARGO_INCREMENTAL=0" "-e" "RUST_BACKTRACE=full" "-e" "RUSTFLAGS=--cap-lints=warn" "-e" "RUSTDOCFLAGS=--cap-lints=warn" "-e" "CARGO_HOME=/opt/rustwide/cargo-home" "-e" "RUSTUP_HOME=/opt/rustwide/rustup-home" "-w" "/opt/rustwide/workdir" "-m" "1610612736" "--user" "0:0" "--network" "none" "ghcr.io/rust-lang/crates-build-env/linux@sha256:5ff2268d62e97bff2cde7d5815dd6ed5b47097566f13b8d0ca110b04b60e07ed" "/opt/rustwide/cargo-home/bin/cargo" "+1.69.0" "test" "--frozen" "--no-run" "--message-format=json", kill_on_drop: false }`
[INFO] [stdout] b875e3916fbb767ca34a5a6b43ca06639268ae722aa2a2664a0fc1f9df3d48fb
[INFO] running `Command { std: "docker" "start" "-a" "b875e3916fbb767ca34a5a6b43ca06639268ae722aa2a2664a0fc1f9df3d48fb", kill_on_drop: false }`
[INFO] [stderr]     Blocking waiting for file lock on package cache
[INFO] [stderr]    Compiling ohash v0.1.0 (/opt/rustwide/workdir)
[INFO] [stderr]     Finished test [unoptimized + debuginfo] target(s) in 0.28s
[INFO] running `Command { std: "docker" "inspect" "b875e3916fbb767ca34a5a6b43ca06639268ae722aa2a2664a0fc1f9df3d48fb", kill_on_drop: false }`
[INFO] running `Command { std: "docker" "rm" "-f" "b875e3916fbb767ca34a5a6b43ca06639268ae722aa2a2664a0fc1f9df3d48fb", kill_on_drop: false }`
[INFO] [stdout] b875e3916fbb767ca34a5a6b43ca06639268ae722aa2a2664a0fc1f9df3d48fb
[INFO] running `Command { std: "docker" "create" "-v" "/var/lib/crater-agent-workspace/builds/worker-1-tc1/target:/opt/rustwide/target:rw,Z" "-v" "/var/lib/crater-agent-workspace/builds/worker-1-tc1/source:/opt/rustwide/workdir:ro,Z" "-v" "/var/lib/crater-agent-workspace/cargo-home:/opt/rustwide/cargo-home:ro,Z" "-v" "/var/lib/crater-agent-workspace/rustup-home:/opt/rustwide/rustup-home:ro,Z" "-e" "SOURCE_DIR=/opt/rustwide/workdir" "-e" "CARGO_TARGET_DIR=/opt/rustwide/target" "-e" "CARGO_INCREMENTAL=0" "-e" "RUST_BACKTRACE=full" "-e" "RUSTFLAGS=--cap-lints=warn" "-e" "RUSTDOCFLAGS=--cap-lints=warn" "-e" "CARGO_HOME=/opt/rustwide/cargo-home" "-e" "RUSTUP_HOME=/opt/rustwide/rustup-home" "-w" "/opt/rustwide/workdir" "-m" "1610612736" "--user" "0:0" "--network" "none" "ghcr.io/rust-lang/crates-build-env/linux@sha256:5ff2268d62e97bff2cde7d5815dd6ed5b47097566f13b8d0ca110b04b60e07ed" "/opt/rustwide/cargo-home/bin/cargo" "+1.69.0" "test" "--frozen", kill_on_drop: false }`
[INFO] [stdout] 8c867066596b1b2c1732696c1691ea5606e1d6a1a85765dd9e683abe964299fe
[INFO] running `Command { std: "docker" "start" "-a" "8c867066596b1b2c1732696c1691ea5606e1d6a1a85765dd9e683abe964299fe", kill_on_drop: false }`
[INFO] [stderr]     Finished test [unoptimized + debuginfo] target(s) in 0.00s
[INFO] [stderr]      Running unittests src/lib.rs (/opt/rustwide/target/debug/deps/ohash-431b858f4b020184)
[INFO] [stdout] 
[INFO] [stdout] running 0 tests
[INFO] [stdout] 
[INFO] [stdout] test result: ok. 0 passed; 0 failed; 0 ignored; 0 measured; 0 filtered out; finished in 0.00s
[INFO] [stdout] 
[INFO] [stderr]    Doc-tests ohash
[INFO] [stdout] 
[INFO] [stdout] running 1 test
[INFO] [stdout] test src/lib.rs - create_hash (line 10) ... FAILED
[INFO] [stdout] 
[INFO] [stdout] failures:
[INFO] [stdout] 
[INFO] [stdout] ---- src/lib.rs - create_hash (line 10) stdout ----
[INFO] [stdout] error[E0432]: unresolved import `media_hasher`
[INFO] [stdout]  --> src/lib.rs:12:5
[INFO] [stdout]   |
[INFO] [stdout] 4 | use media_hasher::{HASH_BLK_SIZE, create_hash};
[INFO] [stdout]   |     ^^^^^^^^^^^^ use of undeclared crate or module `media_hasher`
[INFO] [stdout] 
[INFO] [stdout] error: aborting due to previous error
[INFO] [stdout] 
[INFO] [stdout] For more information about this error, try `rustc --explain E0432`.
[INFO] [stdout] Couldn't compile the test.
[INFO] [stdout] 
[INFO] [stdout] failures:
[INFO] [stdout]     src/lib.rs - create_hash (line 10)
[INFO] [stdout] 
[INFO] [stdout] test result: FAILED. 0 passed; 1 failed; 0 ignored; 0 measured; 0 filtered out; finished in 0.03s
[INFO] [stdout] 
[INFO] [stderr] error: doctest failed, to rerun pass `--doc`
[INFO] running `Command { std: "docker" "inspect" "8c867066596b1b2c1732696c1691ea5606e1d6a1a85765dd9e683abe964299fe", kill_on_drop: false }`
[INFO] running `Command { std: "docker" "rm" "-f" "8c867066596b1b2c1732696c1691ea5606e1d6a1a85765dd9e683abe964299fe", kill_on_drop: false }`
[INFO] [stdout] 8c867066596b1b2c1732696c1691ea5606e1d6a1a85765dd9e683abe964299fe
