[INFO] fetching crate octocrate 0.1.2...
[INFO] testing octocrate-0.1.2 against 1.69.0 for beta-1.70-1
[INFO] extracting crate octocrate 0.1.2 into /workspace/builds/worker-5-tc1/source
[INFO] validating manifest of crates.io crate octocrate 0.1.2 on toolchain 1.69.0
[INFO] running `Command { std: CARGO_HOME="/workspace/cargo-home" RUSTUP_HOME="/workspace/rustup-home" "/workspace/cargo-home/bin/cargo" "+1.69.0" "metadata" "--manifest-path" "Cargo.toml" "--no-deps", kill_on_drop: false }`
[INFO] started tweaking crates.io crate octocrate 0.1.2
[INFO] removed 0 missing examples
[INFO] finished tweaking crates.io crate octocrate 0.1.2
[INFO] tweaked toml for crates.io crate octocrate 0.1.2 written to /workspace/builds/worker-5-tc1/source/Cargo.toml
[INFO] crate crates.io crate octocrate 0.1.2 already has a lockfile, it will not be regenerated
[INFO] running `Command { std: CARGO_HOME="/workspace/cargo-home" RUSTUP_HOME="/workspace/rustup-home" "/workspace/cargo-home/bin/cargo" "+1.69.0" "fetch" "--manifest-path" "Cargo.toml", kill_on_drop: false }`
[INFO] [stderr]  Downloading crates ...
[INFO] [stderr]   Downloaded octocrate-api-builder v0.1.1
[INFO] [stderr]   Downloaded actix-web-codegen v4.2.0
[INFO] [stderr]   Downloaded jsonwebtoken v8.2.0
[INFO] [stderr]   Downloaded octocrate-infra v0.1.0
[INFO] running `Command { std: "docker" "create" "-v" "/var/lib/crater-agent-workspace/builds/worker-5-tc1/target:/opt/rustwide/target:rw,Z" "-v" "/var/lib/crater-agent-workspace/builds/worker-5-tc1/source:/opt/rustwide/workdir:ro,Z" "-v" "/var/lib/crater-agent-workspace/cargo-home:/opt/rustwide/cargo-home:ro,Z" "-v" "/var/lib/crater-agent-workspace/rustup-home:/opt/rustwide/rustup-home:ro,Z" "-e" "SOURCE_DIR=/opt/rustwide/workdir" "-e" "CARGO_TARGET_DIR=/opt/rustwide/target" "-e" "CARGO_HOME=/opt/rustwide/cargo-home" "-e" "RUSTUP_HOME=/opt/rustwide/rustup-home" "-w" "/opt/rustwide/workdir" "-m" "1610612736" "--user" "0:0" "--network" "none" "ghcr.io/rust-lang/crates-build-env/linux@sha256:5ff2268d62e97bff2cde7d5815dd6ed5b47097566f13b8d0ca110b04b60e07ed" "/opt/rustwide/cargo-home/bin/cargo" "+1.69.0" "metadata" "--no-deps" "--format-version=1", kill_on_drop: false }`
[INFO] [stdout] 94e5637aacb54a20cd24dc83c7dcdf472e8f740027f9e0d89965cf1d3a54d1ab
[INFO] running `Command { std: "docker" "start" "-a" "94e5637aacb54a20cd24dc83c7dcdf472e8f740027f9e0d89965cf1d3a54d1ab", kill_on_drop: false }`
[INFO] running `Command { std: "docker" "inspect" "94e5637aacb54a20cd24dc83c7dcdf472e8f740027f9e0d89965cf1d3a54d1ab", kill_on_drop: false }`
[INFO] running `Command { std: "docker" "rm" "-f" "94e5637aacb54a20cd24dc83c7dcdf472e8f740027f9e0d89965cf1d3a54d1ab", kill_on_drop: false }`
[INFO] [stdout] 94e5637aacb54a20cd24dc83c7dcdf472e8f740027f9e0d89965cf1d3a54d1ab
[INFO] running `Command { std: "docker" "create" "-v" "/var/lib/crater-agent-workspace/builds/worker-5-tc1/target:/opt/rustwide/target:rw,Z" "-v" "/var/lib/crater-agent-workspace/builds/worker-5-tc1/source:/opt/rustwide/workdir:ro,Z" "-v" "/var/lib/crater-agent-workspace/cargo-home:/opt/rustwide/cargo-home:ro,Z" "-v" "/var/lib/crater-agent-workspace/rustup-home:/opt/rustwide/rustup-home:ro,Z" "-e" "SOURCE_DIR=/opt/rustwide/workdir" "-e" "CARGO_TARGET_DIR=/opt/rustwide/target" "-e" "CARGO_INCREMENTAL=0" "-e" "RUST_BACKTRACE=full" "-e" "RUSTFLAGS=--cap-lints=warn" "-e" "RUSTDOCFLAGS=--cap-lints=warn" "-e" "CARGO_HOME=/opt/rustwide/cargo-home" "-e" "RUSTUP_HOME=/opt/rustwide/rustup-home" "-w" "/opt/rustwide/workdir" "-m" "1610612736" "--user" "0:0" "--network" "none" "ghcr.io/rust-lang/crates-build-env/linux@sha256:5ff2268d62e97bff2cde7d5815dd6ed5b47097566f13b8d0ca110b04b60e07ed" "/opt/rustwide/cargo-home/bin/cargo" "+1.69.0" "build" "--frozen" "--message-format=json", kill_on_drop: false }`
[INFO] [stdout] b498b2b4be6cdecf1d59f53f949ec155f4db8667a5776b408928d3e05c262d15
[INFO] running `Command { std: "docker" "start" "-a" "b498b2b4be6cdecf1d59f53f949ec155f4db8667a5776b408928d3e05c262d15", kill_on_drop: false }`
[INFO] [stderr]    Compiling proc-macro2 v1.0.49
[INFO] [stderr]    Compiling unicode-ident v1.0.6
[INFO] [stderr]    Compiling quote v1.0.23
[INFO] [stderr]    Compiling syn v1.0.107
[INFO] [stderr]    Compiling libc v0.2.139
[INFO] [stderr]    Compiling cc v1.0.78
[INFO] [stderr]    Compiling once_cell v1.17.0
[INFO] [stderr]    Compiling itoa v1.0.5
[INFO] [stderr]    Compiling pkg-config v0.3.26
[INFO] [stderr]    Compiling pin-project-lite v0.2.9
[INFO] [stderr]    Compiling futures-core v0.3.25
[INFO] [stderr]    Compiling bytes v1.3.0
[INFO] [stderr]    Compiling memchr v2.5.0
[INFO] [stderr]    Compiling tokio v1.26.0
[INFO] [stderr]    Compiling num-traits v0.2.15
[INFO] [stderr]    Compiling serde_derive v1.0.152
[INFO] [stderr]    Compiling futures-task v0.3.25
[INFO] [stderr]    Compiling slab v0.4.7
[INFO] [stderr]    Compiling indexmap v1.9.2
[INFO] [stderr]    Compiling tracing-core v0.1.30
[INFO] [stderr]    Compiling num-integer v0.1.45
[INFO] [stderr]    Compiling serde v1.0.152
[INFO] [stderr]    Compiling foreign-types-shared v0.1.1
[INFO] [stderr]    Compiling futures-util v0.3.25
[INFO] [stderr]    Compiling openssl v0.10.45
[INFO] [stderr]    Compiling foreign-types v0.3.2
[INFO] [stderr]    Compiling http v0.2.8
[INFO] [stderr]    Compiling native-tls v0.2.11
[INFO] [stderr]    Compiling pin-utils v0.1.0
[INFO] [stderr]    Compiling httparse v1.8.0
[INFO] [stderr]    Compiling futures-channel v0.3.25
[INFO] [stderr]    Compiling futures-sink v0.3.25
[INFO] [stderr]    Compiling tracing v0.1.37
[INFO] [stderr]    Compiling hashbrown v0.12.3
[INFO] [stderr]    Compiling tinyvec_macros v0.1.0
[INFO] [stderr]    Compiling num-bigint v0.4.3
[INFO] [stderr]    Compiling tinyvec v1.6.0
[INFO] [stderr]    Compiling ryu v1.0.12
[INFO] [stderr]    Compiling try-lock v0.2.3
[INFO] [stderr]    Compiling openssl-probe v0.1.5
[INFO] [stderr]    Compiling serde_json v1.0.91
[INFO] [stderr]    Compiling signal-hook-registry v1.4.0
[INFO] [stderr]    Compiling mio v0.8.5
[INFO] [stderr]    Compiling num_cpus v1.15.0
[INFO] [stderr]    Compiling openssl-sys v0.9.80
[INFO] [stderr]    Compiling socket2 v0.4.7
[INFO] [stderr]    Compiling time-core v0.1.0
[INFO] [stderr]    Compiling thiserror v1.0.38
[INFO] [stderr]    Compiling percent-encoding v2.2.0
[INFO] [stderr]    Compiling time-macros v0.2.6
[INFO] [stderr]    Compiling http-body v0.4.5
[INFO] [stderr]    Compiling form_urlencoded v1.1.0
[INFO] [stderr]    Compiling ring v0.16.20
[INFO] [stderr]    Compiling want v0.3.0
[INFO] [stderr]    Compiling encoding_rs v0.8.31
[INFO] [stderr]    Compiling httpdate v1.0.2
[INFO] [stderr]    Compiling base64 v0.13.1
[INFO] [stderr]    Compiling unicode-normalization v0.1.22
[INFO] [stderr]    Compiling tower-service v0.3.2
[INFO] [stderr]    Compiling unicode-bidi v0.3.8
[INFO] [stderr]    Compiling untrusted v0.7.1
[INFO] [stderr]    Compiling spin v0.5.2
[INFO] [stderr]    Compiling ipnet v2.7.0
[INFO] [stderr]    Compiling pem v1.1.0
[INFO] [stderr]    Compiling mime v0.3.16
[INFO] [stderr]    Compiling time v0.1.45
[INFO] [stderr]    Compiling dotenv v0.15.0
[INFO] [stderr]    Compiling iana-time-zone v0.1.53
[INFO] [stderr]    Compiling idna v0.3.0
[INFO] [stderr]    Compiling chrono v0.4.23
[INFO] [stderr]    Compiling time v0.3.17
[INFO] [stderr]    Compiling url v2.3.1
[INFO] [stderr]    Compiling tokio-macros v1.8.2
[INFO] [stderr]    Compiling openssl-macros v0.1.0
[INFO] [stderr]    Compiling thiserror-impl v1.0.38
[INFO] [stderr]    Compiling octocrate-api-builder v0.1.1
[INFO] [stderr]    Compiling simple_asn1 v0.6.2
[INFO] [stderr]    Compiling tokio-util v0.7.4
[INFO] [stderr]    Compiling tokio-native-tls v0.3.0
[INFO] [stderr]    Compiling h2 v0.3.15
[INFO] [stderr]    Compiling serde_urlencoded v0.7.1
[INFO] [stderr]    Compiling jsonwebtoken v8.2.0
[INFO] [stderr]    Compiling hyper v0.14.23
[INFO] [stderr]    Compiling hyper-tls v0.5.0
[INFO] [stderr]    Compiling reqwest v0.11.13
[INFO] [stderr]    Compiling octocrate-infra v0.1.0
[INFO] [stderr]    Compiling octocrate v0.1.2 (/opt/rustwide/workdir)
[INFO] [stderr]     Finished dev [unoptimized + debuginfo] target(s) in 35.53s
[INFO] running `Command { std: "docker" "inspect" "b498b2b4be6cdecf1d59f53f949ec155f4db8667a5776b408928d3e05c262d15", kill_on_drop: false }`
[INFO] running `Command { std: "docker" "rm" "-f" "b498b2b4be6cdecf1d59f53f949ec155f4db8667a5776b408928d3e05c262d15", kill_on_drop: false }`
[INFO] [stdout] b498b2b4be6cdecf1d59f53f949ec155f4db8667a5776b408928d3e05c262d15
[INFO] running `Command { std: "docker" "create" "-v" "/var/lib/crater-agent-workspace/builds/worker-5-tc1/target:/opt/rustwide/target:rw,Z" "-v" "/var/lib/crater-agent-workspace/builds/worker-5-tc1/source:/opt/rustwide/workdir:ro,Z" "-v" "/var/lib/crater-agent-workspace/cargo-home:/opt/rustwide/cargo-home:ro,Z" "-v" "/var/lib/crater-agent-workspace/rustup-home:/opt/rustwide/rustup-home:ro,Z" "-e" "SOURCE_DIR=/opt/rustwide/workdir" "-e" "CARGO_TARGET_DIR=/opt/rustwide/target" "-e" "CARGO_INCREMENTAL=0" "-e" "RUST_BACKTRACE=full" "-e" "RUSTFLAGS=--cap-lints=warn" "-e" "RUSTDOCFLAGS=--cap-lints=warn" "-e" "CARGO_HOME=/opt/rustwide/cargo-home" "-e" "RUSTUP_HOME=/opt/rustwide/rustup-home" "-w" "/opt/rustwide/workdir" "-m" "1610612736" "--user" "0:0" "--network" "none" "ghcr.io/rust-lang/crates-build-env/linux@sha256:5ff2268d62e97bff2cde7d5815dd6ed5b47097566f13b8d0ca110b04b60e07ed" "/opt/rustwide/cargo-home/bin/cargo" "+1.69.0" "test" "--frozen" "--no-run" "--message-format=json", kill_on_drop: false }`
[INFO] [stdout] b403e9d82490d1f4eaccba4b127cbbd0b68f408c0c42e507bd3a8dd9c6c85270
[INFO] running `Command { std: "docker" "start" "-a" "b403e9d82490d1f4eaccba4b127cbbd0b68f408c0c42e507bd3a8dd9c6c85270", kill_on_drop: false }`
[INFO] [stderr]    Compiling octocrate v0.1.2 (/opt/rustwide/workdir)
[INFO] [stderr]     Finished test [unoptimized + debuginfo] target(s) in 7.68s
[INFO] running `Command { std: "docker" "inspect" "b403e9d82490d1f4eaccba4b127cbbd0b68f408c0c42e507bd3a8dd9c6c85270", kill_on_drop: false }`
[INFO] running `Command { std: "docker" "rm" "-f" "b403e9d82490d1f4eaccba4b127cbbd0b68f408c0c42e507bd3a8dd9c6c85270", kill_on_drop: false }`
[INFO] [stdout] b403e9d82490d1f4eaccba4b127cbbd0b68f408c0c42e507bd3a8dd9c6c85270
[INFO] running `Command { std: "docker" "create" "-v" "/var/lib/crater-agent-workspace/builds/worker-5-tc1/target:/opt/rustwide/target:rw,Z" "-v" "/var/lib/crater-agent-workspace/builds/worker-5-tc1/source:/opt/rustwide/workdir:ro,Z" "-v" "/var/lib/crater-agent-workspace/cargo-home:/opt/rustwide/cargo-home:ro,Z" "-v" "/var/lib/crater-agent-workspace/rustup-home:/opt/rustwide/rustup-home:ro,Z" "-e" "SOURCE_DIR=/opt/rustwide/workdir" "-e" "CARGO_TARGET_DIR=/opt/rustwide/target" "-e" "CARGO_INCREMENTAL=0" "-e" "RUST_BACKTRACE=full" "-e" "RUSTFLAGS=--cap-lints=warn" "-e" "RUSTDOCFLAGS=--cap-lints=warn" "-e" "CARGO_HOME=/opt/rustwide/cargo-home" "-e" "RUSTUP_HOME=/opt/rustwide/rustup-home" "-w" "/opt/rustwide/workdir" "-m" "1610612736" "--user" "0:0" "--network" "none" "ghcr.io/rust-lang/crates-build-env/linux@sha256:5ff2268d62e97bff2cde7d5815dd6ed5b47097566f13b8d0ca110b04b60e07ed" "/opt/rustwide/cargo-home/bin/cargo" "+1.69.0" "test" "--frozen", kill_on_drop: false }`
[INFO] [stdout] 4df43c46ba79d01697aa1f92d5667b2f178b6f2355437e9260e19ad1f3176230
[INFO] running `Command { std: "docker" "start" "-a" "4df43c46ba79d01697aa1f92d5667b2f178b6f2355437e9260e19ad1f3176230", kill_on_drop: false }`
[INFO] [stderr]     Finished test [unoptimized + debuginfo] target(s) in 0.11s
[INFO] [stderr]      Running unittests src/lib.rs (/opt/rustwide/target/debug/deps/octocrate-82017267bb277034)
[INFO] [stdout] 
[INFO] [stdout] running 38 tests
[INFO] [stdout] test api::commits::github_api_tests::get_commit ... FAILED
[INFO] [stdout] test api::actions::github_api_tests::get_secret ... FAILED
[INFO] [stdout] test api::commits::github_api_tests::get_commit_status ... FAILED
[INFO] [stdout] test api::branches::github_api_tests::get_branch ... FAILED
[INFO] [stdout] test api::branches::github_api_tests::list_branches ... FAILED
[INFO] [stdout] test api::actions::github_api_tests::list_secrets ... FAILED
[INFO] [stdout] test api::deployments::github_api_tests::create_deployment_status ... ignored
[INFO] [stdout] test api::deployments::tests::test_create_deployment ... ignored
[INFO] [stdout] test api::commits::github_api_tests::create_commit_status ... FAILED
[INFO] [stdout] test api::git_database::tests::delete_reference ... ignored
[INFO] [stdout] test api::commits::github_api_tests::list_commits ... FAILED
[INFO] [stdout] test api::issues::github_api_tests::create_issue_comment ... FAILED
[INFO] [stdout] test api::pulls::github_api_tests::merge_pull_request ... ignored
[INFO] [stdout] test api::pulls::github_api_tests::get_pull_request ... FAILED
[INFO] [stdout] test api::issues::github_api_tests::list_repository_issues ... FAILED
[INFO] [stdout] test api::pulls::github_api_tests::list_pull_requests ... FAILED
[INFO] [stdout] test api::git_database::github_api_tests::list_matching_references ... FAILED
[INFO] [stdout] test api::deployments::github_api_tests::list_deployment_statuses ... FAILED
[INFO] [stdout] test api::pulls::github_api_tests::list_pull_request_files ... FAILED
[INFO] [stdout] test api::git_database::github_api_tests::get_reference ... FAILED
[INFO] [stdout] test api::repositories::github_api_tests::get_repository_readme_for_dir ... FAILED
[INFO] [stdout] test api::pulls::tests::check_if_pull_request_is_merged ... FAILED
[INFO] [stdout] test api::repositories::github_api_tests::get_repository_readme ... FAILED
[INFO] [stdout] test api::repositories::github_api_tests::get_repository ... FAILED
[INFO] [stdout] test api::repositories::github_api_tests::list_organization_repositories ... FAILED
[INFO] [stdout] test api::repositories::github_api_tests::list_repository_contents ... FAILED
[INFO] [stdout] test api::repositories::github_api_tests::list_user_repositories ... FAILED
[INFO] [stdout] test api::commits::github_api_tests::list_commit_statuses ... FAILED
[INFO] [stdout] test api::tests::get_repository ... FAILED
[INFO] [stdout] test api::users::github_api_tests::get_user ... FAILED
[INFO] [stdout] test api::repositories::github_api_tests::list_repository_language ... FAILED
[INFO] [stdout] test api::users::github_api_tests::get_authenticated_user ... FAILED
[INFO] [stdout] test app::tests::get_installation ... FAILED
[INFO] [stdout] test api::repositories::github_api_tests::list_authenticated_user_repositories ... FAILED
[INFO] [stdout] test app::tests::get_installation_access_token ... FAILED
[INFO] [stdout] test app::tests::get_api ... FAILED
[INFO] [stdout] test app::tests::get_installations ... FAILED
[INFO] [stdout] test app::tests::get_repository_installation ... FAILED
[INFO] [stdout] 
[INFO] [stdout] failures:
[INFO] [stdout] 
[INFO] [stdout] ---- api::commits::github_api_tests::get_commit stdout ----
[INFO] [stdout] Error: GithubError { message: "path not found" }
[INFO] [stdout] 
[INFO] [stdout] ---- api::actions::github_api_tests::get_secret stdout ----
[INFO] [stdout] Error: GithubError { message: "path not found" }
[INFO] [stdout] 
[INFO] [stdout] ---- api::commits::github_api_tests::get_commit_status stdout ----
[INFO] [stdout] Error: GithubError { message: "path not found" }
[INFO] [stdout] 
[INFO] [stdout] ---- api::branches::github_api_tests::get_branch stdout ----
[INFO] [stdout] Error: GithubError { message: "path not found" }
[INFO] [stdout] 
[INFO] [stdout] ---- api::branches::github_api_tests::list_branches stdout ----
[INFO] [stdout] Error: GithubError { message: "path not found" }
[INFO] [stdout] 
[INFO] [stdout] ---- api::actions::github_api_tests::list_secrets stdout ----
[INFO] [stdout] Error: GithubError { message: "path not found" }
[INFO] [stdout] 
[INFO] [stdout] ---- api::commits::github_api_tests::create_commit_status stdout ----
[INFO] [stdout] Error: GithubError { message: "path not found" }
[INFO] [stdout] 
[INFO] [stdout] ---- api::commits::github_api_tests::list_commits stdout ----
[INFO] [stdout] Error: GithubError { message: "path not found" }
[INFO] [stdout] 
[INFO] [stdout] ---- api::issues::github_api_tests::create_issue_comment stdout ----
[INFO] [stdout] Error: GithubError { message: "path not found" }
[INFO] [stdout] 
[INFO] [stdout] ---- api::pulls::github_api_tests::get_pull_request stdout ----
[INFO] [stdout] Error: GithubError { message: "path not found" }
[INFO] [stdout] 
[INFO] [stdout] ---- api::issues::github_api_tests::list_repository_issues stdout ----
[INFO] [stdout] Error: GithubError { message: "path not found" }
[INFO] [stdout] 
[INFO] [stdout] ---- api::pulls::github_api_tests::list_pull_requests stdout ----
[INFO] [stdout] Error: GithubError { message: "path not found" }
[INFO] [stdout] 
[INFO] [stdout] ---- api::git_database::github_api_tests::list_matching_references stdout ----
[INFO] [stdout] Error: GithubError { message: "path not found" }
[INFO] [stdout] 
[INFO] [stdout] ---- api::deployments::github_api_tests::list_deployment_statuses stdout ----
[INFO] [stdout] Error: GithubError { message: "path not found" }
[INFO] [stdout] 
[INFO] [stdout] ---- api::pulls::github_api_tests::list_pull_request_files stdout ----
[INFO] [stdout] Error: GithubError { message: "path not found" }
[INFO] [stdout] 
[INFO] [stdout] ---- api::git_database::github_api_tests::get_reference stdout ----
[INFO] [stdout] Error: GithubError { message: "path not found" }
[INFO] [stdout] 
[INFO] [stdout] ---- api::repositories::github_api_tests::get_repository_readme_for_dir stdout ----
[INFO] [stdout] Error: GithubError { message: "path not found" }
[INFO] [stdout] 
[INFO] [stdout] ---- api::pulls::tests::check_if_pull_request_is_merged stdout ----
[INFO] [stdout] Error: GithubError { message: "path not found" }
[INFO] [stdout] 
[INFO] [stdout] ---- api::repositories::github_api_tests::get_repository_readme stdout ----
[INFO] [stdout] Error: GithubError { message: "path not found" }
[INFO] [stdout] 
[INFO] [stdout] ---- api::repositories::github_api_tests::get_repository stdout ----
[INFO] [stdout] Error: GithubError { message: "path not found" }
[INFO] [stdout] 
[INFO] [stdout] ---- api::repositories::github_api_tests::list_organization_repositories stdout ----
[INFO] [stdout] Error: GithubError { message: "path not found" }
[INFO] [stdout] 
[INFO] [stdout] ---- api::repositories::github_api_tests::list_repository_contents stdout ----
[INFO] [stdout] Error: GithubError { message: "path not found" }
[INFO] [stdout] 
[INFO] [stdout] ---- api::repositories::github_api_tests::list_user_repositories stdout ----
[INFO] [stdout] Error: GithubError { message: "path not found" }
[INFO] [stdout] 
[INFO] [stdout] ---- api::commits::github_api_tests::list_commit_statuses stdout ----
[INFO] [stdout] Error: GithubError { message: "path not found" }
[INFO] [stdout] 
[INFO] [stdout] ---- api::tests::get_repository stdout ----
[INFO] [stdout] Error: GithubError { message: "path not found" }
[INFO] [stdout] 
[INFO] [stdout] ---- api::users::github_api_tests::get_user stdout ----
[INFO] [stdout] Error: GithubError { message: "path not found" }
[INFO] [stdout] 
[INFO] [stdout] ---- api::repositories::github_api_tests::list_repository_language stdout ----
[INFO] [stdout] Error: GithubError { message: "path not found" }
[INFO] [stdout] 
[INFO] [stdout] ---- api::users::github_api_tests::get_authenticated_user stdout ----
[INFO] [stdout] Error: GithubError { message: "path not found" }
[INFO] [stdout] 
[INFO] [stdout] ---- app::tests::get_installation stdout ----
[INFO] [stdout] Error: GithubError { message: "path not found" }
[INFO] [stdout] 
[INFO] [stdout] ---- api::repositories::github_api_tests::list_authenticated_user_repositories stdout ----
[INFO] [stdout] Error: GithubError { message: "path not found" }
[INFO] [stdout] 
[INFO] [stdout] ---- app::tests::get_installation_access_token stdout ----
[INFO] [stdout] Error: GithubError { message: "path not found" }
[INFO] [stdout] 
[INFO] [stdout] ---- app::tests::get_api stdout ----
[INFO] [stdout] Error: GithubError { message: "path not found" }
[INFO] [stdout] 
[INFO] [stdout] ---- app::tests::get_installations stdout ----
[INFO] [stdout] Error: GithubError { message: "path not found" }
[INFO] [stdout] 
[INFO] [stdout] ---- app::tests::get_repository_installation stdout ----
[INFO] [stdout] Error: GithubError { message: "path not found" }
[INFO] [stdout] 
[INFO] [stdout] 
[INFO] [stdout] failures:
[INFO] [stdout]     api::actions::github_api_tests::get_secret
[INFO] [stdout]     api::actions::github_api_tests::list_secrets
[INFO] [stdout]     api::branches::github_api_tests::get_branch
[INFO] [stdout]     api::branches::github_api_tests::list_branches
[INFO] [stdout]     api::commits::github_api_tests::create_commit_status
[INFO] [stdout]     api::commits::github_api_tests::get_commit
[INFO] [stdout]     api::commits::github_api_tests::get_commit_status
[INFO] [stdout]     api::commits::github_api_tests::list_commit_statuses
[INFO] [stdout]     api::commits::github_api_tests::list_commits
[INFO] [stdout]     api::deployments::github_api_tests::list_deployment_statuses
[INFO] [stdout]     api::git_database::github_api_tests::get_reference
[INFO] [stdout]     api::git_database::github_api_tests::list_matching_references
[INFO] [stdout]     api::issues::github_api_tests::create_issue_comment
[INFO] [stdout]     api::issues::github_api_tests::list_repository_issues
[INFO] [stdout]     api::pulls::github_api_tests::get_pull_request
[INFO] [stdout]     api::pulls::github_api_tests::list_pull_request_files
[INFO] [stdout]     api::pulls::github_api_tests::list_pull_requests
[INFO] [stdout]     api::pulls::tests::check_if_pull_request_is_merged
[INFO] [stdout]     api::repositories::github_api_tests::get_repository
[INFO] [stdout]     api::repositories::github_api_tests::get_repository_readme
[INFO] [stdout]     api::repositories::github_api_tests::get_repository_readme_for_dir
[INFO] [stdout]     api::repositories::github_api_tests::list_authenticated_user_repositories
[INFO] [stdout]     api::repositories::github_api_tests::list_organization_repositories
[INFO] [stdout]     api::repositories::github_api_tests::list_repository_contents
[INFO] [stdout]     api::repositories::github_api_tests::list_repository_language
[INFO] [stdout]     api::repositories::github_api_tests::list_user_repositories
[INFO] [stdout]     api::tests::get_repository
[INFO] [stdout]     api::users::github_api_tests::get_authenticated_user
[INFO] [stdout]     api::users::github_api_tests::get_user
[INFO] [stdout]     app::tests::get_api
[INFO] [stdout]     app::tests::get_installation
[INFO] [stdout]     app::tests::get_installation_access_token
[INFO] [stdout]     app::tests::get_installations
[INFO] [stdout]     app::tests::get_repository_installation
[INFO] [stdout] 
[INFO] [stdout] test result: FAILED. 0 passed; 34 failed; 4 ignored; 0 measured; 0 filtered out; finished in 0.01s
[INFO] [stdout] 
[INFO] [stderr] error: test failed, to rerun pass `--lib`
[INFO] running `Command { std: "docker" "inspect" "4df43c46ba79d01697aa1f92d5667b2f178b6f2355437e9260e19ad1f3176230", kill_on_drop: false }`
[INFO] running `Command { std: "docker" "rm" "-f" "4df43c46ba79d01697aa1f92d5667b2f178b6f2355437e9260e19ad1f3176230", kill_on_drop: false }`
[INFO] [stdout] 4df43c46ba79d01697aa1f92d5667b2f178b6f2355437e9260e19ad1f3176230
