[INFO] fetching crate octocrate-api-builder 0.1.1...
[INFO] testing octocrate-api-builder-0.1.1 against beta-2023-04-20 for beta-1.70-1
[INFO] extracting crate octocrate-api-builder 0.1.1 into /workspace/builds/worker-6-tc2/source
[INFO] validating manifest of crates.io crate octocrate-api-builder 0.1.1 on toolchain beta-2023-04-20
[INFO] running `Command { std: CARGO_HOME="/workspace/cargo-home" RUSTUP_HOME="/workspace/rustup-home" "/workspace/cargo-home/bin/cargo" "+beta-2023-04-20" "metadata" "--manifest-path" "Cargo.toml" "--no-deps", kill_on_drop: false }`
[INFO] started tweaking crates.io crate octocrate-api-builder 0.1.1
[INFO] finished tweaking crates.io crate octocrate-api-builder 0.1.1
[INFO] tweaked toml for crates.io crate octocrate-api-builder 0.1.1 written to /workspace/builds/worker-6-tc2/source/Cargo.toml
[INFO] running `Command { std: CARGO_HOME="/workspace/cargo-home" RUSTUP_HOME="/workspace/rustup-home" __CARGO_TEST_CHANNEL_OVERRIDE_DO_NOT_USE_THIS="nightly" "/workspace/cargo-home/bin/cargo" "+beta-2023-04-20" "generate-lockfile" "--manifest-path" "Cargo.toml" "-Zno-index-update", kill_on_drop: false }`
[INFO] [stderr]     Blocking waiting for file lock on package cache
[INFO] running `Command { std: CARGO_HOME="/workspace/cargo-home" RUSTUP_HOME="/workspace/rustup-home" "/workspace/cargo-home/bin/cargo" "+beta-2023-04-20" "fetch" "--manifest-path" "Cargo.toml", kill_on_drop: false }`
[INFO] [stderr]     Blocking waiting for file lock on package cache
[INFO] running `Command { std: "docker" "create" "-v" "/var/lib/crater-agent-workspace/builds/worker-6-tc2/target:/opt/rustwide/target:rw,Z" "-v" "/var/lib/crater-agent-workspace/builds/worker-6-tc2/source:/opt/rustwide/workdir:ro,Z" "-v" "/var/lib/crater-agent-workspace/cargo-home:/opt/rustwide/cargo-home:ro,Z" "-v" "/var/lib/crater-agent-workspace/rustup-home:/opt/rustwide/rustup-home:ro,Z" "-e" "SOURCE_DIR=/opt/rustwide/workdir" "-e" "CARGO_TARGET_DIR=/opt/rustwide/target" "-e" "CARGO_HOME=/opt/rustwide/cargo-home" "-e" "RUSTUP_HOME=/opt/rustwide/rustup-home" "-w" "/opt/rustwide/workdir" "-m" "1610612736" "--user" "0:0" "--network" "none" "ghcr.io/rust-lang/crates-build-env/linux@sha256:5ff2268d62e97bff2cde7d5815dd6ed5b47097566f13b8d0ca110b04b60e07ed" "/opt/rustwide/cargo-home/bin/cargo" "+beta-2023-04-20" "metadata" "--no-deps" "--format-version=1", kill_on_drop: false }`
[INFO] [stdout] 64dce8ac172b203ad39c9cd0efa903174cfb99e0591717518db2205ceffb3686
[INFO] running `Command { std: "docker" "start" "-a" "64dce8ac172b203ad39c9cd0efa903174cfb99e0591717518db2205ceffb3686", kill_on_drop: false }`
[INFO] running `Command { std: "docker" "inspect" "64dce8ac172b203ad39c9cd0efa903174cfb99e0591717518db2205ceffb3686", kill_on_drop: false }`
[INFO] running `Command { std: "docker" "rm" "-f" "64dce8ac172b203ad39c9cd0efa903174cfb99e0591717518db2205ceffb3686", kill_on_drop: false }`
[INFO] [stdout] 64dce8ac172b203ad39c9cd0efa903174cfb99e0591717518db2205ceffb3686
[INFO] running `Command { std: "docker" "create" "-v" "/var/lib/crater-agent-workspace/builds/worker-6-tc2/target:/opt/rustwide/target:rw,Z" "-v" "/var/lib/crater-agent-workspace/builds/worker-6-tc2/source:/opt/rustwide/workdir:ro,Z" "-v" "/var/lib/crater-agent-workspace/cargo-home:/opt/rustwide/cargo-home:ro,Z" "-v" "/var/lib/crater-agent-workspace/rustup-home:/opt/rustwide/rustup-home:ro,Z" "-e" "SOURCE_DIR=/opt/rustwide/workdir" "-e" "CARGO_TARGET_DIR=/opt/rustwide/target" "-e" "CARGO_INCREMENTAL=0" "-e" "RUST_BACKTRACE=full" "-e" "RUSTFLAGS=--cap-lints=warn" "-e" "RUSTDOCFLAGS=--cap-lints=warn" "-e" "CARGO_HOME=/opt/rustwide/cargo-home" "-e" "RUSTUP_HOME=/opt/rustwide/rustup-home" "-w" "/opt/rustwide/workdir" "-m" "1610612736" "--user" "0:0" "--network" "none" "ghcr.io/rust-lang/crates-build-env/linux@sha256:5ff2268d62e97bff2cde7d5815dd6ed5b47097566f13b8d0ca110b04b60e07ed" "/opt/rustwide/cargo-home/bin/cargo" "+beta-2023-04-20" "build" "--frozen" "--message-format=json", kill_on_drop: false }`
[INFO] [stdout] a9da9c12dd65741458d1c854625bee9fa51213d5adbe3719734f55df8639552f
[INFO] running `Command { std: "docker" "start" "-a" "a9da9c12dd65741458d1c854625bee9fa51213d5adbe3719734f55df8639552f", kill_on_drop: false }`
[INFO] [stderr]    Compiling proc-macro2 v1.0.56
[INFO] [stderr]    Compiling unicode-ident v1.0.8
[INFO] [stderr]    Compiling quote v1.0.26
[INFO] [stderr]    Compiling syn v1.0.109
[INFO] [stderr]    Compiling octocrate-api-builder v0.1.1 (/opt/rustwide/workdir)
[INFO] [stderr]     Finished dev [unoptimized + debuginfo] target(s) in 9.05s
[INFO] running `Command { std: "docker" "inspect" "a9da9c12dd65741458d1c854625bee9fa51213d5adbe3719734f55df8639552f", kill_on_drop: false }`
[INFO] running `Command { std: "docker" "rm" "-f" "a9da9c12dd65741458d1c854625bee9fa51213d5adbe3719734f55df8639552f", kill_on_drop: false }`
[INFO] [stdout] a9da9c12dd65741458d1c854625bee9fa51213d5adbe3719734f55df8639552f
[INFO] running `Command { std: "docker" "create" "-v" "/var/lib/crater-agent-workspace/builds/worker-6-tc2/target:/opt/rustwide/target:rw,Z" "-v" "/var/lib/crater-agent-workspace/builds/worker-6-tc2/source:/opt/rustwide/workdir:ro,Z" "-v" "/var/lib/crater-agent-workspace/cargo-home:/opt/rustwide/cargo-home:ro,Z" "-v" "/var/lib/crater-agent-workspace/rustup-home:/opt/rustwide/rustup-home:ro,Z" "-e" "SOURCE_DIR=/opt/rustwide/workdir" "-e" "CARGO_TARGET_DIR=/opt/rustwide/target" "-e" "CARGO_INCREMENTAL=0" "-e" "RUST_BACKTRACE=full" "-e" "RUSTFLAGS=--cap-lints=warn" "-e" "RUSTDOCFLAGS=--cap-lints=warn" "-e" "CARGO_HOME=/opt/rustwide/cargo-home" "-e" "RUSTUP_HOME=/opt/rustwide/rustup-home" "-w" "/opt/rustwide/workdir" "-m" "1610612736" "--user" "0:0" "--network" "none" "ghcr.io/rust-lang/crates-build-env/linux@sha256:5ff2268d62e97bff2cde7d5815dd6ed5b47097566f13b8d0ca110b04b60e07ed" "/opt/rustwide/cargo-home/bin/cargo" "+beta-2023-04-20" "test" "--frozen" "--no-run" "--message-format=json", kill_on_drop: false }`
[INFO] [stdout] a488c2091051183468a256f67a67e6d21b2fa517f61c90e6df77e5d75b2a85e0
[INFO] running `Command { std: "docker" "start" "-a" "a488c2091051183468a256f67a67e6d21b2fa517f61c90e6df77e5d75b2a85e0", kill_on_drop: false }`
[INFO] [stderr]    Compiling octocrate-api-builder v0.1.1 (/opt/rustwide/workdir)
[INFO] [stderr]     Finished test [unoptimized + debuginfo] target(s) in 1.27s
[INFO] running `Command { std: "docker" "inspect" "a488c2091051183468a256f67a67e6d21b2fa517f61c90e6df77e5d75b2a85e0", kill_on_drop: false }`
[INFO] running `Command { std: "docker" "rm" "-f" "a488c2091051183468a256f67a67e6d21b2fa517f61c90e6df77e5d75b2a85e0", kill_on_drop: false }`
[INFO] [stdout] a488c2091051183468a256f67a67e6d21b2fa517f61c90e6df77e5d75b2a85e0
[INFO] running `Command { std: "docker" "create" "-v" "/var/lib/crater-agent-workspace/builds/worker-6-tc2/target:/opt/rustwide/target:rw,Z" "-v" "/var/lib/crater-agent-workspace/builds/worker-6-tc2/source:/opt/rustwide/workdir:ro,Z" "-v" "/var/lib/crater-agent-workspace/cargo-home:/opt/rustwide/cargo-home:ro,Z" "-v" "/var/lib/crater-agent-workspace/rustup-home:/opt/rustwide/rustup-home:ro,Z" "-e" "SOURCE_DIR=/opt/rustwide/workdir" "-e" "CARGO_TARGET_DIR=/opt/rustwide/target" "-e" "CARGO_INCREMENTAL=0" "-e" "RUST_BACKTRACE=full" "-e" "RUSTFLAGS=--cap-lints=warn" "-e" "RUSTDOCFLAGS=--cap-lints=warn" "-e" "CARGO_HOME=/opt/rustwide/cargo-home" "-e" "RUSTUP_HOME=/opt/rustwide/rustup-home" "-w" "/opt/rustwide/workdir" "-m" "1610612736" "--user" "0:0" "--network" "none" "ghcr.io/rust-lang/crates-build-env/linux@sha256:5ff2268d62e97bff2cde7d5815dd6ed5b47097566f13b8d0ca110b04b60e07ed" "/opt/rustwide/cargo-home/bin/cargo" "+beta-2023-04-20" "test" "--frozen", kill_on_drop: false }`
[INFO] [stdout] f6c177889306095afeab19cf53f70a8663241fc032b8e4e09ab29bff674170f0
[INFO] running `Command { std: "docker" "start" "-a" "f6c177889306095afeab19cf53f70a8663241fc032b8e4e09ab29bff674170f0", kill_on_drop: false }`
[INFO] [stderr]     Finished test [unoptimized + debuginfo] target(s) in 0.01s
[INFO] [stderr]      Running unittests src/lib.rs (/opt/rustwide/target/debug/deps/octocrate_api_builder-214a9a35478b3c20)
[INFO] [stdout] 
[INFO] [stdout] running 0 tests
[INFO] [stdout] 
[INFO] [stdout] test result: ok. 0 passed; 0 failed; 0 ignored; 0 measured; 0 filtered out; finished in 0.00s
[INFO] [stdout] 
[INFO] [stderr]    Doc-tests octocrate-api-builder
[INFO] [stdout] 
[INFO] [stdout] running 2 tests
[INFO] [stdout] test src/api_test.rs - api_test::APITest (line 12) ... FAILED
[INFO] [stdout] test src/lib.rs - github_api (line 12) ... FAILED
[INFO] [stdout] 
[INFO] [stdout] failures:
[INFO] [stdout] 
[INFO] [stdout] ---- src/api_test.rs - api_test::APITest (line 12) stdout ----
[INFO] [stdout] error: multiple unused formatting arguments
[INFO] [stdout]   --> src/api_test.rs:18:1
[INFO] [stdout]    |
[INFO] [stdout] 8  | / github_api! {
[INFO] [stdout] 9  | |   GithubRepositoriesAPI {
[INFO] [stdout] 10 | |     list {
[INFO] [stdout] 11 | |       method GET
[INFO] [stdout] ...  |
[INFO] [stdout] 26 | |   }
[INFO] [stdout] 27 | | }
[INFO] [stdout]    | | ^
[INFO] [stdout]    | | |
[INFO] [stdout]    | |_multiple missing formatting specifiers
[INFO] [stdout]    | |_argument never used
[INFO] [stdout]    |   argument never used
[INFO] [stdout]    |
[INFO] [stdout]    = note: this error originates in the macro `github_api` (in Nightly builds, run with -Z macro-backtrace for more info)
[INFO] [stdout] 
[INFO] [stdout] error[E0432]: unresolved import `octocrate_infra`
[INFO] [stdout]   --> src/api_test.rs:18:1
[INFO] [stdout]    |
[INFO] [stdout] 8  | / github_api! {
[INFO] [stdout] 9  | |   GithubRepositoriesAPI {
[INFO] [stdout] 10 | |     list {
[INFO] [stdout] 11 | |       method GET
[INFO] [stdout] ...  |
[INFO] [stdout] 26 | |   }
[INFO] [stdout] 27 | | }
[INFO] [stdout]    | |_^ use of undeclared crate or module `octocrate_infra`
[INFO] [stdout]    |
[INFO] [stdout]    = note: this error originates in the macro `github_api` (in Nightly builds, run with -Z macro-backtrace for more info)
[INFO] [stdout] 
[INFO] [stdout] error[E0433]: failed to resolve: use of undeclared crate or module `octocrate_infra`
[INFO] [stdout]   --> src/api_test.rs:18:1
[INFO] [stdout]    |
[INFO] [stdout] 8  | / github_api! {
[INFO] [stdout] 9  | |   GithubRepositoriesAPI {
[INFO] [stdout] 10 | |     list {
[INFO] [stdout] 11 | |       method GET
[INFO] [stdout] ...  |
[INFO] [stdout] 26 | |   }
[INFO] [stdout] 27 | | }
[INFO] [stdout]    | |_^ use of undeclared crate or module `octocrate_infra`
[INFO] [stdout]    |
[INFO] [stdout]    = note: this error originates in the macro `github_api` (in Nightly builds, run with -Z macro-backtrace for more info)
[INFO] [stdout] 
[INFO] [stdout] error: aborting due to 3 previous errors
[INFO] [stdout] 
[INFO] [stdout] Some errors have detailed explanations: E0432, E0433.
[INFO] [stdout] For more information about an error, try `rustc --explain E0432`.
[INFO] [stdout] Couldn't compile the test.
[INFO] [stdout] ---- src/lib.rs - github_api (line 12) stdout ----
[INFO] [stdout] error[E0432]: unresolved import `octocrate_infra`
[INFO] [stdout]   --> src/lib.rs:16:1
[INFO] [stdout]    |
[INFO] [stdout] 6  | / github_api! {
[INFO] [stdout] 7  | |   GithubRepositoriesAPI {
[INFO] [stdout] 8  | |     list {
[INFO] [stdout] 9  | |       method GET
[INFO] [stdout] ...  |
[INFO] [stdout] 13 | |   }
[INFO] [stdout] 14 | | }
[INFO] [stdout]    | |_^ use of undeclared crate or module `octocrate_infra`
[INFO] [stdout]    |
[INFO] [stdout]    = note: this error originates in the macro `github_api` (in Nightly builds, run with -Z macro-backtrace for more info)
[INFO] [stdout] 
[INFO] [stdout] error[E0433]: failed to resolve: use of undeclared crate or module `octocrate_infra`
[INFO] [stdout]   --> src/lib.rs:16:1
[INFO] [stdout]    |
[INFO] [stdout] 6  | / github_api! {
[INFO] [stdout] 7  | |   GithubRepositoriesAPI {
[INFO] [stdout] 8  | |     list {
[INFO] [stdout] 9  | |       method GET
[INFO] [stdout] ...  |
[INFO] [stdout] 13 | |   }
[INFO] [stdout] 14 | | }
[INFO] [stdout]    | |_^ use of undeclared crate or module `octocrate_infra`
[INFO] [stdout]    |
[INFO] [stdout]    = note: this error originates in the macro `github_api` (in Nightly builds, run with -Z macro-backtrace for more info)
[INFO] [stdout] 
[INFO] [stdout] error[E0412]: cannot find type `GithubRepository` in this scope
[INFO] [stdout]   --> src/lib.rs:21:20
[INFO] [stdout]    |
[INFO] [stdout] 11 |       response Vec<GithubRepository>
[INFO] [stdout]    |                    ^^^^^^^^^^^^^^^^ not found in this scope
[INFO] [stdout] 
[INFO] [stdout] error: aborting due to 3 previous errors
[INFO] [stdout] 
[INFO] [stdout] Some errors have detailed explanations: E0412, E0432, E0433.
[INFO] [stdout] For more information about an error, try `rustc --explain E0412`.
[INFO] [stdout] Couldn't compile the test.
[INFO] [stdout] 
[INFO] [stdout] failures:
[INFO] [stdout]     src/api_test.rs - api_test::APITest (line 12)
[INFO] [stdout]     src/lib.rs - github_api (line 12)
[INFO] [stdout] 
[INFO] [stdout] test result: FAILED. 0 passed; 2 failed; 0 ignored; 0 measured; 0 filtered out; finished in 0.07s
[INFO] [stdout] 
[INFO] [stderr] error: doctest failed, to rerun pass `--doc`
[INFO] running `Command { std: "docker" "inspect" "f6c177889306095afeab19cf53f70a8663241fc032b8e4e09ab29bff674170f0", kill_on_drop: false }`
[INFO] running `Command { std: "docker" "rm" "-f" "f6c177889306095afeab19cf53f70a8663241fc032b8e4e09ab29bff674170f0", kill_on_drop: false }`
[INFO] [stdout] f6c177889306095afeab19cf53f70a8663241fc032b8e4e09ab29bff674170f0
