[INFO] fetching crate object-cache 0.2.2...
[INFO] testing object-cache-0.2.2 against beta-2023-04-20 for beta-1.70-1
[INFO] extracting crate object-cache 0.2.2 into /workspace/builds/worker-7-tc2/source
[INFO] validating manifest of crates.io crate object-cache 0.2.2 on toolchain beta-2023-04-20
[INFO] running `Command { std: CARGO_HOME="/workspace/cargo-home" RUSTUP_HOME="/workspace/rustup-home" "/workspace/cargo-home/bin/cargo" "+beta-2023-04-20" "metadata" "--manifest-path" "Cargo.toml" "--no-deps", kill_on_drop: false }`
[INFO] started tweaking crates.io crate object-cache 0.2.2
[INFO] finished tweaking crates.io crate object-cache 0.2.2
[INFO] tweaked toml for crates.io crate object-cache 0.2.2 written to /workspace/builds/worker-7-tc2/source/Cargo.toml
[INFO] running `Command { std: CARGO_HOME="/workspace/cargo-home" RUSTUP_HOME="/workspace/rustup-home" __CARGO_TEST_CHANNEL_OVERRIDE_DO_NOT_USE_THIS="nightly" "/workspace/cargo-home/bin/cargo" "+beta-2023-04-20" "generate-lockfile" "--manifest-path" "Cargo.toml" "-Zno-index-update", kill_on_drop: false }`
[INFO] running `Command { std: CARGO_HOME="/workspace/cargo-home" RUSTUP_HOME="/workspace/rustup-home" "/workspace/cargo-home/bin/cargo" "+beta-2023-04-20" "fetch" "--manifest-path" "Cargo.toml", kill_on_drop: false }`
[INFO] running `Command { std: "docker" "create" "-v" "/var/lib/crater-agent-workspace/builds/worker-7-tc2/target:/opt/rustwide/target:rw,Z" "-v" "/var/lib/crater-agent-workspace/builds/worker-7-tc2/source:/opt/rustwide/workdir:ro,Z" "-v" "/var/lib/crater-agent-workspace/cargo-home:/opt/rustwide/cargo-home:ro,Z" "-v" "/var/lib/crater-agent-workspace/rustup-home:/opt/rustwide/rustup-home:ro,Z" "-e" "SOURCE_DIR=/opt/rustwide/workdir" "-e" "CARGO_TARGET_DIR=/opt/rustwide/target" "-e" "CARGO_HOME=/opt/rustwide/cargo-home" "-e" "RUSTUP_HOME=/opt/rustwide/rustup-home" "-w" "/opt/rustwide/workdir" "-m" "1610612736" "--user" "0:0" "--network" "none" "ghcr.io/rust-lang/crates-build-env/linux@sha256:5ff2268d62e97bff2cde7d5815dd6ed5b47097566f13b8d0ca110b04b60e07ed" "/opt/rustwide/cargo-home/bin/cargo" "+beta-2023-04-20" "metadata" "--no-deps" "--format-version=1", kill_on_drop: false }`
[INFO] [stdout] 29f36c1ca4309aa0bd14a65caae113439a1f0585ba7640e63f4b49fba9556040
[INFO] running `Command { std: "docker" "start" "-a" "29f36c1ca4309aa0bd14a65caae113439a1f0585ba7640e63f4b49fba9556040", kill_on_drop: false }`
[INFO] running `Command { std: "docker" "inspect" "29f36c1ca4309aa0bd14a65caae113439a1f0585ba7640e63f4b49fba9556040", kill_on_drop: false }`
[INFO] running `Command { std: "docker" "rm" "-f" "29f36c1ca4309aa0bd14a65caae113439a1f0585ba7640e63f4b49fba9556040", kill_on_drop: false }`
[INFO] [stdout] 29f36c1ca4309aa0bd14a65caae113439a1f0585ba7640e63f4b49fba9556040
[INFO] running `Command { std: "docker" "create" "-v" "/var/lib/crater-agent-workspace/builds/worker-7-tc2/target:/opt/rustwide/target:rw,Z" "-v" "/var/lib/crater-agent-workspace/builds/worker-7-tc2/source:/opt/rustwide/workdir:ro,Z" "-v" "/var/lib/crater-agent-workspace/cargo-home:/opt/rustwide/cargo-home:ro,Z" "-v" "/var/lib/crater-agent-workspace/rustup-home:/opt/rustwide/rustup-home:ro,Z" "-e" "SOURCE_DIR=/opt/rustwide/workdir" "-e" "CARGO_TARGET_DIR=/opt/rustwide/target" "-e" "CARGO_INCREMENTAL=0" "-e" "RUST_BACKTRACE=full" "-e" "RUSTFLAGS=--cap-lints=warn" "-e" "RUSTDOCFLAGS=--cap-lints=warn" "-e" "CARGO_HOME=/opt/rustwide/cargo-home" "-e" "RUSTUP_HOME=/opt/rustwide/rustup-home" "-w" "/opt/rustwide/workdir" "-m" "1610612736" "--user" "0:0" "--network" "none" "ghcr.io/rust-lang/crates-build-env/linux@sha256:5ff2268d62e97bff2cde7d5815dd6ed5b47097566f13b8d0ca110b04b60e07ed" "/opt/rustwide/cargo-home/bin/cargo" "+beta-2023-04-20" "build" "--frozen" "--message-format=json", kill_on_drop: false }`
[INFO] [stdout] f956f8ba364a0b892a331666d9be0730a01e42dda9169101afcc608eae245a84
[INFO] running `Command { std: "docker" "start" "-a" "f956f8ba364a0b892a331666d9be0730a01e42dda9169101afcc608eae245a84", kill_on_drop: false }`
[INFO] [stderr]    Compiling libc v0.2.142
[INFO] [stderr]    Compiling cc v1.0.79
[INFO] [stderr]    Compiling pkg-config v0.3.26
[INFO] [stderr]    Compiling once_cell v1.17.1
[INFO] [stderr]    Compiling lock_api v0.4.9
[INFO] [stderr]    Compiling smallvec v1.10.0
[INFO] [stderr]    Compiling syn v2.0.15
[INFO] [stderr]    Compiling typenum v1.16.0
[INFO] [stderr]    Compiling pin-project-lite v0.2.9
[INFO] [stderr]    Compiling futures-core v0.3.28
[INFO] [stderr]    Compiling generic-array v0.14.7
[INFO] [stderr]    Compiling ahash v0.7.6
[INFO] [stderr]    Compiling openssl v0.10.52
[INFO] [stderr]    Compiling bytes v1.4.0
[INFO] [stderr]    Compiling native-tls v0.2.11
[INFO] [stderr]    Compiling parking_lot_core v0.8.6
[INFO] [stderr]    Compiling log v0.4.17
[INFO] [stderr]    Compiling tinyvec_macros v0.1.1
[INFO] [stderr]    Compiling memchr v2.5.0
[INFO] [stderr]    Compiling openssl-sys v0.9.87
[INFO] [stderr]    Compiling syn v1.0.109
[INFO] [stderr]    Compiling parking_lot_core v0.9.7
[INFO] [stderr]    Compiling tinyvec v1.6.0
[INFO] [stderr]    Compiling tokio v1.28.0
[INFO] [stderr]    Compiling slab v0.4.8
[INFO] [stderr]    Compiling futures-task v0.3.28
[INFO] [stderr]    Compiling futures-sink v0.3.28
[INFO] [stderr]    Compiling minimal-lexical v0.2.1
[INFO] [stderr]    Compiling block-buffer v0.10.4
[INFO] [stderr]    Compiling mio v0.8.6
[INFO] [stderr]    Compiling socket2 v0.4.9
[INFO] [stderr]    Compiling unicode-normalization v0.1.22
[INFO] [stderr]    Compiling num_cpus v1.15.0
[INFO] [stderr]    Compiling getrandom v0.2.9
[INFO] [stderr]    Compiling indexmap v1.9.3
[INFO] [stderr]    Compiling crossbeam-utils v0.8.15
[INFO] [stderr]    Compiling vcpkg v0.2.15
[INFO] [stderr]    Compiling futures-util v0.3.28
[INFO] [stderr]    Compiling unicode-bidi v0.3.13
[INFO] [stderr]    Compiling either v1.8.1
[INFO] [stderr]    Compiling itertools v0.10.5
[INFO] [stderr]    Compiling parking_lot v0.12.1
[INFO] [stderr]    Compiling libsqlite3-sys v0.24.2
[INFO] [stderr]    Compiling openssl-macros v0.1.1
[INFO] [stderr]    Compiling tokio-macros v2.1.0
[INFO] [stderr]    Compiling signal-hook-registry v1.4.1
[INFO] [stderr]    Compiling crossbeam-queue v0.3.8
[INFO] [stderr]    Compiling futures-channel v0.3.28
[INFO] [stderr]    Compiling paste v1.0.12
[INFO] [stderr]    Compiling unicode_categories v0.1.1
[INFO] [stderr]    Compiling cpufeatures v0.2.7
[INFO] [stderr]    Compiling percent-encoding v2.2.0
[INFO] [stderr]    Compiling form_urlencoded v1.1.0
[INFO] [stderr]    Compiling thiserror-impl v1.0.40
[INFO] [stderr]    Compiling pin-project-internal v1.0.12
[INFO] [stderr]    Compiling hashbrown v0.12.3
[INFO] [stderr]    Compiling pin-project v1.0.12
[INFO] [stderr]    Compiling idna v0.3.0
[INFO] [stderr]    Compiling crypto-common v0.1.6
[INFO] [stderr]    Compiling spin v0.9.8
[INFO] [stderr]    Compiling crc-catalog v2.2.0
[INFO] [stderr]    Compiling io-lifetimes v1.0.10
[INFO] [stderr]    Compiling itoa v1.0.6
[INFO] [stderr]    Compiling flume v0.10.14
[INFO] [stderr]    Compiling parking_lot v0.11.2
[INFO] [stderr]    Compiling crc v3.0.1
[INFO] [stderr]    Compiling digest v0.10.6
[INFO] [stderr]    Compiling url v2.3.1
[INFO] [stderr]    Compiling nom v7.1.3
[INFO] [stderr]    Compiling atoi v1.0.0
[INFO] [stderr]    Compiling tokio-native-tls v0.3.1
[INFO] [stderr]    Compiling futures-executor v0.3.28
[INFO] [stderr]    Compiling thiserror v1.0.40
[INFO] [stderr]    Compiling stringprep v0.1.2
[INFO] [stderr]    Compiling serde_derive v1.0.160
[INFO] [stderr]    Compiling event-listener v2.5.3
[INFO] [stderr]    Compiling rustix v0.37.18
[INFO] [stderr]    Compiling dotenvy v0.15.7
[INFO] [stderr]    Compiling hex v0.4.3
[INFO] [stderr]    Compiling byteorder v1.4.3
[INFO] [stderr]    Compiling sqlformat v0.2.1
[INFO] [stderr]    Compiling sqlx-rt v0.6.3
[INFO] [stderr]    Compiling sha2 v0.10.6
[INFO] [stderr]    Compiling futures-intrusive v0.4.2
[INFO] [stderr]    Compiling hashlink v0.8.1
[INFO] [stderr]    Compiling tokio-stream v0.1.14
[INFO] [stderr]    Compiling linux-raw-sys v0.3.6
[INFO] [stderr]    Compiling unicode-segmentation v1.10.1
[INFO] [stderr]    Compiling serde v1.0.160
[INFO] [stderr]    Compiling sqlx-core v0.6.3
[INFO] [stderr]    Compiling heck v0.4.1
[INFO] [stderr]    Compiling aho-corasick v1.0.1
[INFO] [stderr]    Compiling serde_json v1.0.96
[INFO] [stderr]    Compiling regex-syntax v0.7.1
[INFO] [stderr]    Compiling is-terminal v0.4.7
[INFO] [stderr]    Compiling humantime v2.1.0
[INFO] [stderr]    Compiling termcolor v1.2.0
[INFO] [stderr]    Compiling ryu v1.0.13
[INFO] [stderr]    Compiling regex v1.8.1
[INFO] [stderr]    Compiling env_logger v0.10.0
[INFO] [stderr]    Compiling sqlx-macros v0.6.3
[INFO] [stderr]    Compiling sqlx v0.6.3
[INFO] [stderr]    Compiling object-cache v0.2.2 (/opt/rustwide/workdir)
[INFO] [stdout] warning: unused import: `std::fmt::format`
[INFO] [stdout]  --> src/lib.rs:2:5
[INFO] [stdout]   |
[INFO] [stdout] 2 | use std::fmt::format;
[INFO] [stdout]   |     ^^^^^^^^^^^^^^^^
[INFO] [stdout]   |
[INFO] [stdout]   = note: `#[warn(unused_imports)]` on by default
[INFO] [stdout] 
[INFO] [stdout] 
[INFO] [stdout] warning: unused import: `info`
[INFO] [stdout]  --> src/lib.rs:8:11
[INFO] [stdout]   |
[INFO] [stdout] 8 | use log::{info, Level, LevelFilter, Record};
[INFO] [stdout]   |           ^^^^
[INFO] [stdout] 
[INFO] [stdout] 
[INFO] [stdout] warning: unused imports: `Execute`, `Executor`, `QueryBuilder`, `Row`
[INFO] [stdout]   --> src/lib.rs:12:12
[INFO] [stdout]    |
[INFO] [stdout] 12 | use sqlx::{Execute, Executor, QueryBuilder, Row};
[INFO] [stdout]    |            ^^^^^^^  ^^^^^^^^  ^^^^^^^^^^^^  ^^^
[INFO] [stdout] 
[INFO] [stdout] 
[INFO] [stdout] warning: unused import: `MapError`
[INFO] [stdout]   --> src/lib.rs:14:38
[INFO] [stdout]    |
[INFO] [stdout] 14 | use crate::cache_error::{CacheError, MapError};
[INFO] [stdout]    |                                      ^^^^^^^^
[INFO] [stdout] 
[INFO] [stdout] 
[INFO] [stdout] warning: function `init_log` is never used
[INFO] [stdout]   --> src/lib.rs:21:4
[INFO] [stdout]    |
[INFO] [stdout] 21 | fn init_log() {
[INFO] [stdout]    |    ^^^^^^^^
[INFO] [stdout]    |
[INFO] [stdout]    = note: `#[warn(dead_code)]` on by default
[INFO] [stdout] 
[INFO] [stdout] 
[INFO] [stdout] warning: function `format_log_fn` is never used
[INFO] [stdout]   --> src/lib.rs:30:4
[INFO] [stdout]    |
[INFO] [stdout] 30 | fn format_log_fn(buf: &mut Formatter, record: &Record) -> std::io::Result<()> {
[INFO] [stdout]    |    ^^^^^^^^^^^^^
[INFO] [stdout] 
[INFO] [stdout] 
[INFO] [stdout] warning: 6 warnings emitted
[INFO] [stdout] 
[INFO] [stdout] 
[INFO] [stderr]     Finished dev [unoptimized + debuginfo] target(s) in 39.16s
[INFO] running `Command { std: "docker" "inspect" "f956f8ba364a0b892a331666d9be0730a01e42dda9169101afcc608eae245a84", kill_on_drop: false }`
[INFO] running `Command { std: "docker" "rm" "-f" "f956f8ba364a0b892a331666d9be0730a01e42dda9169101afcc608eae245a84", kill_on_drop: false }`
[INFO] [stdout] f956f8ba364a0b892a331666d9be0730a01e42dda9169101afcc608eae245a84
[INFO] running `Command { std: "docker" "create" "-v" "/var/lib/crater-agent-workspace/builds/worker-7-tc2/target:/opt/rustwide/target:rw,Z" "-v" "/var/lib/crater-agent-workspace/builds/worker-7-tc2/source:/opt/rustwide/workdir:ro,Z" "-v" "/var/lib/crater-agent-workspace/cargo-home:/opt/rustwide/cargo-home:ro,Z" "-v" "/var/lib/crater-agent-workspace/rustup-home:/opt/rustwide/rustup-home:ro,Z" "-e" "SOURCE_DIR=/opt/rustwide/workdir" "-e" "CARGO_TARGET_DIR=/opt/rustwide/target" "-e" "CARGO_INCREMENTAL=0" "-e" "RUST_BACKTRACE=full" "-e" "RUSTFLAGS=--cap-lints=warn" "-e" "RUSTDOCFLAGS=--cap-lints=warn" "-e" "CARGO_HOME=/opt/rustwide/cargo-home" "-e" "RUSTUP_HOME=/opt/rustwide/rustup-home" "-w" "/opt/rustwide/workdir" "-m" "1610612736" "--user" "0:0" "--network" "none" "ghcr.io/rust-lang/crates-build-env/linux@sha256:5ff2268d62e97bff2cde7d5815dd6ed5b47097566f13b8d0ca110b04b60e07ed" "/opt/rustwide/cargo-home/bin/cargo" "+beta-2023-04-20" "test" "--frozen" "--no-run" "--message-format=json", kill_on_drop: false }`
[INFO] [stdout] 5d5c6dcfb3ae0d3a48eb43003aa5f8d942d95bc7843363602976c16499235e35
[INFO] running `Command { std: "docker" "start" "-a" "5d5c6dcfb3ae0d3a48eb43003aa5f8d942d95bc7843363602976c16499235e35", kill_on_drop: false }`
[INFO] [stdout] warning: unused import: `std::fmt::format`
[INFO] [stdout]  --> src/lib.rs:2:5
[INFO] [stdout]   |
[INFO] [stdout] 2 | use std::fmt::format;
[INFO] [stdout]   |     ^^^^^^^^^^^^^^^^
[INFO] [stdout]   |
[INFO] [stdout]   = note: `#[warn(unused_imports)]` on by default
[INFO] [stdout] 
[INFO] [stdout] 
[INFO] [stdout] warning: unused import: `info`
[INFO] [stdout]  --> src/lib.rs:8:11
[INFO] [stdout]   |
[INFO] [stdout] 8 | use log::{info, Level, LevelFilter, Record};
[INFO] [stdout]   |           ^^^^
[INFO] [stdout] 
[INFO] [stdout] 
[INFO] [stdout] warning: unused imports: `Execute`, `Executor`, `QueryBuilder`, `Row`
[INFO] [stdout]   --> src/lib.rs:12:12
[INFO] [stdout]    |
[INFO] [stdout] 12 | use sqlx::{Execute, Executor, QueryBuilder, Row};
[INFO] [stdout]    |            ^^^^^^^  ^^^^^^^^  ^^^^^^^^^^^^  ^^^
[INFO] [stdout] 
[INFO] [stdout] 
[INFO] [stderr]    Compiling object-cache v0.2.2 (/opt/rustwide/workdir)
[INFO] [stdout] warning: unused import: `MapError`
[INFO] [stdout]   --> src/lib.rs:14:38
[INFO] [stdout]    |
[INFO] [stdout] 14 | use crate::cache_error::{CacheError, MapError};
[INFO] [stdout]    |                                      ^^^^^^^^
[INFO] [stdout] 
[INFO] [stdout] 
[INFO] [stdout] warning: function `init_log` is never used
[INFO] [stdout]   --> src/lib.rs:21:4
[INFO] [stdout]    |
[INFO] [stdout] 21 | fn init_log() {
[INFO] [stdout]    |    ^^^^^^^^
[INFO] [stdout]    |
[INFO] [stdout]    = note: `#[warn(dead_code)]` on by default
[INFO] [stdout] 
[INFO] [stdout] 
[INFO] [stdout] warning: function `format_log_fn` is never used
[INFO] [stdout]   --> src/lib.rs:30:4
[INFO] [stdout]    |
[INFO] [stdout] 30 | fn format_log_fn(buf: &mut Formatter, record: &Record) -> std::io::Result<()> {
[INFO] [stdout]    |    ^^^^^^^^^^^^^
[INFO] [stdout] 
[INFO] [stdout] 
[INFO] [stdout] warning: 6 warnings emitted
[INFO] [stdout] 
[INFO] [stdout] 
[INFO] [stdout] warning: unused import: `std::fmt::format`
[INFO] [stdout]  --> src/lib.rs:2:5
[INFO] [stdout]   |
[INFO] [stdout] 2 | use std::fmt::format;
[INFO] [stdout]   |     ^^^^^^^^^^^^^^^^
[INFO] [stdout]   |
[INFO] [stdout]   = note: `#[warn(unused_imports)]` on by default
[INFO] [stdout] 
[INFO] [stdout] 
[INFO] [stdout] warning: unused import: `info`
[INFO] [stdout]  --> src/lib.rs:8:11
[INFO] [stdout]   |
[INFO] [stdout] 8 | use log::{info, Level, LevelFilter, Record};
[INFO] [stdout]   |           ^^^^
[INFO] [stdout] 
[INFO] [stdout] 
[INFO] [stdout] warning: unused imports: `Execute`, `Executor`, `QueryBuilder`, `Row`
[INFO] [stdout]   --> src/lib.rs:12:12
[INFO] [stdout]    |
[INFO] [stdout] 12 | use sqlx::{Execute, Executor, QueryBuilder, Row};
[INFO] [stdout]    |            ^^^^^^^  ^^^^^^^^  ^^^^^^^^^^^^  ^^^
[INFO] [stdout] 
[INFO] [stdout] 
[INFO] [stdout] warning: unused import: `MapError`
[INFO] [stdout]   --> src/lib.rs:14:38
[INFO] [stdout]    |
[INFO] [stdout] 14 | use crate::cache_error::{CacheError, MapError};
[INFO] [stdout]    |                                      ^^^^^^^^
[INFO] [stdout] 
[INFO] [stdout] 
[INFO] [stdout] warning: unused implementer of `Future` that must be used
[INFO] [stdout]    --> src/lib.rs:139:9
[INFO] [stdout]     |
[INFO] [stdout] 139 |         cache.pretty_print_all_cache();
[INFO] [stdout]     |         ^^^^^^^^^^^^^^^^^^^^^^^^^^^^^^
[INFO] [stdout]     |
[INFO] [stdout]     = note: futures do nothing unless you `.await` or poll them
[INFO] [stdout]     = note: `#[warn(unused_must_use)]` on by default
[INFO] [stdout] 
[INFO] [stdout] 
[INFO] [stdout] warning: unused implementer of `Future` that must be used
[INFO] [stdout]    --> src/lib.rs:143:9
[INFO] [stdout]     |
[INFO] [stdout] 143 |         cache.clear_cache();
[INFO] [stdout]     |         ^^^^^^^^^^^^^^^^^^^
[INFO] [stdout]     |
[INFO] [stdout]     = note: futures do nothing unless you `.await` or poll them
[INFO] [stdout] 
[INFO] [stdout] 
[INFO] [stdout] warning: 6 warnings emitted
[INFO] [stdout] 
[INFO] [stdout] 
[INFO] [stderr]     Finished test [unoptimized + debuginfo] target(s) in 4.04s
[INFO] running `Command { std: "docker" "inspect" "5d5c6dcfb3ae0d3a48eb43003aa5f8d942d95bc7843363602976c16499235e35", kill_on_drop: false }`
[INFO] running `Command { std: "docker" "rm" "-f" "5d5c6dcfb3ae0d3a48eb43003aa5f8d942d95bc7843363602976c16499235e35", kill_on_drop: false }`
[INFO] [stdout] 5d5c6dcfb3ae0d3a48eb43003aa5f8d942d95bc7843363602976c16499235e35
[INFO] running `Command { std: "docker" "create" "-v" "/var/lib/crater-agent-workspace/builds/worker-7-tc2/target:/opt/rustwide/target:rw,Z" "-v" "/var/lib/crater-agent-workspace/builds/worker-7-tc2/source:/opt/rustwide/workdir:ro,Z" "-v" "/var/lib/crater-agent-workspace/cargo-home:/opt/rustwide/cargo-home:ro,Z" "-v" "/var/lib/crater-agent-workspace/rustup-home:/opt/rustwide/rustup-home:ro,Z" "-e" "SOURCE_DIR=/opt/rustwide/workdir" "-e" "CARGO_TARGET_DIR=/opt/rustwide/target" "-e" "CARGO_INCREMENTAL=0" "-e" "RUST_BACKTRACE=full" "-e" "RUSTFLAGS=--cap-lints=warn" "-e" "RUSTDOCFLAGS=--cap-lints=warn" "-e" "CARGO_HOME=/opt/rustwide/cargo-home" "-e" "RUSTUP_HOME=/opt/rustwide/rustup-home" "-w" "/opt/rustwide/workdir" "-m" "1610612736" "--user" "0:0" "--network" "none" "ghcr.io/rust-lang/crates-build-env/linux@sha256:5ff2268d62e97bff2cde7d5815dd6ed5b47097566f13b8d0ca110b04b60e07ed" "/opt/rustwide/cargo-home/bin/cargo" "+beta-2023-04-20" "test" "--frozen", kill_on_drop: false }`
[INFO] [stdout] 1ce265d0cc552d304a8a9e062368f948f6a615ee8105309bb9da2b69f01e1d58
[INFO] running `Command { std: "docker" "start" "-a" "1ce265d0cc552d304a8a9e062368f948f6a615ee8105309bb9da2b69f01e1d58", kill_on_drop: false }`
[INFO] [stderr] warning: unused import: `std::fmt::format`
[INFO] [stderr]  --> src/lib.rs:2:5
[INFO] [stderr]   |
[INFO] [stderr] 2 | use std::fmt::format;
[INFO] [stderr]   |     ^^^^^^^^^^^^^^^^
[INFO] [stderr]   |
[INFO] [stderr]   = note: `#[warn(unused_imports)]` on by default
[INFO] [stderr] 
[INFO] [stderr] warning: unused import: `info`
[INFO] [stderr]  --> src/lib.rs:8:11
[INFO] [stderr]   |
[INFO] [stderr] 8 | use log::{info, Level, LevelFilter, Record};
[INFO] [stderr]   |           ^^^^
[INFO] [stderr] 
[INFO] [stderr] warning: unused imports: `Execute`, `Executor`, `QueryBuilder`, `Row`
[INFO] [stderr]   --> src/lib.rs:12:12
[INFO] [stderr]    |
[INFO] [stderr] 12 | use sqlx::{Execute, Executor, QueryBuilder, Row};
[INFO] [stderr]    |            ^^^^^^^  ^^^^^^^^  ^^^^^^^^^^^^  ^^^
[INFO] [stderr] 
[INFO] [stderr] warning: unused import: `MapError`
[INFO] [stderr]   --> src/lib.rs:14:38
[INFO] [stderr]    |
[INFO] [stderr] 14 | use crate::cache_error::{CacheError, MapError};
[INFO] [stderr]    |                                      ^^^^^^^^
[INFO] [stderr] 
[INFO] [stderr] warning: function `init_log` is never used
[INFO] [stderr]   --> src/lib.rs:21:4
[INFO] [stderr]    |
[INFO] [stderr] 21 | fn init_log() {
[INFO] [stderr]    |    ^^^^^^^^
[INFO] [stderr]    |
[INFO] [stderr]    = note: `#[warn(dead_code)]` on by default
[INFO] [stderr] 
[INFO] [stderr] warning: function `format_log_fn` is never used
[INFO] [stderr]   --> src/lib.rs:30:4
[INFO] [stderr]    |
[INFO] [stderr] 30 | fn format_log_fn(buf: &mut Formatter, record: &Record) -> std::io::Result<()> {
[INFO] [stderr]    |    ^^^^^^^^^^^^^
[INFO] [stderr] 
[INFO] [stderr] warning: unused implementer of `Future` that must be used
[INFO] [stderr]    --> src/lib.rs:139:9
[INFO] [stderr]     |
[INFO] [stderr] 139 |         cache.pretty_print_all_cache();
[INFO] [stderr]     |         ^^^^^^^^^^^^^^^^^^^^^^^^^^^^^^
[INFO] [stderr]     |
[INFO] [stderr]     = note: futures do nothing unless you `.await` or poll them
[INFO] [stderr]     = note: `#[warn(unused_must_use)]` on by default
[INFO] [stderr] 
[INFO] [stderr] warning: unused implementer of `Future` that must be used
[INFO] [stderr]    --> src/lib.rs:143:9
[INFO] [stderr]     |
[INFO] [stderr] 143 |         cache.clear_cache();
[INFO] [stderr]     |         ^^^^^^^^^^^^^^^^^^^
[INFO] [stderr]     |
[INFO] [stderr]     = note: futures do nothing unless you `.await` or poll them
[INFO] [stderr] 
[INFO] [stderr] warning: `object-cache` (lib) generated 6 warnings (run `cargo fix --lib -p object-cache` to apply 4 suggestions)
[INFO] [stderr] warning: `object-cache` (lib test) generated 6 warnings (4 duplicates)
[INFO] [stderr]     Finished test [unoptimized + debuginfo] target(s) in 0.08s
[INFO] [stderr]      Running unittests src/lib.rs (/opt/rustwide/target/debug/deps/object_cache-f2b5dce5bc345242)
[INFO] [stdout] 
[INFO] [stdout] running 2 tests
[INFO] [stderr] 
[INFO] [stderr] 
[INFO] [stderr] query -> CREATE TABLE IF NOT EXISTS cache (name text PRIMARY KEY,content text);
[INFO] [stderr] cache table created!! 😀
[INFO] [stderr] 
[INFO] [stderr] 
[INFO] [stderr] Query -> INSERT INTO cache(name, content) values ('Dinesh_Cache','dummy content: {"test":"data"}') on conflict(name) do update set content=excluded.content
[INFO] [stderr] data inserted! 😇
[INFO] [stdout] test crud_ops::tests::test_db_create_table ... ok
[INFO] [stderr] 
[INFO] [stdout] test tests::insert_and_retrieve_from_cache ... FAILED
[INFO] [stderr] 
[INFO] [stdout] 
[INFO] [stderr] Query -> SELECT * FROM "cache"
[INFO] [stdout] failures:
[INFO] [stderr] 
[INFO] [stdout] 
[INFO] [stderr] Name                           | Content                       
[INFO] [stdout] ---- tests::insert_and_retrieve_from_cache stdout ----
[INFO] [stderr] -------------+-12----------------------------
[INFO] [stdout] thread 'tests::insert_and_retrieve_from_cache' panicked at 'Builder::init should not be called after logger initialized: SetLoggerError(())', /opt/rustwide/cargo-home/registry/src/index.crates.io-6f17d22bba15001f/env_logger-0.10.0/src/lib.rs:816:14
[INFO] [stderr] Dinesh_Cache | dummy content: {"test":"data"}
[INFO] [stdout] stack backtrace:
[INFO] [stderr] 
[INFO] [stdout]    0:     0x55e6f8f9e38a - std::backtrace_rs::backtrace::libunwind::trace::h2f05d0192276a8f6
[INFO] [stderr] End----------------------🧐
[INFO] [stdout]                                at /rustc/1b7dd2252b99671ce5d1cb9664c5f8636329436d/library/std/src/../../backtrace/src/backtrace/libunwind.rs:93:5
[INFO] [stderr] 
[INFO] [stdout]    1:     0x55e6f8f9e38a - std::backtrace_rs::backtrace::trace_unsynchronized::hedc23dff7a1af150
[INFO] [stdout]                                at /rustc/1b7dd2252b99671ce5d1cb9664c5f8636329436d/library/std/src/../../backtrace/src/backtrace/mod.rs:66:5
[INFO] [stdout]    2:     0x55e6f8f9e38a - std::sys_common::backtrace::_print_fmt::h17541ef7592f3ce2
[INFO] [stdout]                                at /rustc/1b7dd2252b99671ce5d1cb9664c5f8636329436d/library/std/src/sys_common/backtrace.rs:65:5
[INFO] [stdout]    3:     0x55e6f8f9e38a - <std::sys_common::backtrace::_print::DisplayBacktrace as core::fmt::Display>::fmt::h20f75df5ab0c0792
[INFO] [stdout]                                at /rustc/1b7dd2252b99671ce5d1cb9664c5f8636329436d/library/std/src/sys_common/backtrace.rs:44:22
[INFO] [stdout]    4:     0x55e6f8fc318f - core::fmt::write::h78109e6f466b3af6
[INFO] [stdout]                                at /rustc/1b7dd2252b99671ce5d1cb9664c5f8636329436d/library/core/src/fmt/mod.rs:1254:17
[INFO] [stdout]    5:     0x55e6f8f9b365 - std::io::Write::write_fmt::hd24bfb68a1b35a25
[INFO] [stdout]                                at /rustc/1b7dd2252b99671ce5d1cb9664c5f8636329436d/library/std/src/io/mod.rs:1698:15
[INFO] [stdout]    6:     0x55e6f8f9e155 - std::sys_common::backtrace::_print::h8dac57a9f8fbf9a5
[INFO] [stdout]                                at /rustc/1b7dd2252b99671ce5d1cb9664c5f8636329436d/library/std/src/sys_common/backtrace.rs:47:5
[INFO] [stdout]    7:     0x55e6f8f9e155 - std::sys_common::backtrace::print::hf9ecbf41d1aa712f
[INFO] [stdout]                                at /rustc/1b7dd2252b99671ce5d1cb9664c5f8636329436d/library/std/src/sys_common/backtrace.rs:34:9
[INFO] [stdout]    8:     0x55e6f8f9fe0e - std::panicking::default_hook::{{closure}}::h04c07acfc84ca028
[INFO] [stdout]                                at /rustc/1b7dd2252b99671ce5d1cb9664c5f8636329436d/library/std/src/panicking.rs:269:22
[INFO] [stdout]    9:     0x55e6f8f9fb41 - std::panicking::default_hook::h01f6bb23e1eceb2c
[INFO] [stdout]                                at /rustc/1b7dd2252b99671ce5d1cb9664c5f8636329436d/library/std/src/panicking.rs:285:9
[INFO] [stdout]   10:     0x55e6f8a2f6ab - <alloc::boxed::Box<F,A> as core::ops::function::Fn<Args>>::call::h87fe9f7b2fd49e4c
[INFO] [stdout]                                at /rustc/1b7dd2252b99671ce5d1cb9664c5f8636329436d/library/alloc/src/boxed.rs:1987:9
[INFO] [stdout]   11:     0x55e6f8a2f6ab - test::test_main::{{closure}}::he94d679243a7531b
[INFO] [stdout]                                at /rustc/1b7dd2252b99671ce5d1cb9664c5f8636329436d/library/test/src/lib.rs:134:21
[INFO] [stdout]   12:     0x55e6f8fa04f4 - <alloc::boxed::Box<F,A> as core::ops::function::Fn<Args>>::call::h3f2d6d8b14c4769f
[INFO] [stdout]                                at /rustc/1b7dd2252b99671ce5d1cb9664c5f8636329436d/library/alloc/src/boxed.rs:1987:9
[INFO] [stdout]   13:     0x55e6f8fa04f4 - std::panicking::rust_panic_with_hook::h2bb3722bbaf2f6df
[INFO] [stdout]                                at /rustc/1b7dd2252b99671ce5d1cb9664c5f8636329436d/library/std/src/panicking.rs:695:13
[INFO] [stdout]   14:     0x55e6f8fa0269 - std::panicking::begin_panic_handler::{{closure}}::h91bc7f36a4be011b
[INFO] [stdout]                                at /rustc/1b7dd2252b99671ce5d1cb9664c5f8636329436d/library/std/src/panicking.rs:582:13
[INFO] [stdout]   15:     0x55e6f8f9e7f6 - std::sys_common::backtrace::__rust_end_short_backtrace::h8b3d3717114f9e59
[INFO] [stdout]                                at /rustc/1b7dd2252b99671ce5d1cb9664c5f8636329436d/library/std/src/sys_common/backtrace.rs:150:18
[INFO] [stdout]   16:     0x55e6f8f9ffc2 - rust_begin_unwind
[INFO] [stdout]                                at /rustc/1b7dd2252b99671ce5d1cb9664c5f8636329436d/library/std/src/panicking.rs:578:5
[INFO] [stdout]   17:     0x55e6f899b353 - core::panicking::panic_fmt::hfd368e3fbdabea26
[INFO] [stdout]                                at /rustc/1b7dd2252b99671ce5d1cb9664c5f8636329436d/library/core/src/panicking.rs:67:14
[INFO] [stdout]   18:     0x55e6f899b8f3 - core::result::unwrap_failed::he54eb4b2f125b26f
[INFO] [stdout]                                at /rustc/1b7dd2252b99671ce5d1cb9664c5f8636329436d/library/core/src/result.rs:1687:5
[INFO] [stdout]   19:     0x55e6f8da043e - core::result::Result<T,E>::expect::h5a41f40e08a06204
[INFO] [stdout]                                at /rustc/1b7dd2252b99671ce5d1cb9664c5f8636329436d/library/core/src/result.rs:1046:23
[INFO] [stdout]   20:     0x55e6f8da121d - env_logger::Builder::init::h07848b5b5c4b531f
[INFO] [stdout]                                at /opt/rustwide/cargo-home/registry/src/index.crates.io-6f17d22bba15001f/env_logger-0.10.0/src/lib.rs:815:9
[INFO] [stdout]   21:     0x55e6f89c2b11 - object_cache::init_log::h50ecc7afcd95b389
[INFO] [stdout]                                at /opt/rustwide/workdir/src/lib.rs:22:5
[INFO] [stdout]   22:     0x55e6f89ddb2f - object_cache::tests::insert_and_retrieve_from_cache::{{closure}}::ha06bd525f94ae863
[INFO] [stdout]                                at /opt/rustwide/workdir/src/lib.rs:127:9
[INFO] [stdout]   23:     0x55e6f89c89e8 - <core::pin::Pin<P> as core::future::future::Future>::poll::hcaf480d349e9154b
[INFO] [stdout]                                at /rustc/1b7dd2252b99671ce5d1cb9664c5f8636329436d/library/core/src/future/future.rs:125:9
[INFO] [stdout]   24:     0x55e6f89c893b - <core::pin::Pin<P> as core::future::future::Future>::poll::h7574b3c20a86c391
[INFO] [stdout]                                at /rustc/1b7dd2252b99671ce5d1cb9664c5f8636329436d/library/core/src/future/future.rs:125:9
[INFO] [stdout]   25:     0x55e6f89c1094 - tokio::runtime::scheduler::current_thread::CoreGuard::block_on::{{closure}}::{{closure}}::{{closure}}::h41622b30840d7c3c
[INFO] [stdout]                                at /opt/rustwide/cargo-home/registry/src/index.crates.io-6f17d22bba15001f/tokio-1.28.0/src/runtime/scheduler/current_thread.rs:541:57
[INFO] [stdout]   26:     0x55e6f89c0fa1 - tokio::runtime::coop::with_budget::h387eb033c055a35f
[INFO] [stdout]                                at /opt/rustwide/cargo-home/registry/src/index.crates.io-6f17d22bba15001f/tokio-1.28.0/src/runtime/coop.rs:107:5
[INFO] [stdout]   27:     0x55e6f89c0fa1 - tokio::runtime::coop::budget::h729d1ef0c537bbcb
[INFO] [stdout]                                at /opt/rustwide/cargo-home/registry/src/index.crates.io-6f17d22bba15001f/tokio-1.28.0/src/runtime/coop.rs:73:5
[INFO] [stdout]   28:     0x55e6f89c0fa1 - tokio::runtime::scheduler::current_thread::CoreGuard::block_on::{{closure}}::{{closure}}::h21e56187d0220453
[INFO] [stdout]                                at /opt/rustwide/cargo-home/registry/src/index.crates.io-6f17d22bba15001f/tokio-1.28.0/src/runtime/scheduler/current_thread.rs:541:25
[INFO] [stdout]   29:     0x55e6f89bf6d9 - tokio::runtime::scheduler::current_thread::Context::enter::h29f98cb617c96751
[INFO] [stdout]                                at /opt/rustwide/cargo-home/registry/src/index.crates.io-6f17d22bba15001f/tokio-1.28.0/src/runtime/scheduler/current_thread.rs:350:19
[INFO] [stdout]   30:     0x55e6f89c04da - tokio::runtime::scheduler::current_thread::CoreGuard::block_on::{{closure}}::h73342b1079fa33ff
[INFO] [stdout]                                at /opt/rustwide/cargo-home/registry/src/index.crates.io-6f17d22bba15001f/tokio-1.28.0/src/runtime/scheduler/current_thread.rs:540:36
[INFO] [stdout]   31:     0x55e6f89c01db - tokio::runtime::scheduler::current_thread::CoreGuard::enter::{{closure}}::hc6555f2ae86ba1cd
[INFO] [stdout]                                at /opt/rustwide/cargo-home/registry/src/index.crates.io-6f17d22bba15001f/tokio-1.28.0/src/runtime/scheduler/current_thread.rs:615:57
[INFO] [stdout]   32:     0x55e6f89c83b8 - tokio::macros::scoped_tls::ScopedKey<T>::set::h747cc8631e8ea5b9
[INFO] [stdout]                                at /opt/rustwide/cargo-home/registry/src/index.crates.io-6f17d22bba15001f/tokio-1.28.0/src/macros/scoped_tls.rs:61:9
[INFO] [stdout]   33:     0x55e6f89bff76 - tokio::runtime::scheduler::current_thread::CoreGuard::enter::hba87ea50b4b26641
[INFO] [stdout]                                at /opt/rustwide/cargo-home/registry/src/index.crates.io-6f17d22bba15001f/tokio-1.28.0/src/runtime/scheduler/current_thread.rs:615:27
[INFO] [stdout]   34:     0x55e6f89c020d - tokio::runtime::scheduler::current_thread::CoreGuard::block_on::hdb76777057c89afc
[INFO] [stdout]                                at /opt/rustwide/cargo-home/registry/src/index.crates.io-6f17d22bba15001f/tokio-1.28.0/src/runtime/scheduler/current_thread.rs:530:19
[INFO] [stdout]   35:     0x55e6f89be71d - tokio::runtime::scheduler::current_thread::CurrentThread::block_on::h92b628d141e11eac
[INFO] [stdout]                                at /opt/rustwide/cargo-home/registry/src/index.crates.io-6f17d22bba15001f/tokio-1.28.0/src/runtime/scheduler/current_thread.rs:154:24
[INFO] [stdout]   36:     0x55e6f89a6bc5 - tokio::runtime::runtime::Runtime::block_on::heecbaff21cfe4224
[INFO] [stdout]                                at /opt/rustwide/cargo-home/registry/src/index.crates.io-6f17d22bba15001f/tokio-1.28.0/src/runtime/runtime.rs:302:47
[INFO] [stdout]   37:     0x55e6f89dda45 - object_cache::tests::insert_and_retrieve_from_cache::h7ca7db7dc67fd780
[INFO] [stdout]                                at /opt/rustwide/workdir/src/lib.rs:143:9
[INFO] [stdout]   38:     0x55e6f89dd8c7 - object_cache::tests::insert_and_retrieve_from_cache::{{closure}}::h1cf213618c272122
[INFO] [stdout]                                at /opt/rustwide/workdir/src/lib.rs:126:47
[INFO] [stdout]   39:     0x55e6f899c3f5 - core::ops::function::FnOnce::call_once::hedc9708dd7d5d38a
[INFO] [stdout]                                at /rustc/1b7dd2252b99671ce5d1cb9664c5f8636329436d/library/core/src/ops/function.rs:250:5
[INFO] [stdout]   40:     0x55e6f8a3457f - core::ops::function::FnOnce::call_once::ha6a70e79f7481a7e
[INFO] [stdout]                                at /rustc/1b7dd2252b99671ce5d1cb9664c5f8636329436d/library/core/src/ops/function.rs:250:5
[INFO] [stdout]   41:     0x55e6f8a3457f - test::__rust_begin_short_backtrace::hce33033019b61e69
[INFO] [stdout]                                at /rustc/1b7dd2252b99671ce5d1cb9664c5f8636329436d/library/test/src/lib.rs:655:18
[INFO] [stdout]   42:     0x55e6f8a01d6c - test::run_test::{{closure}}::h858d3528838ae3e5
[INFO] [stdout]                                at /rustc/1b7dd2252b99671ce5d1cb9664c5f8636329436d/library/test/src/lib.rs:646:30
[INFO] [stdout]   43:     0x55e6f8a01d6c - core::ops::function::FnOnce::call_once{{vtable.shim}}::he8ac2b00f01ae79e
[INFO] [stdout]                                at /rustc/1b7dd2252b99671ce5d1cb9664c5f8636329436d/library/core/src/ops/function.rs:250:5
[INFO] [stdout]   44:     0x55e6f8a33656 - <alloc::boxed::Box<F,A> as core::ops::function::FnOnce<Args>>::call_once::h8093d25b522725ef
[INFO] [stdout]                                at /rustc/1b7dd2252b99671ce5d1cb9664c5f8636329436d/library/alloc/src/boxed.rs:1973:9
[INFO] [stdout]   45:     0x55e6f8a33656 - <core::panic::unwind_safe::AssertUnwindSafe<F> as core::ops::function::FnOnce<()>>::call_once::h5c334c204e4a3913
[INFO] [stdout]                                at /rustc/1b7dd2252b99671ce5d1cb9664c5f8636329436d/library/core/src/panic/unwind_safe.rs:271:9
[INFO] [stdout]   46:     0x55e6f8a33656 - std::panicking::try::do_call::ha8b740c7b9478074
[INFO] [stdout]                                at /rustc/1b7dd2252b99671ce5d1cb9664c5f8636329436d/library/std/src/panicking.rs:485:40
[INFO] [stdout]   47:     0x55e6f8a33656 - std::panicking::try::h5d34f63d0e41b64e
[INFO] [stdout]                                at /rustc/1b7dd2252b99671ce5d1cb9664c5f8636329436d/library/std/src/panicking.rs:449:19
[INFO] [stdout]   48:     0x55e6f8a33656 - std::panic::catch_unwind::hcfbb511e1aa7fc67
[INFO] [stdout]                                at /rustc/1b7dd2252b99671ce5d1cb9664c5f8636329436d/library/std/src/panic.rs:140:14
[INFO] [stdout]   49:     0x55e6f8a33656 - test::run_test_in_process::h9abda90f802eaf21
[INFO] [stdout]                                at /rustc/1b7dd2252b99671ce5d1cb9664c5f8636329436d/library/test/src/lib.rs:678:27
[INFO] [stdout]   50:     0x55e6f8a33656 - test::run_test::run_test_inner::{{closure}}::h0f058de91f6c6edf
[INFO] [stdout]                                at /rustc/1b7dd2252b99671ce5d1cb9664c5f8636329436d/library/test/src/lib.rs:572:39
[INFO] [stdout]   51:     0x55e6f89fc575 - test::run_test::run_test_inner::{{closure}}::h5ca48a4c59c6c1fb
[INFO] [stdout]                                at /rustc/1b7dd2252b99671ce5d1cb9664c5f8636329436d/library/test/src/lib.rs:599:37
[INFO] [stdout]   52:     0x55e6f89fc575 - std::sys_common::backtrace::__rust_begin_short_backtrace::h32bd51e1495d4a33
[INFO] [stdout]                                at /rustc/1b7dd2252b99671ce5d1cb9664c5f8636329436d/library/std/src/sys_common/backtrace.rs:134:18
[INFO] [stdout]   53:     0x55e6f8a01ab1 - std::thread::Builder::spawn_unchecked_::{{closure}}::{{closure}}::hc086fae9b128b2db
[INFO] [stdout]                                at /rustc/1b7dd2252b99671ce5d1cb9664c5f8636329436d/library/std/src/thread/mod.rs:526:17
[INFO] [stdout]   54:     0x55e6f8a01ab1 - <core::panic::unwind_safe::AssertUnwindSafe<F> as core::ops::function::FnOnce<()>>::call_once::hb66571888d270d43
[INFO] [stdout]                                at /rustc/1b7dd2252b99671ce5d1cb9664c5f8636329436d/library/core/src/panic/unwind_safe.rs:271:9
[INFO] [stdout]   55:     0x55e6f8a01ab1 - std::panicking::try::do_call::h4fa2ef4f6e51fecf
[INFO] [stdout]                                at /rustc/1b7dd2252b99671ce5d1cb9664c5f8636329436d/library/std/src/panicking.rs:485:40
[INFO] [stdout]   56:     0x55e6f8a01ab1 - std::panicking::try::h1e9e22b8584489b5
[INFO] [stdout]                                at /rustc/1b7dd2252b99671ce5d1cb9664c5f8636329436d/library/std/src/panicking.rs:449:19
[INFO] [stdout]   57:     0x55e6f8a01ab1 - std::panic::catch_unwind::h44698a3de0e0769e
[INFO] [stdout]                                at /rustc/1b7dd2252b99671ce5d1cb9664c5f8636329436d/library/std/src/panic.rs:140:14
[INFO] [stdout]   58:     0x55e6f8a01ab1 - std::thread::Builder::spawn_unchecked_::{{closure}}::h50153abde3fe239e
[INFO] [stdout]                                at /rustc/1b7dd2252b99671ce5d1cb9664c5f8636329436d/library/std/src/thread/mod.rs:525:30
[INFO] [stdout]   59:     0x55e6f8a01ab1 - core::ops::function::FnOnce::call_once{{vtable.shim}}::hbe5bbf6f38394364
[INFO] [stdout]                                at /rustc/1b7dd2252b99671ce5d1cb9664c5f8636329436d/library/core/src/ops/function.rs:250:5
[INFO] [stdout]   60:     0x55e6f8fa4ac5 - <alloc::boxed::Box<F,A> as core::ops::function::FnOnce<Args>>::call_once::h0d83cb2920a49046
[INFO] [stdout]                                at /rustc/1b7dd2252b99671ce5d1cb9664c5f8636329436d/library/alloc/src/boxed.rs:1973:9
[INFO] [stdout]   61:     0x55e6f8fa4ac5 - <alloc::boxed::Box<F,A> as core::ops::function::FnOnce<Args>>::call_once::hbe0a008aa7d9ef59
[INFO] [stdout]                                at /rustc/1b7dd2252b99671ce5d1cb9664c5f8636329436d/library/alloc/src/boxed.rs:1973:9
[INFO] [stdout]   62:     0x55e6f8fa4ac5 - std::sys::unix::thread::Thread::new::thread_start::h3a466996bdf6b1f9
[INFO] [stdout]                                at /rustc/1b7dd2252b99671ce5d1cb9664c5f8636329436d/library/std/src/sys/unix/thread.rs:108:17
[INFO] [stdout]   63:     0x7feaa3663b43 - <unknown>
[INFO] [stdout]   64:     0x7feaa36f4bb4 - __clone
[INFO] [stdout]   65:                0x0 - <unknown>
[INFO] [stdout] 
[INFO] [stdout] 
[INFO] [stdout] failures:
[INFO] [stdout]     tests::insert_and_retrieve_from_cache
[INFO] [stdout] 
[INFO] [stdout] test result: FAILED. 1 passed; 1 failed; 0 ignored; 0 measured; 0 filtered out; finished in 0.04s
[INFO] [stdout] 
[INFO] [stderr] error: test failed, to rerun pass `--lib`
[INFO] running `Command { std: "docker" "inspect" "1ce265d0cc552d304a8a9e062368f948f6a615ee8105309bb9da2b69f01e1d58", kill_on_drop: false }`
[INFO] running `Command { std: "docker" "rm" "-f" "1ce265d0cc552d304a8a9e062368f948f6a615ee8105309bb9da2b69f01e1d58", kill_on_drop: false }`
[INFO] [stdout] 1ce265d0cc552d304a8a9e062368f948f6a615ee8105309bb9da2b69f01e1d58
