[INFO] fetching crate nyx-space 1.1.2...
[INFO] testing nyx-space-1.1.2 against beta-2023-04-20 for beta-1.70-1
[INFO] extracting crate nyx-space 1.1.2 into /workspace/builds/worker-5-tc2/source
[INFO] validating manifest of crates.io crate nyx-space 1.1.2 on toolchain beta-2023-04-20
[INFO] running `Command { std: CARGO_HOME="/workspace/cargo-home" RUSTUP_HOME="/workspace/rustup-home" "/workspace/cargo-home/bin/cargo" "+beta-2023-04-20" "metadata" "--manifest-path" "Cargo.toml" "--no-deps", kill_on_drop: false }`
[INFO] started tweaking crates.io crate nyx-space 1.1.2
[INFO] finished tweaking crates.io crate nyx-space 1.1.2
[INFO] tweaked toml for crates.io crate nyx-space 1.1.2 written to /workspace/builds/worker-5-tc2/source/Cargo.toml
[INFO] crate crates.io crate nyx-space 1.1.2 already has a lockfile, it will not be regenerated
[INFO] running `Command { std: CARGO_HOME="/workspace/cargo-home" RUSTUP_HOME="/workspace/rustup-home" "/workspace/cargo-home/bin/cargo" "+beta-2023-04-20" "fetch" "--manifest-path" "Cargo.toml", kill_on_drop: false }`
[INFO] [stderr]     Updating crates.io index
[INFO] [stderr]  Downloading crates ...
[INFO] [stderr]   Downloaded rand_pcg v0.3.1
[INFO] [stderr]   Downloaded hyperdual v1.2.0
[INFO] [stderr]   Downloaded yaserde v0.7.1
[INFO] [stderr]   Downloaded yaserde_derive v0.7.1
[INFO] [stderr]   Downloaded simba v0.7.3
[INFO] [stderr]   Downloaded nalgebra v0.30.1
[INFO] [stderr]   Downloaded hifitime v3.3.0
[INFO] [stderr]   Downloaded toml_edit v0.19.3
[INFO] [stderr]   Downloaded wide v0.7.6
[INFO] [stderr]   Downloaded medians v2.1.1
[INFO] [stderr]   Downloaded ran v1.0.7
[INFO] [stderr]   Downloaded rstats v1.2.27
[INFO] [stderr]   Downloaded indxvec v1.4.13
[INFO] [stderr]   Downloaded levenberg-marquardt v0.12.0
[INFO] running `Command { std: "docker" "create" "-v" "/var/lib/crater-agent-workspace/builds/worker-5-tc2/target:/opt/rustwide/target:rw,Z" "-v" "/var/lib/crater-agent-workspace/builds/worker-5-tc2/source:/opt/rustwide/workdir:ro,Z" "-v" "/var/lib/crater-agent-workspace/cargo-home:/opt/rustwide/cargo-home:ro,Z" "-v" "/var/lib/crater-agent-workspace/rustup-home:/opt/rustwide/rustup-home:ro,Z" "-e" "SOURCE_DIR=/opt/rustwide/workdir" "-e" "CARGO_TARGET_DIR=/opt/rustwide/target" "-e" "CARGO_HOME=/opt/rustwide/cargo-home" "-e" "RUSTUP_HOME=/opt/rustwide/rustup-home" "-w" "/opt/rustwide/workdir" "-m" "1610612736" "--user" "0:0" "--network" "none" "ghcr.io/rust-lang/crates-build-env/linux@sha256:5ff2268d62e97bff2cde7d5815dd6ed5b47097566f13b8d0ca110b04b60e07ed" "/opt/rustwide/cargo-home/bin/cargo" "+beta-2023-04-20" "metadata" "--no-deps" "--format-version=1", kill_on_drop: false }`
[INFO] [stdout] 91535cee8218cbe58739fdf172de118d45fb0f82e4611432ea5be04b4a7098bc
[INFO] running `Command { std: "docker" "start" "-a" "91535cee8218cbe58739fdf172de118d45fb0f82e4611432ea5be04b4a7098bc", kill_on_drop: false }`
[INFO] running `Command { std: "docker" "inspect" "91535cee8218cbe58739fdf172de118d45fb0f82e4611432ea5be04b4a7098bc", kill_on_drop: false }`
[INFO] running `Command { std: "docker" "rm" "-f" "91535cee8218cbe58739fdf172de118d45fb0f82e4611432ea5be04b4a7098bc", kill_on_drop: false }`
[INFO] [stdout] 91535cee8218cbe58739fdf172de118d45fb0f82e4611432ea5be04b4a7098bc
[INFO] running `Command { std: "docker" "create" "-v" "/var/lib/crater-agent-workspace/builds/worker-5-tc2/target:/opt/rustwide/target:rw,Z" "-v" "/var/lib/crater-agent-workspace/builds/worker-5-tc2/source:/opt/rustwide/workdir:ro,Z" "-v" "/var/lib/crater-agent-workspace/cargo-home:/opt/rustwide/cargo-home:ro,Z" "-v" "/var/lib/crater-agent-workspace/rustup-home:/opt/rustwide/rustup-home:ro,Z" "-e" "SOURCE_DIR=/opt/rustwide/workdir" "-e" "CARGO_TARGET_DIR=/opt/rustwide/target" "-e" "CARGO_INCREMENTAL=0" "-e" "RUST_BACKTRACE=full" "-e" "RUSTFLAGS=--cap-lints=warn" "-e" "RUSTDOCFLAGS=--cap-lints=warn" "-e" "CARGO_HOME=/opt/rustwide/cargo-home" "-e" "RUSTUP_HOME=/opt/rustwide/rustup-home" "-w" "/opt/rustwide/workdir" "-m" "1610612736" "--user" "0:0" "--network" "none" "ghcr.io/rust-lang/crates-build-env/linux@sha256:5ff2268d62e97bff2cde7d5815dd6ed5b47097566f13b8d0ca110b04b60e07ed" "/opt/rustwide/cargo-home/bin/cargo" "+beta-2023-04-20" "build" "--frozen" "--message-format=json", kill_on_drop: false }`
[INFO] [stdout] 1eb681dd1980ed2e5f441d38a9bf899f5f5ea13f041d6d6da39d5a1fa6df2c29
[INFO] running `Command { std: "docker" "start" "-a" "1eb681dd1980ed2e5f441d38a9bf899f5f5ea13f041d6d6da39d5a1fa6df2c29", kill_on_drop: false }`
[INFO] [stderr]    Compiling libc v0.2.139
[INFO] [stderr]    Compiling libm v0.2.6
[INFO] [stderr]    Compiling num-traits v0.2.15
[INFO] [stderr]    Compiling unicode-ident v1.0.6
[INFO] [stderr]    Compiling syn v1.0.107
[INFO] [stderr]    Compiling typenum v1.16.0
[INFO] [stderr]    Compiling crossbeam-utils v0.8.14
[INFO] [stderr]    Compiling memoffset v0.7.1
[INFO] [stderr]    Compiling crossbeam-epoch v0.9.13
[INFO] [stderr]    Compiling num-integer v0.1.45
[INFO] [stderr]    Compiling generic-array v0.14.6
[INFO] [stderr]    Compiling regex-syntax v0.6.28
[INFO] [stderr]    Compiling scopeguard v1.1.0
[INFO] [stderr]    Compiling either v1.8.1
[INFO] [stderr]    Compiling aho-corasick v0.7.20
[INFO] [stderr]    Compiling num-rational v0.4.1
[INFO] [stderr]    Compiling proc-macro2 v1.0.51
[INFO] [stderr]    Compiling unicode-width v0.1.10
[INFO] [stderr]    Compiling ryu v1.0.12
[INFO] [stderr]    Compiling paste v1.0.11
[INFO] [stderr]    Compiling bytemuck v1.13.0
[INFO] [stderr]    Compiling rayon-core v1.10.2
[INFO] [stderr]    Compiling quote v1.0.23
[INFO] [stderr]    Compiling safe_arch v0.6.0
[INFO] [stderr]    Compiling indexmap v1.9.2
[INFO] [stderr]    Compiling anyhow v1.0.69
[INFO] [stderr]    Compiling lexical-core v0.7.6
[INFO] [stderr]    Compiling same-file v1.0.6
[INFO] [stderr]    Compiling cpufeatures v0.2.5
[INFO] [stderr]    Compiling getrandom v0.2.8
[INFO] [stderr]    Compiling crossbeam-channel v0.5.6
[INFO] [stderr]    Compiling num_cpus v1.15.0
[INFO] [stderr]    Compiling walkdir v2.3.2
[INFO] [stderr]    Compiling rand_core v0.6.4
[INFO] [stderr]    Compiling wide v0.7.6
[INFO] [stderr]    Compiling atty v0.2.14
[INFO] [stderr]    Compiling nom v5.1.2
[INFO] [stderr]    Compiling num-iter v0.1.43
[INFO] [stderr]    Compiling crossbeam-deque v0.8.2
[INFO] [stderr]    Compiling arrayvec v0.5.2
[INFO] [stderr]    Compiling itoa v1.0.5
[INFO] [stderr]    Compiling hashbrown v0.12.3
[INFO] [stderr]    Compiling static_assertions v1.1.0
[INFO] [stderr]    Compiling regex v1.7.1
[INFO] [stderr]    Compiling crc32fast v1.3.2
[INFO] [stderr]    Compiling serde_json v1.0.93
[INFO] [stderr]    Compiling quick-error v1.2.3
[INFO] [stderr]    Compiling rand_chacha v0.3.1
[INFO] [stderr]    Compiling matrixmultiply v0.3.2
[INFO] [stderr]    Compiling humantime v1.3.0
[INFO] [stderr]    Compiling log v0.4.17
[INFO] [stderr]    Compiling rayon v1.6.1
[INFO] [stderr]    Compiling console v0.15.5
[INFO] [stderr]    Compiling itertools v0.10.5
[INFO] [stderr]    Compiling serde_spanned v0.6.1
[INFO] [stderr]    Compiling crypto-common v0.1.6
[INFO] [stderr]    Compiling block-buffer v0.10.3
[INFO] [stderr]    Compiling num-complex v0.4.3
[INFO] [stderr]    Compiling approx v0.5.1
[INFO] [stderr]    Compiling num-traits v0.1.43
[INFO] [stderr]    Compiling nom8 v0.2.0
[INFO] [stderr]    Compiling toml_datetime v0.6.1
[INFO] [stderr]    Compiling digest v0.10.6
[INFO] [stderr]    Compiling adler v1.0.2
[INFO] [stderr]    Compiling remove_dir_all v0.5.3
[INFO] [stderr]    Compiling fastrand v1.9.0
[INFO] [stderr]    Compiling sha2 v0.10.6
[INFO] [stderr]    Compiling simba v0.8.0
[INFO] [stderr]    Compiling serde v0.8.23
[INFO] [stderr]    Compiling termcolor v1.2.0
[INFO] [stderr]    Compiling linked-hash-map v0.5.6
[INFO] [stderr]    Compiling rust-embed-utils v7.3.0
[INFO] [stderr]    Compiling unicode-segmentation v1.10.1
[INFO] [stderr]    Compiling xml-rs v0.8.4
[INFO] [stderr]    Compiling indxvec v1.4.13
[INFO] [stderr]    Compiling yaml-rust v0.4.5
[INFO] [stderr]    Compiling env_logger v0.7.1
[INFO] [stderr]    Compiling tempfile v3.3.0
[INFO] [stderr]    Compiling heck v0.3.3
[INFO] [stderr]    Compiling medians v2.1.1
[INFO] [stderr]    Compiling miniz_oxide v0.6.2
[INFO] [stderr]    Compiling rand v0.8.5
[INFO] [stderr]    Compiling textwrap v0.11.0
[INFO] [stderr]    Compiling csv-core v0.1.10
[INFO] [stderr]    Compiling toml v0.5.11
[INFO] [stderr]    Compiling serde-hjson v0.9.1
[INFO] [stderr]    Compiling ran v1.0.7
[INFO] [stderr]    Compiling strsim v0.8.0
[INFO] [stderr]    Compiling number_prefix v0.4.0
[INFO] [stderr]    Compiling zeroize v1.5.7
[INFO] [stderr]    Compiling bytes v1.4.0
[INFO] [stderr]    Compiling nom v1.2.4
[INFO] [stderr]    Compiling rust-ini v0.13.0
[INFO] [stderr]    Compiling vec_map v0.8.2
[INFO] [stderr]    Compiling shell-words v1.1.0
[INFO] [stderr]    Compiling clap v2.34.0
[INFO] [stderr]    Compiling meval v0.2.0
[INFO] [stderr]    Compiling dialoguer v0.10.3
[INFO] [stderr]    Compiling rand_distr v0.4.3
[INFO] [stderr]    Compiling toml_edit v0.19.3
[INFO] [stderr]    Compiling rstats v1.2.27
[INFO] [stderr]    Compiling indicatif v0.16.2
[INFO] [stderr]    Compiling flate2 v1.0.25
[INFO] [stderr]    Compiling csv v1.2.0
[INFO] [stderr]    Compiling num v0.4.0
[INFO] [stderr]    Compiling yaserde v0.7.1
[INFO] [stderr]    Compiling config v0.11.0
[INFO] [stderr]    Compiling pretty_env_logger v0.4.0
[INFO] [stderr]    Compiling rand_pcg v0.3.1
[INFO] [stderr]    Compiling glob v0.3.1
[INFO] [stderr]    Compiling nalgebra-macros v0.2.0
[INFO] [stderr]    Compiling thiserror-impl v1.0.38
[INFO] [stderr]    Compiling serde_derive v1.0.152
[INFO] [stderr]    Compiling prost-derive v0.11.6
[INFO] [stderr]    Compiling rust-embed-impl v6.3.1
[INFO] [stderr]    Compiling yaserde_derive v0.7.1
[INFO] [stderr]    Compiling toml v0.7.2
[INFO] [stderr]    Compiling rust-embed v6.4.2
[INFO] [stderr]    Compiling thiserror v1.0.38
[INFO] [stderr]    Compiling prost v0.11.6
[INFO] [stderr]    Compiling nalgebra v0.32.1
[INFO] [stderr]    Compiling hifitime v3.3.0
[INFO] [stderr]    Compiling hyperdual v1.2.0
[INFO] [stderr]    Compiling nyx-space v1.1.2 (/opt/rustwide/workdir)
[INFO] [stdout] warning: ambiguous glob re-exports
[INFO] [stdout]    --> src/cosmic/mod.rs:287:9
[INFO] [stdout]     |
[INFO] [stdout] 287 | pub use self::orbit::*;
[INFO] [stdout]     |         ^^^^^^^^^^^^^^ the name `ECC_EPSILON` in the value namespace is first re-exported here
[INFO] [stdout] ...
[INFO] [stdout] 291 | pub use self::orbitdual::*;
[INFO] [stdout]     |         ------------------ but the name `ECC_EPSILON` in the value namespace is also re-exported here
[INFO] [stdout]     |
[INFO] [stdout]     = note: `#[warn(ambiguous_glob_reexports)]` on by default
[INFO] [stdout] 
[INFO] [stdout] 
[INFO] [stdout] warning: unnecessary parentheses around index expression
[INFO] [stdout]    --> src/od/measurement.rs:413:18
[INFO] [stdout]     |
[INFO] [stdout] 413 |             pmat[(j - 1)] = range[j];
[INFO] [stdout]     |                  ^     ^
[INFO] [stdout]     |
[INFO] [stdout]     = note: `#[warn(unused_parens)]` on by default
[INFO] [stdout] help: remove these parentheses
[INFO] [stdout]     |
[INFO] [stdout] 413 -             pmat[(j - 1)] = range[j];
[INFO] [stdout] 413 +             pmat[j - 1] = range[j];
[INFO] [stdout]     |
[INFO] [stdout] 
[INFO] [stdout] 
[INFO] [stdout] warning: 2 warnings emitted
[INFO] [stdout] 
[INFO] [stdout] 
[INFO] [stderr]     Finished dev [unoptimized + debuginfo] target(s) in 49.62s
[INFO] [stderr] warning: the following packages contain code that will be rejected by a future version of Rust: nom v1.2.4, nom v5.1.2
[INFO] [stderr] note: to see what the problems were, use the option `--future-incompat-report`, or run `cargo report future-incompatibilities --id 1`
[INFO] running `Command { std: "docker" "inspect" "1eb681dd1980ed2e5f441d38a9bf899f5f5ea13f041d6d6da39d5a1fa6df2c29", kill_on_drop: false }`
[INFO] running `Command { std: "docker" "rm" "-f" "1eb681dd1980ed2e5f441d38a9bf899f5f5ea13f041d6d6da39d5a1fa6df2c29", kill_on_drop: false }`
[INFO] [stdout] 1eb681dd1980ed2e5f441d38a9bf899f5f5ea13f041d6d6da39d5a1fa6df2c29
[INFO] running `Command { std: "docker" "create" "-v" "/var/lib/crater-agent-workspace/builds/worker-5-tc2/target:/opt/rustwide/target:rw,Z" "-v" "/var/lib/crater-agent-workspace/builds/worker-5-tc2/source:/opt/rustwide/workdir:ro,Z" "-v" "/var/lib/crater-agent-workspace/cargo-home:/opt/rustwide/cargo-home:ro,Z" "-v" "/var/lib/crater-agent-workspace/rustup-home:/opt/rustwide/rustup-home:ro,Z" "-e" "SOURCE_DIR=/opt/rustwide/workdir" "-e" "CARGO_TARGET_DIR=/opt/rustwide/target" "-e" "CARGO_INCREMENTAL=0" "-e" "RUST_BACKTRACE=full" "-e" "RUSTFLAGS=--cap-lints=warn" "-e" "RUSTDOCFLAGS=--cap-lints=warn" "-e" "CARGO_HOME=/opt/rustwide/cargo-home" "-e" "RUSTUP_HOME=/opt/rustwide/rustup-home" "-w" "/opt/rustwide/workdir" "-m" "1610612736" "--user" "0:0" "--network" "none" "ghcr.io/rust-lang/crates-build-env/linux@sha256:5ff2268d62e97bff2cde7d5815dd6ed5b47097566f13b8d0ca110b04b60e07ed" "/opt/rustwide/cargo-home/bin/cargo" "+beta-2023-04-20" "test" "--frozen" "--no-run" "--message-format=json", kill_on_drop: false }`
[INFO] [stdout] 8a617fd39782629e27b3b24823700f73dcb04aa1ed03c68186d97e10559c9d16
[INFO] running `Command { std: "docker" "start" "-a" "8a617fd39782629e27b3b24823700f73dcb04aa1ed03c68186d97e10559c9d16", kill_on_drop: false }`
[INFO] [stdout] warning: ambiguous glob re-exports
[INFO] [stdout]    --> src/cosmic/mod.rs:287:9
[INFO] [stdout]     |
[INFO] [stdout] 287 | pub use self::orbit::*;
[INFO] [stdout]     |         ^^^^^^^^^^^^^^ the name `ECC_EPSILON` in the value namespace is first re-exported here
[INFO] [stdout] ...
[INFO] [stdout] 291 | pub use self::orbitdual::*;
[INFO] [stdout]     |         ------------------ but the name `ECC_EPSILON` in the value namespace is also re-exported here
[INFO] [stdout]     |
[INFO] [stdout]     = note: `#[warn(ambiguous_glob_reexports)]` on by default
[INFO] [stdout] 
[INFO] [stdout] 
[INFO] [stdout] warning: unnecessary parentheses around index expression
[INFO] [stdout]    --> src/od/measurement.rs:413:18
[INFO] [stdout]     |
[INFO] [stdout] 413 |             pmat[(j - 1)] = range[j];
[INFO] [stdout]     |                  ^     ^
[INFO] [stdout]     |
[INFO] [stdout]     = note: `#[warn(unused_parens)]` on by default
[INFO] [stdout] help: remove these parentheses
[INFO] [stdout]     |
[INFO] [stdout] 413 -             pmat[(j - 1)] = range[j];
[INFO] [stdout] 413 +             pmat[j - 1] = range[j];
[INFO] [stdout]     |
[INFO] [stdout] 
[INFO] [stdout] 
[INFO] [stderr]    Compiling nyx-space v1.1.2 (/opt/rustwide/workdir)
[INFO] [stdout] warning: 2 warnings emitted
[INFO] [stdout] 
[INFO] [stdout] 
[INFO] [stdout] warning: ambiguous glob re-exports
[INFO] [stdout]    --> src/cosmic/mod.rs:287:9
[INFO] [stdout]     |
[INFO] [stdout] 287 | pub use self::orbit::*;
[INFO] [stdout]     |         ^^^^^^^^^^^^^^ the name `ECC_EPSILON` in the value namespace is first re-exported here
[INFO] [stdout] ...
[INFO] [stdout] 291 | pub use self::orbitdual::*;
[INFO] [stdout]     |         ------------------ but the name `ECC_EPSILON` in the value namespace is also re-exported here
[INFO] [stdout]     |
[INFO] [stdout]     = note: `#[warn(ambiguous_glob_reexports)]` on by default
[INFO] [stdout] 
[INFO] [stdout] 
[INFO] [stdout] warning: unnecessary parentheses around index expression
[INFO] [stdout]    --> src/od/measurement.rs:413:18
[INFO] [stdout]     |
[INFO] [stdout] 413 |             pmat[(j - 1)] = range[j];
[INFO] [stdout]     |                  ^     ^
[INFO] [stdout]     |
[INFO] [stdout]     = note: `#[warn(unused_parens)]` on by default
[INFO] [stdout] help: remove these parentheses
[INFO] [stdout]     |
[INFO] [stdout] 413 -             pmat[(j - 1)] = range[j];
[INFO] [stdout] 413 +             pmat[j - 1] = range[j];
[INFO] [stdout]     |
[INFO] [stdout] 
[INFO] [stdout] 
[INFO] [stdout] warning: 2 warnings emitted
[INFO] [stdout] 
[INFO] [stdout] 
[INFO] [stderr]     Finished test [unoptimized + debuginfo] target(s) in 10.45s
[INFO] [stderr] warning: the following packages contain code that will be rejected by a future version of Rust: nom v1.2.4, nom v5.1.2
[INFO] [stderr] note: to see what the problems were, use the option `--future-incompat-report`, or run `cargo report future-incompatibilities --id 1`
[INFO] running `Command { std: "docker" "inspect" "8a617fd39782629e27b3b24823700f73dcb04aa1ed03c68186d97e10559c9d16", kill_on_drop: false }`
[INFO] running `Command { std: "docker" "rm" "-f" "8a617fd39782629e27b3b24823700f73dcb04aa1ed03c68186d97e10559c9d16", kill_on_drop: false }`
[INFO] [stdout] 8a617fd39782629e27b3b24823700f73dcb04aa1ed03c68186d97e10559c9d16
[INFO] running `Command { std: "docker" "create" "-v" "/var/lib/crater-agent-workspace/builds/worker-5-tc2/target:/opt/rustwide/target:rw,Z" "-v" "/var/lib/crater-agent-workspace/builds/worker-5-tc2/source:/opt/rustwide/workdir:ro,Z" "-v" "/var/lib/crater-agent-workspace/cargo-home:/opt/rustwide/cargo-home:ro,Z" "-v" "/var/lib/crater-agent-workspace/rustup-home:/opt/rustwide/rustup-home:ro,Z" "-e" "SOURCE_DIR=/opt/rustwide/workdir" "-e" "CARGO_TARGET_DIR=/opt/rustwide/target" "-e" "CARGO_INCREMENTAL=0" "-e" "RUST_BACKTRACE=full" "-e" "RUSTFLAGS=--cap-lints=warn" "-e" "RUSTDOCFLAGS=--cap-lints=warn" "-e" "CARGO_HOME=/opt/rustwide/cargo-home" "-e" "RUSTUP_HOME=/opt/rustwide/rustup-home" "-w" "/opt/rustwide/workdir" "-m" "1610612736" "--user" "0:0" "--network" "none" "ghcr.io/rust-lang/crates-build-env/linux@sha256:5ff2268d62e97bff2cde7d5815dd6ed5b47097566f13b8d0ca110b04b60e07ed" "/opt/rustwide/cargo-home/bin/cargo" "+beta-2023-04-20" "test" "--frozen", kill_on_drop: false }`
[INFO] [stdout] 5101ae5e4e14174af38aa6a08514e4f2af98bc695ea3a9ace66bad770f7cdbd3
[INFO] running `Command { std: "docker" "start" "-a" "5101ae5e4e14174af38aa6a08514e4f2af98bc695ea3a9ace66bad770f7cdbd3", kill_on_drop: false }`
[INFO] [stderr] warning: ambiguous glob re-exports
[INFO] [stderr]    --> src/cosmic/mod.rs:287:9
[INFO] [stderr]     |
[INFO] [stderr] 287 | pub use self::orbit::*;
[INFO] [stderr]     |         ^^^^^^^^^^^^^^ the name `ECC_EPSILON` in the value namespace is first re-exported here
[INFO] [stderr] ...
[INFO] [stderr] 291 | pub use self::orbitdual::*;
[INFO] [stderr]     |         ------------------ but the name `ECC_EPSILON` in the value namespace is also re-exported here
[INFO] [stderr]     |
[INFO] [stderr]     = note: `#[warn(ambiguous_glob_reexports)]` on by default
[INFO] [stderr] 
[INFO] [stderr] warning: unnecessary parentheses around index expression
[INFO] [stderr]    --> src/od/measurement.rs:413:18
[INFO] [stderr]     |
[INFO] [stderr] 413 |             pmat[(j - 1)] = range[j];
[INFO] [stderr]     |                  ^     ^
[INFO] [stderr]     |
[INFO] [stderr]     = note: `#[warn(unused_parens)]` on by default
[INFO] [stderr] help: remove these parentheses
[INFO] [stderr]     |
[INFO] [stderr] 413 -             pmat[(j - 1)] = range[j];
[INFO] [stderr] 413 +             pmat[j - 1] = range[j];
[INFO] [stderr]     |
[INFO] [stderr] 
[INFO] [stderr] warning: `nyx-space` (lib) generated 2 warnings (run `cargo fix --lib -p nyx-space` to apply 1 suggestion)
[INFO] [stderr] warning: `nyx-space` (lib test) generated 2 warnings (2 duplicates)
[INFO] [stderr]     Finished test [unoptimized + debuginfo] target(s) in 0.17s
[INFO] [stderr] warning: the following packages contain code that will be rejected by a future version of Rust: nom v1.2.4, nom v5.1.2
[INFO] [stderr] note: to see what the problems were, use the option `--future-incompat-report`, or run `cargo report future-incompatibilities --id 1`
[INFO] [stderr]      Running unittests src/lib.rs (/opt/rustwide/target/debug/deps/nyx_space-3b800a060085fbbd)
[INFO] [stdout] 
[INFO] [stdout] running 55 tests
[INFO] [stdout] test cosmic::cosm::tests::test_cosm_fix_frame_name ... ok
[INFO] [stdout] test cosmic::rotations::test_angle_unit_deser ... ok
[INFO] [stdout] test cosmic::cosm::tests::why_broken ... ok
[INFO] [stdout] test dynamics::guidance::ra_dec_from_vec ... ok
[INFO] [stdout] test io::frame_serde::test_deser_frame_toml ... ok
[INFO] [stdout] test io::rv::test_deser_distr ... ok
[INFO] [stdout] test io::rv::test_deser_distr_multi ... ok
[INFO] [stdout] test io::scenario::test_md_scenario ... ok
[INFO] [stdout] test io::gravity::test_load_harmonic_files ... FAILED
[INFO] [stdout] test io::scenario::test_od_scenario ... ok
[INFO] [stdout] test cosmic::cosm::tests::cosm_spice_concrete_validation ... ok
[INFO] [stdout] test cosmic::cosm::tests::test_cosm_frame_change_earth2luna ... ok
[INFO] [stdout] test cosmic::cosm::tests::debug_cosm ... ok
[INFO] [stdout] test cosmic::cosm::tests::test_cosm_lt_corr ... ok
[INFO] [stdout] test od::snc::test_snc_init ... ok
[INFO] [stdout] test polyfit::hermite::herm2poly ... ok
[INFO] [stdout] test polyfit::hermite::hermfit_numpy_test ... ok
[INFO] [stdout] test cosmic::cosm::tests::test_cosm_rotation_spiceypy_dcm ... ok
[INFO] [stdout] test polyfit::hermite::hermite_constant_test ... ok
[INFO] [stdout] test polyfit::hermite::hermite_duplication_test ... ok
[INFO] [stdout] test polyfit::hermite::hermite_ephem_spline_test ... ok
[INFO] [stdout] test polyfit::hermite::hermvander_numpy_test ... ok
[INFO] [stdout] test polyfit::hermite::hermite_sine_test ... ok
[INFO] [stdout] test polyfit::polynomial::poly_add ... ok
[INFO] [stdout] test polyfit::polynomial::poly_constant ... ok
[INFO] [stdout] test dynamics::guidance::ruggiero::ruggiero_weight ... ok
[INFO] [stdout] test polyfit::polynomial::poly_print ... ok
[INFO] [stdout] test polyfit::polynomial::poly_multiply ... ok
[INFO] [stdout] test polyfit::polynomial::poly_quadratic ... ok
[INFO] [stdout] test polyfit::polynomial::poly_shift_mulx ... ok
[INFO] [stdout] test polyfit::polynomial::poly_sub ... ok
[INFO] [stdout] test propagators::propagator::test_options ... ok
[INFO] [stdout] test tools::lambert::test_lambert_vallado_lonway ... ok
[INFO] [stdout] test tools::lambert::test_lambert_vallado_shortway ... ok
[INFO] [stdout] test cosmic::cosm::tests::test_cosm_rotation_validation ... ok
[INFO] [stdout] test utils::test_angle_bounds ... ok
[INFO] [stdout] test utils::test_diagonality ... ok
[INFO] [stdout] test utils::test_perpv ... ok
[INFO] [stdout] test utils::test_projv ... ok
[INFO] [stdout] test utils::test_pseudo_inv ... ok
[INFO] [stdout] test utils::spherical ... ok
[INFO] [stdout] test polyfit::polynomial::poly_linear ... ok
[INFO] [stdout] test utils::test_tilde_matrix ... ok
[INFO] [stdout] test cosmic::eclipse::tests::los_earth_eclipse ... ok
[INFO] [stdout] test cosmic::cosm::tests::test_cosm_frame_change_ssb2luna ... ok
[INFO] [stdout] test cosmic::eclipse::tests::los_edge_case ... ok
[INFO] [stdout] test cosmic::cosm::tests::test_cosm_aberration_corr ... ok
[INFO] [stdout] test mc::generator::generate_orbit ... ok
[INFO] [stdout] test mc::generator::generate_spacecraft ... ok
[INFO] [stdout] test cosmic::cosm::tests::test_cosm_rotation_spiceypy_pos_dcm ... ok
[INFO] [stdout] test cosmic::cosm::tests::test_cosm_indirect ... ok
[INFO] [stdout] test cosmic::cosm::tests::test_cosm_frame_change_ven2luna ... ok
[INFO] [stdout] test mc::helpers::test_dv_mag_fixed ... ok
[INFO] [stdout] test mc::multivariate::test_multivariate_state ... ok
[INFO] [stdout] test md::opti::multipleshooting::ctrlnodes::test_nodeserde ... ok
[INFO] [stdout] 
[INFO] [stdout] failures:
[INFO] [stdout] 
[INFO] [stdout] ---- io::gravity::test_load_harmonic_files stdout ----
[INFO] [stdout] thread 'io::gravity::test_load_harmonic_files' panicked at 'could not load JGM3: FileUnreadable("File not found: data/JGM3.cof.gz")', src/io/gravity.rs:456:62
[INFO] [stdout] stack backtrace:
[INFO] [stdout]    0:     0x559b81f2162a - std::backtrace_rs::backtrace::libunwind::trace::h2f05d0192276a8f6
[INFO] [stdout]                                at /rustc/1b7dd2252b99671ce5d1cb9664c5f8636329436d/library/std/src/../../backtrace/src/backtrace/libunwind.rs:93:5
[INFO] [stdout]    1:     0x559b81f2162a - std::backtrace_rs::backtrace::trace_unsynchronized::hedc23dff7a1af150
[INFO] [stdout]                                at /rustc/1b7dd2252b99671ce5d1cb9664c5f8636329436d/library/std/src/../../backtrace/src/backtrace/mod.rs:66:5
[INFO] [stdout]    2:     0x559b81f2162a - std::sys_common::backtrace::_print_fmt::h17541ef7592f3ce2
[INFO] [stdout]                                at /rustc/1b7dd2252b99671ce5d1cb9664c5f8636329436d/library/std/src/sys_common/backtrace.rs:65:5
[INFO] [stdout]    3:     0x559b81f2162a - <std::sys_common::backtrace::_print::DisplayBacktrace as core::fmt::Display>::fmt::h20f75df5ab0c0792
[INFO] [stdout]                                at /rustc/1b7dd2252b99671ce5d1cb9664c5f8636329436d/library/std/src/sys_common/backtrace.rs:44:22
[INFO] [stdout]    4:     0x559b81f48caf - core::fmt::write::h78109e6f466b3af6
[INFO] [stdout]                                at /rustc/1b7dd2252b99671ce5d1cb9664c5f8636329436d/library/core/src/fmt/mod.rs:1254:17
[INFO] [stdout]    5:     0x559b81f1e835 - std::io::Write::write_fmt::hd24bfb68a1b35a25
[INFO] [stdout]                                at /rustc/1b7dd2252b99671ce5d1cb9664c5f8636329436d/library/std/src/io/mod.rs:1698:15
[INFO] [stdout]    6:     0x559b81f213f5 - std::sys_common::backtrace::_print::h8dac57a9f8fbf9a5
[INFO] [stdout]                                at /rustc/1b7dd2252b99671ce5d1cb9664c5f8636329436d/library/std/src/sys_common/backtrace.rs:47:5
[INFO] [stdout]    7:     0x559b81f213f5 - std::sys_common::backtrace::print::hf9ecbf41d1aa712f
[INFO] [stdout]                                at /rustc/1b7dd2252b99671ce5d1cb9664c5f8636329436d/library/std/src/sys_common/backtrace.rs:34:9
[INFO] [stdout]    8:     0x559b81f230ae - std::panicking::default_hook::{{closure}}::h04c07acfc84ca028
[INFO] [stdout]                                at /rustc/1b7dd2252b99671ce5d1cb9664c5f8636329436d/library/std/src/panicking.rs:269:22
[INFO] [stdout]    9:     0x559b81f22de1 - std::panicking::default_hook::h01f6bb23e1eceb2c
[INFO] [stdout]                                at /rustc/1b7dd2252b99671ce5d1cb9664c5f8636329436d/library/std/src/panicking.rs:285:9
[INFO] [stdout]   10:     0x559b81b8db5b - <alloc::boxed::Box<F,A> as core::ops::function::Fn<Args>>::call::h87fe9f7b2fd49e4c
[INFO] [stdout]                                at /rustc/1b7dd2252b99671ce5d1cb9664c5f8636329436d/library/alloc/src/boxed.rs:1987:9
[INFO] [stdout]   11:     0x559b81b8db5b - test::test_main::{{closure}}::he94d679243a7531b
[INFO] [stdout]                                at /rustc/1b7dd2252b99671ce5d1cb9664c5f8636329436d/library/test/src/lib.rs:134:21
[INFO] [stdout]   12:     0x559b81f23794 - <alloc::boxed::Box<F,A> as core::ops::function::Fn<Args>>::call::h3f2d6d8b14c4769f
[INFO] [stdout]                                at /rustc/1b7dd2252b99671ce5d1cb9664c5f8636329436d/library/alloc/src/boxed.rs:1987:9
[INFO] [stdout]   13:     0x559b81f23794 - std::panicking::rust_panic_with_hook::h2bb3722bbaf2f6df
[INFO] [stdout]                                at /rustc/1b7dd2252b99671ce5d1cb9664c5f8636329436d/library/std/src/panicking.rs:695:13
[INFO] [stdout]   14:     0x559b81f23509 - std::panicking::begin_panic_handler::{{closure}}::h91bc7f36a4be011b
[INFO] [stdout]                                at /rustc/1b7dd2252b99671ce5d1cb9664c5f8636329436d/library/std/src/panicking.rs:582:13
[INFO] [stdout]   15:     0x559b81f21a96 - std::sys_common::backtrace::__rust_end_short_backtrace::h8b3d3717114f9e59
[INFO] [stdout]                                at /rustc/1b7dd2252b99671ce5d1cb9664c5f8636329436d/library/std/src/sys_common/backtrace.rs:150:18
[INFO] [stdout]   16:     0x559b81f23262 - rust_begin_unwind
[INFO] [stdout]                                at /rustc/1b7dd2252b99671ce5d1cb9664c5f8636329436d/library/std/src/panicking.rs:578:5
[INFO] [stdout]   17:     0x559b817a5073 - core::panicking::panic_fmt::hfd368e3fbdabea26
[INFO] [stdout]                                at /rustc/1b7dd2252b99671ce5d1cb9664c5f8636329436d/library/core/src/panicking.rs:67:14
[INFO] [stdout]   18:     0x559b817a5613 - core::result::unwrap_failed::he54eb4b2f125b26f
[INFO] [stdout]                                at /rustc/1b7dd2252b99671ce5d1cb9664c5f8636329436d/library/core/src/result.rs:1687:5
[INFO] [stdout]   19:     0x559b818be3a7 - core::result::Result<T,E>::expect::h0ae5980cb8627f98
[INFO] [stdout]                                at /rustc/1b7dd2252b99671ce5d1cb9664c5f8636329436d/library/core/src/result.rs:1046:23
[INFO] [stdout]   20:     0x559b81a2286e - nyx_space::io::gravity::test_load_harmonic_files::ha1620cc3cd202a86
[INFO] [stdout]                                at /opt/rustwide/workdir/src/io/gravity.rs:456:5
[INFO] [stdout]   21:     0x559b81a22807 - nyx_space::io::gravity::test_load_harmonic_files::{{closure}}::h7ed401542a38671a
[INFO] [stdout]                                at /opt/rustwide/workdir/src/io/gravity.rs:455:31
[INFO] [stdout]   22:     0x559b819efbf5 - core::ops::function::FnOnce::call_once::hb34ffbe715e82cd5
[INFO] [stdout]                                at /rustc/1b7dd2252b99671ce5d1cb9664c5f8636329436d/library/core/src/ops/function.rs:250:5
[INFO] [stdout]   23:     0x559b81b92a2f - core::ops::function::FnOnce::call_once::ha6a70e79f7481a7e
[INFO] [stdout]                                at /rustc/1b7dd2252b99671ce5d1cb9664c5f8636329436d/library/core/src/ops/function.rs:250:5
[INFO] [stdout]   24:     0x559b81b92a2f - test::__rust_begin_short_backtrace::hce33033019b61e69
[INFO] [stdout]                                at /rustc/1b7dd2252b99671ce5d1cb9664c5f8636329436d/library/test/src/lib.rs:655:18
[INFO] [stdout]   25:     0x559b81b6021c - test::run_test::{{closure}}::h858d3528838ae3e5
[INFO] [stdout]                                at /rustc/1b7dd2252b99671ce5d1cb9664c5f8636329436d/library/test/src/lib.rs:646:30
[INFO] [stdout]   26:     0x559b81b6021c - core::ops::function::FnOnce::call_once{{vtable.shim}}::he8ac2b00f01ae79e
[INFO] [stdout]                                at /rustc/1b7dd2252b99671ce5d1cb9664c5f8636329436d/library/core/src/ops/function.rs:250:5
[INFO] [stdout]   27:     0x559b81b91b06 - <alloc::boxed::Box<F,A> as core::ops::function::FnOnce<Args>>::call_once::h8093d25b522725ef
[INFO] [stdout]                                at /rustc/1b7dd2252b99671ce5d1cb9664c5f8636329436d/library/alloc/src/boxed.rs:1973:9
[INFO] [stdout]   28:     0x559b81b91b06 - <core::panic::unwind_safe::AssertUnwindSafe<F> as core::ops::function::FnOnce<()>>::call_once::h5c334c204e4a3913
[INFO] [stdout]                                at /rustc/1b7dd2252b99671ce5d1cb9664c5f8636329436d/library/core/src/panic/unwind_safe.rs:271:9
[INFO] [stdout]   29:     0x559b81b91b06 - std::panicking::try::do_call::ha8b740c7b9478074
[INFO] [stdout]                                at /rustc/1b7dd2252b99671ce5d1cb9664c5f8636329436d/library/std/src/panicking.rs:485:40
[INFO] [stdout]   30:     0x559b81b91b06 - std::panicking::try::h5d34f63d0e41b64e
[INFO] [stdout]                                at /rustc/1b7dd2252b99671ce5d1cb9664c5f8636329436d/library/std/src/panicking.rs:449:19
[INFO] [stdout]   31:     0x559b81b91b06 - std::panic::catch_unwind::hcfbb511e1aa7fc67
[INFO] [stdout]                                at /rustc/1b7dd2252b99671ce5d1cb9664c5f8636329436d/library/std/src/panic.rs:140:14
[INFO] [stdout]   32:     0x559b81b91b06 - test::run_test_in_process::h9abda90f802eaf21
[INFO] [stdout]                                at /rustc/1b7dd2252b99671ce5d1cb9664c5f8636329436d/library/test/src/lib.rs:678:27
[INFO] [stdout]   33:     0x559b81b91b06 - test::run_test::run_test_inner::{{closure}}::h0f058de91f6c6edf
[INFO] [stdout]                                at /rustc/1b7dd2252b99671ce5d1cb9664c5f8636329436d/library/test/src/lib.rs:572:39
[INFO] [stdout]   34:     0x559b81b5aa25 - test::run_test::run_test_inner::{{closure}}::h5ca48a4c59c6c1fb
[INFO] [stdout]                                at /rustc/1b7dd2252b99671ce5d1cb9664c5f8636329436d/library/test/src/lib.rs:599:37
[INFO] [stdout]   35:     0x559b81b5aa25 - std::sys_common::backtrace::__rust_begin_short_backtrace::h32bd51e1495d4a33
[INFO] [stdout]                                at /rustc/1b7dd2252b99671ce5d1cb9664c5f8636329436d/library/std/src/sys_common/backtrace.rs:134:18
[INFO] [stdout]   36:     0x559b81b5ff61 - std::thread::Builder::spawn_unchecked_::{{closure}}::{{closure}}::hc086fae9b128b2db
[INFO] [stdout]                                at /rustc/1b7dd2252b99671ce5d1cb9664c5f8636329436d/library/std/src/thread/mod.rs:526:17
[INFO] [stdout]   37:     0x559b81b5ff61 - <core::panic::unwind_safe::AssertUnwindSafe<F> as core::ops::function::FnOnce<()>>::call_once::hb66571888d270d43
[INFO] [stdout]                                at /rustc/1b7dd2252b99671ce5d1cb9664c5f8636329436d/library/core/src/panic/unwind_safe.rs:271:9
[INFO] [stdout]   38:     0x559b81b5ff61 - std::panicking::try::do_call::h4fa2ef4f6e51fecf
[INFO] [stdout]                                at /rustc/1b7dd2252b99671ce5d1cb9664c5f8636329436d/library/std/src/panicking.rs:485:40
[INFO] [stdout]   39:     0x559b81b5ff61 - std::panicking::try::h1e9e22b8584489b5
[INFO] [stdout]                                at /rustc/1b7dd2252b99671ce5d1cb9664c5f8636329436d/library/std/src/panicking.rs:449:19
[INFO] [stdout]   40:     0x559b81b5ff61 - std::panic::catch_unwind::h44698a3de0e0769e
[INFO] [stdout]                                at /rustc/1b7dd2252b99671ce5d1cb9664c5f8636329436d/library/std/src/panic.rs:140:14
[INFO] [stdout]   41:     0x559b81b5ff61 - std::thread::Builder::spawn_unchecked_::{{closure}}::h50153abde3fe239e
[INFO] [stdout]                                at /rustc/1b7dd2252b99671ce5d1cb9664c5f8636329436d/library/std/src/thread/mod.rs:525:30
[INFO] [stdout]   42:     0x559b81b5ff61 - core::ops::function::FnOnce::call_once{{vtable.shim}}::hbe5bbf6f38394364
[INFO] [stdout]                                at /rustc/1b7dd2252b99671ce5d1cb9664c5f8636329436d/library/core/src/ops/function.rs:250:5
[INFO] [stdout]   43:     0x559b81f27c65 - <alloc::boxed::Box<F,A> as core::ops::function::FnOnce<Args>>::call_once::h0d83cb2920a49046
[INFO] [stdout]                                at /rustc/1b7dd2252b99671ce5d1cb9664c5f8636329436d/library/alloc/src/boxed.rs:1973:9
[INFO] [stdout]   44:     0x559b81f27c65 - <alloc::boxed::Box<F,A> as core::ops::function::FnOnce<Args>>::call_once::hbe0a008aa7d9ef59
[INFO] [stdout]                                at /rustc/1b7dd2252b99671ce5d1cb9664c5f8636329436d/library/alloc/src/boxed.rs:1973:9
[INFO] [stdout]   45:     0x559b81f27c65 - std::sys::unix::thread::Thread::new::thread_start::h3a466996bdf6b1f9
[INFO] [stdout]                                at /rustc/1b7dd2252b99671ce5d1cb9664c5f8636329436d/library/std/src/sys/unix/thread.rs:108:17
[INFO] [stdout]   46:     0x7f232a141b43 - <unknown>
[INFO] [stdout]   47:     0x7f232a1d2bb4 - __clone
[INFO] [stdout]   48:                0x0 - <unknown>
[INFO] [stdout] 
[INFO] [stdout] 
[INFO] [stdout] failures:
[INFO] [stdout]     io::gravity::test_load_harmonic_files
[INFO] [stdout] 
[INFO] [stdout] test result: FAILED. 54 passed; 1 failed; 0 ignored; 0 measured; 0 filtered out; finished in 2.19s
[INFO] [stdout] 
[INFO] [stderr] error: test failed, to rerun pass `--lib`
[INFO] running `Command { std: "docker" "inspect" "5101ae5e4e14174af38aa6a08514e4f2af98bc695ea3a9ace66bad770f7cdbd3", kill_on_drop: false }`
[INFO] running `Command { std: "docker" "rm" "-f" "5101ae5e4e14174af38aa6a08514e4f2af98bc695ea3a9ace66bad770f7cdbd3", kill_on_drop: false }`
[INFO] [stdout] 5101ae5e4e14174af38aa6a08514e4f2af98bc695ea3a9ace66bad770f7cdbd3
