[INFO] fetching crate nw-sys 0.1.2...
[INFO] testing nw-sys-0.1.2 against 1.69.0 for beta-1.70-1
[INFO] extracting crate nw-sys 0.1.2 into /workspace/builds/worker-1-tc1/source
[INFO] validating manifest of crates.io crate nw-sys 0.1.2 on toolchain 1.69.0
[INFO] running `Command { std: CARGO_HOME="/workspace/cargo-home" RUSTUP_HOME="/workspace/rustup-home" "/workspace/cargo-home/bin/cargo" "+1.69.0" "metadata" "--manifest-path" "Cargo.toml" "--no-deps", kill_on_drop: false }`
[INFO] started tweaking crates.io crate nw-sys 0.1.2
[INFO] finished tweaking crates.io crate nw-sys 0.1.2
[INFO] tweaked toml for crates.io crate nw-sys 0.1.2 written to /workspace/builds/worker-1-tc1/source/Cargo.toml
[INFO] running `Command { std: CARGO_HOME="/workspace/cargo-home" RUSTUP_HOME="/workspace/rustup-home" __CARGO_TEST_CHANNEL_OVERRIDE_DO_NOT_USE_THIS="nightly" "/workspace/cargo-home/bin/cargo" "+1.69.0" "generate-lockfile" "--manifest-path" "Cargo.toml" "-Zno-index-update", kill_on_drop: false }`
[INFO] running `Command { std: CARGO_HOME="/workspace/cargo-home" RUSTUP_HOME="/workspace/rustup-home" "/workspace/cargo-home/bin/cargo" "+1.69.0" "fetch" "--manifest-path" "Cargo.toml", kill_on_drop: false }`
[INFO] running `Command { std: "docker" "create" "-v" "/var/lib/crater-agent-workspace/builds/worker-1-tc1/target:/opt/rustwide/target:rw,Z" "-v" "/var/lib/crater-agent-workspace/builds/worker-1-tc1/source:/opt/rustwide/workdir:ro,Z" "-v" "/var/lib/crater-agent-workspace/cargo-home:/opt/rustwide/cargo-home:ro,Z" "-v" "/var/lib/crater-agent-workspace/rustup-home:/opt/rustwide/rustup-home:ro,Z" "-e" "SOURCE_DIR=/opt/rustwide/workdir" "-e" "CARGO_TARGET_DIR=/opt/rustwide/target" "-e" "CARGO_HOME=/opt/rustwide/cargo-home" "-e" "RUSTUP_HOME=/opt/rustwide/rustup-home" "-w" "/opt/rustwide/workdir" "-m" "1610612736" "--user" "0:0" "--network" "none" "ghcr.io/rust-lang/crates-build-env/linux@sha256:5ff2268d62e97bff2cde7d5815dd6ed5b47097566f13b8d0ca110b04b60e07ed" "/opt/rustwide/cargo-home/bin/cargo" "+1.69.0" "metadata" "--no-deps" "--format-version=1", kill_on_drop: false }`
[INFO] [stdout] 4a0557c3b70bbaa9d1685e1adef31d616d00e1e6602eb6169af30ae455cbdcd5
[INFO] running `Command { std: "docker" "start" "-a" "4a0557c3b70bbaa9d1685e1adef31d616d00e1e6602eb6169af30ae455cbdcd5", kill_on_drop: false }`
[INFO] running `Command { std: "docker" "inspect" "4a0557c3b70bbaa9d1685e1adef31d616d00e1e6602eb6169af30ae455cbdcd5", kill_on_drop: false }`
[INFO] running `Command { std: "docker" "rm" "-f" "4a0557c3b70bbaa9d1685e1adef31d616d00e1e6602eb6169af30ae455cbdcd5", kill_on_drop: false }`
[INFO] [stdout] 4a0557c3b70bbaa9d1685e1adef31d616d00e1e6602eb6169af30ae455cbdcd5
[INFO] running `Command { std: "docker" "create" "-v" "/var/lib/crater-agent-workspace/builds/worker-1-tc1/target:/opt/rustwide/target:rw,Z" "-v" "/var/lib/crater-agent-workspace/builds/worker-1-tc1/source:/opt/rustwide/workdir:ro,Z" "-v" "/var/lib/crater-agent-workspace/cargo-home:/opt/rustwide/cargo-home:ro,Z" "-v" "/var/lib/crater-agent-workspace/rustup-home:/opt/rustwide/rustup-home:ro,Z" "-e" "SOURCE_DIR=/opt/rustwide/workdir" "-e" "CARGO_TARGET_DIR=/opt/rustwide/target" "-e" "CARGO_INCREMENTAL=0" "-e" "RUST_BACKTRACE=full" "-e" "RUSTFLAGS=--cap-lints=warn" "-e" "RUSTDOCFLAGS=--cap-lints=warn" "-e" "CARGO_HOME=/opt/rustwide/cargo-home" "-e" "RUSTUP_HOME=/opt/rustwide/rustup-home" "-w" "/opt/rustwide/workdir" "-m" "1610612736" "--user" "0:0" "--network" "none" "ghcr.io/rust-lang/crates-build-env/linux@sha256:5ff2268d62e97bff2cde7d5815dd6ed5b47097566f13b8d0ca110b04b60e07ed" "/opt/rustwide/cargo-home/bin/cargo" "+1.69.0" "build" "--frozen" "--message-format=json", kill_on_drop: false }`
[INFO] [stdout] 6d2cff0fb4e2c329cdf4ca8320b596bb3ba77f2ba7bc123cc79591355e3e20de
[INFO] running `Command { std: "docker" "start" "-a" "6d2cff0fb4e2c329cdf4ca8320b596bb3ba77f2ba7bc123cc79591355e3e20de", kill_on_drop: false }`
[INFO] [stderr]    Compiling wasm-bindgen-shared v0.2.84
[INFO] [stderr]    Compiling syn v1.0.109
[INFO] [stderr]    Compiling log v0.4.17
[INFO] [stderr]    Compiling bumpalo v3.12.1
[INFO] [stderr]    Compiling once_cell v1.17.1
[INFO] [stderr]    Compiling wasm-bindgen v0.2.84
[INFO] [stderr]    Compiling syn v2.0.15
[INFO] [stderr]    Compiling thiserror v1.0.40
[INFO] [stderr]    Compiling thiserror-impl v1.0.40
[INFO] [stderr]    Compiling wasm-bindgen-backend v0.2.84
[INFO] [stderr]    Compiling wasm-bindgen-macro-support v0.2.84
[INFO] [stderr]    Compiling wasm-bindgen-macro v0.2.84
[INFO] [stderr]    Compiling js-sys v0.3.61
[INFO] [stderr]    Compiling web-sys v0.3.61
[INFO] [stderr]    Compiling nw-sys v0.1.2 (/opt/rustwide/workdir)
[INFO] [stderr]     Finished dev [unoptimized + debuginfo] target(s) in 25.94s
[INFO] running `Command { std: "docker" "inspect" "6d2cff0fb4e2c329cdf4ca8320b596bb3ba77f2ba7bc123cc79591355e3e20de", kill_on_drop: false }`
[INFO] running `Command { std: "docker" "rm" "-f" "6d2cff0fb4e2c329cdf4ca8320b596bb3ba77f2ba7bc123cc79591355e3e20de", kill_on_drop: false }`
[INFO] [stdout] 6d2cff0fb4e2c329cdf4ca8320b596bb3ba77f2ba7bc123cc79591355e3e20de
[INFO] running `Command { std: "docker" "create" "-v" "/var/lib/crater-agent-workspace/builds/worker-1-tc1/target:/opt/rustwide/target:rw,Z" "-v" "/var/lib/crater-agent-workspace/builds/worker-1-tc1/source:/opt/rustwide/workdir:ro,Z" "-v" "/var/lib/crater-agent-workspace/cargo-home:/opt/rustwide/cargo-home:ro,Z" "-v" "/var/lib/crater-agent-workspace/rustup-home:/opt/rustwide/rustup-home:ro,Z" "-e" "SOURCE_DIR=/opt/rustwide/workdir" "-e" "CARGO_TARGET_DIR=/opt/rustwide/target" "-e" "CARGO_INCREMENTAL=0" "-e" "RUST_BACKTRACE=full" "-e" "RUSTFLAGS=--cap-lints=warn" "-e" "RUSTDOCFLAGS=--cap-lints=warn" "-e" "CARGO_HOME=/opt/rustwide/cargo-home" "-e" "RUSTUP_HOME=/opt/rustwide/rustup-home" "-w" "/opt/rustwide/workdir" "-m" "1610612736" "--user" "0:0" "--network" "none" "ghcr.io/rust-lang/crates-build-env/linux@sha256:5ff2268d62e97bff2cde7d5815dd6ed5b47097566f13b8d0ca110b04b60e07ed" "/opt/rustwide/cargo-home/bin/cargo" "+1.69.0" "test" "--frozen" "--no-run" "--message-format=json", kill_on_drop: false }`
[INFO] [stdout] 7f8b2ab8a0d261bd409a3ff66a69127430ed68b71e24df0e2496dd9143fcf737
[INFO] running `Command { std: "docker" "start" "-a" "7f8b2ab8a0d261bd409a3ff66a69127430ed68b71e24df0e2496dd9143fcf737", kill_on_drop: false }`
[INFO] [stderr]    Compiling nw-sys v0.1.2 (/opt/rustwide/workdir)
[INFO] [stderr]     Finished test [unoptimized + debuginfo] target(s) in 1.06s
[INFO] running `Command { std: "docker" "inspect" "7f8b2ab8a0d261bd409a3ff66a69127430ed68b71e24df0e2496dd9143fcf737", kill_on_drop: false }`
[INFO] running `Command { std: "docker" "rm" "-f" "7f8b2ab8a0d261bd409a3ff66a69127430ed68b71e24df0e2496dd9143fcf737", kill_on_drop: false }`
[INFO] [stdout] 7f8b2ab8a0d261bd409a3ff66a69127430ed68b71e24df0e2496dd9143fcf737
[INFO] running `Command { std: "docker" "create" "-v" "/var/lib/crater-agent-workspace/builds/worker-1-tc1/target:/opt/rustwide/target:rw,Z" "-v" "/var/lib/crater-agent-workspace/builds/worker-1-tc1/source:/opt/rustwide/workdir:ro,Z" "-v" "/var/lib/crater-agent-workspace/cargo-home:/opt/rustwide/cargo-home:ro,Z" "-v" "/var/lib/crater-agent-workspace/rustup-home:/opt/rustwide/rustup-home:ro,Z" "-e" "SOURCE_DIR=/opt/rustwide/workdir" "-e" "CARGO_TARGET_DIR=/opt/rustwide/target" "-e" "CARGO_INCREMENTAL=0" "-e" "RUST_BACKTRACE=full" "-e" "RUSTFLAGS=--cap-lints=warn" "-e" "RUSTDOCFLAGS=--cap-lints=warn" "-e" "CARGO_HOME=/opt/rustwide/cargo-home" "-e" "RUSTUP_HOME=/opt/rustwide/rustup-home" "-w" "/opt/rustwide/workdir" "-m" "1610612736" "--user" "0:0" "--network" "none" "ghcr.io/rust-lang/crates-build-env/linux@sha256:5ff2268d62e97bff2cde7d5815dd6ed5b47097566f13b8d0ca110b04b60e07ed" "/opt/rustwide/cargo-home/bin/cargo" "+1.69.0" "test" "--frozen", kill_on_drop: false }`
[INFO] [stdout] b36c730d689a6f4e59037209cec01839468f36340ed1633820c74b13d5b6ab3e
[INFO] running `Command { std: "docker" "start" "-a" "b36c730d689a6f4e59037209cec01839468f36340ed1633820c74b13d5b6ab3e", kill_on_drop: false }`
[INFO] [stderr]     Finished test [unoptimized + debuginfo] target(s) in 0.03s
[INFO] [stderr]      Running unittests src/lib.rs (/opt/rustwide/target/debug/deps/nw_sys-eb18b44f32ee6f63)
[INFO] [stdout] 
[INFO] [stdout] running 0 tests
[INFO] [stdout] 
[INFO] [stdout] test result: ok. 0 passed; 0 failed; 0 ignored; 0 measured; 0 filtered out; finished in 0.00s
[INFO] [stdout] 
[INFO] [stderr]    Doc-tests nw-sys
[INFO] [stdout] 
[INFO] [stdout] running 17 tests
[INFO] [stdout] test src/app.rs - app::NwApp::filtered_argv_impl (line 15) ... FAILED
[INFO] [stdout] test src/app.rs - app::filtered_argv (line 289) ... FAILED
[INFO] [stdout] test src/chrome/notifications.rs - chrome::notifications (line 5) ... FAILED
[INFO] [stdout] test src/clipboard.rs - clipboard (line 6) ... FAILED
[INFO] [stdout] test src/options.rs - options (line 3) ... FAILED
[INFO] [stdout] test src/screen.rs - screen (line 42) ... FAILED
[INFO] [stdout] test src/screen.rs - screen (line 6) ... FAILED
[INFO] [stdout] test src/menu.rs - menu (line 5) ... FAILED
[INFO] [stdout] test src/screen.rs - screen::desktop_capture_monitor::start (line 130) ... FAILED
[INFO] [stdout] test src/tray.rs - tray (line 6) ... FAILED
[INFO] [stdout] test src/shortcut.rs - shortcut (line 5) ... FAILED
[INFO] [stdout] test src/shortcut.rs - shortcut::Shortcut::new (line 38) ... FAILED
[INFO] [stdout] test src/tray.rs - tray::Tray::new (line 34) ... FAILED
[INFO] [stdout] test src/tray.rs - tray::Tray::set_menu (line 35) ... FAILED
[INFO] [stdout] test src/window.rs - window (line 9) ... FAILED
[INFO] [stdout] test src/app.rs - app::add_origin_access_whitelist_entry (line 17) ... FAILED
[INFO] [stdout] test src/shell.rs - shell (line 7) ... FAILED
[INFO] [stdout] 
[INFO] [stdout] failures:
[INFO] [stdout] 
[INFO] [stdout] ---- src/app.rs - app::NwApp::filtered_argv_impl (line 15) stdout ----
[INFO] [stdout] error: expected expression, found `/`
[INFO] [stdout]  --> src/app.rs:17:5
[INFO] [stdout]   |
[INFO] [stdout] 4 |     /^--url=/,
[INFO] [stdout]   |     ^ expected expression
[INFO] [stdout] 
[INFO] [stdout] error: aborting due to previous error
[INFO] [stdout] 
[INFO] [stdout] Couldn't compile the test.
[INFO] [stdout] ---- src/app.rs - app::filtered_argv (line 289) stdout ----
[INFO] [stdout] error: expected expression, found `/`
[INFO] [stdout]  --> src/app.rs:291:5
[INFO] [stdout]   |
[INFO] [stdout] 4 |     /^--url=/,
[INFO] [stdout]   |     ^ expected expression
[INFO] [stdout] 
[INFO] [stdout] error: aborting due to previous error
[INFO] [stdout] 
[INFO] [stdout] Couldn't compile the test.
[INFO] [stdout] ---- src/chrome/notifications.rs - chrome::notifications (line 5) stdout ----
[INFO] [stdout] error[E0599]: no function or associated item named `new` found for struct `nw_sys::notifications::Options` in the current scope
[INFO] [stdout]  --> src/chrome/notifications.rs:9:39
[INFO] [stdout]   |
[INFO] [stdout] 7 | let options = notifications::Options::new()
[INFO] [stdout]   |                                       ^^^ function or associated item not found in `Options`
[INFO] [stdout]   |
[INFO] [stdout]   = help: items from traits can only be used if the trait is in scope
[INFO] [stdout] note: the function `new` is implemented on `js_sys::Object`
[INFO] [stdout]  --> src/chrome/notifications.rs:9:15
[INFO] [stdout]   |
[INFO] [stdout] 7 | let options = notifications::Options::new()
[INFO] [stdout]   |               ^^^^^^^^^^^^^^^^^^^^^^
[INFO] [stdout] help: the following trait is implemented but not in scope; perhaps add a `use` for it:
[INFO] [stdout]   |
[INFO] [stdout] 2 | use crate::nw_sys::options::OptionsTrait;
[INFO] [stdout]   |
[INFO] [stdout] 
[INFO] [stdout] error[E0599]: no function or associated item named `new` found for struct `Button` in the current scope
[INFO] [stdout]   --> src/chrome/notifications.rs:19:38
[INFO] [stdout]    |
[INFO] [stdout] 17 | let button1 = notifications::Button::new()
[INFO] [stdout]    |                                      ^^^ function or associated item not found in `Button`
[INFO] [stdout]    |
[INFO] [stdout]    = help: items from traits can only be used if the trait is in scope
[INFO] [stdout] note: the function `new` is implemented on `js_sys::Object`
[INFO] [stdout]   --> src/chrome/notifications.rs:19:15
[INFO] [stdout]    |
[INFO] [stdout] 17 | let button1 = notifications::Button::new()
[INFO] [stdout]    |               ^^^^^^^^^^^^^^^^^^^^^
[INFO] [stdout] help: the following trait is implemented but not in scope; perhaps add a `use` for it:
[INFO] [stdout]    |
[INFO] [stdout] 2  | use crate::nw_sys::options::OptionsTrait;
[INFO] [stdout]    |
[INFO] [stdout] 
[INFO] [stdout] error[E0599]: no function or associated item named `new` found for struct `Button` in the current scope
[INFO] [stdout]   --> src/chrome/notifications.rs:23:38
[INFO] [stdout]    |
[INFO] [stdout] 21 | let button2 = notifications::Button::new()
[INFO] [stdout]    |                                      ^^^ function or associated item not found in `Button`
[INFO] [stdout]    |
[INFO] [stdout]    = help: items from traits can only be used if the trait is in scope
[INFO] [stdout] note: the function `new` is implemented on `js_sys::Object`
[INFO] [stdout]   --> src/chrome/notifications.rs:23:15
[INFO] [stdout]    |
[INFO] [stdout] 21 | let button2 = notifications::Button::new()
[INFO] [stdout]    |               ^^^^^^^^^^^^^^^^^^^^^
[INFO] [stdout] help: the following trait is implemented but not in scope; perhaps add a `use` for it:
[INFO] [stdout]    |
[INFO] [stdout] 2  | use crate::nw_sys::options::OptionsTrait;
[INFO] [stdout]    |
[INFO] [stdout] 
[INFO] [stdout] error[E0599]: no function or associated item named `new` found for struct `nw_sys::notifications::Options` in the current scope
[INFO] [stdout]   --> src/chrome/notifications.rs:27:39
[INFO] [stdout]    |
[INFO] [stdout] 25 | let options = notifications::Options::new()
[INFO] [stdout]    |                                       ^^^ function or associated item not found in `Options`
[INFO] [stdout]    |
[INFO] [stdout]    = help: items from traits can only be used if the trait is in scope
[INFO] [stdout] note: the function `new` is implemented on `js_sys::Object`
[INFO] [stdout]   --> src/chrome/notifications.rs:27:15
[INFO] [stdout]    |
[INFO] [stdout] 25 | let options = notifications::Options::new()
[INFO] [stdout]    |               ^^^^^^^^^^^^^^^^^^^^^^
[INFO] [stdout] help: the following trait is implemented but not in scope; perhaps add a `use` for it:
[INFO] [stdout]    |
[INFO] [stdout] 2  | use crate::nw_sys::options::OptionsTrait;
[INFO] [stdout]    |
[INFO] [stdout] 
[INFO] [stdout] error[E0599]: no function or associated item named `new` found for struct `nw_sys::notifications::Options` in the current scope
[INFO] [stdout]   --> src/chrome/notifications.rs:37:39
[INFO] [stdout]    |
[INFO] [stdout] 35 | let options = notifications::Options::new()
[INFO] [stdout]    |                                       ^^^ function or associated item not found in `Options`
[INFO] [stdout]    |
[INFO] [stdout]    = help: items from traits can only be used if the trait is in scope
[INFO] [stdout] note: the function `new` is implemented on `js_sys::Object`
[INFO] [stdout]   --> src/chrome/notifications.rs:37:15
[INFO] [stdout]    |
[INFO] [stdout] 35 | let options = notifications::Options::new()
[INFO] [stdout]    |               ^^^^^^^^^^^^^^^^^^^^^^
[INFO] [stdout] help: the following trait is implemented but not in scope; perhaps add a `use` for it:
[INFO] [stdout]    |
[INFO] [stdout] 2  | use crate::nw_sys::options::OptionsTrait;
[INFO] [stdout]    |
[INFO] [stdout] 
[INFO] [stdout] error[E0599]: no function or associated item named `new` found for struct `Item` in the current scope
[INFO] [stdout]   --> src/chrome/notifications.rs:47:34
[INFO] [stdout]    |
[INFO] [stdout] 45 | let item1 = notifications::Item::new()
[INFO] [stdout]    |                                  ^^^ function or associated item not found in `Item`
[INFO] [stdout]    |
[INFO] [stdout]    = help: items from traits can only be used if the trait is in scope
[INFO] [stdout] note: the function `new` is implemented on `js_sys::Object`
[INFO] [stdout]   --> src/chrome/notifications.rs:47:13
[INFO] [stdout]    |
[INFO] [stdout] 45 | let item1 = notifications::Item::new()
[INFO] [stdout]    |             ^^^^^^^^^^^^^^^^^^^
[INFO] [stdout] help: the following trait is implemented but not in scope; perhaps add a `use` for it:
[INFO] [stdout]    |
[INFO] [stdout] 2  | use crate::nw_sys::options::OptionsTrait;
[INFO] [stdout]    |
[INFO] [stdout] 
[INFO] [stdout] error[E0599]: no function or associated item named `new` found for struct `Item` in the current scope
[INFO] [stdout]   --> src/chrome/notifications.rs:50:34
[INFO] [stdout]    |
[INFO] [stdout] 48 | let item2 = notifications::Item::new()
[INFO] [stdout]    |                                  ^^^ function or associated item not found in `Item`
[INFO] [stdout]    |
[INFO] [stdout]    = help: items from traits can only be used if the trait is in scope
[INFO] [stdout] note: the function `new` is implemented on `js_sys::Object`
[INFO] [stdout]   --> src/chrome/notifications.rs:50:13
[INFO] [stdout]    |
[INFO] [stdout] 48 | let item2 = notifications::Item::new()
[INFO] [stdout]    |             ^^^^^^^^^^^^^^^^^^^
[INFO] [stdout] help: the following trait is implemented but not in scope; perhaps add a `use` for it:
[INFO] [stdout]    |
[INFO] [stdout] 2  | use crate::nw_sys::options::OptionsTrait;
[INFO] [stdout]    |
[INFO] [stdout] 
[INFO] [stdout] error[E0599]: no function or associated item named `new` found for struct `nw_sys::notifications::Options` in the current scope
[INFO] [stdout]   --> src/chrome/notifications.rs:54:39
[INFO] [stdout]    |
[INFO] [stdout] 52 | let options = notifications::Options::new()
[INFO] [stdout]    |                                       ^^^ function or associated item not found in `Options`
[INFO] [stdout]    |
[INFO] [stdout]    = help: items from traits can only be used if the trait is in scope
[INFO] [stdout] note: the function `new` is implemented on `js_sys::Object`
[INFO] [stdout]   --> src/chrome/notifications.rs:54:15
[INFO] [stdout]    |
[INFO] [stdout] 52 | let options = notifications::Options::new()
[INFO] [stdout]    |               ^^^^^^^^^^^^^^^^^^^^^^
[INFO] [stdout] help: the following trait is implemented but not in scope; perhaps add a `use` for it:
[INFO] [stdout]    |
[INFO] [stdout] 2  | use crate::nw_sys::options::OptionsTrait;
[INFO] [stdout]    |
[INFO] [stdout] 
[INFO] [stdout] error[E0599]: no function or associated item named `new` found for struct `nw_sys::notifications::Options` in the current scope
[INFO] [stdout]   --> src/chrome/notifications.rs:64:39
[INFO] [stdout]    |
[INFO] [stdout] 62 | let options = notifications::Options::new()
[INFO] [stdout]    |                                       ^^^ function or associated item not found in `Options`
[INFO] [stdout]    |
[INFO] [stdout]    = help: items from traits can only be used if the trait is in scope
[INFO] [stdout] note: the function `new` is implemented on `js_sys::Object`
[INFO] [stdout]   --> src/chrome/notifications.rs:64:15
[INFO] [stdout]    |
[INFO] [stdout] 62 | let options = notifications::Options::new()
[INFO] [stdout]    |               ^^^^^^^^^^^^^^^^^^^^^^
[INFO] [stdout] help: the following trait is implemented but not in scope; perhaps add a `use` for it:
[INFO] [stdout]    |
[INFO] [stdout] 2  | use crate::nw_sys::options::OptionsTrait;
[INFO] [stdout]    |
[INFO] [stdout] 
[INFO] [stdout] error: aborting due to 9 previous errors
[INFO] [stdout] 
[INFO] [stdout] For more information about this error, try `rustc --explain E0599`.
[INFO] [stdout] Couldn't compile the test.
[INFO] [stdout] ---- src/clipboard.rs - clipboard (line 6) stdout ----
[INFO] [stdout] error: cannot find macro `log_info` in this scope
[INFO] [stdout]  --> src/clipboard.rs:12:1
[INFO] [stdout]   |
[INFO] [stdout] 8 | log_info!("clipboard data types: {:?}", types);
[INFO] [stdout]   | ^^^^^^^^
[INFO] [stdout] 
[INFO] [stdout] error[E0433]: failed to resolve: use of undeclared crate or module `nw`
[INFO] [stdout]  --> src/clipboard.rs:8:17
[INFO] [stdout]   |
[INFO] [stdout] 4 | let clipboard = nw::clipboard::get();
[INFO] [stdout]   |                 ^^ use of undeclared crate or module `nw`
[INFO] [stdout] 
[INFO] [stdout] error[E0425]: cannot find value `clip` in this scope
[INFO] [stdout]  --> src/clipboard.rs:11:13
[INFO] [stdout]   |
[INFO] [stdout] 7 | let types = clip.get_available_types();
[INFO] [stdout]   |             ^^^^ not found in this scope
[INFO] [stdout] 
[INFO] [stdout] error[E0425]: cannot find value `clip` in this scope
[INFO] [stdout]   --> src/clipboard.rs:15:1
[INFO] [stdout]    |
[INFO] [stdout] 11 | clip.set("Hello");
[INFO] [stdout]    | ^^^^ not found in this scope
[INFO] [stdout] 
[INFO] [stdout] error[E0425]: cannot find value `clip` in this scope
[INFO] [stdout]   --> src/clipboard.rs:18:12
[INFO] [stdout]    |
[INFO] [stdout] 14 | let text = clip.get();
[INFO] [stdout]    |            ^^^^ not found in this scope
[INFO] [stdout] 
[INFO] [stdout] error: aborting due to 5 previous errors
[INFO] [stdout] 
[INFO] [stdout] Some errors have detailed explanations: E0425, E0433.
[INFO] [stdout] For more information about an error, try `rustc --explain E0425`.
[INFO] [stdout] Couldn't compile the test.
[INFO] [stdout] ---- src/options.rs - options (line 3) stdout ----
[INFO] [stdout] error[E0774]: `derive` may only be applied to `struct`s, `enum`s and `union`s
[INFO] [stdout]  --> src/options.rs:9:5
[INFO] [stdout]   |
[INFO] [stdout] 8 |     #[derive(Debug, Clone, PartialEq, Eq)]
[INFO] [stdout]   |     ^^^^^^^^^^^^^^^^^^^^^^^^^^^^^^^^^^^^^^ not applicable here
[INFO] [stdout] 9 |     pub type MyOptions;
[INFO] [stdout]   |     ------------------- not a `struct`, `enum` or `union`
[INFO] [stdout] 
[INFO] [stdout] error: cannot find attribute `wasm_bindgen` in this scope
[INFO] [stdout]  --> src/options.rs:6:3
[INFO] [stdout]   |
[INFO] [stdout] 5 | #[wasm_bindgen]
[INFO] [stdout]   |   ^^^^^^^^^^^^
[INFO] [stdout]   |
[INFO] [stdout]   = help: consider importing this attribute macro:
[INFO] [stdout]           wasm_bindgen::prelude::wasm_bindgen
[INFO] [stdout]   = note: `wasm_bindgen` is in scope, but it is a crate, not an attribute
[INFO] [stdout] 
[INFO] [stdout] error: cannot find attribute `wasm_bindgen` in this scope
[INFO] [stdout]  --> src/options.rs:8:7
[INFO] [stdout]   |
[INFO] [stdout] 7 |     #[wasm_bindgen(extends = js_sys::Object)]
[INFO] [stdout]   |       ^^^^^^^^^^^^
[INFO] [stdout]   |
[INFO] [stdout]   = help: consider importing this attribute macro:
[INFO] [stdout]           wasm_bindgen::prelude::wasm_bindgen
[INFO] [stdout]   = note: `wasm_bindgen` is in scope, but it is a crate, not an attribute
[INFO] [stdout] 
[INFO] [stdout] error[E0433]: failed to resolve: use of undeclared crate or module `workflow_wasm`
[INFO] [stdout]   --> src/options.rs:13:6
[INFO] [stdout]    |
[INFO] [stdout] 12 | impl workflow_wasm::options::OptionsTrait for MyOptions{}
[INFO] [stdout]    |      ^^^^^^^^^^^^^ use of undeclared crate or module `workflow_wasm`
[INFO] [stdout] 
[INFO] [stdout] error[E0433]: failed to resolve: use of undeclared type `JsValue`
[INFO] [stdout]   --> src/options.rs:19:27
[INFO] [stdout]    |
[INFO] [stdout] 18 |         self.set("title", JsValue::from(title))
[INFO] [stdout]    |                           ^^^^^^^ use of undeclared type `JsValue`
[INFO] [stdout]    |
[INFO] [stdout] help: consider importing this struct
[INFO] [stdout]    |
[INFO] [stdout] 4  | use wasm_bindgen::JsValue;
[INFO] [stdout]    |
[INFO] [stdout] 
[INFO] [stdout] error[E0433]: failed to resolve: use of undeclared type `JsValue`
[INFO] [stdout]   --> src/options.rs:24:28
[INFO] [stdout]    |
[INFO] [stdout] 23 |         self.set("active", JsValue::from(active))
[INFO] [stdout]    |                            ^^^^^^^ use of undeclared type `JsValue`
[INFO] [stdout]    |
[INFO] [stdout] help: consider importing this struct
[INFO] [stdout]    |
[INFO] [stdout] 4  | use wasm_bindgen::JsValue;
[INFO] [stdout]    |
[INFO] [stdout] 
[INFO] [stdout] error[E0658]: extern types are experimental
[INFO] [stdout]  --> src/options.rs:10:5
[INFO] [stdout]   |
[INFO] [stdout] 9 |     pub type MyOptions;
[INFO] [stdout]   |     ^^^^^^^^^^^^^^^^^^^
[INFO] [stdout]   |
[INFO] [stdout]   = note: see issue #43467 <https://github.com/rust-lang/rust/issues/43467> for more information
[INFO] [stdout] 
[INFO] [stdout] error: aborting due to 7 previous errors
[INFO] [stdout] 
[INFO] [stdout] Some errors have detailed explanations: E0433, E0658, E0774.
[INFO] [stdout] For more information about an error, try `rustc --explain E0433`.
[INFO] [stdout] Couldn't compile the test.
[INFO] [stdout] ---- src/screen.rs - screen (line 42) stdout ----
[INFO] [stdout] error[E0433]: failed to resolve: use of undeclared crate or module `workflow_wasm`
[INFO] [stdout]  --> src/screen.rs:43:5
[INFO] [stdout]   |
[INFO] [stdout] 4 | use workflow_wasm::prelude::*;
[INFO] [stdout]   |     ^^^^^^^^^^^^^ use of undeclared crate or module `workflow_wasm`
[INFO] [stdout] 
[INFO] [stdout] error: cannot find macro `callback` in this scope
[INFO] [stdout]   --> src/screen.rs:60:32
[INFO] [stdout]    |
[INFO] [stdout] 21 | let display_removed_callback = callback!(move |screen:JsValue|{
[INFO] [stdout]    |                                ^^^^^^^^
[INFO] [stdout] 
[INFO] [stdout] error: cannot find macro `callback` in this scope
[INFO] [stdout]   --> src/screen.rs:54:30
[INFO] [stdout]    |
[INFO] [stdout] 15 | let display_added_callback = callback!(move |screen:JsValue|{
[INFO] [stdout]    |                              ^^^^^^^^
[INFO] [stdout] 
[INFO] [stdout] error: cannot find macro `callback` in this scope
[INFO] [stdout]  --> src/screen.rs:48:39
[INFO] [stdout]   |
[INFO] [stdout] 9 | let display_bounds_changed_callback = callback!(move |screen:JsValue|{
[INFO] [stdout]   |                                       ^^^^^^^^
[INFO] [stdout] 
[INFO] [stdout] error[E0425]: cannot find value `app` in this scope
[INFO] [stdout]   --> src/screen.rs:72:1
[INFO] [stdout]    |
[INFO] [stdout] 33 | app.push_callback(display_bounds_changed_callback)?;
[INFO] [stdout]    | ^^^ not found in this scope
[INFO] [stdout] 
[INFO] [stdout] error[E0425]: cannot find value `app` in this scope
[INFO] [stdout]   --> src/screen.rs:73:1
[INFO] [stdout]    |
[INFO] [stdout] 34 | app.push_callback(display_added_callback)?;
[INFO] [stdout]    | ^^^ not found in this scope
[INFO] [stdout] 
[INFO] [stdout] error[E0425]: cannot find value `app` in this scope
[INFO] [stdout]   --> src/screen.rs:74:1
[INFO] [stdout]    |
[INFO] [stdout] 35 | app.push_callback(display_removed_callback)?;
[INFO] [stdout]    | ^^^ not found in this scope
[INFO] [stdout] 
[INFO] [stdout] error: aborting due to 7 previous errors
[INFO] [stdout] 
[INFO] [stdout] Some errors have detailed explanations: E0425, E0433.
[INFO] [stdout] For more information about an error, try `rustc --explain E0425`.
[INFO] [stdout] Couldn't compile the test.
[INFO] [stdout] ---- src/screen.rs - screen (line 6) stdout ----
[INFO] [stdout] error: cannot find macro `log_info` in this scope
[INFO] [stdout]   --> src/screen.rs:24:5
[INFO] [stdout]    |
[INFO] [stdout] 21 |     log_info!("displayRemoved: {:#?}", screen);
[INFO] [stdout]    |     ^^^^^^^^
[INFO] [stdout] 
[INFO] [stdout] error: cannot find macro `log_info` in this scope
[INFO] [stdout]   --> src/screen.rs:18:5
[INFO] [stdout]    |
[INFO] [stdout] 15 |     log_info!("displayAdded: {:#?}", screen);
[INFO] [stdout]    |     ^^^^^^^^
[INFO] [stdout] 
[INFO] [stdout] error: cannot find macro `log_info` in this scope
[INFO] [stdout]  --> src/screen.rs:12:5
[INFO] [stdout]   |
[INFO] [stdout] 9 |     log_info!("displayBoundsChanged: {:#?}", screen);
[INFO] [stdout]   |     ^^^^^^^^
[INFO] [stdout] 
[INFO] [stdout] error[E0412]: cannot find type `JsValue` in this scope
[INFO] [stdout]  --> src/screen.rs:10:66
[INFO] [stdout]   |
[INFO] [stdout] 7 | let display_bounds_changed_callback = Callback::new(move |screen:JsValue|{
[INFO] [stdout]   |                                                                  ^^^^^^^ not found in this scope
[INFO] [stdout]   |
[INFO] [stdout] help: consider importing this struct
[INFO] [stdout]   |
[INFO] [stdout] 3 | use wasm_bindgen::JsValue;
[INFO] [stdout]   |
[INFO] [stdout] 
[INFO] [stdout] error[E0412]: cannot find type `JsValue` in this scope
[INFO] [stdout]   --> src/screen.rs:16:57
[INFO] [stdout]    |
[INFO] [stdout] 13 | let display_added_callback = Callback::new(move |screen:JsValue|{
[INFO] [stdout]    |                                                         ^^^^^^^ not found in this scope
[INFO] [stdout]    |
[INFO] [stdout] help: consider importing this struct
[INFO] [stdout]    |
[INFO] [stdout] 3  | use wasm_bindgen::JsValue;
[INFO] [stdout]    |
[INFO] [stdout] 
[INFO] [stdout] error[E0412]: cannot find type `JsValue` in this scope
[INFO] [stdout]   --> src/screen.rs:22:59
[INFO] [stdout]    |
[INFO] [stdout] 19 | let display_removed_callback = Callback::new(move |screen:JsValue|{
[INFO] [stdout]    |                                                           ^^^^^^^ not found in this scope
[INFO] [stdout]    |
[INFO] [stdout] help: consider importing this struct
[INFO] [stdout]    |
[INFO] [stdout] 3  | use wasm_bindgen::JsValue;
[INFO] [stdout]    |
[INFO] [stdout] 
[INFO] [stdout] error[E0425]: cannot find value `app` in this scope
[INFO] [stdout]   --> src/screen.rs:34:1
[INFO] [stdout]    |
[INFO] [stdout] 31 | app.push_callback(display_bounds_changed_callback)?;
[INFO] [stdout]    | ^^^ not found in this scope
[INFO] [stdout] 
[INFO] [stdout] error[E0425]: cannot find value `app` in this scope
[INFO] [stdout]   --> src/screen.rs:35:1
[INFO] [stdout]    |
[INFO] [stdout] 32 | app.push_callback(display_added_callback)?;
[INFO] [stdout]    | ^^^ not found in this scope
[INFO] [stdout] 
[INFO] [stdout] error[E0425]: cannot find value `app` in this scope
[INFO] [stdout]   --> src/screen.rs:36:1
[INFO] [stdout]    |
[INFO] [stdout] 33 | app.push_callback(display_removed_callback)?;
[INFO] [stdout]    | ^^^ not found in this scope
[INFO] [stdout] 
[INFO] [stdout] error[E0433]: failed to resolve: use of undeclared type `Callback`
[INFO] [stdout]  --> src/screen.rs:10:39
[INFO] [stdout]   |
[INFO] [stdout] 7 | let display_bounds_changed_callback = Callback::new(move |screen:JsValue|{
[INFO] [stdout]   |                                       ^^^^^^^^ use of undeclared type `Callback`
[INFO] [stdout] 
[INFO] [stdout] error[E0433]: failed to resolve: use of undeclared type `Callback`
[INFO] [stdout]   --> src/screen.rs:16:30
[INFO] [stdout]    |
[INFO] [stdout] 13 | let display_added_callback = Callback::new(move |screen:JsValue|{
[INFO] [stdout]    |                              ^^^^^^^^ use of undeclared type `Callback`
[INFO] [stdout] 
[INFO] [stdout] error[E0433]: failed to resolve: use of undeclared type `Callback`
[INFO] [stdout]   --> src/screen.rs:22:32
[INFO] [stdout]    |
[INFO] [stdout] 19 | let display_removed_callback = Callback::new(move |screen:JsValue|{
[INFO] [stdout]    |                                ^^^^^^^^ use of undeclared type `Callback`
[INFO] [stdout] 
[INFO] [stdout] error: aborting due to 12 previous errors
[INFO] [stdout] 
[INFO] [stdout] Some errors have detailed explanations: E0412, E0425, E0433.
[INFO] [stdout] For more information about an error, try `rustc --explain E0412`.
[INFO] [stdout] Couldn't compile the test.
[INFO] [stdout] ---- src/menu.rs - menu (line 5) stdout ----
[INFO] [stdout] error: cannot find macro `log_trace` in this scope
[INFO] [stdout]   --> src/menu.rs:24:5
[INFO] [stdout]    |
[INFO] [stdout] 22 |     log_trace!("{:?}", item);
[INFO] [stdout]    |     ^^^^^^^^^
[INFO] [stdout] 
[INFO] [stdout] error[E0599]: no function or associated item named `new` found for struct `nw_sys::menu_item::Options` in the current scope
[INFO] [stdout]  --> src/menu.rs:11:65
[INFO] [stdout]   |
[INFO] [stdout] 9 | menu.append(&nw_sys::MenuItem::new(&nw_sys::menu_item::Options::new().label("Item A")));
[INFO] [stdout]   |                                                                 ^^^ function or associated item not found in `Options`
[INFO] [stdout]   |
[INFO] [stdout]   = help: items from traits can only be used if the trait is in scope
[INFO] [stdout] note: the function `new` is implemented on `js_sys::Object`
[INFO] [stdout]  --> src/menu.rs:11:37
[INFO] [stdout]   |
[INFO] [stdout] 9 | menu.append(&nw_sys::MenuItem::new(&nw_sys::menu_item::Options::new().label("Item A")));
[INFO] [stdout]   |                                     ^^^^^^^^^^^^^^^^^^^^^^^^^^
[INFO] [stdout] help: the following trait is implemented but not in scope; perhaps add a `use` for it:
[INFO] [stdout]   |
[INFO] [stdout] 4 | use crate::nw_sys::options::OptionsTrait;
[INFO] [stdout]   |
[INFO] [stdout] 
[INFO] [stdout] error[E0599]: no function or associated item named `new` found for struct `nw_sys::menu_item::Options` in the current scope
[INFO] [stdout]   --> src/menu.rs:12:65
[INFO] [stdout]    |
[INFO] [stdout] 10 | menu.append(&nw_sys::MenuItem::new(&nw_sys::menu_item::Options::new().label("Item B")));
[INFO] [stdout]    |                                                                 ^^^ function or associated item not found in `Options`
[INFO] [stdout]    |
[INFO] [stdout]    = help: items from traits can only be used if the trait is in scope
[INFO] [stdout] note: the function `new` is implemented on `js_sys::Object`
[INFO] [stdout]   --> src/menu.rs:12:37
[INFO] [stdout]    |
[INFO] [stdout] 10 | menu.append(&nw_sys::MenuItem::new(&nw_sys::menu_item::Options::new().label("Item B")));
[INFO] [stdout]    |                                     ^^^^^^^^^^^^^^^^^^^^^^^^^^
[INFO] [stdout] help: the following trait is implemented but not in scope; perhaps add a `use` for it:
[INFO] [stdout]    |
[INFO] [stdout] 4  | use crate::nw_sys::options::OptionsTrait;
[INFO] [stdout]    |
[INFO] [stdout] 
[INFO] [stdout] error[E0599]: no function or associated item named `new` found for struct `nw_sys::menu_item::Options` in the current scope
[INFO] [stdout]   --> src/menu.rs:14:65
[INFO] [stdout]    |
[INFO] [stdout] 12 | menu.append(&nw_sys::MenuItem::new(&nw_sys::menu_item::Options::new().label("Item C")));
[INFO] [stdout]    |                                                                 ^^^ function or associated item not found in `Options`
[INFO] [stdout]    |
[INFO] [stdout]    = help: items from traits can only be used if the trait is in scope
[INFO] [stdout] note: the function `new` is implemented on `js_sys::Object`
[INFO] [stdout]   --> src/menu.rs:14:37
[INFO] [stdout]    |
[INFO] [stdout] 12 | menu.append(&nw_sys::MenuItem::new(&nw_sys::menu_item::Options::new().label("Item C")));
[INFO] [stdout]    |                                     ^^^^^^^^^^^^^^^^^^^^^^^^^^
[INFO] [stdout] help: the following trait is implemented but not in scope; perhaps add a `use` for it:
[INFO] [stdout]    |
[INFO] [stdout] 4  | use crate::nw_sys::options::OptionsTrait;
[INFO] [stdout]    |
[INFO] [stdout] 
[INFO] [stdout] error[E0599]: no function or associated item named `new` found for struct `nw_sys::menu_item::Options` in the current scope
[INFO] [stdout]   --> src/menu.rs:35:68
[INFO] [stdout]    |
[INFO] [stdout] 33 | submenu.append(&nw_sys::MenuItem::new(&nw_sys::menu_item::Options::new().label("Item A")));
[INFO] [stdout]    |                                                                    ^^^ function or associated item not found in `Options`
[INFO] [stdout]    |
[INFO] [stdout]    = help: items from traits can only be used if the trait is in scope
[INFO] [stdout] note: the function `new` is implemented on `js_sys::Object`
[INFO] [stdout]   --> src/menu.rs:35:40
[INFO] [stdout]    |
[INFO] [stdout] 33 | submenu.append(&nw_sys::MenuItem::new(&nw_sys::menu_item::Options::new().label("Item A")));
[INFO] [stdout]    |                                        ^^^^^^^^^^^^^^^^^^^^^^^^^^
[INFO] [stdout] help: the following trait is implemented but not in scope; perhaps add a `use` for it:
[INFO] [stdout]    |
[INFO] [stdout] 4  | use crate::nw_sys::options::OptionsTrait;
[INFO] [stdout]    |
[INFO] [stdout] 
[INFO] [stdout] error[E0599]: no function or associated item named `new` found for struct `nw_sys::menu_item::Options` in the current scope
[INFO] [stdout]   --> src/menu.rs:36:68
[INFO] [stdout]    |
[INFO] [stdout] 34 | submenu.append(&nw_sys::MenuItem::new(&nw_sys::menu_item::Options::new().label("Item B")));
[INFO] [stdout]    |                                                                    ^^^ function or associated item not found in `Options`
[INFO] [stdout]    |
[INFO] [stdout]    = help: items from traits can only be used if the trait is in scope
[INFO] [stdout] note: the function `new` is implemented on `js_sys::Object`
[INFO] [stdout]   --> src/menu.rs:36:40
[INFO] [stdout]    |
[INFO] [stdout] 34 | submenu.append(&nw_sys::MenuItem::new(&nw_sys::menu_item::Options::new().label("Item B")));
[INFO] [stdout]    |                                        ^^^^^^^^^^^^^^^^^^^^^^^^^^
[INFO] [stdout] help: the following trait is implemented but not in scope; perhaps add a `use` for it:
[INFO] [stdout]    |
[INFO] [stdout] 4  | use crate::nw_sys::options::OptionsTrait;
[INFO] [stdout]    |
[INFO] [stdout] 
[INFO] [stdout] error[E0599]: no function or associated item named `new` found for struct `nw_sys::menu_item::Options` in the current scope
[INFO] [stdout]   --> src/menu.rs:39:43
[INFO] [stdout]    |
[INFO] [stdout] 37 | let options = nw_sys::menu_item::Options::new()
[INFO] [stdout]    |                                           ^^^ function or associated item not found in `Options`
[INFO] [stdout]    |
[INFO] [stdout]    = help: items from traits can only be used if the trait is in scope
[INFO] [stdout] note: the function `new` is implemented on `js_sys::Object`
[INFO] [stdout]   --> src/menu.rs:39:15
[INFO] [stdout]    |
[INFO] [stdout] 37 | let options = nw_sys::menu_item::Options::new()
[INFO] [stdout]    |               ^^^^^^^^^^^^^^^^^^^^^^^^^^
[INFO] [stdout] help: the following trait is implemented but not in scope; perhaps add a `use` for it:
[INFO] [stdout]    |
[INFO] [stdout] 4  | use crate::nw_sys::options::OptionsTrait;
[INFO] [stdout]    |
[INFO] [stdout] 
[INFO] [stdout] error: aborting due to 7 previous errors
[INFO] [stdout] 
[INFO] [stdout] For more information about this error, try `rustc --explain E0599`.
[INFO] [stdout] Couldn't compile the test.
[INFO] [stdout] ---- src/screen.rs - screen::desktop_capture_monitor::start (line 130) stdout ----
[INFO] [stdout] error[E0433]: failed to resolve: use of undeclared crate or module `nw`
[INFO] [stdout]  --> src/screen.rs:131:1
[INFO] [stdout]   |
[INFO] [stdout] 3 | nw::screen::desktop_capture_monitor::start(true, true);
[INFO] [stdout]   | ^^ use of undeclared crate or module `nw`
[INFO] [stdout] 
[INFO] [stdout] error: aborting due to previous error
[INFO] [stdout] 
[INFO] [stdout] For more information about this error, try `rustc --explain E0433`.
[INFO] [stdout] Couldn't compile the test.
[INFO] [stdout] ---- src/tray.rs - tray (line 6) stdout ----
[INFO] [stdout] error[E0599]: no function or associated item named `new` found for struct `TrayOptions` in the current scope
[INFO] [stdout]  --> src/tray.rs:7:38
[INFO] [stdout]   |
[INFO] [stdout] 4 | let options = nw_sys::tray::Options::new()
[INFO] [stdout]   |                                      ^^^ function or associated item not found in `Options`
[INFO] [stdout]   |
[INFO] [stdout]   = help: items from traits can only be used if the trait is in scope
[INFO] [stdout] note: the function `new` is implemented on `js_sys::Object`
[INFO] [stdout]  --> src/tray.rs:7:15
[INFO] [stdout]   |
[INFO] [stdout] 4 | let options = nw_sys::tray::Options::new()
[INFO] [stdout]   |               ^^^^^^^^^^^^^^^^^^^^^
[INFO] [stdout] help: the following trait is implemented but not in scope; perhaps add a `use` for it:
[INFO] [stdout]   |
[INFO] [stdout] 2 | use crate::nw_sys::options::OptionsTrait;
[INFO] [stdout]   |
[INFO] [stdout] 
[INFO] [stdout] error[E0599]: no function or associated item named `new` found for struct `nw_sys::menu_item::Options` in the current scope
[INFO] [stdout]   --> src/tray.rs:22:65
[INFO] [stdout]    |
[INFO] [stdout] 19 | menu.append(&nw_sys::MenuItem::new(&nw_sys::menu_item::Options::new().label("Menu 1")));
[INFO] [stdout]    |                                                                 ^^^ function or associated item not found in `Options`
[INFO] [stdout]    |
[INFO] [stdout]    = help: items from traits can only be used if the trait is in scope
[INFO] [stdout] note: the function `new` is implemented on `js_sys::Object`
[INFO] [stdout]   --> src/tray.rs:22:37
[INFO] [stdout]    |
[INFO] [stdout] 19 | menu.append(&nw_sys::MenuItem::new(&nw_sys::menu_item::Options::new().label("Menu 1")));
[INFO] [stdout]    |                                     ^^^^^^^^^^^^^^^^^^^^^^^^^^
[INFO] [stdout] help: the following trait is implemented but not in scope; perhaps add a `use` for it:
[INFO] [stdout]    |
[INFO] [stdout] 2  | use crate::nw_sys::options::OptionsTrait;
[INFO] [stdout]    |
[INFO] [stdout] 
[INFO] [stdout] error: aborting due to 2 previous errors
[INFO] [stdout] 
[INFO] [stdout] For more information about this error, try `rustc --explain E0599`.
[INFO] [stdout] Couldn't compile the test.
[INFO] [stdout] ---- src/shortcut.rs - shortcut (line 5) stdout ----
[INFO] [stdout] error[E0433]: failed to resolve: use of undeclared crate or module `workflow_wasm`
[INFO] [stdout]  --> src/shortcut.rs:6:5
[INFO] [stdout]   |
[INFO] [stdout] 4 | use workflow_wasm::prelude::*;
[INFO] [stdout]   |     ^^^^^^^^^^^^^ use of undeclared crate or module `workflow_wasm`
[INFO] [stdout] 
[INFO] [stdout] error: cannot find macro `callback` in this scope
[INFO] [stdout]   --> src/shortcut.rs:15:16
[INFO] [stdout]    |
[INFO] [stdout] 13 | let callback = callback!(||{
[INFO] [stdout]    |                ^^^^^^^^
[INFO] [stdout] 
[INFO] [stdout] error[E0425]: cannot find value `app` in this scope
[INFO] [stdout]   --> src/shortcut.rs:27:1
[INFO] [stdout]    |
[INFO] [stdout] 25 | app.push_callback(callback)?;
[INFO] [stdout]    | ^^^ not found in this scope
[INFO] [stdout] 
[INFO] [stdout] error[E0599]: no function or associated item named `new` found for struct `nw_sys::shortcut::Options` in the current scope
[INFO] [stdout]  --> src/shortcut.rs:9:66
[INFO] [stdout]   |
[INFO] [stdout] 7 | let shortcut = nw_sys::Shortcut::new(&nw_sys::shortcut::Options::new().key("Ctrl+Shift+A"));
[INFO] [stdout]   |                                                                  ^^^ function or associated item not found in `Options`
[INFO] [stdout]   |
[INFO] [stdout]   = help: items from traits can only be used if the trait is in scope
[INFO] [stdout] note: the function `new` is implemented on `js_sys::Object`
[INFO] [stdout]  --> src/shortcut.rs:9:39
[INFO] [stdout]   |
[INFO] [stdout] 7 | let shortcut = nw_sys::Shortcut::new(&nw_sys::shortcut::Options::new().key("Ctrl+Shift+A"));
[INFO] [stdout]   |                                       ^^^^^^^^^^^^^^^^^^^^^^^^^
[INFO] [stdout] help: the following trait is implemented but not in scope; perhaps add a `use` for it:
[INFO] [stdout]   |
[INFO] [stdout] 2 | use crate::nw_sys::options::OptionsTrait;
[INFO] [stdout]   |
[INFO] [stdout] 
[INFO] [stdout] error: aborting due to 4 previous errors
[INFO] [stdout] 
[INFO] [stdout] Some errors have detailed explanations: E0425, E0433, E0599.
[INFO] [stdout] For more information about an error, try `rustc --explain E0425`.
[INFO] [stdout] Couldn't compile the test.
[INFO] [stdout] ---- src/shortcut.rs - shortcut::Shortcut::new (line 38) stdout ----
[INFO] [stdout] error[E0425]: cannot find function `new` in module `nw_sys::shortcut`
[INFO] [stdout]  --> src/shortcut.rs:40:34
[INFO] [stdout]   |
[INFO] [stdout] 5 | let shortcut = nw_sys::shortcut::new(&nw_sys::shortcut::Options::new().key("Ctrl+Shift+A"));
[INFO] [stdout]   |                                  ^^^ not found in `nw_sys::shortcut`
[INFO] [stdout] 
[INFO] [stdout] error[E0599]: no function or associated item named `new` found for struct `nw_sys::shortcut::Options` in the current scope
[INFO] [stdout]  --> src/shortcut.rs:40:66
[INFO] [stdout]   |
[INFO] [stdout] 5 | let shortcut = nw_sys::shortcut::new(&nw_sys::shortcut::Options::new().key("Ctrl+Shift+A"));
[INFO] [stdout]   |                                                                  ^^^ function or associated item not found in `Options`
[INFO] [stdout]   |
[INFO] [stdout]   = help: items from traits can only be used if the trait is in scope
[INFO] [stdout] note: the function `new` is implemented on `js_sys::Object`
[INFO] [stdout]  --> src/shortcut.rs:40:39
[INFO] [stdout]   |
[INFO] [stdout] 5 | let shortcut = nw_sys::shortcut::new(&nw_sys::shortcut::Options::new().key("Ctrl+Shift+A"));
[INFO] [stdout]   |                                       ^^^^^^^^^^^^^^^^^^^^^^^^^
[INFO] [stdout] help: the following trait is implemented but not in scope; perhaps add a `use` for it:
[INFO] [stdout]   |
[INFO] [stdout] 3 | use crate::nw_sys::options::OptionsTrait;
[INFO] [stdout]   |
[INFO] [stdout] 
[INFO] [stdout] error: aborting due to 2 previous errors
[INFO] [stdout] 
[INFO] [stdout] Some errors have detailed explanations: E0425, E0599.
[INFO] [stdout] For more information about an error, try `rustc --explain E0425`.
[INFO] [stdout] Couldn't compile the test.
[INFO] [stdout] ---- src/tray.rs - tray::Tray::new (line 34) stdout ----
[INFO] [stdout] error[E0599]: no function or associated item named `new` found for struct `TrayOptions` in the current scope
[INFO] [stdout]  --> src/tray.rs:36:54
[INFO] [stdout]   |
[INFO] [stdout] 5 | let tray = nw_sys::Tray::new(&nw_sys::tray::Options::new().title("Tray").icon("img/icon.png"));
[INFO] [stdout]   |                                                      ^^^ function or associated item not found in `Options`
[INFO] [stdout]   |
[INFO] [stdout]   = help: items from traits can only be used if the trait is in scope
[INFO] [stdout] note: the function `new` is implemented on `js_sys::Object`
[INFO] [stdout]  --> src/tray.rs:36:31
[INFO] [stdout]   |
[INFO] [stdout] 5 | let tray = nw_sys::Tray::new(&nw_sys::tray::Options::new().title("Tray").icon("img/icon.png"));
[INFO] [stdout]   |                               ^^^^^^^^^^^^^^^^^^^^^
[INFO] [stdout] help: the following trait is implemented but not in scope; perhaps add a `use` for it:
[INFO] [stdout]   |
[INFO] [stdout] 3 | use crate::nw_sys::options::OptionsTrait;
[INFO] [stdout]   |
[INFO] [stdout] 
[INFO] [stdout] error: aborting due to previous error
[INFO] [stdout] 
[INFO] [stdout] For more information about this error, try `rustc --explain E0599`.
[INFO] [stdout] Couldn't compile the test.
[INFO] [stdout] ---- src/tray.rs - tray::Tray::set_menu (line 35) stdout ----
[INFO] [stdout] error[E0425]: cannot find value `tray` in this scope
[INFO] [stdout]  --> src/tray.rs:38:1
[INFO] [stdout]   |
[INFO] [stdout] 6 | tray.set_menu(&menu);
[INFO] [stdout]   | ^^^^ not found in this scope
[INFO] [stdout] 
[INFO] [stdout] error[E0599]: no function or associated item named `new` found for struct `nw_sys::menu_item::Options` in the current scope
[INFO] [stdout]  --> src/tray.rs:37:65
[INFO] [stdout]   |
[INFO] [stdout] 5 | menu.append(&nw_sys::MenuItem::new(&nw_sys::menu_item::Options::new().label("Menu 1")));
[INFO] [stdout]   |                                                                 ^^^ function or associated item not found in `Options`
[INFO] [stdout]   |
[INFO] [stdout]   = help: items from traits can only be used if the trait is in scope
[INFO] [stdout] note: the function `new` is implemented on `js_sys::Object`
[INFO] [stdout]  --> src/tray.rs:37:37
[INFO] [stdout]   |
[INFO] [stdout] 5 | menu.append(&nw_sys::MenuItem::new(&nw_sys::menu_item::Options::new().label("Menu 1")));
[INFO] [stdout]   |                                     ^^^^^^^^^^^^^^^^^^^^^^^^^^
[INFO] [stdout] help: the following trait is implemented but not in scope; perhaps add a `use` for it:
[INFO] [stdout]   |
[INFO] [stdout] 2 | use crate::nw_sys::options::OptionsTrait;
[INFO] [stdout]   |
[INFO] [stdout] 
[INFO] [stdout] error: aborting due to 2 previous errors
[INFO] [stdout] 
[INFO] [stdout] Some errors have detailed explanations: E0425, E0599.
[INFO] [stdout] For more information about an error, try `rustc --explain E0425`.
[INFO] [stdout] Couldn't compile the test.
[INFO] [stderr] error: doctest failed, to rerun pass `--doc`
[INFO] [stdout] ---- src/window.rs - window (line 9) stdout ----
[INFO] [stdout] error[E0433]: failed to resolve: use of undeclared crate or module `workflow_wasm`
[INFO] [stdout]  --> src/window.rs:10:5
[INFO] [stdout]   |
[INFO] [stdout] 4 | use workflow_wasm::prelude::*;
[INFO] [stdout]   |     ^^^^^^^^^^^^^ use of undeclared crate or module `workflow_wasm`
[INFO] [stdout] 
[INFO] [stdout] error: cannot find macro `callback` in this scope
[INFO] [stdout]   --> src/window.rs:32:21
[INFO] [stdout]    |
[INFO] [stdout] 26 | let open_callback = callback!(|new_win:nw_sys::Window| {
[INFO] [stdout]    |                     ^^^^^^^^
[INFO] [stdout] 
[INFO] [stdout] error: cannot find macro `callback` in this scope
[INFO] [stdout]   --> src/window.rs:16:25
[INFO] [stdout]    |
[INFO] [stdout] 10 | let minimize_callback = callback!(|| {
[INFO] [stdout]    |                         ^^^^^^^^
[INFO] [stdout] 
[INFO] [stdout] error[E0425]: cannot find value `app` in this scope
[INFO] [stdout]   --> src/window.rs:48:1
[INFO] [stdout]    |
[INFO] [stdout] 42 | app.push_callback(open_callback);
[INFO] [stdout]    | ^^^ not found in this scope
[INFO] [stdout] 
[INFO] [stdout] error[E0425]: cannot find value `app` in this scope
[INFO] [stdout]   --> src/window.rs:49:1
[INFO] [stdout]    |
[INFO] [stdout] 43 | app.push_callback(minimize_callback);
[INFO] [stdout]    | ^^^ not found in this scope
[INFO] [stdout] 
[INFO] [stdout] error[E0599]: no function or associated item named `new` found for struct `nw_sys::window::Options` in the current scope
[INFO] [stdout]   --> src/window.rs:29:40
[INFO] [stdout]    |
[INFO] [stdout] 23 | let options = nw_sys::window::Options::new()
[INFO] [stdout]    |                                        ^^^ function or associated item not found in `Options`
[INFO] [stdout]    |
[INFO] [stdout]    = help: items from traits can only be used if the trait is in scope
[INFO] [stdout] note: the function `new` is implemented on `js_sys::Object`
[INFO] [stdout]   --> src/window.rs:29:15
[INFO] [stdout]    |
[INFO] [stdout] 23 | let options = nw_sys::window::Options::new()
[INFO] [stdout]    |               ^^^^^^^^^^^^^^^^^^^^^^^
[INFO] [stdout] help: the following trait is implemented but not in scope; perhaps add a `use` for it:
[INFO] [stdout]    |
[INFO] [stdout] 2  | use crate::nw_sys::options::OptionsTrait;
[INFO] [stdout]    |
[INFO] [stdout] 
[INFO] [stdout] error: aborting due to 6 previous errors
[INFO] [stdout] 
[INFO] [stdout] Some errors have detailed explanations: E0425, E0433, E0599.
[INFO] [stdout] For more information about an error, try `rustc --explain E0425`.
[INFO] [stdout] Couldn't compile the test.
[INFO] [stdout] ---- src/app.rs - app::add_origin_access_whitelist_entry (line 17) stdout ----
[INFO] [stdout] Test executable failed (exit status: 101).
[INFO] [stdout] 
[INFO] [stdout] stderr:
[INFO] [stdout] thread 'main' panicked at 'cannot call wasm-bindgen imported functions on non-wasm targets', src/app.rs:13:1
[INFO] [stdout] stack backtrace:
[INFO] [stdout]    0:     0x55d8194be48a - std::backtrace_rs::backtrace::libunwind::trace::ha9053a9a07ca49cb
[INFO] [stdout]                                at /rustc/84c898d65adf2f39a5a98507f1fe0ce10a2b8dbc/library/std/src/../../backtrace/src/backtrace/libunwind.rs:93:5
[INFO] [stdout]    1:     0x55d8194be48a - std::backtrace_rs::backtrace::trace_unsynchronized::h9c2852a457ad564e
[INFO] [stdout]                                at /rustc/84c898d65adf2f39a5a98507f1fe0ce10a2b8dbc/library/std/src/../../backtrace/src/backtrace/mod.rs:66:5
[INFO] [stdout]    2:     0x55d8194be48a - std::sys_common::backtrace::_print_fmt::h457936fbfaa0070f
[INFO] [stdout]                                at /rustc/84c898d65adf2f39a5a98507f1fe0ce10a2b8dbc/library/std/src/sys_common/backtrace.rs:65:5
[INFO] [stdout]    3:     0x55d8194be48a - <std::sys_common::backtrace::_print::DisplayBacktrace as core::fmt::Display>::fmt::h5779d7bf7f70cb0c
[INFO] [stdout]                                at /rustc/84c898d65adf2f39a5a98507f1fe0ce10a2b8dbc/library/std/src/sys_common/backtrace.rs:44:22
[INFO] [stdout]    4:     0x55d8194d80ee - core::fmt::write::h5a4baaff1bcd3eb5
[INFO] [stdout]                                at /rustc/84c898d65adf2f39a5a98507f1fe0ce10a2b8dbc/library/core/src/fmt/mod.rs:1232:17
[INFO] [stdout]    5:     0x55d8194bc615 - std::io::Write::write_fmt::h4bc1f301cb9e9cce
[INFO] [stdout]                                at /rustc/84c898d65adf2f39a5a98507f1fe0ce10a2b8dbc/library/std/src/io/mod.rs:1684:15
[INFO] [stdout]    6:     0x55d8194be255 - std::sys_common::backtrace::_print::h5fcdc36060f177e8
[INFO] [stdout]                                at /rustc/84c898d65adf2f39a5a98507f1fe0ce10a2b8dbc/library/std/src/sys_common/backtrace.rs:47:5
[INFO] [stdout]    7:     0x55d8194be255 - std::sys_common::backtrace::print::h54ca9458b876c8bf
[INFO] [stdout]                                at /rustc/84c898d65adf2f39a5a98507f1fe0ce10a2b8dbc/library/std/src/sys_common/backtrace.rs:34:9
[INFO] [stdout]    8:     0x55d8194bf8af - std::panicking::default_hook::{{closure}}::hbe471161c7664ed6
[INFO] [stdout]                                at /rustc/84c898d65adf2f39a5a98507f1fe0ce10a2b8dbc/library/std/src/panicking.rs:271:22
[INFO] [stdout]    9:     0x55d8194bf5eb - std::panicking::default_hook::ha3500da57aa4ac4f
[INFO] [stdout]                                at /rustc/84c898d65adf2f39a5a98507f1fe0ce10a2b8dbc/library/std/src/panicking.rs:290:9
[INFO] [stdout]   10:     0x55d8194bfe58 - std::panicking::rust_panic_with_hook::h50c09d000dc561d2
[INFO] [stdout]                                at /rustc/84c898d65adf2f39a5a98507f1fe0ce10a2b8dbc/library/std/src/panicking.rs:692:13
[INFO] [stdout]   11:     0x55d8194a6aea - std::panicking::begin_panic::{{closure}}::h2e67f36130bbdc7e
[INFO] [stdout]                                at /rustc/84c898d65adf2f39a5a98507f1fe0ce10a2b8dbc/library/std/src/panicking.rs:612:9
[INFO] [stdout]   12:     0x55d8194a69ca - std::sys_common::backtrace::__rust_end_short_backtrace::ha16f9b5840d40e3c
[INFO] [stdout]                                at /rustc/84c898d65adf2f39a5a98507f1fe0ce10a2b8dbc/library/std/src/sys_common/backtrace.rs:150:18
[INFO] [stdout]   13:     0x55d8194a6a30 - std::panicking::begin_panic::hdd7fbba35fce714f
[INFO] [stdout]                                at /rustc/84c898d65adf2f39a5a98507f1fe0ce10a2b8dbc/library/std/src/panicking.rs:611:12
[INFO] [stdout]   14:     0x55d8194a681b - nw_sys::app::add_origin_access_whitelist_entry::__wbg_addOriginAccessWhitelistEntry_da5e4fef69557b87::h04a40e4ba106e3b2
[INFO] [stdout]                                at /opt/rustwide/workdir/src/app.rs:13:1
[INFO] [stdout]   15:     0x55d8194a6779 - nw_sys::app::add_origin_access_whitelist_entry::hc711de88623d6c63
[INFO] [stdout]                                at /opt/rustwide/workdir/src/app.rs:13:1
[INFO] [stdout]   16:     0x55d8194a6613 - rust_out::main::_doctest_main_src_app_rs_17_0::hef3bed8d6dbd61c6
[INFO] [stdout]   17:     0x55d8194a65d6 - rust_out::main::h045d0fd74ed7290e
[INFO] [stdout]   18:     0x55d8194a6563 - core::ops::function::FnOnce::call_once::h5b89dea722ea21ad
[INFO] [stdout]   19:     0x55d8194a64e9 - std::sys_common::backtrace::__rust_begin_short_backtrace::hc178e4cfacf1803d
[INFO] [stdout]   20:     0x55d8194a6539 - std::rt::lang_start::{{closure}}::he8c5d60628d06093
[INFO] [stdout]   21:     0x55d8194ba94c - core::ops::function::impls::<impl core::ops::function::FnOnce<A> for &F>::call_once::hd6efcd3bec896f2c
[INFO] [stdout]                                at /rustc/84c898d65adf2f39a5a98507f1fe0ce10a2b8dbc/library/core/src/ops/function.rs:287:13
[INFO] [stdout]   22:     0x55d8194ba94c - std::panicking::try::do_call::hce04e543bb1f4cbb
[INFO] [stdout]                                at /rustc/84c898d65adf2f39a5a98507f1fe0ce10a2b8dbc/library/std/src/panicking.rs:487:40
[INFO] [stdout]   23:     0x55d8194ba94c - std::panicking::try::h3342dd4e1f680968
[INFO] [stdout]                                at /rustc/84c898d65adf2f39a5a98507f1fe0ce10a2b8dbc/library/std/src/panicking.rs:451:19
[INFO] [stdout]   24:     0x55d8194ba94c - std::panic::catch_unwind::h148ce1e59ac0cee7
[INFO] [stdout]                                at /rustc/84c898d65adf2f39a5a98507f1fe0ce10a2b8dbc/library/std/src/panic.rs:140:14
[INFO] [stdout]   25:     0x55d8194ba94c - std::rt::lang_start_internal::{{closure}}::h25f9dda2057a67fe
[INFO] [stdout]                                at /rustc/84c898d65adf2f39a5a98507f1fe0ce10a2b8dbc/library/std/src/rt.rs:148:48
[INFO] [stdout]   26:     0x55d8194ba94c - std::panicking::try::do_call::h7caaaeaf9401650b
[INFO] [stdout]                                at /rustc/84c898d65adf2f39a5a98507f1fe0ce10a2b8dbc/library/std/src/panicking.rs:487:40
[INFO] [stdout]   27:     0x55d8194ba94c - std::panicking::try::he7d15285746cbbc2
[INFO] [stdout]                                at /rustc/84c898d65adf2f39a5a98507f1fe0ce10a2b8dbc/library/std/src/panicking.rs:451:19
[INFO] [stdout]   28:     0x55d8194ba94c - std::panic::catch_unwind::h89fb4f50c0301fe0
[INFO] [stdout]                                at /rustc/84c898d65adf2f39a5a98507f1fe0ce10a2b8dbc/library/std/src/panic.rs:140:14
[INFO] [stdout]   29:     0x55d8194ba94c - std::rt::lang_start_internal::h078acd489417d3c1
[INFO] [stdout]                                at /rustc/84c898d65adf2f39a5a98507f1fe0ce10a2b8dbc/library/std/src/rt.rs:148:20
[INFO] [stdout]   30:     0x55d8194a6517 - std::rt::lang_start::h335d6166ecad8ac7
[INFO] [stdout]   31:     0x55d8194a6635 - main
[INFO] [stdout]   32:     0x7f2b5c1c7d90 - <unknown>
[INFO] [stdout]   33:     0x7f2b5c1c7e40 - __libc_start_main
[INFO] [stdout]   34:     0x55d8194a6415 - _start
[INFO] [stdout]   35:                0x0 - <unknown>
[INFO] [stdout] 
[INFO] [stdout] 
[INFO] [stdout] ---- src/shell.rs - shell (line 7) stdout ----
[INFO] [stdout] Test executable failed (exit status: 101).
[INFO] [stdout] 
[INFO] [stdout] stderr:
[INFO] [stdout] thread 'main' panicked at 'cannot call wasm-bindgen imported functions on non-wasm targets', src/shell.rs:21:1
[INFO] [stdout] stack backtrace:
[INFO] [stdout]    0:     0x559fc1e7b3ea - std::backtrace_rs::backtrace::libunwind::trace::ha9053a9a07ca49cb
[INFO] [stdout]                                at /rustc/84c898d65adf2f39a5a98507f1fe0ce10a2b8dbc/library/std/src/../../backtrace/src/backtrace/libunwind.rs:93:5
[INFO] [stdout]    1:     0x559fc1e7b3ea - std::backtrace_rs::backtrace::trace_unsynchronized::h9c2852a457ad564e
[INFO] [stdout]                                at /rustc/84c898d65adf2f39a5a98507f1fe0ce10a2b8dbc/library/std/src/../../backtrace/src/backtrace/mod.rs:66:5
[INFO] [stdout]    2:     0x559fc1e7b3ea - std::sys_common::backtrace::_print_fmt::h457936fbfaa0070f
[INFO] [stdout]                                at /rustc/84c898d65adf2f39a5a98507f1fe0ce10a2b8dbc/library/std/src/sys_common/backtrace.rs:65:5
[INFO] [stdout]    3:     0x559fc1e7b3ea - <std::sys_common::backtrace::_print::DisplayBacktrace as core::fmt::Display>::fmt::h5779d7bf7f70cb0c
[INFO] [stdout]                                at /rustc/84c898d65adf2f39a5a98507f1fe0ce10a2b8dbc/library/std/src/sys_common/backtrace.rs:44:22
[INFO] [stdout]    4:     0x559fc1e9504e - core::fmt::write::h5a4baaff1bcd3eb5
[INFO] [stdout]                                at /rustc/84c898d65adf2f39a5a98507f1fe0ce10a2b8dbc/library/core/src/fmt/mod.rs:1232:17
[INFO] [stdout]    5:     0x559fc1e79575 - std::io::Write::write_fmt::h4bc1f301cb9e9cce
[INFO] [stdout]                                at /rustc/84c898d65adf2f39a5a98507f1fe0ce10a2b8dbc/library/std/src/io/mod.rs:1684:15
[INFO] [stdout]    6:     0x559fc1e7b1b5 - std::sys_common::backtrace::_print::h5fcdc36060f177e8
[INFO] [stdout]                                at /rustc/84c898d65adf2f39a5a98507f1fe0ce10a2b8dbc/library/std/src/sys_common/backtrace.rs:47:5
[INFO] [stdout]    7:     0x559fc1e7b1b5 - std::sys_common::backtrace::print::h54ca9458b876c8bf
[INFO] [stdout]                                at /rustc/84c898d65adf2f39a5a98507f1fe0ce10a2b8dbc/library/std/src/sys_common/backtrace.rs:34:9
[INFO] [stdout]    8:     0x559fc1e7c80f - std::panicking::default_hook::{{closure}}::hbe471161c7664ed6
[INFO] [stdout]                                at /rustc/84c898d65adf2f39a5a98507f1fe0ce10a2b8dbc/library/std/src/panicking.rs:271:22
[INFO] [stdout]    9:     0x559fc1e7c54b - std::panicking::default_hook::ha3500da57aa4ac4f
[INFO] [stdout]                                at /rustc/84c898d65adf2f39a5a98507f1fe0ce10a2b8dbc/library/std/src/panicking.rs:290:9
[INFO] [stdout]   10:     0x559fc1e7cdb8 - std::panicking::rust_panic_with_hook::h50c09d000dc561d2
[INFO] [stdout]                                at /rustc/84c898d65adf2f39a5a98507f1fe0ce10a2b8dbc/library/std/src/panicking.rs:692:13
[INFO] [stdout]   11:     0x559fc1e63a4a - std::panicking::begin_panic::{{closure}}::h2e67f36130bbdc7e
[INFO] [stdout]                                at /rustc/84c898d65adf2f39a5a98507f1fe0ce10a2b8dbc/library/std/src/panicking.rs:612:9
[INFO] [stdout]   12:     0x559fc1e6392a - std::sys_common::backtrace::__rust_end_short_backtrace::ha16f9b5840d40e3c
[INFO] [stdout]                                at /rustc/84c898d65adf2f39a5a98507f1fe0ce10a2b8dbc/library/std/src/sys_common/backtrace.rs:150:18
[INFO] [stdout]   13:     0x559fc1e63990 - std::panicking::begin_panic::hdd7fbba35fce714f
[INFO] [stdout]                                at /rustc/84c898d65adf2f39a5a98507f1fe0ce10a2b8dbc/library/std/src/panicking.rs:611:12
[INFO] [stdout]   14:     0x559fc1e6375d - nw_sys::shell::open_external::__wbg_openExternal_f8499ca1e57a5387::he50bb02eb117a440
[INFO] [stdout]                                at /opt/rustwide/workdir/src/shell.rs:21:1
[INFO] [stdout]   15:     0x559fc1e63724 - nw_sys::shell::open_external::h53061f7587f059c6
[INFO] [stdout]                                at /opt/rustwide/workdir/src/shell.rs:21:1
[INFO] [stdout]   16:     0x559fc1e635f3 - rust_out::main::_doctest_main_src_shell_rs_7_0::he35ae3ad0e453dbe
[INFO] [stdout]   17:     0x559fc1e635d6 - rust_out::main::h045d0fd74ed7290e
[INFO] [stdout]   18:     0x559fc1e63563 - core::ops::function::FnOnce::call_once::h5b89dea722ea21ad
[INFO] [stdout]   19:     0x559fc1e634e9 - std::sys_common::backtrace::__rust_begin_short_backtrace::hc178e4cfacf1803d
[INFO] [stdout]   20:     0x559fc1e63539 - std::rt::lang_start::{{closure}}::he8c5d60628d06093
[INFO] [stdout]   21:     0x559fc1e778ac - core::ops::function::impls::<impl core::ops::function::FnOnce<A> for &F>::call_once::hd6efcd3bec896f2c
[INFO] [stdout]                                at /rustc/84c898d65adf2f39a5a98507f1fe0ce10a2b8dbc/library/core/src/ops/function.rs:287:13
[INFO] [stdout]   22:     0x559fc1e778ac - std::panicking::try::do_call::hce04e543bb1f4cbb
[INFO] [stdout]                                at /rustc/84c898d65adf2f39a5a98507f1fe0ce10a2b8dbc/library/std/src/panicking.rs:487:40
[INFO] [stdout]   23:     0x559fc1e778ac - std::panicking::try::h3342dd4e1f680968
[INFO] [stdout]                                at /rustc/84c898d65adf2f39a5a98507f1fe0ce10a2b8dbc/library/std/src/panicking.rs:451:19
[INFO] [stdout]   24:     0x559fc1e778ac - std::panic::catch_unwind::h148ce1e59ac0cee7
[INFO] [stdout]                                at /rustc/84c898d65adf2f39a5a98507f1fe0ce10a2b8dbc/library/std/src/panic.rs:140:14
[INFO] [stdout]   25:     0x559fc1e778ac - std::rt::lang_start_internal::{{closure}}::h25f9dda2057a67fe
[INFO] [stdout]                                at /rustc/84c898d65adf2f39a5a98507f1fe0ce10a2b8dbc/library/std/src/rt.rs:148:48
[INFO] [stdout]   26:     0x559fc1e778ac - std::panicking::try::do_call::h7caaaeaf9401650b
[INFO] [stdout]                                at /rustc/84c898d65adf2f39a5a98507f1fe0ce10a2b8dbc/library/std/src/panicking.rs:487:40
[INFO] [stdout]   27:     0x559fc1e778ac - std::panicking::try::he7d15285746cbbc2
[INFO] [stdout]                                at /rustc/84c898d65adf2f39a5a98507f1fe0ce10a2b8dbc/library/std/src/panicking.rs:451:19
[INFO] [stdout]   28:     0x559fc1e778ac - std::panic::catch_unwind::h89fb4f50c0301fe0
[INFO] [stdout]                                at /rustc/84c898d65adf2f39a5a98507f1fe0ce10a2b8dbc/library/std/src/panic.rs:140:14
[INFO] [stdout]   29:     0x559fc1e778ac - std::rt::lang_start_internal::h078acd489417d3c1
[INFO] [stdout]                                at /rustc/84c898d65adf2f39a5a98507f1fe0ce10a2b8dbc/library/std/src/rt.rs:148:20
[INFO] [stdout]   30:     0x559fc1e63517 - std::rt::lang_start::h335d6166ecad8ac7
[INFO] [stdout]   31:     0x559fc1e63635 - main
[INFO] [stdout]   32:     0x7f2cabb78d90 - <unknown>
[INFO] [stdout]   33:     0x7f2cabb78e40 - __libc_start_main
[INFO] [stdout]   34:     0x559fc1e63415 - _start
[INFO] [stdout]   35:                0x0 - <unknown>
[INFO] [stdout] 
[INFO] [stdout] 
[INFO] [stdout] 
[INFO] [stdout] failures:
[INFO] [stdout]     src/app.rs - app::NwApp::filtered_argv_impl (line 15)
[INFO] [stdout]     src/app.rs - app::add_origin_access_whitelist_entry (line 17)
[INFO] [stdout]     src/app.rs - app::filtered_argv (line 289)
[INFO] [stdout]     src/chrome/notifications.rs - chrome::notifications (line 5)
[INFO] [stdout]     src/clipboard.rs - clipboard (line 6)
[INFO] [stdout]     src/menu.rs - menu (line 5)
[INFO] [stdout]     src/options.rs - options (line 3)
[INFO] [stdout]     src/screen.rs - screen (line 42)
[INFO] [stdout]     src/screen.rs - screen (line 6)
[INFO] [stdout]     src/screen.rs - screen::desktop_capture_monitor::start (line 130)
[INFO] [stdout]     src/shell.rs - shell (line 7)
[INFO] [stdout]     src/shortcut.rs - shortcut (line 5)
[INFO] [stdout]     src/shortcut.rs - shortcut::Shortcut::new (line 38)
[INFO] [stdout]     src/tray.rs - tray (line 6)
[INFO] [stdout]     src/tray.rs - tray::Tray::new (line 34)
[INFO] [stdout]     src/tray.rs - tray::Tray::set_menu (line 35)
[INFO] [stdout]     src/window.rs - window (line 9)
[INFO] [stdout] 
[INFO] [stdout] test result: FAILED. 0 passed; 17 failed; 0 ignored; 0 measured; 0 filtered out; finished in 1.06s
[INFO] [stdout] 
[INFO] running `Command { std: "docker" "inspect" "b36c730d689a6f4e59037209cec01839468f36340ed1633820c74b13d5b6ab3e", kill_on_drop: false }`
[INFO] running `Command { std: "docker" "rm" "-f" "b36c730d689a6f4e59037209cec01839468f36340ed1633820c74b13d5b6ab3e", kill_on_drop: false }`
[INFO] [stdout] b36c730d689a6f4e59037209cec01839468f36340ed1633820c74b13d5b6ab3e
