[INFO] fetching crate nullvec 0.2.0...
[INFO] testing nullvec-0.2.0 against 1.69.0 for beta-1.70-1
[INFO] extracting crate nullvec 0.2.0 into /workspace/builds/worker-3-tc1/source
[INFO] validating manifest of crates.io crate nullvec 0.2.0 on toolchain 1.69.0
[INFO] running `Command { std: CARGO_HOME="/workspace/cargo-home" RUSTUP_HOME="/workspace/rustup-home" "/workspace/cargo-home/bin/cargo" "+1.69.0" "metadata" "--manifest-path" "Cargo.toml" "--no-deps", kill_on_drop: false }`
[INFO] started tweaking crates.io crate nullvec 0.2.0
[INFO] finished tweaking crates.io crate nullvec 0.2.0
[INFO] tweaked toml for crates.io crate nullvec 0.2.0 written to /workspace/builds/worker-3-tc1/source/Cargo.toml
[INFO] running `Command { std: CARGO_HOME="/workspace/cargo-home" RUSTUP_HOME="/workspace/rustup-home" __CARGO_TEST_CHANNEL_OVERRIDE_DO_NOT_USE_THIS="nightly" "/workspace/cargo-home/bin/cargo" "+1.69.0" "generate-lockfile" "--manifest-path" "Cargo.toml" "-Zno-index-update", kill_on_drop: false }`
[INFO] running `Command { std: CARGO_HOME="/workspace/cargo-home" RUSTUP_HOME="/workspace/rustup-home" "/workspace/cargo-home/bin/cargo" "+1.69.0" "fetch" "--manifest-path" "Cargo.toml", kill_on_drop: false }`
[INFO] running `Command { std: "docker" "create" "-v" "/var/lib/crater-agent-workspace/builds/worker-3-tc1/target:/opt/rustwide/target:rw,Z" "-v" "/var/lib/crater-agent-workspace/builds/worker-3-tc1/source:/opt/rustwide/workdir:ro,Z" "-v" "/var/lib/crater-agent-workspace/cargo-home:/opt/rustwide/cargo-home:ro,Z" "-v" "/var/lib/crater-agent-workspace/rustup-home:/opt/rustwide/rustup-home:ro,Z" "-e" "SOURCE_DIR=/opt/rustwide/workdir" "-e" "CARGO_TARGET_DIR=/opt/rustwide/target" "-e" "CARGO_HOME=/opt/rustwide/cargo-home" "-e" "RUSTUP_HOME=/opt/rustwide/rustup-home" "-w" "/opt/rustwide/workdir" "-m" "1610612736" "--user" "0:0" "--network" "none" "ghcr.io/rust-lang/crates-build-env/linux@sha256:5ff2268d62e97bff2cde7d5815dd6ed5b47097566f13b8d0ca110b04b60e07ed" "/opt/rustwide/cargo-home/bin/cargo" "+1.69.0" "metadata" "--no-deps" "--format-version=1", kill_on_drop: false }`
[INFO] [stdout] 0f0063543b68d897742cfb0342e34afebadbae4a39b2a214a3e14872a38c1715
[INFO] running `Command { std: "docker" "start" "-a" "0f0063543b68d897742cfb0342e34afebadbae4a39b2a214a3e14872a38c1715", kill_on_drop: false }`
[INFO] running `Command { std: "docker" "inspect" "0f0063543b68d897742cfb0342e34afebadbae4a39b2a214a3e14872a38c1715", kill_on_drop: false }`
[INFO] running `Command { std: "docker" "rm" "-f" "0f0063543b68d897742cfb0342e34afebadbae4a39b2a214a3e14872a38c1715", kill_on_drop: false }`
[INFO] [stdout] 0f0063543b68d897742cfb0342e34afebadbae4a39b2a214a3e14872a38c1715
[INFO] running `Command { std: "docker" "create" "-v" "/var/lib/crater-agent-workspace/builds/worker-3-tc1/target:/opt/rustwide/target:rw,Z" "-v" "/var/lib/crater-agent-workspace/builds/worker-3-tc1/source:/opt/rustwide/workdir:ro,Z" "-v" "/var/lib/crater-agent-workspace/cargo-home:/opt/rustwide/cargo-home:ro,Z" "-v" "/var/lib/crater-agent-workspace/rustup-home:/opt/rustwide/rustup-home:ro,Z" "-e" "SOURCE_DIR=/opt/rustwide/workdir" "-e" "CARGO_TARGET_DIR=/opt/rustwide/target" "-e" "CARGO_INCREMENTAL=0" "-e" "RUST_BACKTRACE=full" "-e" "RUSTFLAGS=--cap-lints=warn" "-e" "RUSTDOCFLAGS=--cap-lints=warn" "-e" "CARGO_HOME=/opt/rustwide/cargo-home" "-e" "RUSTUP_HOME=/opt/rustwide/rustup-home" "-w" "/opt/rustwide/workdir" "-m" "1610612736" "--user" "0:0" "--network" "none" "ghcr.io/rust-lang/crates-build-env/linux@sha256:5ff2268d62e97bff2cde7d5815dd6ed5b47097566f13b8d0ca110b04b60e07ed" "/opt/rustwide/cargo-home/bin/cargo" "+1.69.0" "build" "--frozen" "--message-format=json", kill_on_drop: false }`
[INFO] [stdout] b995623a42d14f46fcfc910df7220f47510f53d77a39c064a05c9e7eb6e75999
[INFO] running `Command { std: "docker" "start" "-a" "b995623a42d14f46fcfc910df7220f47510f53d77a39c064a05c9e7eb6e75999", kill_on_drop: false }`
[INFO] [stderr]    Compiling num-traits v0.2.15
[INFO] [stderr]    Compiling num-integer v0.1.45
[INFO] [stderr]    Compiling rustc-serialize v0.3.24
[INFO] [stderr]    Compiling num-iter v0.1.43
[INFO] [stderr]    Compiling rand v0.4.6
[INFO] [stderr]    Compiling num-complex v0.1.43
[INFO] [stderr]    Compiling num-bigint v0.1.44
[INFO] [stderr]    Compiling num-rational v0.1.42
[INFO] [stderr]    Compiling num v0.1.42
[INFO] [stderr]    Compiling nullvec v0.2.0 (/opt/rustwide/workdir)
[INFO] [stderr]     Finished dev [unoptimized + debuginfo] target(s) in 17.11s
[INFO] [stderr] warning: the following packages contain code that will be rejected by a future version of Rust: rustc-serialize v0.3.24
[INFO] [stderr] note: to see what the problems were, use the option `--future-incompat-report`, or run `cargo report future-incompatibilities --id 1`
[INFO] running `Command { std: "docker" "inspect" "b995623a42d14f46fcfc910df7220f47510f53d77a39c064a05c9e7eb6e75999", kill_on_drop: false }`
[INFO] running `Command { std: "docker" "rm" "-f" "b995623a42d14f46fcfc910df7220f47510f53d77a39c064a05c9e7eb6e75999", kill_on_drop: false }`
[INFO] [stdout] b995623a42d14f46fcfc910df7220f47510f53d77a39c064a05c9e7eb6e75999
[INFO] running `Command { std: "docker" "create" "-v" "/var/lib/crater-agent-workspace/builds/worker-3-tc1/target:/opt/rustwide/target:rw,Z" "-v" "/var/lib/crater-agent-workspace/builds/worker-3-tc1/source:/opt/rustwide/workdir:ro,Z" "-v" "/var/lib/crater-agent-workspace/cargo-home:/opt/rustwide/cargo-home:ro,Z" "-v" "/var/lib/crater-agent-workspace/rustup-home:/opt/rustwide/rustup-home:ro,Z" "-e" "SOURCE_DIR=/opt/rustwide/workdir" "-e" "CARGO_TARGET_DIR=/opt/rustwide/target" "-e" "CARGO_INCREMENTAL=0" "-e" "RUST_BACKTRACE=full" "-e" "RUSTFLAGS=--cap-lints=warn" "-e" "RUSTDOCFLAGS=--cap-lints=warn" "-e" "CARGO_HOME=/opt/rustwide/cargo-home" "-e" "RUSTUP_HOME=/opt/rustwide/rustup-home" "-w" "/opt/rustwide/workdir" "-m" "1610612736" "--user" "0:0" "--network" "none" "ghcr.io/rust-lang/crates-build-env/linux@sha256:5ff2268d62e97bff2cde7d5815dd6ed5b47097566f13b8d0ca110b04b60e07ed" "/opt/rustwide/cargo-home/bin/cargo" "+1.69.0" "test" "--frozen" "--no-run" "--message-format=json", kill_on_drop: false }`
[INFO] [stdout] 04b7185de50edb55a26a5ad760d33079ac27067a4c76d605cd16322dacea051c
[INFO] running `Command { std: "docker" "start" "-a" "04b7185de50edb55a26a5ad760d33079ac27067a4c76d605cd16322dacea051c", kill_on_drop: false }`
[INFO] [stderr]    Compiling nullvec v0.2.0 (/opt/rustwide/workdir)
[INFO] [stdout] warning: unused return value of `std::convert::From::from` that must be used
[INFO] [stdout]    --> src/nullvec/nullvec_convert.rs:139:9
[INFO] [stdout]     |
[INFO] [stdout] 139 |         Vec::<f64>::from(nv);
[INFO] [stdout]     |         ^^^^^^^^^^^^^^^^^^^^
[INFO] [stdout]     |
[INFO] [stdout]     = note: `#[warn(unused_must_use)]` on by default
[INFO] [stdout] 
[INFO] [stdout] 
[INFO] [stdout] warning: 1 warning emitted
[INFO] [stdout] 
[INFO] [stdout] 
[INFO] [stderr]     Finished test [unoptimized + debuginfo] target(s) in 4.29s
[INFO] [stderr] warning: the following packages contain code that will be rejected by a future version of Rust: rustc-serialize v0.3.24
[INFO] [stderr]     Blocking waiting for file lock on package cache
[INFO] [stderr] note: to see what the problems were, use the option `--future-incompat-report`, or run `cargo report future-incompatibilities --id 1`
[INFO] running `Command { std: "docker" "inspect" "04b7185de50edb55a26a5ad760d33079ac27067a4c76d605cd16322dacea051c", kill_on_drop: false }`
[INFO] running `Command { std: "docker" "rm" "-f" "04b7185de50edb55a26a5ad760d33079ac27067a4c76d605cd16322dacea051c", kill_on_drop: false }`
[INFO] [stdout] 04b7185de50edb55a26a5ad760d33079ac27067a4c76d605cd16322dacea051c
[INFO] running `Command { std: "docker" "create" "-v" "/var/lib/crater-agent-workspace/builds/worker-3-tc1/target:/opt/rustwide/target:rw,Z" "-v" "/var/lib/crater-agent-workspace/builds/worker-3-tc1/source:/opt/rustwide/workdir:ro,Z" "-v" "/var/lib/crater-agent-workspace/cargo-home:/opt/rustwide/cargo-home:ro,Z" "-v" "/var/lib/crater-agent-workspace/rustup-home:/opt/rustwide/rustup-home:ro,Z" "-e" "SOURCE_DIR=/opt/rustwide/workdir" "-e" "CARGO_TARGET_DIR=/opt/rustwide/target" "-e" "CARGO_INCREMENTAL=0" "-e" "RUST_BACKTRACE=full" "-e" "RUSTFLAGS=--cap-lints=warn" "-e" "RUSTDOCFLAGS=--cap-lints=warn" "-e" "CARGO_HOME=/opt/rustwide/cargo-home" "-e" "RUSTUP_HOME=/opt/rustwide/rustup-home" "-w" "/opt/rustwide/workdir" "-m" "1610612736" "--user" "0:0" "--network" "none" "ghcr.io/rust-lang/crates-build-env/linux@sha256:5ff2268d62e97bff2cde7d5815dd6ed5b47097566f13b8d0ca110b04b60e07ed" "/opt/rustwide/cargo-home/bin/cargo" "+1.69.0" "test" "--frozen", kill_on_drop: false }`
[INFO] [stdout] 4b7f0b96f4fc9fbf3809169256e2abc7d2249430c3989cb6f1bfbf8d916ef16c
[INFO] running `Command { std: "docker" "start" "-a" "4b7f0b96f4fc9fbf3809169256e2abc7d2249430c3989cb6f1bfbf8d916ef16c", kill_on_drop: false }`
[INFO] [stderr]     Blocking waiting for file lock on package cache
[INFO] [stderr] warning: unused return value of `std::convert::From::from` that must be used
[INFO] [stderr]    --> src/nullvec/nullvec_convert.rs:139:9
[INFO] [stderr]     |
[INFO] [stderr] 139 |         Vec::<f64>::from(nv);
[INFO] [stderr]     |         ^^^^^^^^^^^^^^^^^^^^
[INFO] [stderr]     |
[INFO] [stderr]     = note: `#[warn(unused_must_use)]` on by default
[INFO] [stderr] 
[INFO] [stderr] warning: `nullvec` (lib test) generated 1 warning
[INFO] [stderr]     Finished test [unoptimized + debuginfo] target(s) in 0.46s
[INFO] [stderr] warning: the following packages contain code that will be rejected by a future version of Rust: rustc-serialize v0.3.24
[INFO] [stderr] note: to see what the problems were, use the option `--future-incompat-report`, or run `cargo report future-incompatibilities --id 1`
[INFO] [stderr]      Running unittests src/lib.rs (/opt/rustwide/target/debug/deps/nullvec-1ae63cf99ac76323)
[INFO] [stdout] 
[INFO] [stdout] running 123 tests
[INFO] [stdout] test algos::sort::tests::test_argsort_int ... ok
[INFO] [stdout] test algos::indexing::tests::test_blocs ... ok
[INFO] [stdout] test algos::sort::tests::test_argsort_empty ... ok
[INFO] [stdout] test algos::indexing::tests::test_reindex ... ok
[INFO] [stdout] test algos::sort::tests::test_sort_by_int_dup ... ok
[INFO] [stdout] test algos::sort::tests::test_sort_by_int ... ok
[INFO] [stdout] test algos::vec_ops::tests::test_broadcast_or ... ok
[INFO] [stdout] test algos::sort::tests::test_sort_by_int_float ... ok
[INFO] [stdout] test algos::vec_ops::tests::test_broadcast_oo ... ok
[INFO] [stdout] test algos::vec_ops::tests::test_broadcast_rr ... ok
[INFO] [stdout] test algos::sort::tests::test_argsort_str ... ok
[INFO] [stdout] test algos::vec_ops::tests::test_elemwise_or ... ok
[INFO] [stdout] test algos::vec_ops::tests::test_broadcast_ro ... ok
[INFO] [stdout] test algos::vec_ops::tests::test_elemwise_ro ... ok
[INFO] [stdout] test generic::array_impl::tests::test_into_string_vec ... ok
[INFO] [stdout] test generic::scalar_impl::tests::test_bool_dtype_property ... ok
[INFO] [stdout] test algos::vec_ops::tests::test_elemwise_rr ... ok
[INFO] [stdout] test algos::vec_ops::tests::test_elemwise_oo ... ok
[INFO] [stdout] test generic::scalar_impl::tests::test_f64_dtype_property ... ok
[INFO] [stdout] test generic::scalar_impl::tests::test_i64_dtype_property ... ok
[INFO] [stdout] test generic::scalar_impl::tests::test_scalar_format ... ok
[INFO] [stdout] test generic::scalar_impl::tests::test_str_dtype_property ... ok
[INFO] [stdout] test generic::scalar_impl::tests::test_bool_to_f64 - should panic ... ok
[INFO] [stdout] test generic::scalar_impl::tests::test_bool_to_str - should panic ... ok
[INFO] [stdout] test generic::scalar_impl::tests::test_f64_to_str - should panic ... ok
[INFO] [stdout] test algos::indexing::tests::test_blocs_length_mismatch - should panic ... ok
[INFO] [stdout] test nullable::nullable_ops_nullable::tests::test_int_ops_div_nullable ... ok
[INFO] [stdout] test nullable::nullable_ops_nullable::tests::test_int_ops_mul_nullable ... ok
[INFO] [stdout] test nullable::nullable_ops_nullable::tests::test_int_ops_ref_both_nullable ... ok
[INFO] [stdout] test nullable::nullable_ops_nullable::tests::test_int_ops_ref_lhs_nullable ... ok
[INFO] [stdout] test nullable::nullable_ops_nullable::tests::test_int_ops_ref_rhs_nullable ... ok
[INFO] [stdout] test nullable::nullable_ops_nullable::tests::test_int_ops_rem_nullable ... ok
[INFO] [stdout] test nullable::nullable_ops_nullable::tests::test_int_ops_sub_nullable ... ok
[INFO] [stdout] test nullable::nullable_ops_primitive::tests::test_int_arithmetic_ops_add_primitive ... ok
[INFO] [stdout] test nullable::nullable_ops_primitive::tests::test_int_bitwise_ops_add_primitive ... ok
[INFO] [stdout] test nullable::tests::test_float ... ok
[INFO] [stdout] test nullable::tests::test_float_conv_from ... ok
[INFO] [stdout] test nullable::tests::test_int ... ok
[INFO] [stdout] test generic::scalar_impl::tests::test_i64_to_str - should panic ... ok
[INFO] [stdout] test generic::scalar_impl::tests::test_f64_to_bool - should panic ... ok
[INFO] [stdout] test nullable::tests::test_int_conv_from ... ok
[INFO] [stdout] test nullvec::nullvec_convert::tests::test_float_conv_from_nullablevec ... ok
[INFO] [stdout] test nullvec::nullvec_convert::tests::test_float_conv_from_vec_contains_null ... ok
[INFO] [stdout] test nullvec::nullvec_convert::tests::test_float_conv_from_vec ... ok
[INFO] [stdout] test generic::scalar_impl::tests::test_i64_to_bool - should panic ... ok
[INFO] [stdout] test nullvec::nullvec_convert::tests::test_str_conv_from_vec ... ok
[INFO] [stdout] test nullvec::nullvec_convert::tests::test_string_conv_from_vec ... ok
[INFO] [stdout] test generic::scalar_impl::tests::test_str_to_bool - should panic ... ok
[INFO] [stdout] test nullvec::nullvec_impl::tests::test_as_null ... ok
[INFO] [stdout] test nullvec::nullvec_impl::tests::test_float_isnull ... ok
[INFO] [stdout] test nullable::tests::test_int_ops_add ... ok
[INFO] [stdout] test generic::scalar_impl::tests::test_str_to_i64 - should panic ... ok
[INFO] [stdout] test nullable::nullable_ops_nullable::tests::test_int_ops_add_nullable ... ok
[INFO] [stdout] test nullvec::nullvec_impl::tests::test_iloc ... ok
[INFO] [stdout] test nullvec::nullvec_impl::tests::test_float_not_null_values ... ok
[INFO] [stdout] test nullvec::nullvec_impl::tests::test_ilocs ... ok
[INFO] [stdout] test nullvec::nullvec_impl::tests::test_float_fill_null ... ok
[INFO] [stdout] test nullvec::nullvec_impl::tests::test_ilocs_forced_empty ... ok
[INFO] [stdout] test nullvec::nullvec_impl::tests::test_ilocs_forced ... ok
[INFO] [stdout] test nullvec::nullvec_impl::tests::test_iloc_unchecked ... ok
[INFO] [stdout] test nullvec::nullvec_impl::tests::test_float_drop_null ... ok
[INFO] [stdout] test nullvec::nullvec_convert::tests::test_float_conv_from_vec_contains_null_panic - should panic ... ok
[INFO] [stdout] test nullvec::nullvec_impl::tests::test_ilocs_unchecked ... ok
[INFO] [stdout] test nullvec::nullvec_impl::tests::test_int_drop_null ... ok
[INFO] [stdout] test nullvec::nullvec_impl::tests::test_int_isnull ... ok
[INFO] [stdout] test nullvec::nullvec_impl::tests::test_int_fill_null ... ok
[INFO] [stdout] test nullvec::nullvec_impl::tests::test_into_string_vec ... ok
[INFO] [stdout] test nullvec::nullvec_impl_aggregation::tests::test_count ... ok
[INFO] [stdout] test nullvec::nullvec_impl_aggregation::tests::test_mean ... ok
[INFO] [stdout] test nullvec::nullvec_impl::tests::test_iloc_out_of_bounds1 - should panic ... ok
[INFO] [stdout] test nullvec::nullvec_impl_aggregation::tests::test_min ... ok
[INFO] [stdout] test nullvec::nullvec_impl_aggregation::tests::test_sum ... ok
[INFO] [stdout] test nullvec::nullvec_impl::tests::test_iloc_out_of_bounds2 - should panic ... ok
[INFO] [stdout] test nullvec::nullvec_impl_aggregation::tests::test_std ... ok
[INFO] [stdout] test nullvec::nullvec_impl_aggregation::tests::test_unbiased_std ... ok
[INFO] [stdout] test nullvec::nullvec_impl_aggregation::tests::test_max ... ok
[INFO] [stdout] test nullvec::nullvec_impl_aggregation::tests::test_var ... ok
[INFO] [stdout] test nullvec::nullvec_impl_iter::tests::test_iter_not_null ... ok
[INFO] [stdout] test nullvec::nullvec_impl_iter::tests::test_iter_not_null_long ... ok
[INFO] [stdout] test nullvec::nullvec_impl_iter::tests::test_iter_raw ... ok
[INFO] [stdout] test nullvec::nullvec_ops_nullable::tests::test_bool ... ok
[INFO] [stdout] test nullvec::nullvec_ops_nullable::tests::test_float ... ok
[INFO] [stdout] test nullvec::nullvec_ops_nullable::tests::test_float_nan ... ok
[INFO] [stdout] test nullvec::nullvec_ops_nullable::tests::test_int ... ok
[INFO] [stdout] test nullvec::nullvec_ops_nullable::tests::test_int_ref_both ... ok
[INFO] [stdout] test nullvec::nullvec_ops_nullable::tests::test_int_ref_lhs ... ok
[INFO] [stdout] test nullvec::nullvec_ops_nullable::tests::test_int_ref_rhs ... ok
[INFO] [stdout] test nullvec::nullvec_ops_nullvec::tests::test_bool ... ok
[INFO] [stdout] test nullvec::nullvec_ops_nullvec::tests::test_float ... ok
[INFO] [stdout] test nullvec::nullvec_ops_nullvec::tests::test_float_nan_both ... ok
[INFO] [stdout] test nullvec::nullvec_ops_nullvec::tests::test_float_nan_lhs ... ok
[INFO] [stdout] test nullvec::nullvec_ops_nullvec::tests::test_float_nan_rhs ... ok
[INFO] [stdout] test nullvec::nullvec_ops_nullvec::tests::test_int ... ok
[INFO] [stdout] test nullvec::nullvec_ops_nullvec::tests::test_int_ref_lhs ... ok
[INFO] [stdout] test nullvec::nullvec_impl_aggregation::tests::test_unbiased_var ... ok
[INFO] [stdout] test nullvec::nullvec_ops_primitive::tests::test_bool ... ok
[INFO] [stdout] test nullvec::nullvec_ops_primitive::tests::test_float ... ok
[INFO] [stdout] test nullvec::nullvec_ops_primitive::tests::test_int ... ok
[INFO] [stdout] test nullvec::nullvec_ops_primitive::tests::test_float_nan ... ok
[INFO] [stdout] test nullvec::nullvec_ops_primitive::tests::test_int_ref_both ... ok
[INFO] [stdout] test nullvec::nullvec_ops_primitive::tests::test_int_ref_lhs ... ok
[INFO] [stdout] test nullvec::nullvec_ops_primitive::tests::test_int_ref_rhs ... ok
[INFO] [stdout] test nullvec::nullvec_ops_nullvec::tests::test_int_ref_both ... ok
[INFO] [stdout] test nullvec::nullvec_ops_vec::tests::test_float ... ok
[INFO] [stdout] test nullvec::nullvec_ops_vec::tests::test_float_nan ... ok
[INFO] [stdout] test nullvec::nullvec_ops_vec::tests::test_int ... ok
[INFO] [stdout] test nullvec::nullvec_ops_vec::tests::test_int_ref_both ... ok
[INFO] [stdout] test nullvec::nullvec_ops_vec::tests::test_int_ref_lhs ... ok
[INFO] [stdout] test nullvec::nullvec_ops_vec::tests::test_int_ref_rhs ... ok
[INFO] [stdout] test nullvec::nullvec_scalar::tests::test_scalar_conv_from_vec ... ok
[INFO] [stdout] test nullvec::nullvec_scalar::tests::test_scalar_to_nullvec ... ok
[INFO] [stdout] test nullvec::tests::test_float ... ok
[INFO] [stdout] test nullvec::tests::test_float_nan ... ok
[INFO] [stdout] test nullvec::tests::test_float_with_mask ... ok
[INFO] [stdout] test nullvec::tests::test_int ... ok
[INFO] [stdout] test nullvec::tests::test_int_with_mask ... ok
[INFO] [stdout] test nullvec::tests::test_maybe_null ... ok
[INFO] [stdout] test nullvec::nullvec_ops_vec::tests::test_bool ... ok
[INFO] [stdout] test nullvec::nullvec_impl_iter::tests::test_into_iter ... ok
[INFO] [stdout] test nullvec::nullvec_ops_nullvec::tests::test_int_ref_rhs ... ok
[INFO] [stdout] test nullvec::nullvec_impl::tests::test_ilocs_out_of_bounds1 - should panic ... ok
[INFO] [stdout] test generic::scalar_impl::tests::test_str_to_f64 - should panic ... ok
[INFO] [stdout] test nullvec::nullvec_impl::tests::test_ilocs_out_of_bounds2 - should panic ... ok
[INFO] [stdout] 
[INFO] [stdout] test result: ok. 123 passed; 0 failed; 0 ignored; 0 measured; 0 filtered out; finished in 0.03s
[INFO] [stdout] 
[INFO] [stderr]      Running tests/array.rs (/opt/rustwide/target/debug/deps/array-d92e1dde00403fb5)
[INFO] [stdout] 
[INFO] [stdout] running 11 tests
[INFO] [stdout] test test_creation ... ok
[INFO] [stdout] test test_clone ... ok
[INFO] [stdout] test test_append ... ok
[INFO] [stdout] test test_blocs ... ok
[INFO] [stdout] test test_creation_macros ... ok
[INFO] [stdout] test test_container ... ok
[INFO] [stdout] test test_creation_new ... ok
[INFO] [stdout] test test_dtype_property ... ok
[INFO] [stdout] test test_eq ... ok
[INFO] [stdout] test test_ilocs ... ok
[INFO] [stdout] test test_ilocs_panic - should panic ... ok
[INFO] [stdout] 
[INFO] [stdout] test result: ok. 11 passed; 0 failed; 0 ignored; 0 measured; 0 filtered out; finished in 0.03s
[INFO] [stdout] 
[INFO] [stderr]      Running tests/array_aggregation.rs (/opt/rustwide/target/debug/deps/array_aggregation-04cb592136aeafdd)
[INFO] [stdout] 
[INFO] [stdout] running 5 tests
[INFO] [stdout] test test_aggregation_float64 ... ok
[INFO] [stdout] test test_aggregation_int64 ... ok
[INFO] [stdout] test test_aggregation_min_should_panic - should panic ... ok
[INFO] [stdout] test test_aggregation_sum_should_panic - should panic ... ok
[INFO] [stdout] test test_aggregation_mean_should_panic - should panic ... ok
[INFO] [stdout] 
[INFO] [stdout] test result: ok. 5 passed; 0 failed; 0 ignored; 0 measured; 0 filtered out; finished in 0.01s
[INFO] [stdout] 
[INFO] [stderr]      Running tests/convert.rs (/opt/rustwide/target/debug/deps/convert-d7089dd40e16c847)
[INFO] [stdout] 
[INFO] [stdout] running 21 tests
[INFO] [stdout] test test_bool_primitives_to_scalar ... ok
[INFO] [stdout] test test_bool_vec_to_array ... ok
[INFO] [stdout] test test_bool_array_to_vec ... ok
[INFO] [stdout] test test_bool_scalar_to_primitives ... ok
[INFO] [stdout] test test_f64_vec_to_array ... ok
[INFO] [stdout] test test_f64_scalar_to_primitives ... ok
[INFO] [stdout] test test_i64_array_to_vec ... ok
[INFO] [stdout] test test_f64_primitives_to_scalar ... ok
[INFO] [stdout] test test_f64_array_to_vec ... ok
[INFO] [stdout] test test_scalar_to_primitives_as_string ... ok
[INFO] [stdout] test test_str_array_to_vec ... ok
[INFO] [stdout] test test_str_scalar_to_primitives ... ok
[INFO] [stdout] test test_str_vec_to_array ... ok
[INFO] [stdout] test test_usize_array_to_vec ... ok
[INFO] [stdout] test test_str_primitives_to_scalar ... ok
[INFO] [stdout] test test_i64_vec_to_array ... ok
[INFO] [stdout] test test_i64_primitives_to_scalar ... ok
[INFO] [stdout] test test_usize_vec_to_array ... ok
[INFO] [stdout] test test_primitives_as_str_to_scalar ... ok
[INFO] [stdout] test test_empty_scalar_to_array - should panic ... ok
[INFO] [stdout] test test_i64_scalar_to_primitives ... ok
[INFO] [stdout] 
[INFO] [stdout] test result: ok. 21 passed; 0 failed; 0 ignored; 0 measured; 0 filtered out; finished in 0.02s
[INFO] [stdout] 
[INFO] [stderr]      Running tests/nullable_ops.rs (/opt/rustwide/target/debug/deps/nullable_ops-b565b0e8fa999e7b)
[INFO] [stdout] 
[INFO] [stdout] running 8 tests
[INFO] [stdout] test test_int_ops_add_nullable ... ok
[INFO] [stdout] test test_int_ops_mul_nullable ... ok
[INFO] [stdout] test test_int_ops_ref_lhs_nullable ... ok
[INFO] [stdout] test test_int_ops_ref_rhs_nullable ... ok
[INFO] [stdout] test test_int_ops_div_nullable ... ok
[INFO] [stdout] test test_int_ops_sub_nullable ... ok
[INFO] [stdout] test test_int_ops_rem_nullable ... ok
[INFO] [stdout] test test_int_ops_ref_both_nullable ... ok
[INFO] [stdout] 
[INFO] [stdout] test result: ok. 8 passed; 0 failed; 0 ignored; 0 measured; 0 filtered out; finished in 0.00s
[INFO] [stdout] 
[INFO] [stderr]    Doc-tests nullvec
[INFO] [stdout] 
[INFO] [stdout] running 11 tests
[INFO] [stdout] test src/nullvec/nullvec_impl.rs - nullvec::nullvec_impl::NullVec<T>::fill_null (line 123) ... FAILED
[INFO] [stdout] test src/nullable/mod.rs - nullable (line 5) ... FAILED
[INFO] [stdout] test src/nullvec/nullvec_impl.rs - nullvec::nullvec_impl::NullVec<T>::drop_null (line 95) ... FAILED
[INFO] [stdout] test src/nullvec/mod.rs - nullvec (line 5) ... FAILED
[INFO] [stdout] test src/nullable/mod.rs - nullable::Nullable<T>::new (line 69) ... ok
[INFO] [stdout] test src/nullvec/mod.rs - nullvec::NullVec<T>::with_mask (line 110) ... ok
[INFO] [stdout] test src/nullvec/nullvec_impl.rs - nullvec::nullvec_impl::NullVec<T>::not_null (line 36) ... ok
[INFO] [stdout] test src/nullvec/nullvec_impl.rs - nullvec::nullvec_impl::NullVec<T>::as_null (line 79) ... ok
[INFO] [stdout] test src/nullvec/mod.rs - nullvec::NullVec<T>::new (line 78) ... ok
[INFO] [stdout] test src/nullvec/nullvec_impl.rs - nullvec::nullvec_impl::NullVec<T>::is_null (line 20) ... ok
[INFO] [stdout] test src/nullvec/nullvec_impl.rs - nullvec::nullvec_impl::NullVec<T>::not_null_values (line 52) ... ok
[INFO] [stderr] error: doctest failed, to rerun pass `--doc`
[INFO] [stdout] 
[INFO] [stdout] failures:
[INFO] [stdout] 
[INFO] [stdout] ---- src/nullvec/nullvec_impl.rs - nullvec::nullvec_impl::NullVec<T>::fill_null (line 123) stdout ----
[INFO] [stdout] error: linking with `cc` failed: exit status: 1
[INFO] [stdout]   |
[INFO] [stdout]   = note: LC_ALL="C" PATH="/opt/rustwide/rustup-home/toolchains/1.69.0-x86_64-unknown-linux-gnu/lib/rustlib/x86_64-unknown-linux-gnu/bin:/opt/rustwide/cargo-home/bin:/usr/local/sbin:/usr/local/bin:/usr/sbin:/usr/bin:/sbin:/bin" VSLANG="1033" "cc" "-m64" "/tmp/rustciURraq/symbols.o" "/tmp/rustdoctestsCufK5/rust_out.rust_out.5bfee551-cgu.0.rcgu.o" "/tmp/rustdoctestsCufK5/rust_out.j00p4ncf7xg64kg.rcgu.o" "-Wl,--as-needed" "-L" "/opt/rustwide/target/debug/deps" "-L" "/opt/rustwide/target/debug/deps" "-L" "/opt/rustwide/rustup-home/toolchains/1.69.0-x86_64-unknown-linux-gnu/lib/rustlib/x86_64-unknown-linux-gnu/lib" "-Wl,-Bstatic" "/opt/rustwide/target/debug/deps/libnullvec-8e2b39a00162a7fa.rlib" "/opt/rustwide/target/debug/deps/libnum-b4e3fb9491221e8a.rlib" "/opt/rustwide/target/debug/deps/libnum_rational-b23d0770c694886f.rlib" "/opt/rustwide/target/debug/deps/libnum_bigint-9a3f0ba0ae0fba30.rlib" "/opt/rustwide/target/debug/deps/librand-8fe33c175abbb0bc.rlib" "/opt/rustwide/target/debug/deps/liblibc-b7b14a0fe316ec96.rlib" "/opt/rustwide/target/debug/deps/libnum_complex-b32c6d515fba8cd5.rlib" "/opt/rustwide/target/debug/deps/librustc_serialize-d2e9e0a4dbdf7883.rlib" "/opt/rustwide/target/debug/deps/libnum_iter-4550abdb8c6b52a7.rlib" "/opt/rustwide/target/debug/deps/libnum_integer-7f6597092f26fe16.rlib" "/opt/rustwide/target/debug/deps/libnum_traits-3b93294800e9dc5d.rlib" "/opt/rustwide/rustup-home/toolchains/1.69.0-x86_64-unknown-linux-gnu/lib/rustlib/x86_64-unknown-linux-gnu/lib/libstd-89bc084783fdc439.rlib" "/opt/rustwide/rustup-home/toolchains/1.69.0-x86_64-unknown-linux-gnu/lib/rustlib/x86_64-unknown-linux-gnu/lib/libpanic_unwind-8bee4b287d4367c1.rlib" "/opt/rustwide/rustup-home/toolchains/1.69.0-x86_64-unknown-linux-gnu/lib/rustlib/x86_64-unknown-linux-gnu/lib/libobject-d61707aed80694c0.rlib" "/opt/rustwide/rustup-home/toolchains/1.69.0-x86_64-unknown-linux-gnu/lib/rustlib/x86_64-unknown-linux-gnu/lib/libmemchr-d85366256f22345b.rlib" "/opt/rustwide/rustup-home/toolchains/1.69.0-x86_64-unknown-linux-gnu/lib/rustlib/x86_64-unknown-linux-gnu/lib/libaddr2line-96069b86b8a8cae9.rlib" "/opt/rustwide/rustup-home/toolchains/1.69.0-x86_64-unknown-linux-gnu/lib/rustlib/x86_64-unknown-linux-gnu/lib/libgimli-d19d53abf68dfa6c.rlib" "/opt/rustwide/rustup-home/toolchains/1.69.0-x86_64-unknown-linux-gnu/lib/rustlib/x86_64-unknown-linux-gnu/lib/librustc_demangle-787cbccd19d64ac6.rlib" "/opt/rustwide/rustup-home/toolchains/1.69.0-x86_64-unknown-linux-gnu/lib/rustlib/x86_64-unknown-linux-gnu/lib/libstd_detect-b3837a36b830e0d0.rlib" "/opt/rustwide/rustup-home/toolchains/1.69.0-x86_64-unknown-linux-gnu/lib/rustlib/x86_64-unknown-linux-gnu/lib/libhashbrown-e3deb0e7e3f04966.rlib" "/opt/rustwide/rustup-home/toolchains/1.69.0-x86_64-unknown-linux-gnu/lib/rustlib/x86_64-unknown-linux-gnu/lib/libminiz_oxide-dabbb79c9815def4.rlib" "/opt/rustwide/rustup-home/toolchains/1.69.0-x86_64-unknown-linux-gnu/lib/rustlib/x86_64-unknown-linux-gnu/lib/libadler-305b01f34c9409f2.rlib" "/opt/rustwide/rustup-home/toolchains/1.69.0-x86_64-unknown-linux-gnu/lib/rustlib/x86_64-unknown-linux-gnu/lib/librustc_std_workspace_alloc-f833521df6074e73.rlib" "/opt/rustwide/rustup-home/toolchains/1.69.0-x86_64-unknown-linux-gnu/lib/rustlib/x86_64-unknown-linux-gnu/lib/libunwind-9ac333113350d171.rlib" "/opt/rustwide/rustup-home/toolchains/1.69.0-x86_64-unknown-linux-gnu/lib/rustlib/x86_64-unknown-linux-gnu/lib/libcfg_if-1c126114322d0eee.rlib" "/opt/rustwide/rustup-home/toolchains/1.69.0-x86_64-unknown-linux-gnu/lib/rustlib/x86_64-unknown-linux-gnu/lib/liblibc-bad9164fdeeecf92.rlib" "/opt/rustwide/rustup-home/toolchains/1.69.0-x86_64-unknown-linux-gnu/lib/rustlib/x86_64-unknown-linux-gnu/lib/liballoc-f9374b1e480fa681.rlib" "/opt/rustwide/rustup-home/toolchains/1.69.0-x86_64-unknown-linux-gnu/lib/rustlib/x86_64-unknown-linux-gnu/lib/librustc_std_workspace_core-207f06e41d9603af.rlib" "/opt/rustwide/rustup-home/toolchains/1.69.0-x86_64-unknown-linux-gnu/lib/rustlib/x86_64-unknown-linux-gnu/lib/libcore-7e2768e66e984e85.rlib" "/opt/rustwide/rustup-home/toolchains/1.69.0-x86_64-unknown-linux-gnu/lib/rustlib/x86_64-unknown-linux-gnu/lib/libcompiler_builtins-957b4aff41f8cd46.rlib" "-Wl,-Bdynamic" "-lgcc_s" "-lutil" "-lrt" "-lpthread" "-lm" "-ldl" "-lc" "-Wl,--eh-frame-hdr" "-Wl,-z,noexecstack" "-L" "/opt/rustwide/rustup-home/toolchains/1.69.0-x86_64-unknown-linux-gnu/lib/rustlib/x86_64-unknown-linux-gnu/lib" "-o" "/tmp/rustdoctestsCufK5/rust_out" "-Wl,--gc-sections" "-pie" "-Wl,-z,relro,-z,now" "-nodefaultlibs"
[INFO] [stdout]   = note: collect2: fatal error: ld terminated with signal 9 [Killed]
[INFO] [stdout]           compilation terminated.
[INFO] [stdout]           
[INFO] [stdout] 
[INFO] [stdout] error: aborting due to previous error
[INFO] [stdout] 
[INFO] [stdout] Couldn't compile the test.
[INFO] [stdout] ---- src/nullable/mod.rs - nullable (line 5) stdout ----
[INFO] [stdout] error: linking with `cc` failed: exit status: 1
[INFO] [stdout]   |
[INFO] [stdout]   = note: LC_ALL="C" PATH="/opt/rustwide/rustup-home/toolchains/1.69.0-x86_64-unknown-linux-gnu/lib/rustlib/x86_64-unknown-linux-gnu/bin:/opt/rustwide/cargo-home/bin:/usr/local/sbin:/usr/local/bin:/usr/sbin:/usr/bin:/sbin:/bin" VSLANG="1033" "cc" "-m64" "/tmp/rustc5IW1K1/symbols.o" "/tmp/rustdoctesttgzYLs/rust_out.rust_out.5bfee551-cgu.0.rcgu.o" "/tmp/rustdoctesttgzYLs/rust_out.j00p4ncf7xg64kg.rcgu.o" "-Wl,--as-needed" "-L" "/opt/rustwide/target/debug/deps" "-L" "/opt/rustwide/target/debug/deps" "-L" "/opt/rustwide/rustup-home/toolchains/1.69.0-x86_64-unknown-linux-gnu/lib/rustlib/x86_64-unknown-linux-gnu/lib" "-Wl,-Bstatic" "/opt/rustwide/target/debug/deps/libnullvec-8e2b39a00162a7fa.rlib" "/opt/rustwide/target/debug/deps/libnum-b4e3fb9491221e8a.rlib" "/opt/rustwide/target/debug/deps/libnum_rational-b23d0770c694886f.rlib" "/opt/rustwide/target/debug/deps/libnum_bigint-9a3f0ba0ae0fba30.rlib" "/opt/rustwide/target/debug/deps/librand-8fe33c175abbb0bc.rlib" "/opt/rustwide/target/debug/deps/liblibc-b7b14a0fe316ec96.rlib" "/opt/rustwide/target/debug/deps/libnum_complex-b32c6d515fba8cd5.rlib" "/opt/rustwide/target/debug/deps/librustc_serialize-d2e9e0a4dbdf7883.rlib" "/opt/rustwide/target/debug/deps/libnum_iter-4550abdb8c6b52a7.rlib" "/opt/rustwide/target/debug/deps/libnum_integer-7f6597092f26fe16.rlib" "/opt/rustwide/target/debug/deps/libnum_traits-3b93294800e9dc5d.rlib" "/opt/rustwide/rustup-home/toolchains/1.69.0-x86_64-unknown-linux-gnu/lib/rustlib/x86_64-unknown-linux-gnu/lib/libstd-89bc084783fdc439.rlib" "/opt/rustwide/rustup-home/toolchains/1.69.0-x86_64-unknown-linux-gnu/lib/rustlib/x86_64-unknown-linux-gnu/lib/libpanic_unwind-8bee4b287d4367c1.rlib" "/opt/rustwide/rustup-home/toolchains/1.69.0-x86_64-unknown-linux-gnu/lib/rustlib/x86_64-unknown-linux-gnu/lib/libobject-d61707aed80694c0.rlib" "/opt/rustwide/rustup-home/toolchains/1.69.0-x86_64-unknown-linux-gnu/lib/rustlib/x86_64-unknown-linux-gnu/lib/libmemchr-d85366256f22345b.rlib" "/opt/rustwide/rustup-home/toolchains/1.69.0-x86_64-unknown-linux-gnu/lib/rustlib/x86_64-unknown-linux-gnu/lib/libaddr2line-96069b86b8a8cae9.rlib" "/opt/rustwide/rustup-home/toolchains/1.69.0-x86_64-unknown-linux-gnu/lib/rustlib/x86_64-unknown-linux-gnu/lib/libgimli-d19d53abf68dfa6c.rlib" "/opt/rustwide/rustup-home/toolchains/1.69.0-x86_64-unknown-linux-gnu/lib/rustlib/x86_64-unknown-linux-gnu/lib/librustc_demangle-787cbccd19d64ac6.rlib" "/opt/rustwide/rustup-home/toolchains/1.69.0-x86_64-unknown-linux-gnu/lib/rustlib/x86_64-unknown-linux-gnu/lib/libstd_detect-b3837a36b830e0d0.rlib" "/opt/rustwide/rustup-home/toolchains/1.69.0-x86_64-unknown-linux-gnu/lib/rustlib/x86_64-unknown-linux-gnu/lib/libhashbrown-e3deb0e7e3f04966.rlib" "/opt/rustwide/rustup-home/toolchains/1.69.0-x86_64-unknown-linux-gnu/lib/rustlib/x86_64-unknown-linux-gnu/lib/libminiz_oxide-dabbb79c9815def4.rlib" "/opt/rustwide/rustup-home/toolchains/1.69.0-x86_64-unknown-linux-gnu/lib/rustlib/x86_64-unknown-linux-gnu/lib/libadler-305b01f34c9409f2.rlib" "/opt/rustwide/rustup-home/toolchains/1.69.0-x86_64-unknown-linux-gnu/lib/rustlib/x86_64-unknown-linux-gnu/lib/librustc_std_workspace_alloc-f833521df6074e73.rlib" "/opt/rustwide/rustup-home/toolchains/1.69.0-x86_64-unknown-linux-gnu/lib/rustlib/x86_64-unknown-linux-gnu/lib/libunwind-9ac333113350d171.rlib" "/opt/rustwide/rustup-home/toolchains/1.69.0-x86_64-unknown-linux-gnu/lib/rustlib/x86_64-unknown-linux-gnu/lib/libcfg_if-1c126114322d0eee.rlib" "/opt/rustwide/rustup-home/toolchains/1.69.0-x86_64-unknown-linux-gnu/lib/rustlib/x86_64-unknown-linux-gnu/lib/liblibc-bad9164fdeeecf92.rlib" "/opt/rustwide/rustup-home/toolchains/1.69.0-x86_64-unknown-linux-gnu/lib/rustlib/x86_64-unknown-linux-gnu/lib/liballoc-f9374b1e480fa681.rlib" "/opt/rustwide/rustup-home/toolchains/1.69.0-x86_64-unknown-linux-gnu/lib/rustlib/x86_64-unknown-linux-gnu/lib/librustc_std_workspace_core-207f06e41d9603af.rlib" "/opt/rustwide/rustup-home/toolchains/1.69.0-x86_64-unknown-linux-gnu/lib/rustlib/x86_64-unknown-linux-gnu/lib/libcore-7e2768e66e984e85.rlib" "/opt/rustwide/rustup-home/toolchains/1.69.0-x86_64-unknown-linux-gnu/lib/rustlib/x86_64-unknown-linux-gnu/lib/libcompiler_builtins-957b4aff41f8cd46.rlib" "-Wl,-Bdynamic" "-lgcc_s" "-lutil" "-lrt" "-lpthread" "-lm" "-ldl" "-lc" "-Wl,--eh-frame-hdr" "-Wl,-z,noexecstack" "-L" "/opt/rustwide/rustup-home/toolchains/1.69.0-x86_64-unknown-linux-gnu/lib/rustlib/x86_64-unknown-linux-gnu/lib" "-o" "/tmp/rustdoctesttgzYLs/rust_out" "-Wl,--gc-sections" "-pie" "-Wl,-z,relro,-z,now" "-nodefaultlibs"
[INFO] [stdout]   = note: collect2: fatal error: ld terminated with signal 9 [Killed]
[INFO] [stdout]           compilation terminated.
[INFO] [stdout]           
[INFO] [stdout] 
[INFO] [stdout] error: aborting due to previous error
[INFO] [stdout] 
[INFO] [stdout] Couldn't compile the test.
[INFO] [stdout] ---- src/nullvec/nullvec_impl.rs - nullvec::nullvec_impl::NullVec<T>::drop_null (line 95) stdout ----
[INFO] [stdout] error: linking with `cc` failed: exit status: 1
[INFO] [stdout]   |
[INFO] [stdout]   = note: LC_ALL="C" PATH="/opt/rustwide/rustup-home/toolchains/1.69.0-x86_64-unknown-linux-gnu/lib/rustlib/x86_64-unknown-linux-gnu/bin:/opt/rustwide/cargo-home/bin:/usr/local/sbin:/usr/local/bin:/usr/sbin:/usr/bin:/sbin:/bin" VSLANG="1033" "cc" "-m64" "/tmp/rustckrcMG3/symbols.o" "/tmp/rustdoctestouFYqi/rust_out.rust_out.5bfee551-cgu.0.rcgu.o" "/tmp/rustdoctestouFYqi/rust_out.j00p4ncf7xg64kg.rcgu.o" "-Wl,--as-needed" "-L" "/opt/rustwide/target/debug/deps" "-L" "/opt/rustwide/target/debug/deps" "-L" "/opt/rustwide/rustup-home/toolchains/1.69.0-x86_64-unknown-linux-gnu/lib/rustlib/x86_64-unknown-linux-gnu/lib" "-Wl,-Bstatic" "/opt/rustwide/target/debug/deps/libnullvec-8e2b39a00162a7fa.rlib" "/opt/rustwide/target/debug/deps/libnum-b4e3fb9491221e8a.rlib" "/opt/rustwide/target/debug/deps/libnum_rational-b23d0770c694886f.rlib" "/opt/rustwide/target/debug/deps/libnum_bigint-9a3f0ba0ae0fba30.rlib" "/opt/rustwide/target/debug/deps/librand-8fe33c175abbb0bc.rlib" "/opt/rustwide/target/debug/deps/liblibc-b7b14a0fe316ec96.rlib" "/opt/rustwide/target/debug/deps/libnum_complex-b32c6d515fba8cd5.rlib" "/opt/rustwide/target/debug/deps/librustc_serialize-d2e9e0a4dbdf7883.rlib" "/opt/rustwide/target/debug/deps/libnum_iter-4550abdb8c6b52a7.rlib" "/opt/rustwide/target/debug/deps/libnum_integer-7f6597092f26fe16.rlib" "/opt/rustwide/target/debug/deps/libnum_traits-3b93294800e9dc5d.rlib" "/opt/rustwide/rustup-home/toolchains/1.69.0-x86_64-unknown-linux-gnu/lib/rustlib/x86_64-unknown-linux-gnu/lib/libstd-89bc084783fdc439.rlib" "/opt/rustwide/rustup-home/toolchains/1.69.0-x86_64-unknown-linux-gnu/lib/rustlib/x86_64-unknown-linux-gnu/lib/libpanic_unwind-8bee4b287d4367c1.rlib" "/opt/rustwide/rustup-home/toolchains/1.69.0-x86_64-unknown-linux-gnu/lib/rustlib/x86_64-unknown-linux-gnu/lib/libobject-d61707aed80694c0.rlib" "/opt/rustwide/rustup-home/toolchains/1.69.0-x86_64-unknown-linux-gnu/lib/rustlib/x86_64-unknown-linux-gnu/lib/libmemchr-d85366256f22345b.rlib" "/opt/rustwide/rustup-home/toolchains/1.69.0-x86_64-unknown-linux-gnu/lib/rustlib/x86_64-unknown-linux-gnu/lib/libaddr2line-96069b86b8a8cae9.rlib" "/opt/rustwide/rustup-home/toolchains/1.69.0-x86_64-unknown-linux-gnu/lib/rustlib/x86_64-unknown-linux-gnu/lib/libgimli-d19d53abf68dfa6c.rlib" "/opt/rustwide/rustup-home/toolchains/1.69.0-x86_64-unknown-linux-gnu/lib/rustlib/x86_64-unknown-linux-gnu/lib/librustc_demangle-787cbccd19d64ac6.rlib" "/opt/rustwide/rustup-home/toolchains/1.69.0-x86_64-unknown-linux-gnu/lib/rustlib/x86_64-unknown-linux-gnu/lib/libstd_detect-b3837a36b830e0d0.rlib" "/opt/rustwide/rustup-home/toolchains/1.69.0-x86_64-unknown-linux-gnu/lib/rustlib/x86_64-unknown-linux-gnu/lib/libhashbrown-e3deb0e7e3f04966.rlib" "/opt/rustwide/rustup-home/toolchains/1.69.0-x86_64-unknown-linux-gnu/lib/rustlib/x86_64-unknown-linux-gnu/lib/libminiz_oxide-dabbb79c9815def4.rlib" "/opt/rustwide/rustup-home/toolchains/1.69.0-x86_64-unknown-linux-gnu/lib/rustlib/x86_64-unknown-linux-gnu/lib/libadler-305b01f34c9409f2.rlib" "/opt/rustwide/rustup-home/toolchains/1.69.0-x86_64-unknown-linux-gnu/lib/rustlib/x86_64-unknown-linux-gnu/lib/librustc_std_workspace_alloc-f833521df6074e73.rlib" "/opt/rustwide/rustup-home/toolchains/1.69.0-x86_64-unknown-linux-gnu/lib/rustlib/x86_64-unknown-linux-gnu/lib/libunwind-9ac333113350d171.rlib" "/opt/rustwide/rustup-home/toolchains/1.69.0-x86_64-unknown-linux-gnu/lib/rustlib/x86_64-unknown-linux-gnu/lib/libcfg_if-1c126114322d0eee.rlib" "/opt/rustwide/rustup-home/toolchains/1.69.0-x86_64-unknown-linux-gnu/lib/rustlib/x86_64-unknown-linux-gnu/lib/liblibc-bad9164fdeeecf92.rlib" "/opt/rustwide/rustup-home/toolchains/1.69.0-x86_64-unknown-linux-gnu/lib/rustlib/x86_64-unknown-linux-gnu/lib/liballoc-f9374b1e480fa681.rlib" "/opt/rustwide/rustup-home/toolchains/1.69.0-x86_64-unknown-linux-gnu/lib/rustlib/x86_64-unknown-linux-gnu/lib/librustc_std_workspace_core-207f06e41d9603af.rlib" "/opt/rustwide/rustup-home/toolchains/1.69.0-x86_64-unknown-linux-gnu/lib/rustlib/x86_64-unknown-linux-gnu/lib/libcore-7e2768e66e984e85.rlib" "/opt/rustwide/rustup-home/toolchains/1.69.0-x86_64-unknown-linux-gnu/lib/rustlib/x86_64-unknown-linux-gnu/lib/libcompiler_builtins-957b4aff41f8cd46.rlib" "-Wl,-Bdynamic" "-lgcc_s" "-lutil" "-lrt" "-lpthread" "-lm" "-ldl" "-lc" "-Wl,--eh-frame-hdr" "-Wl,-z,noexecstack" "-L" "/opt/rustwide/rustup-home/toolchains/1.69.0-x86_64-unknown-linux-gnu/lib/rustlib/x86_64-unknown-linux-gnu/lib" "-o" "/tmp/rustdoctestouFYqi/rust_out" "-Wl,--gc-sections" "-pie" "-Wl,-z,relro,-z,now" "-nodefaultlibs"
[INFO] [stdout]   = note: collect2: fatal error: ld terminated with signal 9 [Killed]
[INFO] [stdout]           compilation terminated.
[INFO] [stdout]           
[INFO] [stdout] 
[INFO] [stdout] error: aborting due to previous error
[INFO] [stdout] 
[INFO] [stdout] Couldn't compile the test.
[INFO] [stdout] ---- src/nullvec/mod.rs - nullvec (line 5) stdout ----
[INFO] [stdout] error: linking with `cc` failed: exit status: 1
[INFO] [stdout]   |
[INFO] [stdout]   = note: LC_ALL="C" PATH="/opt/rustwide/rustup-home/toolchains/1.69.0-x86_64-unknown-linux-gnu/lib/rustlib/x86_64-unknown-linux-gnu/bin:/opt/rustwide/cargo-home/bin:/usr/local/sbin:/usr/local/bin:/usr/sbin:/usr/bin:/sbin:/bin" VSLANG="1033" "cc" "-m64" "/tmp/rustcYSPlWe/symbols.o" "/tmp/rustdoctestid2qK5/rust_out.rust_out.5bfee551-cgu.0.rcgu.o" "/tmp/rustdoctestid2qK5/rust_out.j00p4ncf7xg64kg.rcgu.o" "-Wl,--as-needed" "-L" "/opt/rustwide/target/debug/deps" "-L" "/opt/rustwide/target/debug/deps" "-L" "/opt/rustwide/rustup-home/toolchains/1.69.0-x86_64-unknown-linux-gnu/lib/rustlib/x86_64-unknown-linux-gnu/lib" "-Wl,-Bstatic" "/opt/rustwide/target/debug/deps/libnullvec-8e2b39a00162a7fa.rlib" "/opt/rustwide/target/debug/deps/libnum-b4e3fb9491221e8a.rlib" "/opt/rustwide/target/debug/deps/libnum_rational-b23d0770c694886f.rlib" "/opt/rustwide/target/debug/deps/libnum_bigint-9a3f0ba0ae0fba30.rlib" "/opt/rustwide/target/debug/deps/librand-8fe33c175abbb0bc.rlib" "/opt/rustwide/target/debug/deps/liblibc-b7b14a0fe316ec96.rlib" "/opt/rustwide/target/debug/deps/libnum_complex-b32c6d515fba8cd5.rlib" "/opt/rustwide/target/debug/deps/librustc_serialize-d2e9e0a4dbdf7883.rlib" "/opt/rustwide/target/debug/deps/libnum_iter-4550abdb8c6b52a7.rlib" "/opt/rustwide/target/debug/deps/libnum_integer-7f6597092f26fe16.rlib" "/opt/rustwide/target/debug/deps/libnum_traits-3b93294800e9dc5d.rlib" "/opt/rustwide/rustup-home/toolchains/1.69.0-x86_64-unknown-linux-gnu/lib/rustlib/x86_64-unknown-linux-gnu/lib/libstd-89bc084783fdc439.rlib" "/opt/rustwide/rustup-home/toolchains/1.69.0-x86_64-unknown-linux-gnu/lib/rustlib/x86_64-unknown-linux-gnu/lib/libpanic_unwind-8bee4b287d4367c1.rlib" "/opt/rustwide/rustup-home/toolchains/1.69.0-x86_64-unknown-linux-gnu/lib/rustlib/x86_64-unknown-linux-gnu/lib/libobject-d61707aed80694c0.rlib" "/opt/rustwide/rustup-home/toolchains/1.69.0-x86_64-unknown-linux-gnu/lib/rustlib/x86_64-unknown-linux-gnu/lib/libmemchr-d85366256f22345b.rlib" "/opt/rustwide/rustup-home/toolchains/1.69.0-x86_64-unknown-linux-gnu/lib/rustlib/x86_64-unknown-linux-gnu/lib/libaddr2line-96069b86b8a8cae9.rlib" "/opt/rustwide/rustup-home/toolchains/1.69.0-x86_64-unknown-linux-gnu/lib/rustlib/x86_64-unknown-linux-gnu/lib/libgimli-d19d53abf68dfa6c.rlib" "/opt/rustwide/rustup-home/toolchains/1.69.0-x86_64-unknown-linux-gnu/lib/rustlib/x86_64-unknown-linux-gnu/lib/librustc_demangle-787cbccd19d64ac6.rlib" "/opt/rustwide/rustup-home/toolchains/1.69.0-x86_64-unknown-linux-gnu/lib/rustlib/x86_64-unknown-linux-gnu/lib/libstd_detect-b3837a36b830e0d0.rlib" "/opt/rustwide/rustup-home/toolchains/1.69.0-x86_64-unknown-linux-gnu/lib/rustlib/x86_64-unknown-linux-gnu/lib/libhashbrown-e3deb0e7e3f04966.rlib" "/opt/rustwide/rustup-home/toolchains/1.69.0-x86_64-unknown-linux-gnu/lib/rustlib/x86_64-unknown-linux-gnu/lib/libminiz_oxide-dabbb79c9815def4.rlib" "/opt/rustwide/rustup-home/toolchains/1.69.0-x86_64-unknown-linux-gnu/lib/rustlib/x86_64-unknown-linux-gnu/lib/libadler-305b01f34c9409f2.rlib" "/opt/rustwide/rustup-home/toolchains/1.69.0-x86_64-unknown-linux-gnu/lib/rustlib/x86_64-unknown-linux-gnu/lib/librustc_std_workspace_alloc-f833521df6074e73.rlib" "/opt/rustwide/rustup-home/toolchains/1.69.0-x86_64-unknown-linux-gnu/lib/rustlib/x86_64-unknown-linux-gnu/lib/libunwind-9ac333113350d171.rlib" "/opt/rustwide/rustup-home/toolchains/1.69.0-x86_64-unknown-linux-gnu/lib/rustlib/x86_64-unknown-linux-gnu/lib/libcfg_if-1c126114322d0eee.rlib" "/opt/rustwide/rustup-home/toolchains/1.69.0-x86_64-unknown-linux-gnu/lib/rustlib/x86_64-unknown-linux-gnu/lib/liblibc-bad9164fdeeecf92.rlib" "/opt/rustwide/rustup-home/toolchains/1.69.0-x86_64-unknown-linux-gnu/lib/rustlib/x86_64-unknown-linux-gnu/lib/liballoc-f9374b1e480fa681.rlib" "/opt/rustwide/rustup-home/toolchains/1.69.0-x86_64-unknown-linux-gnu/lib/rustlib/x86_64-unknown-linux-gnu/lib/librustc_std_workspace_core-207f06e41d9603af.rlib" "/opt/rustwide/rustup-home/toolchains/1.69.0-x86_64-unknown-linux-gnu/lib/rustlib/x86_64-unknown-linux-gnu/lib/libcore-7e2768e66e984e85.rlib" "/opt/rustwide/rustup-home/toolchains/1.69.0-x86_64-unknown-linux-gnu/lib/rustlib/x86_64-unknown-linux-gnu/lib/libcompiler_builtins-957b4aff41f8cd46.rlib" "-Wl,-Bdynamic" "-lgcc_s" "-lutil" "-lrt" "-lpthread" "-lm" "-ldl" "-lc" "-Wl,--eh-frame-hdr" "-Wl,-z,noexecstack" "-L" "/opt/rustwide/rustup-home/toolchains/1.69.0-x86_64-unknown-linux-gnu/lib/rustlib/x86_64-unknown-linux-gnu/lib" "-o" "/tmp/rustdoctestid2qK5/rust_out" "-Wl,--gc-sections" "-pie" "-Wl,-z,relro,-z,now" "-nodefaultlibs"
[INFO] [stdout]   = note: collect2: fatal error: ld terminated with signal 9 [Killed]
[INFO] [stdout]           compilation terminated.
[INFO] [stdout]           
[INFO] [stdout] 
[INFO] [stdout] error: aborting due to previous error
[INFO] [stdout] 
[INFO] [stdout] Couldn't compile the test.
[INFO] [stdout] 
[INFO] [stdout] failures:
[INFO] [stdout]     src/nullable/mod.rs - nullable (line 5)
[INFO] [stdout]     src/nullvec/mod.rs - nullvec (line 5)
[INFO] [stdout]     src/nullvec/nullvec_impl.rs - nullvec::nullvec_impl::NullVec<T>::drop_null (line 95)
[INFO] [stdout]     src/nullvec/nullvec_impl.rs - nullvec::nullvec_impl::NullVec<T>::fill_null (line 123)
[INFO] [stdout] 
[INFO] [stdout] test result: FAILED. 7 passed; 4 failed; 0 ignored; 0 measured; 0 filtered out; finished in 7.17s
[INFO] [stdout] 
[INFO] running `Command { std: "docker" "inspect" "4b7f0b96f4fc9fbf3809169256e2abc7d2249430c3989cb6f1bfbf8d916ef16c", kill_on_drop: false }`
[INFO] running `Command { std: "docker" "rm" "-f" "4b7f0b96f4fc9fbf3809169256e2abc7d2249430c3989cb6f1bfbf8d916ef16c", kill_on_drop: false }`
[INFO] [stdout] 4b7f0b96f4fc9fbf3809169256e2abc7d2249430c3989cb6f1bfbf8d916ef16c
