[INFO] fetching crate ntlm-hash 0.1.0...
[INFO] testing ntlm-hash-0.1.0 against 1.69.0 for beta-1.70-1
[INFO] extracting crate ntlm-hash 0.1.0 into /workspace/builds/worker-7-tc1/source
[INFO] validating manifest of crates.io crate ntlm-hash 0.1.0 on toolchain 1.69.0
[INFO] running `Command { std: CARGO_HOME="/workspace/cargo-home" RUSTUP_HOME="/workspace/rustup-home" "/workspace/cargo-home/bin/cargo" "+1.69.0" "metadata" "--manifest-path" "Cargo.toml" "--no-deps", kill_on_drop: false }`
[INFO] started tweaking crates.io crate ntlm-hash 0.1.0
[INFO] finished tweaking crates.io crate ntlm-hash 0.1.0
[INFO] tweaked toml for crates.io crate ntlm-hash 0.1.0 written to /workspace/builds/worker-7-tc1/source/Cargo.toml
[INFO] running `Command { std: CARGO_HOME="/workspace/cargo-home" RUSTUP_HOME="/workspace/rustup-home" __CARGO_TEST_CHANNEL_OVERRIDE_DO_NOT_USE_THIS="nightly" "/workspace/cargo-home/bin/cargo" "+1.69.0" "generate-lockfile" "--manifest-path" "Cargo.toml" "-Zno-index-update", kill_on_drop: false }`
[INFO] running `Command { std: CARGO_HOME="/workspace/cargo-home" RUSTUP_HOME="/workspace/rustup-home" "/workspace/cargo-home/bin/cargo" "+1.69.0" "fetch" "--manifest-path" "Cargo.toml", kill_on_drop: false }`
[INFO] running `Command { std: "docker" "create" "-v" "/var/lib/crater-agent-workspace/builds/worker-7-tc1/target:/opt/rustwide/target:rw,Z" "-v" "/var/lib/crater-agent-workspace/builds/worker-7-tc1/source:/opt/rustwide/workdir:ro,Z" "-v" "/var/lib/crater-agent-workspace/cargo-home:/opt/rustwide/cargo-home:ro,Z" "-v" "/var/lib/crater-agent-workspace/rustup-home:/opt/rustwide/rustup-home:ro,Z" "-e" "SOURCE_DIR=/opt/rustwide/workdir" "-e" "CARGO_TARGET_DIR=/opt/rustwide/target" "-e" "CARGO_HOME=/opt/rustwide/cargo-home" "-e" "RUSTUP_HOME=/opt/rustwide/rustup-home" "-w" "/opt/rustwide/workdir" "-m" "1610612736" "--user" "0:0" "--network" "none" "ghcr.io/rust-lang/crates-build-env/linux@sha256:5ff2268d62e97bff2cde7d5815dd6ed5b47097566f13b8d0ca110b04b60e07ed" "/opt/rustwide/cargo-home/bin/cargo" "+1.69.0" "metadata" "--no-deps" "--format-version=1", kill_on_drop: false }`
[INFO] [stdout] 5187fa02f0a2d90884edc8b4eda3934ac756ccb84e4047fe74db255e648b34f3
[INFO] running `Command { std: "docker" "start" "-a" "5187fa02f0a2d90884edc8b4eda3934ac756ccb84e4047fe74db255e648b34f3", kill_on_drop: false }`
[INFO] running `Command { std: "docker" "inspect" "5187fa02f0a2d90884edc8b4eda3934ac756ccb84e4047fe74db255e648b34f3", kill_on_drop: false }`
[INFO] running `Command { std: "docker" "rm" "-f" "5187fa02f0a2d90884edc8b4eda3934ac756ccb84e4047fe74db255e648b34f3", kill_on_drop: false }`
[INFO] [stdout] 5187fa02f0a2d90884edc8b4eda3934ac756ccb84e4047fe74db255e648b34f3
[INFO] running `Command { std: "docker" "create" "-v" "/var/lib/crater-agent-workspace/builds/worker-7-tc1/target:/opt/rustwide/target:rw,Z" "-v" "/var/lib/crater-agent-workspace/builds/worker-7-tc1/source:/opt/rustwide/workdir:ro,Z" "-v" "/var/lib/crater-agent-workspace/cargo-home:/opt/rustwide/cargo-home:ro,Z" "-v" "/var/lib/crater-agent-workspace/rustup-home:/opt/rustwide/rustup-home:ro,Z" "-e" "SOURCE_DIR=/opt/rustwide/workdir" "-e" "CARGO_TARGET_DIR=/opt/rustwide/target" "-e" "CARGO_INCREMENTAL=0" "-e" "RUST_BACKTRACE=full" "-e" "RUSTFLAGS=--cap-lints=warn" "-e" "RUSTDOCFLAGS=--cap-lints=warn" "-e" "CARGO_HOME=/opt/rustwide/cargo-home" "-e" "RUSTUP_HOME=/opt/rustwide/rustup-home" "-w" "/opt/rustwide/workdir" "-m" "1610612736" "--user" "0:0" "--network" "none" "ghcr.io/rust-lang/crates-build-env/linux@sha256:5ff2268d62e97bff2cde7d5815dd6ed5b47097566f13b8d0ca110b04b60e07ed" "/opt/rustwide/cargo-home/bin/cargo" "+1.69.0" "build" "--frozen" "--message-format=json", kill_on_drop: false }`
[INFO] [stdout] 17fd1ebde2614cb4100e6fc1ecaf95ac7c2798557c471287e5274208421fb0ba
[INFO] running `Command { std: "docker" "start" "-a" "17fd1ebde2614cb4100e6fc1ecaf95ac7c2798557c471287e5274208421fb0ba", kill_on_drop: false }`
[INFO] [stderr]    Compiling ntlm-hash v0.1.0 (/opt/rustwide/workdir)
[INFO] [stderr]     Finished dev [unoptimized + debuginfo] target(s) in 0.12s
[INFO] running `Command { std: "docker" "inspect" "17fd1ebde2614cb4100e6fc1ecaf95ac7c2798557c471287e5274208421fb0ba", kill_on_drop: false }`
[INFO] running `Command { std: "docker" "rm" "-f" "17fd1ebde2614cb4100e6fc1ecaf95ac7c2798557c471287e5274208421fb0ba", kill_on_drop: false }`
[INFO] [stdout] 17fd1ebde2614cb4100e6fc1ecaf95ac7c2798557c471287e5274208421fb0ba
[INFO] running `Command { std: "docker" "create" "-v" "/var/lib/crater-agent-workspace/builds/worker-7-tc1/target:/opt/rustwide/target:rw,Z" "-v" "/var/lib/crater-agent-workspace/builds/worker-7-tc1/source:/opt/rustwide/workdir:ro,Z" "-v" "/var/lib/crater-agent-workspace/cargo-home:/opt/rustwide/cargo-home:ro,Z" "-v" "/var/lib/crater-agent-workspace/rustup-home:/opt/rustwide/rustup-home:ro,Z" "-e" "SOURCE_DIR=/opt/rustwide/workdir" "-e" "CARGO_TARGET_DIR=/opt/rustwide/target" "-e" "CARGO_INCREMENTAL=0" "-e" "RUST_BACKTRACE=full" "-e" "RUSTFLAGS=--cap-lints=warn" "-e" "RUSTDOCFLAGS=--cap-lints=warn" "-e" "CARGO_HOME=/opt/rustwide/cargo-home" "-e" "RUSTUP_HOME=/opt/rustwide/rustup-home" "-w" "/opt/rustwide/workdir" "-m" "1610612736" "--user" "0:0" "--network" "none" "ghcr.io/rust-lang/crates-build-env/linux@sha256:5ff2268d62e97bff2cde7d5815dd6ed5b47097566f13b8d0ca110b04b60e07ed" "/opt/rustwide/cargo-home/bin/cargo" "+1.69.0" "test" "--frozen" "--no-run" "--message-format=json", kill_on_drop: false }`
[INFO] [stdout] 425ec72f6a0ae3940dfaf268cac1d8aabf390c634d7ffcb27ff93812507da67f
[INFO] running `Command { std: "docker" "start" "-a" "425ec72f6a0ae3940dfaf268cac1d8aabf390c634d7ffcb27ff93812507da67f", kill_on_drop: false }`
[INFO] [stderr]    Compiling ntlm-hash v0.1.0 (/opt/rustwide/workdir)
[INFO] [stderr]     Finished test [unoptimized + debuginfo] target(s) in 0.27s
[INFO] running `Command { std: "docker" "inspect" "425ec72f6a0ae3940dfaf268cac1d8aabf390c634d7ffcb27ff93812507da67f", kill_on_drop: false }`
[INFO] running `Command { std: "docker" "rm" "-f" "425ec72f6a0ae3940dfaf268cac1d8aabf390c634d7ffcb27ff93812507da67f", kill_on_drop: false }`
[INFO] [stdout] 425ec72f6a0ae3940dfaf268cac1d8aabf390c634d7ffcb27ff93812507da67f
[INFO] running `Command { std: "docker" "create" "-v" "/var/lib/crater-agent-workspace/builds/worker-7-tc1/target:/opt/rustwide/target:rw,Z" "-v" "/var/lib/crater-agent-workspace/builds/worker-7-tc1/source:/opt/rustwide/workdir:ro,Z" "-v" "/var/lib/crater-agent-workspace/cargo-home:/opt/rustwide/cargo-home:ro,Z" "-v" "/var/lib/crater-agent-workspace/rustup-home:/opt/rustwide/rustup-home:ro,Z" "-e" "SOURCE_DIR=/opt/rustwide/workdir" "-e" "CARGO_TARGET_DIR=/opt/rustwide/target" "-e" "CARGO_INCREMENTAL=0" "-e" "RUST_BACKTRACE=full" "-e" "RUSTFLAGS=--cap-lints=warn" "-e" "RUSTDOCFLAGS=--cap-lints=warn" "-e" "CARGO_HOME=/opt/rustwide/cargo-home" "-e" "RUSTUP_HOME=/opt/rustwide/rustup-home" "-w" "/opt/rustwide/workdir" "-m" "1610612736" "--user" "0:0" "--network" "none" "ghcr.io/rust-lang/crates-build-env/linux@sha256:5ff2268d62e97bff2cde7d5815dd6ed5b47097566f13b8d0ca110b04b60e07ed" "/opt/rustwide/cargo-home/bin/cargo" "+1.69.0" "test" "--frozen", kill_on_drop: false }`
[INFO] [stdout] 64e42dcb9b990d1827d911c42f40a8a1cfa25898740586d3d6e75a8dc97f00fb
[INFO] running `Command { std: "docker" "start" "-a" "64e42dcb9b990d1827d911c42f40a8a1cfa25898740586d3d6e75a8dc97f00fb", kill_on_drop: false }`
[INFO] [stderr]     Finished test [unoptimized + debuginfo] target(s) in 0.00s
[INFO] [stderr]      Running unittests src/lib.rs (/opt/rustwide/target/debug/deps/ntlm_hash-597e4384d77e8533)
[INFO] [stdout] 
[INFO] [stdout] running 1 test
[INFO] [stdout] test limit ... ok
[INFO] [stdout] 
[INFO] [stdout] test result: ok. 1 passed; 0 failed; 0 ignored; 0 measured; 0 filtered out; finished in 0.00s
[INFO] [stdout] 
[INFO] [stderr]    Doc-tests ntlm-hash
[INFO] [stdout] 
[INFO] [stdout] running 2 tests
[INFO] [stdout] test src/lib.rs - (line 10) ... FAILED
[INFO] [stdout] test src/lib.rs - (line 5) ... FAILED
[INFO] [stdout] 
[INFO] [stdout] failures:
[INFO] [stdout] 
[INFO] [stdout] ---- src/lib.rs - (line 10) stdout ----
[INFO] [stdout] error: expected one of `!`, `.`, `::`, `;`, `?`, `{`, `}`, or an operator, found keyword `crate`
[INFO] [stdout]  --> src/lib.rs:11:6
[INFO] [stdout]   |
[INFO] [stdout] 3 | This crate hashes only strings of maximum 31 characters long.
[INFO] [stdout]   |      ^^^^^ expected one of 8 possible tokens
[INFO] [stdout] 
[INFO] [stdout] error: aborting due to previous error
[INFO] [stdout] 
[INFO] [stdout] Couldn't compile the test.
[INFO] [stdout] ---- src/lib.rs - (line 5) stdout ----
[INFO] [stdout] error: expected `;`, found `println`
[INFO] [stdout]  --> src/lib.rs:6:17
[INFO] [stdout]   |
[INFO] [stdout] 4 | use ntlm_hash::*
[INFO] [stdout]   |                 ^ help: add `;` here
[INFO] [stdout] 5 | println!("{}", ntlm_hash("some_string"))
[INFO] [stdout]   | ------- unexpected token
[INFO] [stdout] 
[INFO] [stdout] error: aborting due to previous error
[INFO] [stdout] 
[INFO] [stdout] Couldn't compile the test.
[INFO] [stdout] 
[INFO] [stdout] failures:
[INFO] [stdout]     src/lib.rs - (line 10)
[INFO] [stdout]     src/lib.rs - (line 5)
[INFO] [stdout] 
[INFO] [stdout] test result: FAILED. 0 passed; 2 failed; 0 ignored; 0 measured; 0 filtered out; finished in 0.03s
[INFO] [stdout] 
[INFO] [stderr] error: doctest failed, to rerun pass `--doc`
[INFO] running `Command { std: "docker" "inspect" "64e42dcb9b990d1827d911c42f40a8a1cfa25898740586d3d6e75a8dc97f00fb", kill_on_drop: false }`
[INFO] running `Command { std: "docker" "rm" "-f" "64e42dcb9b990d1827d911c42f40a8a1cfa25898740586d3d6e75a8dc97f00fb", kill_on_drop: false }`
[INFO] [stdout] 64e42dcb9b990d1827d911c42f40a8a1cfa25898740586d3d6e75a8dc97f00fb
