[INFO] fetching crate notnow 0.3.3...
[INFO] testing notnow-0.3.3 against beta-2023-04-20 for beta-1.70-1
[INFO] extracting crate notnow 0.3.3 into /workspace/builds/worker-6-tc2/source
[INFO] validating manifest of crates.io crate notnow 0.3.3 on toolchain beta-2023-04-20
[INFO] running `Command { std: CARGO_HOME="/workspace/cargo-home" RUSTUP_HOME="/workspace/rustup-home" "/workspace/cargo-home/bin/cargo" "+beta-2023-04-20" "metadata" "--manifest-path" "Cargo.toml" "--no-deps", kill_on_drop: false }`
[INFO] started tweaking crates.io crate notnow 0.3.3
[INFO] removed 1 missing examples
[INFO] removed 1 missing tests
[INFO] finished tweaking crates.io crate notnow 0.3.3
[INFO] tweaked toml for crates.io crate notnow 0.3.3 written to /workspace/builds/worker-6-tc2/source/Cargo.toml
[INFO] crate crates.io crate notnow 0.3.3 already has a lockfile, it will not be regenerated
[INFO] running `Command { std: CARGO_HOME="/workspace/cargo-home" RUSTUP_HOME="/workspace/rustup-home" "/workspace/cargo-home/bin/cargo" "+beta-2023-04-20" "fetch" "--manifest-path" "Cargo.toml", kill_on_drop: false }`
[INFO] [stderr]     Updating crates.io index
[INFO] [stderr]  Downloading crates ...
[INFO] [stderr]   Downloaded termion v2.0.1
[INFO] [stderr]   Downloaded gui-derive v0.6.0
[INFO] [stderr]   Downloaded async-trait v0.1.62
[INFO] [stderr]   Downloaded cxx-build v1.0.87
[INFO] [stderr]   Downloaded tokio v1.24.2
[INFO] [stderr]   Downloaded uid v0.1.7
[INFO] [stderr]   Downloaded cxxbridge-macro v1.0.87
[INFO] [stderr]   Downloaded grev v0.1.3
[INFO] [stderr]   Downloaded cxxbridge-flags v1.0.87
[INFO] [stderr]   Downloaded iso8601 v0.5.1
[INFO] [stderr]   Downloaded gaps v0.3.1
[INFO] [stderr]   Downloaded gui v0.6.0
[INFO] [stderr]   Downloaded cxx v1.0.87
[INFO] [stderr]   Downloaded coredump v0.1.2
[INFO] [stderr]   Downloaded rbuf v0.1.3
[INFO] [stderr]   Downloaded rline v0.3.1
[INFO] [stderr]   Downloaded icalendar v0.15.1
[INFO] running `Command { std: "docker" "create" "-v" "/var/lib/crater-agent-workspace/builds/worker-6-tc2/target:/opt/rustwide/target:rw,Z" "-v" "/var/lib/crater-agent-workspace/builds/worker-6-tc2/source:/opt/rustwide/workdir:ro,Z" "-v" "/var/lib/crater-agent-workspace/cargo-home:/opt/rustwide/cargo-home:ro,Z" "-v" "/var/lib/crater-agent-workspace/rustup-home:/opt/rustwide/rustup-home:ro,Z" "-e" "SOURCE_DIR=/opt/rustwide/workdir" "-e" "CARGO_TARGET_DIR=/opt/rustwide/target" "-e" "CARGO_HOME=/opt/rustwide/cargo-home" "-e" "RUSTUP_HOME=/opt/rustwide/rustup-home" "-w" "/opt/rustwide/workdir" "-m" "1610612736" "--user" "0:0" "--network" "none" "ghcr.io/rust-lang/crates-build-env/linux@sha256:5ff2268d62e97bff2cde7d5815dd6ed5b47097566f13b8d0ca110b04b60e07ed" "/opt/rustwide/cargo-home/bin/cargo" "+beta-2023-04-20" "metadata" "--no-deps" "--format-version=1", kill_on_drop: false }`
[INFO] [stdout] b7b7483621886833914a6633120a0fdb257963eaa3635ecbae4a14796c9da4a3
[INFO] running `Command { std: "docker" "start" "-a" "b7b7483621886833914a6633120a0fdb257963eaa3635ecbae4a14796c9da4a3", kill_on_drop: false }`
[INFO] running `Command { std: "docker" "inspect" "b7b7483621886833914a6633120a0fdb257963eaa3635ecbae4a14796c9da4a3", kill_on_drop: false }`
[INFO] running `Command { std: "docker" "rm" "-f" "b7b7483621886833914a6633120a0fdb257963eaa3635ecbae4a14796c9da4a3", kill_on_drop: false }`
[INFO] [stdout] b7b7483621886833914a6633120a0fdb257963eaa3635ecbae4a14796c9da4a3
[INFO] running `Command { std: "docker" "create" "-v" "/var/lib/crater-agent-workspace/builds/worker-6-tc2/target:/opt/rustwide/target:rw,Z" "-v" "/var/lib/crater-agent-workspace/builds/worker-6-tc2/source:/opt/rustwide/workdir:ro,Z" "-v" "/var/lib/crater-agent-workspace/cargo-home:/opt/rustwide/cargo-home:ro,Z" "-v" "/var/lib/crater-agent-workspace/rustup-home:/opt/rustwide/rustup-home:ro,Z" "-e" "SOURCE_DIR=/opt/rustwide/workdir" "-e" "CARGO_TARGET_DIR=/opt/rustwide/target" "-e" "CARGO_INCREMENTAL=0" "-e" "RUST_BACKTRACE=full" "-e" "RUSTFLAGS=--cap-lints=warn" "-e" "RUSTDOCFLAGS=--cap-lints=warn" "-e" "CARGO_HOME=/opt/rustwide/cargo-home" "-e" "RUSTUP_HOME=/opt/rustwide/rustup-home" "-w" "/opt/rustwide/workdir" "-m" "1610612736" "--user" "0:0" "--network" "none" "ghcr.io/rust-lang/crates-build-env/linux@sha256:5ff2268d62e97bff2cde7d5815dd6ed5b47097566f13b8d0ca110b04b60e07ed" "/opt/rustwide/cargo-home/bin/cargo" "+beta-2023-04-20" "build" "--frozen" "--message-format=json", kill_on_drop: false }`
[INFO] [stdout] 5e9456dd32e8f17216a4f2c216990ae279d0882b830b18eda1c8b4fb58842838
[INFO] running `Command { std: "docker" "start" "-a" "5e9456dd32e8f17216a4f2c216990ae279d0882b830b18eda1c8b4fb58842838", kill_on_drop: false }`
[INFO] [stderr]    Compiling proc-macro2 v1.0.50
[INFO] [stderr]    Compiling unicode-ident v1.0.6
[INFO] [stderr]    Compiling quote v1.0.23
[INFO] [stderr]    Compiling syn v1.0.107
[INFO] [stderr]    Compiling autocfg v1.1.0
[INFO] [stderr]    Compiling libc v0.2.139
[INFO] [stderr]    Compiling memchr v2.5.0
[INFO] [stderr]    Compiling serde_derive v1.0.152
[INFO] [stderr]    Compiling serde v1.0.152
[INFO] [stderr]    Compiling anyhow v1.0.68
[INFO] [stderr]    Compiling num-traits v0.2.15
[INFO] [stderr]    Compiling num-integer v0.1.45
[INFO] [stderr]    Compiling async-trait v0.1.62
[INFO] [stderr]    Compiling minimal-lexical v0.2.1
[INFO] [stderr]    Compiling nom v7.1.3
[INFO] [stderr]    Compiling tokio v1.24.2
[INFO] [stderr]    Compiling grev v0.1.3
[INFO] [stderr]    Compiling getrandom v0.2.8
[INFO] [stderr]    Compiling serde_json v1.0.91
[INFO] [stderr]    Compiling iana-time-zone v0.1.53
[INFO] [stderr]    Compiling dirs-sys v0.3.7
[INFO] [stderr]    Compiling itoa v1.0.5
[INFO] [stderr]    Compiling notnow v0.3.3 (/opt/rustwide/workdir)
[INFO] [stderr]    Compiling pin-project-lite v0.2.9
[INFO] [stderr]    Compiling ryu v1.0.12
[INFO] [stderr]    Compiling bytes v1.3.0
[INFO] [stderr]    Compiling termion v2.0.1
[INFO] [stderr]    Compiling dirs v4.0.0
[INFO] [stderr] warning: Not in a git repository; unable to embed git revision
[INFO] [stderr]    Compiling unicode-width v0.1.10
[INFO] [stderr]    Compiling rbuf v0.1.3
[INFO] [stderr]    Compiling unicode-segmentation v1.10.0
[INFO] [stderr]    Compiling gaps v0.3.1
[INFO] [stderr]    Compiling chrono v0.4.23
[INFO] [stderr]    Compiling iso8601 v0.5.1
[INFO] [stderr]    Compiling tokio-macros v1.8.2
[INFO] [stderr]    Compiling gui-derive v0.6.0
[INFO] [stderr]    Compiling gui v0.6.0
[INFO] [stderr]    Compiling uuid v1.2.2
[INFO] [stderr]    Compiling icalendar v0.15.1
[INFO] [stdout] warning: lint `unaligned_references` has been removed: converted into hard error, see issue #82523 <https://github.com/rust-lang/rust/issues/82523> for more information
[INFO] [stdout]   --> src/lib.rs:33:3
[INFO] [stdout]    |
[INFO] [stdout] 33 |   unaligned_references,
[INFO] [stdout]    |   ^^^^^^^^^^^^^^^^^^^^
[INFO] [stdout]    |
[INFO] [stdout] note: the lint level is defined here
[INFO] [stdout]   --> src/lib.rs:25:3
[INFO] [stdout]    |
[INFO] [stdout] 25 |   renamed_and_removed_lints,
[INFO] [stdout]    |   ^^^^^^^^^^^^^^^^^^^^^^^^^
[INFO] [stdout] 
[INFO] [stdout] 
[INFO] [stdout] warning: 1 warning emitted
[INFO] [stdout] 
[INFO] [stdout] 
[INFO] [stderr]     Finished dev [unoptimized + debuginfo] target(s) in 14.68s
[INFO] running `Command { std: "docker" "inspect" "5e9456dd32e8f17216a4f2c216990ae279d0882b830b18eda1c8b4fb58842838", kill_on_drop: false }`
[INFO] running `Command { std: "docker" "rm" "-f" "5e9456dd32e8f17216a4f2c216990ae279d0882b830b18eda1c8b4fb58842838", kill_on_drop: false }`
[INFO] [stdout] 5e9456dd32e8f17216a4f2c216990ae279d0882b830b18eda1c8b4fb58842838
[INFO] running `Command { std: "docker" "create" "-v" "/var/lib/crater-agent-workspace/builds/worker-6-tc2/target:/opt/rustwide/target:rw,Z" "-v" "/var/lib/crater-agent-workspace/builds/worker-6-tc2/source:/opt/rustwide/workdir:ro,Z" "-v" "/var/lib/crater-agent-workspace/cargo-home:/opt/rustwide/cargo-home:ro,Z" "-v" "/var/lib/crater-agent-workspace/rustup-home:/opt/rustwide/rustup-home:ro,Z" "-e" "SOURCE_DIR=/opt/rustwide/workdir" "-e" "CARGO_TARGET_DIR=/opt/rustwide/target" "-e" "CARGO_INCREMENTAL=0" "-e" "RUST_BACKTRACE=full" "-e" "RUSTFLAGS=--cap-lints=warn" "-e" "RUSTDOCFLAGS=--cap-lints=warn" "-e" "CARGO_HOME=/opt/rustwide/cargo-home" "-e" "RUSTUP_HOME=/opt/rustwide/rustup-home" "-w" "/opt/rustwide/workdir" "-m" "1610612736" "--user" "0:0" "--network" "none" "ghcr.io/rust-lang/crates-build-env/linux@sha256:5ff2268d62e97bff2cde7d5815dd6ed5b47097566f13b8d0ca110b04b60e07ed" "/opt/rustwide/cargo-home/bin/cargo" "+beta-2023-04-20" "test" "--frozen" "--no-run" "--message-format=json", kill_on_drop: false }`
[INFO] [stdout] 79e4dc6a057f9c8149a3c2aeeb69bb14a218fb7c8fc90e9edeaf1a9d43a1ddce
[INFO] running `Command { std: "docker" "start" "-a" "79e4dc6a057f9c8149a3c2aeeb69bb14a218fb7c8fc90e9edeaf1a9d43a1ddce", kill_on_drop: false }`
[INFO] [stderr] warning: Not in a git repository; unable to embed git revision
[INFO] [stderr]    Compiling fastrand v1.8.0
[INFO] [stderr]    Compiling remove_dir_all v0.5.3
[INFO] [stdout] warning: lint `unaligned_references` has been removed: converted into hard error, see issue #82523 <https://github.com/rust-lang/rust/issues/82523> for more information
[INFO] [stdout]   --> src/lib.rs:33:3
[INFO] [stdout]    |
[INFO] [stdout] 33 |   unaligned_references,
[INFO] [stdout]    |   ^^^^^^^^^^^^^^^^^^^^
[INFO] [stdout]    |
[INFO] [stdout] note: the lint level is defined here
[INFO] [stdout]   --> src/lib.rs:25:3
[INFO] [stdout]    |
[INFO] [stdout] 25 |   renamed_and_removed_lints,
[INFO] [stdout]    |   ^^^^^^^^^^^^^^^^^^^^^^^^^
[INFO] [stdout] 
[INFO] [stdout] 
[INFO] [stdout] warning: 1 warning emitted
[INFO] [stdout] 
[INFO] [stdout] 
[INFO] [stderr]    Compiling tempfile v3.3.0
[INFO] [stderr]    Compiling notnow v0.3.3 (/opt/rustwide/workdir)
[INFO] [stdout] warning: lint `unaligned_references` has been removed: converted into hard error, see issue #82523 <https://github.com/rust-lang/rust/issues/82523> for more information
[INFO] [stdout]   --> src/lib.rs:33:3
[INFO] [stdout]    |
[INFO] [stdout] 33 |   unaligned_references,
[INFO] [stdout]    |   ^^^^^^^^^^^^^^^^^^^^
[INFO] [stdout]    |
[INFO] [stdout] note: the lint level is defined here
[INFO] [stdout]   --> src/lib.rs:25:3
[INFO] [stdout]    |
[INFO] [stdout] 25 |   renamed_and_removed_lints,
[INFO] [stdout]    |   ^^^^^^^^^^^^^^^^^^^^^^^^^
[INFO] [stdout] 
[INFO] [stdout] 
[INFO] [stdout] warning: 1 warning emitted
[INFO] [stdout] 
[INFO] [stdout] 
[INFO] [stderr]     Finished test [unoptimized + debuginfo] target(s) in 5.66s
[INFO] running `Command { std: "docker" "inspect" "79e4dc6a057f9c8149a3c2aeeb69bb14a218fb7c8fc90e9edeaf1a9d43a1ddce", kill_on_drop: false }`
[INFO] running `Command { std: "docker" "rm" "-f" "79e4dc6a057f9c8149a3c2aeeb69bb14a218fb7c8fc90e9edeaf1a9d43a1ddce", kill_on_drop: false }`
[INFO] [stdout] 79e4dc6a057f9c8149a3c2aeeb69bb14a218fb7c8fc90e9edeaf1a9d43a1ddce
[INFO] running `Command { std: "docker" "create" "-v" "/var/lib/crater-agent-workspace/builds/worker-6-tc2/target:/opt/rustwide/target:rw,Z" "-v" "/var/lib/crater-agent-workspace/builds/worker-6-tc2/source:/opt/rustwide/workdir:ro,Z" "-v" "/var/lib/crater-agent-workspace/cargo-home:/opt/rustwide/cargo-home:ro,Z" "-v" "/var/lib/crater-agent-workspace/rustup-home:/opt/rustwide/rustup-home:ro,Z" "-e" "SOURCE_DIR=/opt/rustwide/workdir" "-e" "CARGO_TARGET_DIR=/opt/rustwide/target" "-e" "CARGO_INCREMENTAL=0" "-e" "RUST_BACKTRACE=full" "-e" "RUSTFLAGS=--cap-lints=warn" "-e" "RUSTDOCFLAGS=--cap-lints=warn" "-e" "CARGO_HOME=/opt/rustwide/cargo-home" "-e" "RUSTUP_HOME=/opt/rustwide/rustup-home" "-w" "/opt/rustwide/workdir" "-m" "1610612736" "--user" "0:0" "--network" "none" "ghcr.io/rust-lang/crates-build-env/linux@sha256:5ff2268d62e97bff2cde7d5815dd6ed5b47097566f13b8d0ca110b04b60e07ed" "/opt/rustwide/cargo-home/bin/cargo" "+beta-2023-04-20" "test" "--frozen", kill_on_drop: false }`
[INFO] [stdout] 9761c53a2a9a0fa8f49c038c206ae1c0454ec2df95af439002e0a9085664c5dd
[INFO] running `Command { std: "docker" "start" "-a" "9761c53a2a9a0fa8f49c038c206ae1c0454ec2df95af439002e0a9085664c5dd", kill_on_drop: false }`
[INFO] [stderr] warning: Not in a git repository; unable to embed git revision
[INFO] [stderr] warning: lint `unaligned_references` has been removed: converted into hard error, see issue #82523 <https://github.com/rust-lang/rust/issues/82523> for more information
[INFO] [stderr]   --> src/lib.rs:33:3
[INFO] [stderr]    |
[INFO] [stderr] 33 |   unaligned_references,
[INFO] [stderr]    |   ^^^^^^^^^^^^^^^^^^^^
[INFO] [stderr]    |
[INFO] [stderr] note: the lint level is defined here
[INFO] [stderr]   --> src/lib.rs:25:3
[INFO] [stderr]    |
[INFO] [stderr] 25 |   renamed_and_removed_lints,
[INFO] [stderr]    |   ^^^^^^^^^^^^^^^^^^^^^^^^^
[INFO] [stderr] 
[INFO] [stderr] warning: `notnow` (lib) generated 1 warning
[INFO] [stderr] warning: `notnow` (lib test) generated 1 warning (1 duplicate)
[INFO] [stderr]     Finished test [unoptimized + debuginfo] target(s) in 0.03s
[INFO] [stderr]      Running unittests src/lib.rs (/opt/rustwide/target/debug/deps/notnow-123cd9c900ac388e)
[INFO] [stdout] 
[INFO] [stdout] running 170 tests
[INFO] [stdout] test colors::tests::color_equal ... ok
[INFO] [stdout] test colors::tests::color_unequal ... ok
[INFO] [stdout] test colors::tests::serialize_deserialize_reset ... ok
[INFO] [stdout] test colors::tests::serialize_deserialize_colors ... ok
[INFO] [stdout] test colors::tests::serialize_deserialize_rgb ... ok
[INFO] [stdout] test db::tests::create_from_iter ... ok
[INFO] [stdout] test db::tests::create_from_iter_duplicate ... ok
[INFO] [stdout] test db::tests::entry_aux_set_get ... ok
[INFO] [stdout] test db::tests::entry_navigation ... ok
[INFO] [stdout] test db::tests::find_item ... ok
[INFO] [stdout] test db::tests::insert_item ... ok
[INFO] [stdout] test db::tests::iteration ... ok
[INFO] [stdout] test db::tests::push_item ... ok
[INFO] [stdout] test db::tests::try_insert_item ... ok
[INFO] [stdout] test db::tests::try_push_item ... ok
[INFO] [stdout] test id::tests::reserve_free_id_btreemap ... ok
[INFO] [stdout] test id::tests::allocate_and_free_id_btreemap ... ok
[INFO] [stdout] test line::tests::byte_indexing ... ok
[INFO] [stdout] test line::tests::char_indexing ... ok
[INFO] [stdout] test line::tests::line_substr ... ok
[INFO] [stdout] test ops::tests::exec_undo_redo ... ok
[INFO] [stdout] test line::tests::line_length ... ok
[INFO] [stdout] test ops::tests::undo_limit ... ok
[INFO] [stdout] test position::tests::approximation_between ... ok
[INFO] [stdout] test position::tests::integer_part_ensurance ... ok
[INFO] [stdout] test position::tests::position_creation ... ok
[INFO] [stdout] test ser::backends::ical::task::tests::serialize_deserialize_task ... ok
[INFO] [stdout] test ser::backends::ical::task::tests::serialize_deserialize_task_with_tag ... ok
[INFO] [stdout] test cap::tests::non_existent_directory_and_file ... ok
[INFO] [stdout] test ser::backends::ical::tasks_meta::tests::serialize_deserialize_tasks_meta ... ok
[INFO] [stdout] test ser::backends::ical::util::tests::emit_parse_tag_list ... ok
[INFO] [stdout] test ser::backends::ical::util::tests::try_from_calendar_failure ... ok
[INFO] [stdout] test ser::id::tests::serialize_as_number ... ok
[INFO] [stdout] test ser::id::tests::serialize_deserialize_id ... ok
[INFO] [stdout] test ser::tags::tests::emit_parse_tag ... ok
[INFO] [stdout] test ser::tags::tests::emit_parse_template ... ok
[INFO] [stdout] test ser::tags::tests::serialize_deserialize_tag ... ok
[INFO] [stdout] test ser::view::tests::serialize_deserialize_view ... ok
[INFO] [stdout] test state::tests::load_state ... ok
[INFO] [stdout] test state::tests::load_state_with_invalid_tag ... ok
[INFO] [stdout] test state::tests::create_dirs_for_state ... ok
[INFO] [stdout] test state::tests::load_task_state_file_not_found ... ok
[INFO] [stdout] test state::tests::save_load_preserves_positions ... ok
[INFO] [stdout] test tags::tests::different_instantiated_tags_are_equal ... ok
[INFO] [stdout] test tasks::tests::add_task ... ok
[INFO] [stdout] test tasks::tests::add_task_after ... ok
[INFO] [stdout] test tasks::tests::exec_undo_task_add_empty ... ok
[INFO] [stdout] test tasks::tests::exec_undo_task_add_non_empty ... ok
[INFO] [stdout] test tasks::tests::exec_undo_task_move ... ok
[INFO] [stdout] test tasks::tests::exec_undo_task_remove_multi ... ok
[INFO] [stdout] test tasks::tests::exec_undo_task_remove_single ... ok
[INFO] [stdout] test tasks::tests::exec_undo_task_update ... ok
[INFO] [stdout] test tasks::tests::move_after ... ok
[INFO] [stdout] test tasks::tests::move_after_for_last ... ok
[INFO] [stdout] test state::tests::save_and_load_task_state ... ok
[INFO] [stdout] test tasks::tests::move_before ... ok
[INFO] [stdout] test tasks::tests::move_before_for_first ... ok
[INFO] [stdout] test tasks::tests::remove_task ... ok
[INFO] [stdout] test tasks::tests::task_tag_query_and_adjustment ... ok
[INFO] [stdout] test tasks::tests::update_task ... ok
[INFO] [stdout] test tests::lock_file_error_when_not_present ... ok
[INFO] [stdout] test tests::lock_file_error_when_present ... ok
[INFO] [stdout] test tests::lock_file_not_present ... ok
[INFO] [stdout] test tests::lock_file_present ... ok
[INFO] [stdout] test tests::lock_file_present_force ... ok
[INFO] [stdout] test ui::config::tests::load_config_file_not_found ... ok
[INFO] [stdout] test state::tests::loaded_tasks_use_saved_ids ... ok
[INFO] [stdout] test ui::dialog::tests::data_tag_selection ... ok
[INFO] [stdout] test ui::dialog::tests::tag_preparation ... ok
[INFO] [stdout] test ui::tab_bar::tests::search_tabs ... ok
[INFO] [stdout] test ui::tab_bar::tests::search_take ... ok
[INFO] [stdout] test ui::term_renderer::tests::align_string ... ok
[INFO] [stdout] test ui::term_renderer::tests::clip_string ... ok
[INFO] [stdout] test ui::term_renderer::tests::crop_string ... ok
[INFO] [stdout] test ui::config::tests::save_and_load_config ... ok
[INFO] [stdout] test ui::termui::tests::add_and_remove_tasks ... ok
[INFO] [stdout] test ui::termui::tests::add_empty_task ... ok
[INFO] [stdout] test ui::termui::tests::add_task ... ok
[INFO] [stdout] test ui::termui::tests::add_task_cancel ... ok
[INFO] [stdout] test ui::termui::tests::add_task_on_empty_view ... ok
[INFO] [stdout] test ui::termui::tests::add_task_from_completed_one ... ok
[INFO] [stdout] test ui::termui::tests::add_task_with_cursor_movement ... ok
[INFO] [stdout] test ui::termui::tests::add_task_with_character_removal ... ok
[INFO] [stdout] test cap::tests::newly_created_file_is_protected ... FAILED
[INFO] [stdout] test cap::tests::newly_created_directory_is_protected ... FAILED
[INFO] [stdout] test cap::tests::file_cap_unprotects_file ... FAILED
[INFO] [stdout] test cap::tests::protect_directory ... FAILED
[INFO] [stdout] test ui::termui::tests::add_task_with_tags ... ok
[INFO] [stdout] test state::tests::save_load_tasks ... ok
[INFO] [stdout] test ui::termui::tests::edit_multiple_tasks ... ok
[INFO] [stdout] test ui::termui::tests::dont_exit_on_unsaved_config ... ok
[INFO] [stdout] test ui::termui::tests::edit_task_cancel ... ok
[INFO] [stdout] test ui::termui::tests::complete_task ... ok
[INFO] [stdout] test ui::termui::tests::edit_task ... ok
[INFO] [stdout] test ui::termui::tests::edit_task_multi_byte_char ... ok
[INFO] [stdout] test ui::termui::tests::first_last_tag ... ok
[INFO] [stdout] test ui::termui::tests::edit_task_with_no_tags ... ok
[INFO] [stdout] test ui::termui::tests::forced_exit_on_unsaved_config ... ok
[INFO] [stdout] test ui::termui::tests::exit_on_quit ... ok
[INFO] [stdout] test ui::termui::tests::edit_task_with_cursor_movement ... ok
[INFO] [stdout] test ui::termui::tests::in_out_state_after_write ... ok
[INFO] [stdout] test ui::termui::tests::edit_task_with_existing_tags ... ok
[INFO] [stdout] test ui::termui::tests::edit_task_to_empty ... ok
[INFO] [stdout] test ui::termui::tests::jump_to_tag_abort ... ok
[INFO] [stdout] test ui::termui::tests::in_out_state_on_unsaved_changes ... ok
[INFO] [stdout] test ui::termui::tests::jump_to_tag ... ok
[INFO] [stdout] test ui::termui::tests::dont_exit_on_unsaved_tasks ... ok
[INFO] [stdout] test ui::termui::tests::move_tab_left ... ok
[INFO] [stdout] test ui::termui::tests::move_second_task_up ... ok
[INFO] [stdout] test ui::termui::tests::move_task_down ... ok
[INFO] [stdout] test ui::termui::tests::redo_task_removal ... ok
[INFO] [stdout] test ui::termui::tests::move_task_up ... ok
[INFO] [stdout] test ui::termui::tests::move_no_or_one_task_up_or_down ... ok
[INFO] [stdout] test ui::termui::tests::move_tab_right ... ok
[INFO] [stdout] test ui::termui::tests::remove_before_multi_byte_characters ... ok
[INFO] [stdout] test ui::termui::tests::remove_multi_byte_characters ... ok
[INFO] [stdout] test ui::termui::tests::remove_no_task ... ok
[INFO] [stdout] test ui::termui::tests::remove_only_task ... ok
[INFO] [stdout] test ui::termui::tests::remove_second_task_after_up_select ... ok
[INFO] [stdout] test ui::termui::tests::remove_task_after_up_select ... ok
[INFO] [stdout] test ui::termui::tests::remove_last_task ... ok
[INFO] [stdout] test ui::termui::tests::remove_second_to_last_task ... ok
[INFO] [stdout] test ui::termui::tests::move_second_task_down ... ok
[INFO] [stdout] test ui::termui::tests::remove_task_after_down_select ... ok
[INFO] [stdout] test ui::termui::tests::save_ui_config_single_tab ... ok
[INFO] [stdout] test ui::termui::tests::save_ui_config_single_tab_different_task ... ok
[INFO] [stdout] test ui::termui::tests::search_continue_without_start ... ok
[INFO] [stdout] test ui::termui::tests::save_ui_config_after_various_changes ... ok
[INFO] [stdout] test ui::termui::tests::search_abort ... ok
[INFO] [stdout] test ui::termui::tests::search_case_insensitive ... ok
[INFO] [stdout] test ui::termui::tests::save_ui_config_multiple_tabs ... ok
[INFO] [stdout] test ui::termui::tests::search_empty_tab ... ok
[INFO] [stdout] test ui::termui::tests::search_current_is_exact_and_case_sensitive ... ok
[INFO] [stdout] test ui::termui::tests::search_no_update_without_change ... ok
[INFO] [stdout] test ui::termui::tests::search_multiple_tabs_not_found ... ok
[INFO] [stdout] test ui::termui::tests::search_overlapping ... ok
[INFO] [stdout] test ui::termui::tests::search_reverse ... ok
[INFO] [stdout] test ui::termui::tests::search_single_task ... ok
[INFO] [stdout] test ui::termui::tests::search_starting_at_selection ... ok
[INFO] [stdout] test ui::termui::tests::search_tasks ... ok
[INFO] [stdout] test ui::termui::tests::search_current_task ... ok
[INFO] [stdout] test ui::termui::tests::search_tasks_reverse_on_multiple_tabs ... ok
[INFO] [stdout] test ui::termui::tests::search_tasks_not_found ... ok
[INFO] [stdout] test ui::termui::tests::search_wrap_around ... ok
[INFO] [stdout] test ui::termui::tests::search_tasks_on_multiple_tabs ... ok
[INFO] [stdout] test ui::termui::tests::select_last_tab_plus_one ... ok
[INFO] [stdout] test ui::termui::tests::selection_after_removal ... ok
[INFO] [stdout] test ui::termui::tests::search_term_entry_aborted ... ok
[INFO] [stdout] test ui::termui::tests::set_all_tags ... ok
[INFO] [stdout] test ui::termui::tests::select_previous_tab ... ok
[INFO] [stdout] test ui::termui::tests::tab_selection_by_number ... ok
[INFO] [stdout] test ui::termui::tests::tag_change_reselects_task ... ok
[INFO] [stdout] test ui::termui::tests::transparent_task_removal_down_to_empty_view ... ok
[INFO] [stdout] test ui::termui::tests::undo_task_removal ... ok
[INFO] [stdout] test view::tests::filter_completions ... ok
[INFO] [stdout] test view::tests::filter_no_completions ... ok
[INFO] [stdout] test view::tests::filter_tag1_and_complete_or_tag4 ... ok
[INFO] [stdout] test ui::termui::tests::select_on_task_op_undo ... ok
[INFO] [stdout] test view::tests::filter_tag2_and_not_complete ... ok
[INFO] [stdout] test view::tests::filter_tag2_or_not_complete_and_tag3 ... ok
[INFO] [stdout] test view::tests::filter_tag3_or_tag1 ... ok
[INFO] [stdout] test view::tests::is_empty ... ok
[INFO] [stdout] test view::tests::filter_tag1_and_tag2 ... ok
[INFO] [stdout] test view::tests::pos_tag_iteration ... ok
[INFO] [stdout] test ui::termui::tests::updated_event_after_write_and_key_press ... ok
[INFO] [stdout] test ui::termui::tests::search_tasks_repeatedly_not_found ... ok
[INFO] [stdout] test tasks::tests::position_finding ... ok
[INFO] [stdout] test ui::termui::tests::in_out_state_on_edit ... ok
[INFO] [stdout] test ui::termui::tests::valid_update_events ... ok
[INFO] [stderr] error: test failed, to rerun pass `--lib`
[INFO] [stdout] test ui::termui::tests::in_out_state_after_write_and_key_press ... ok
[INFO] [stdout] 
[INFO] [stdout] failures:
[INFO] [stdout] 
[INFO] [stdout] ---- cap::tests::newly_created_file_is_protected stdout ----
[INFO] [stdout] thread 'cap::tests::newly_created_file_is_protected' panicked at 'called `Result::unwrap_err()` on an `Ok` value: ()', src/cap.rs:452:48
[INFO] [stdout] stack backtrace:
[INFO] [stdout]    0:     0x56403f4ace7a - std::backtrace_rs::backtrace::libunwind::trace::h2f05d0192276a8f6
[INFO] [stdout]                                at /rustc/1b7dd2252b99671ce5d1cb9664c5f8636329436d/library/std/src/../../backtrace/src/backtrace/libunwind.rs:93:5
[INFO] [stdout]    1:     0x56403f4ace7a - std::backtrace_rs::backtrace::trace_unsynchronized::hedc23dff7a1af150
[INFO] [stdout]                                at /rustc/1b7dd2252b99671ce5d1cb9664c5f8636329436d/library/std/src/../../backtrace/src/backtrace/mod.rs:66:5
[INFO] [stdout]    2:     0x56403f4ace7a - std::sys_common::backtrace::_print_fmt::h17541ef7592f3ce2
[INFO] [stdout]                                at /rustc/1b7dd2252b99671ce5d1cb9664c5f8636329436d/library/std/src/sys_common/backtrace.rs:65:5
[INFO] [stdout]    3:     0x56403f4ace7a - <std::sys_common::backtrace::_print::DisplayBacktrace as core::fmt::Display>::fmt::h20f75df5ab0c0792
[INFO] [stdout]                                at /rustc/1b7dd2252b99671ce5d1cb9664c5f8636329436d/library/std/src/sys_common/backtrace.rs:44:22
[INFO] [stdout]    4:     0x56403f4d3cff - core::fmt::write::h78109e6f466b3af6
[INFO] [stdout]                                at /rustc/1b7dd2252b99671ce5d1cb9664c5f8636329436d/library/core/src/fmt/mod.rs:1254:17
[INFO] [stdout]    5:     0x56403f4a9e65 - std::io::Write::write_fmt::hd24bfb68a1b35a25
[INFO] [stdout]                                at /rustc/1b7dd2252b99671ce5d1cb9664c5f8636329436d/library/std/src/io/mod.rs:1698:15
[INFO] [stdout]    6:     0x56403f4acc45 - std::sys_common::backtrace::_print::h8dac57a9f8fbf9a5
[INFO] [stdout]                                at /rustc/1b7dd2252b99671ce5d1cb9664c5f8636329436d/library/std/src/sys_common/backtrace.rs:47:5
[INFO] [stdout]    7:     0x56403f4acc45 - std::sys_common::backtrace::print::hf9ecbf41d1aa712f
[INFO] [stdout]                                at /rustc/1b7dd2252b99671ce5d1cb9664c5f8636329436d/library/std/src/sys_common/backtrace.rs:34:9
[INFO] [stdout]    8:     0x56403f4ae8fe - std::panicking::default_hook::{{closure}}::h04c07acfc84ca028
[INFO] [stdout]                                at /rustc/1b7dd2252b99671ce5d1cb9664c5f8636329436d/library/std/src/panicking.rs:269:22
[INFO] [stdout]    9:     0x56403f4ae631 - std::panicking::default_hook::h01f6bb23e1eceb2c
[INFO] [stdout]                                at /rustc/1b7dd2252b99671ce5d1cb9664c5f8636329436d/library/std/src/panicking.rs:285:9
[INFO] [stdout]   10:     0x56403f383a2b - <alloc::boxed::Box<F,A> as core::ops::function::Fn<Args>>::call::h87fe9f7b2fd49e4c
[INFO] [stdout]                                at /rustc/1b7dd2252b99671ce5d1cb9664c5f8636329436d/library/alloc/src/boxed.rs:1987:9
[INFO] [stdout]   11:     0x56403f383a2b - test::test_main::{{closure}}::he94d679243a7531b
[INFO] [stdout]                                at /rustc/1b7dd2252b99671ce5d1cb9664c5f8636329436d/library/test/src/lib.rs:134:21
[INFO] [stdout]   12:     0x56403f4aefe4 - <alloc::boxed::Box<F,A> as core::ops::function::Fn<Args>>::call::h3f2d6d8b14c4769f
[INFO] [stdout]                                at /rustc/1b7dd2252b99671ce5d1cb9664c5f8636329436d/library/alloc/src/boxed.rs:1987:9
[INFO] [stdout]   13:     0x56403f4aefe4 - std::panicking::rust_panic_with_hook::h2bb3722bbaf2f6df
[INFO] [stdout]                                at /rustc/1b7dd2252b99671ce5d1cb9664c5f8636329436d/library/std/src/panicking.rs:695:13
[INFO] [stdout]   14:     0x56403f4aed59 - std::panicking::begin_panic_handler::{{closure}}::h91bc7f36a4be011b
[INFO] [stdout]                                at /rustc/1b7dd2252b99671ce5d1cb9664c5f8636329436d/library/std/src/panicking.rs:582:13
[INFO] [stdout]   15:     0x56403f4ad2e6 - std::sys_common::backtrace::__rust_end_short_backtrace::h8b3d3717114f9e59
[INFO] [stdout]                                at /rustc/1b7dd2252b99671ce5d1cb9664c5f8636329436d/library/std/src/sys_common/backtrace.rs:150:18
[INFO] [stdout]   16:     0x56403f4aeab2 - rust_begin_unwind
[INFO] [stdout]                                at /rustc/1b7dd2252b99671ce5d1cb9664c5f8636329436d/library/std/src/panicking.rs:578:5
[INFO] [stdout]   17:     0x56403f0ae1c3 - core::panicking::panic_fmt::hfd368e3fbdabea26
[INFO] [stdout]                                at /rustc/1b7dd2252b99671ce5d1cb9664c5f8636329436d/library/core/src/panicking.rs:67:14
[INFO] [stdout]   18:     0x56403f0ae763 - core::result::unwrap_failed::he54eb4b2f125b26f
[INFO] [stdout]                                at /rustc/1b7dd2252b99671ce5d1cb9664c5f8636329436d/library/core/src/result.rs:1687:5
[INFO] [stdout]   19:     0x56403f31775e - core::result::Result<T,E>::unwrap_err::h1b148cb4956d54cc
[INFO] [stdout]                                at /rustc/1b7dd2252b99671ce5d1cb9664c5f8636329436d/library/core/src/result.rs:1183:22
[INFO] [stdout]   20:     0x56403f32820f - notnow::cap::tests::newly_created_file_is_protected::{{closure}}::h990eb049afd63ae3
[INFO] [stdout]                                at /opt/rustwide/workdir/src/cap.rs:452:17
[INFO] [stdout]   21:     0x56403f2abcc8 - <core::pin::Pin<P> as core::future::future::Future>::poll::ha1768aed4ebcdcea
[INFO] [stdout]                                at /rustc/1b7dd2252b99671ce5d1cb9664c5f8636329436d/library/core/src/future/future.rs:125:9
[INFO] [stdout]   22:     0x56403f2abb8b - <core::pin::Pin<P> as core::future::future::Future>::poll::h323fa0b9f725bde8
[INFO] [stdout]                                at /rustc/1b7dd2252b99671ce5d1cb9664c5f8636329436d/library/core/src/future/future.rs:125:9
[INFO] [stdout]   23:     0x56403f10e574 - tokio::runtime::scheduler::current_thread::CoreGuard::block_on::{{closure}}::{{closure}}::{{closure}}::hc70c34e622bc4559
[INFO] [stdout]                                at /opt/rustwide/cargo-home/registry/src/index.crates.io-6f17d22bba15001f/tokio-1.24.2/src/runtime/scheduler/current_thread.rs:541:57
[INFO] [stdout]   24:     0x56403f10e441 - tokio::runtime::coop::with_budget::h65be45963e95519b
[INFO] [stdout]                                at /opt/rustwide/cargo-home/registry/src/index.crates.io-6f17d22bba15001f/tokio-1.24.2/src/runtime/coop.rs:102:5
[INFO] [stdout]   25:     0x56403f10e441 - tokio::runtime::coop::budget::h13567d892697fb57
[INFO] [stdout]                                at /opt/rustwide/cargo-home/registry/src/index.crates.io-6f17d22bba15001f/tokio-1.24.2/src/runtime/coop.rs:68:5
[INFO] [stdout]   26:     0x56403f10e441 - tokio::runtime::scheduler::current_thread::CoreGuard::block_on::{{closure}}::{{closure}}::h8b8d6d88b595b434
[INFO] [stdout]                                at /opt/rustwide/cargo-home/registry/src/index.crates.io-6f17d22bba15001f/tokio-1.24.2/src/runtime/scheduler/current_thread.rs:541:25
[INFO] [stdout]   27:     0x56403f10cec9 - tokio::runtime::scheduler::current_thread::Context::enter::h71f9713d73ef833f
[INFO] [stdout]                                at /opt/rustwide/cargo-home/registry/src/index.crates.io-6f17d22bba15001f/tokio-1.24.2/src/runtime/scheduler/current_thread.rs:350:19
[INFO] [stdout]   28:     0x56403f10d9ca - tokio::runtime::scheduler::current_thread::CoreGuard::block_on::{{closure}}::haa974196b273ac93
[INFO] [stdout]                                at /opt/rustwide/cargo-home/registry/src/index.crates.io-6f17d22bba15001f/tokio-1.24.2/src/runtime/scheduler/current_thread.rs:540:36
[INFO] [stdout]   29:     0x56403f10d6db - tokio::runtime::scheduler::current_thread::CoreGuard::enter::{{closure}}::hbba265bff066b628
[INFO] [stdout]                                at /opt/rustwide/cargo-home/registry/src/index.crates.io-6f17d22bba15001f/tokio-1.24.2/src/runtime/scheduler/current_thread.rs:615:57
[INFO] [stdout]   30:     0x56403f2105ed - tokio::macros::scoped_tls::ScopedKey<T>::set::h6960edac3bc62e61
[INFO] [stdout]                                at /opt/rustwide/cargo-home/registry/src/index.crates.io-6f17d22bba15001f/tokio-1.24.2/src/macros/scoped_tls.rs:61:9
[INFO] [stdout]   31:     0x56403f10d476 - tokio::runtime::scheduler::current_thread::CoreGuard::enter::h2783b77b42c511fb
[INFO] [stdout]                                at /opt/rustwide/cargo-home/registry/src/index.crates.io-6f17d22bba15001f/tokio-1.24.2/src/runtime/scheduler/current_thread.rs:615:27
[INFO] [stdout]   32:     0x56403f10d70c - tokio::runtime::scheduler::current_thread::CoreGuard::block_on::hefbc8c52ace4f5d0
[INFO] [stdout]                                at /opt/rustwide/cargo-home/registry/src/index.crates.io-6f17d22bba15001f/tokio-1.24.2/src/runtime/scheduler/current_thread.rs:530:19
[INFO] [stdout]   33:     0x56403f10c68d - tokio::runtime::scheduler::current_thread::CurrentThread::block_on::hbdd359ee98a1da58
[INFO] [stdout]                                at /opt/rustwide/cargo-home/registry/src/index.crates.io-6f17d22bba15001f/tokio-1.24.2/src/runtime/scheduler/current_thread.rs:154:24
[INFO] [stdout]   34:     0x56403f183030 - tokio::runtime::runtime::Runtime::block_on::h3739e6ec4d25199f
[INFO] [stdout]                                at /opt/rustwide/cargo-home/registry/src/index.crates.io-6f17d22bba15001f/tokio-1.24.2/src/runtime/runtime.rs:282:47
[INFO] [stdout]   35:     0x56403f3279d1 - notnow::cap::tests::newly_created_file_is_protected::h4342c00a42fdd522
[INFO] [stdout]                                at /opt/rustwide/workdir/src/cap.rs:453:5
[INFO] [stdout]   36:     0x56403f327867 - notnow::cap::tests::newly_created_file_is_protected::{{closure}}::h807d40278b858c4f
[INFO] [stdout]                                at /opt/rustwide/workdir/src/cap.rs:437:46
[INFO] [stdout]   37:     0x56403f0d7e05 - core::ops::function::FnOnce::call_once::hdb06871feb7e1d97
[INFO] [stdout]                                at /rustc/1b7dd2252b99671ce5d1cb9664c5f8636329436d/library/core/src/ops/function.rs:250:5
[INFO] [stdout]   38:     0x56403f3888ff - core::ops::function::FnOnce::call_once::ha6a70e79f7481a7e
[INFO] [stdout]                                at /rustc/1b7dd2252b99671ce5d1cb9664c5f8636329436d/library/core/src/ops/function.rs:250:5
[INFO] [stdout]   39:     0x56403f3888ff - test::__rust_begin_short_backtrace::hce33033019b61e69
[INFO] [stdout]                                at /rustc/1b7dd2252b99671ce5d1cb9664c5f8636329436d/library/test/src/lib.rs:655:18
[INFO] [stdout]   40:     0x56403f3560ec - test::run_test::{{closure}}::h858d3528838ae3e5
[INFO] [stdout]                                at /rustc/1b7dd2252b99671ce5d1cb9664c5f8636329436d/library/test/src/lib.rs:646:30
[INFO] [stdout]   41:     0x56403f3560ec - core::ops::function::FnOnce::call_once{{vtable.shim}}::he8ac2b00f01ae79e
[INFO] [stdout]                                at /rustc/1b7dd2252b99671ce5d1cb9664c5f8636329436d/library/core/src/ops/function.rs:250:5
[INFO] [stdout]   42:     0x56403f3879d6 - <alloc::boxed::Box<F,A> as core::ops::function::FnOnce<Args>>::call_once::h8093d25b522725ef
[INFO] [stdout]                                at /rustc/1b7dd2252b99671ce5d1cb9664c5f8636329436d/library/alloc/src/boxed.rs:1973:9
[INFO] [stdout]   43:     0x56403f3879d6 - <core::panic::unwind_safe::AssertUnwindSafe<F> as core::ops::function::FnOnce<()>>::call_once::h5c334c204e4a3913
[INFO] [stdout]                                at /rustc/1b7dd2252b99671ce5d1cb9664c5f8636329436d/library/core/src/panic/unwind_safe.rs:271:9
[INFO] [stdout]   44:     0x56403f3879d6 - std::panicking::try::do_call::ha8b740c7b9478074
[INFO] [stdout]                                at /rustc/1b7dd2252b99671ce5d1cb9664c5f8636329436d/library/std/src/panicking.rs:485:40
[INFO] [stdout]   45:     0x56403f3879d6 - std::panicking::try::h5d34f63d0e41b64e
[INFO] [stdout]                                at /rustc/1b7dd2252b99671ce5d1cb9664c5f8636329436d/library/std/src/panicking.rs:449:19
[INFO] [stdout]   46:     0x56403f3879d6 - std::panic::catch_unwind::hcfbb511e1aa7fc67
[INFO] [stdout]                                at /rustc/1b7dd2252b99671ce5d1cb9664c5f8636329436d/library/std/src/panic.rs:140:14
[INFO] [stdout]   47:     0x56403f3879d6 - test::run_test_in_process::h9abda90f802eaf21
[INFO] [stdout]                                at /rustc/1b7dd2252b99671ce5d1cb9664c5f8636329436d/library/test/src/lib.rs:678:27
[INFO] [stdout]   48:     0x56403f3879d6 - test::run_test::run_test_inner::{{closure}}::h0f058de91f6c6edf
[INFO] [stdout]                                at /rustc/1b7dd2252b99671ce5d1cb9664c5f8636329436d/library/test/src/lib.rs:572:39
[INFO] [stdout]   49:     0x56403f3508f5 - test::run_test::run_test_inner::{{closure}}::h5ca48a4c59c6c1fb
[INFO] [stdout]                                at /rustc/1b7dd2252b99671ce5d1cb9664c5f8636329436d/library/test/src/lib.rs:599:37
[INFO] [stdout]   50:     0x56403f3508f5 - std::sys_common::backtrace::__rust_begin_short_backtrace::h32bd51e1495d4a33
[INFO] [stdout]                                at /rustc/1b7dd2252b99671ce5d1cb9664c5f8636329436d/library/std/src/sys_common/backtrace.rs:134:18
[INFO] [stdout]   51:     0x56403f355e31 - std::thread::Builder::spawn_unchecked_::{{closure}}::{{closure}}::hc086fae9b128b2db
[INFO] [stdout]                                at /rustc/1b7dd2252b99671ce5d1cb9664c5f8636329436d/library/std/src/thread/mod.rs:526:17
[INFO] [stdout]   52:     0x56403f355e31 - <core::panic::unwind_safe::AssertUnwindSafe<F> as core::ops::function::FnOnce<()>>::call_once::hb66571888d270d43
[INFO] [stdout]                                at /rustc/1b7dd2252b99671ce5d1cb9664c5f8636329436d/library/core/src/panic/unwind_safe.rs:271:9
[INFO] [stdout]   53:     0x56403f355e31 - std::panicking::try::do_call::h4fa2ef4f6e51fecf
[INFO] [stdout]                                at /rustc/1b7dd2252b99671ce5d1cb9664c5f8636329436d/library/std/src/panicking.rs:485:40
[INFO] [stdout]   54:     0x56403f355e31 - std::panicking::try::h1e9e22b8584489b5
[INFO] [stdout]                                at /rustc/1b7dd2252b99671ce5d1cb9664c5f8636329436d/library/std/src/panicking.rs:449:19
[INFO] [stdout]   55:     0x56403f355e31 - std::panic::catch_unwind::h44698a3de0e0769e
[INFO] [stdout]                                at /rustc/1b7dd2252b99671ce5d1cb9664c5f8636329436d/library/std/src/panic.rs:140:14
[INFO] [stdout]   56:     0x56403f355e31 - std::thread::Builder::spawn_unchecked_::{{closure}}::h50153abde3fe239e
[INFO] [stdout]                                at /rustc/1b7dd2252b99671ce5d1cb9664c5f8636329436d/library/std/src/thread/mod.rs:525:30
[INFO] [stdout]   57:     0x56403f355e31 - core::ops::function::FnOnce::call_once{{vtable.shim}}::hbe5bbf6f38394364
[INFO] [stdout]                                at /rustc/1b7dd2252b99671ce5d1cb9664c5f8636329436d/library/core/src/ops/function.rs:250:5
[INFO] [stdout]   58:     0x56403f4b42a5 - <alloc::boxed::Box<F,A> as core::ops::function::FnOnce<Args>>::call_once::h0d83cb2920a49046
[INFO] [stdout]                                at /rustc/1b7dd2252b99671ce5d1cb9664c5f8636329436d/library/alloc/src/boxed.rs:1973:9
[INFO] [stdout]   59:     0x56403f4b42a5 - <alloc::boxed::Box<F,A> as core::ops::function::FnOnce<Args>>::call_once::hbe0a008aa7d9ef59
[INFO] [stdout]                                at /rustc/1b7dd2252b99671ce5d1cb9664c5f8636329436d/library/alloc/src/boxed.rs:1973:9
[INFO] [stdout]   60:     0x56403f4b42a5 - std::sys::unix::thread::Thread::new::thread_start::h3a466996bdf6b1f9
[INFO] [stdout]                                at /rustc/1b7dd2252b99671ce5d1cb9664c5f8636329436d/library/std/src/sys/unix/thread.rs:108:17
[INFO] [stdout]   61:     0x7ffb3014cb43 - <unknown>
[INFO] [stdout]   62:     0x7ffb301ddbb4 - __clone
[INFO] [stdout]   63:                0x0 - <unknown>
[INFO] [stdout] 
[INFO] [stdout] ---- cap::tests::newly_created_directory_is_protected stdout ----
[INFO] [stdout] thread 'cap::tests::newly_created_directory_is_protected' panicked at 'called `Result::unwrap_err()` on an `Ok` value: ()', src/cap.rs:430:64
[INFO] [stdout] stack backtrace:
[INFO] [stdout]    0:     0x56403f4ace7a - std::backtrace_rs::backtrace::libunwind::trace::h2f05d0192276a8f6
[INFO] [stdout]                                at /rustc/1b7dd2252b99671ce5d1cb9664c5f8636329436d/library/std/src/../../backtrace/src/backtrace/libunwind.rs:93:5
[INFO] [stdout]    1:     0x56403f4ace7a - std::backtrace_rs::backtrace::trace_unsynchronized::hedc23dff7a1af150
[INFO] [stdout]                                at /rustc/1b7dd2252b99671ce5d1cb9664c5f8636329436d/library/std/src/../../backtrace/src/backtrace/mod.rs:66:5
[INFO] [stdout]    2:     0x56403f4ace7a - std::sys_common::backtrace::_print_fmt::h17541ef7592f3ce2
[INFO] [stdout]                                at /rustc/1b7dd2252b99671ce5d1cb9664c5f8636329436d/library/std/src/sys_common/backtrace.rs:65:5
[INFO] [stdout]    3:     0x56403f4ace7a - <std::sys_common::backtrace::_print::DisplayBacktrace as core::fmt::Display>::fmt::h20f75df5ab0c0792
[INFO] [stdout]                                at /rustc/1b7dd2252b99671ce5d1cb9664c5f8636329436d/library/std/src/sys_common/backtrace.rs:44:22
[INFO] [stdout]    4:     0x56403f4d3cff - core::fmt::write::h78109e6f466b3af6
[INFO] [stdout]                                at /rustc/1b7dd2252b99671ce5d1cb9664c5f8636329436d/library/core/src/fmt/mod.rs:1254:17
[INFO] [stdout]    5:     0x56403f4a9e65 - std::io::Write::write_fmt::hd24bfb68a1b35a25
[INFO] [stdout]                                at /rustc/1b7dd2252b99671ce5d1cb9664c5f8636329436d/library/std/src/io/mod.rs:1698:15
[INFO] [stdout]    6:     0x56403f4acc45 - std::sys_common::backtrace::_print::h8dac57a9f8fbf9a5
[INFO] [stdout]                                at /rustc/1b7dd2252b99671ce5d1cb9664c5f8636329436d/library/std/src/sys_common/backtrace.rs:47:5
[INFO] [stdout]    7:     0x56403f4acc45 - std::sys_common::backtrace::print::hf9ecbf41d1aa712f
[INFO] [stdout]                                at /rustc/1b7dd2252b99671ce5d1cb9664c5f8636329436d/library/std/src/sys_common/backtrace.rs:34:9
[INFO] [stdout]    8:     0x56403f4ae8fe - std::panicking::default_hook::{{closure}}::h04c07acfc84ca028
[INFO] [stdout]                                at /rustc/1b7dd2252b99671ce5d1cb9664c5f8636329436d/library/std/src/panicking.rs:269:22
[INFO] [stdout]    9:     0x56403f4ae631 - std::panicking::default_hook::h01f6bb23e1eceb2c
[INFO] [stdout]                                at /rustc/1b7dd2252b99671ce5d1cb9664c5f8636329436d/library/std/src/panicking.rs:285:9
[INFO] [stdout]   10:     0x56403f383a2b - <alloc::boxed::Box<F,A> as core::ops::function::Fn<Args>>::call::h87fe9f7b2fd49e4c
[INFO] [stdout]                                at /rustc/1b7dd2252b99671ce5d1cb9664c5f8636329436d/library/alloc/src/boxed.rs:1987:9
[INFO] [stdout]   11:     0x56403f383a2b - test::test_main::{{closure}}::he94d679243a7531b
[INFO] [stdout]                                at /rustc/1b7dd2252b99671ce5d1cb9664c5f8636329436d/library/test/src/lib.rs:134:21
[INFO] [stdout]   12:     0x56403f4aefe4 - <alloc::boxed::Box<F,A> as core::ops::function::Fn<Args>>::call::h3f2d6d8b14c4769f
[INFO] [stdout]                                at /rustc/1b7dd2252b99671ce5d1cb9664c5f8636329436d/library/alloc/src/boxed.rs:1987:9
[INFO] [stdout]   13:     0x56403f4aefe4 - std::panicking::rust_panic_with_hook::h2bb3722bbaf2f6df
[INFO] [stdout]                                at /rustc/1b7dd2252b99671ce5d1cb9664c5f8636329436d/library/std/src/panicking.rs:695:13
[INFO] [stdout]   14:     0x56403f4aed59 - std::panicking::begin_panic_handler::{{closure}}::h91bc7f36a4be011b
[INFO] [stdout]                                at /rustc/1b7dd2252b99671ce5d1cb9664c5f8636329436d/library/std/src/panicking.rs:582:13
[INFO] [stdout]   15:     0x56403f4ad2e6 - std::sys_common::backtrace::__rust_end_short_backtrace::h8b3d3717114f9e59
[INFO] [stdout]                                at /rustc/1b7dd2252b99671ce5d1cb9664c5f8636329436d/library/std/src/sys_common/backtrace.rs:150:18
[INFO] [stdout]   16:     0x56403f4aeab2 - rust_begin_unwind
[INFO] [stdout]                                at /rustc/1b7dd2252b99671ce5d1cb9664c5f8636329436d/library/std/src/panicking.rs:578:5
[INFO] [stdout]   17:     0x56403f0ae1c3 - core::panicking::panic_fmt::hfd368e3fbdabea26
[INFO] [stdout]                                at /rustc/1b7dd2252b99671ce5d1cb9664c5f8636329436d/library/core/src/panicking.rs:67:14
[INFO] [stdout]   18:     0x56403f0ae763 - core::result::unwrap_failed::he54eb4b2f125b26f
[INFO] [stdout]                                at /rustc/1b7dd2252b99671ce5d1cb9664c5f8636329436d/library/core/src/result.rs:1687:5
[INFO] [stdout]   19:     0x56403f31775e - core::result::Result<T,E>::unwrap_err::h1b148cb4956d54cc
[INFO] [stdout]                                at /rustc/1b7dd2252b99671ce5d1cb9664c5f8636329436d/library/core/src/result.rs:1183:22
[INFO] [stdout]   20:     0x56403f3276f2 - notnow::cap::tests::newly_created_directory_is_protected::{{closure}}::h11e29212458a32d7
[INFO] [stdout]                                at /opt/rustwide/workdir/src/cap.rs:430:17
[INFO] [stdout]   21:     0x56403f2abcc8 - <core::pin::Pin<P> as core::future::future::Future>::poll::ha1768aed4ebcdcea
[INFO] [stdout]                                at /rustc/1b7dd2252b99671ce5d1cb9664c5f8636329436d/library/core/src/future/future.rs:125:9
[INFO] [stdout]   22:     0x56403f2abb8b - <core::pin::Pin<P> as core::future::future::Future>::poll::h323fa0b9f725bde8
[INFO] [stdout]                                at /rustc/1b7dd2252b99671ce5d1cb9664c5f8636329436d/library/core/src/future/future.rs:125:9
[INFO] [stdout]   23:     0x56403f10e574 - tokio::runtime::scheduler::current_thread::CoreGuard::block_on::{{closure}}::{{closure}}::{{closure}}::hc70c34e622bc4559
[INFO] [stdout]                                at /opt/rustwide/cargo-home/registry/src/index.crates.io-6f17d22bba15001f/tokio-1.24.2/src/runtime/scheduler/current_thread.rs:541:57
[INFO] [stdout]   24:     0x56403f10e441 - tokio::runtime::coop::with_budget::h65be45963e95519b
[INFO] [stdout]                                at /opt/rustwide/cargo-home/registry/src/index.crates.io-6f17d22bba15001f/tokio-1.24.2/src/runtime/coop.rs:102:5
[INFO] [stdout]   25:     0x56403f10e441 - tokio::runtime::coop::budget::h13567d892697fb57
[INFO] [stdout]                                at /opt/rustwide/cargo-home/registry/src/index.crates.io-6f17d22bba15001f/tokio-1.24.2/src/runtime/coop.rs:68:5
[INFO] [stdout]   26:     0x56403f10e441 - tokio::runtime::scheduler::current_thread::CoreGuard::block_on::{{closure}}::{{closure}}::h8b8d6d88b595b434
[INFO] [stdout]                                at /opt/rustwide/cargo-home/registry/src/index.crates.io-6f17d22bba15001f/tokio-1.24.2/src/runtime/scheduler/current_thread.rs:541:25
[INFO] [stdout]   27:     0x56403f10cec9 - tokio::runtime::scheduler::current_thread::Context::enter::h71f9713d73ef833f
[INFO] [stdout]                                at /opt/rustwide/cargo-home/registry/src/index.crates.io-6f17d22bba15001f/tokio-1.24.2/src/runtime/scheduler/current_thread.rs:350:19
[INFO] [stdout]   28:     0x56403f10d9ca - tokio::runtime::scheduler::current_thread::CoreGuard::block_on::{{closure}}::haa974196b273ac93
[INFO] [stdout]                                at /opt/rustwide/cargo-home/registry/src/index.crates.io-6f17d22bba15001f/tokio-1.24.2/src/runtime/scheduler/current_thread.rs:540:36
[INFO] [stdout]   29:     0x56403f10d6db - tokio::runtime::scheduler::current_thread::CoreGuard::enter::{{closure}}::hbba265bff066b628
[INFO] [stdout]                                at /opt/rustwide/cargo-home/registry/src/index.crates.io-6f17d22bba15001f/tokio-1.24.2/src/runtime/scheduler/current_thread.rs:615:57
[INFO] [stdout]   30:     0x56403f2105ed - tokio::macros::scoped_tls::ScopedKey<T>::set::h6960edac3bc62e61
[INFO] [stdout]                                at /opt/rustwide/cargo-home/registry/src/index.crates.io-6f17d22bba15001f/tokio-1.24.2/src/macros/scoped_tls.rs:61:9
[INFO] [stdout]   31:     0x56403f10d476 - tokio::runtime::scheduler::current_thread::CoreGuard::enter::h2783b77b42c511fb
[INFO] [stdout]                                at /opt/rustwide/cargo-home/registry/src/index.crates.io-6f17d22bba15001f/tokio-1.24.2/src/runtime/scheduler/current_thread.rs:615:27
[INFO] [stdout]   32:     0x56403f10d70c - tokio::runtime::scheduler::current_thread::CoreGuard::block_on::hefbc8c52ace4f5d0
[INFO] [stdout]                                at /opt/rustwide/cargo-home/registry/src/index.crates.io-6f17d22bba15001f/tokio-1.24.2/src/runtime/scheduler/current_thread.rs:530:19
[INFO] [stdout]   33:     0x56403f10c68d - tokio::runtime::scheduler::current_thread::CurrentThread::block_on::hbdd359ee98a1da58
[INFO] [stdout]                                at /opt/rustwide/cargo-home/registry/src/index.crates.io-6f17d22bba15001f/tokio-1.24.2/src/runtime/scheduler/current_thread.rs:154:24
[INFO] [stdout]   34:     0x56403f183030 - tokio::runtime::runtime::Runtime::block_on::h3739e6ec4d25199f
[INFO] [stdout]                                at /opt/rustwide/cargo-home/registry/src/index.crates.io-6f17d22bba15001f/tokio-1.24.2/src/runtime/runtime.rs:282:47
[INFO] [stdout]   35:     0x56403f326bd1 - notnow::cap::tests::newly_created_directory_is_protected::h1cb3285503c1d7bd
[INFO] [stdout]                                at /opt/rustwide/workdir/src/cap.rs:431:5
[INFO] [stdout]   36:     0x56403f326a67 - notnow::cap::tests::newly_created_directory_is_protected::{{closure}}::h4614347979e115ac
[INFO] [stdout]                                at /opt/rustwide/workdir/src/cap.rs:413:51
[INFO] [stdout]   37:     0x56403f0d64c5 - core::ops::function::FnOnce::call_once::h834dce7468a55652
[INFO] [stdout]                                at /rustc/1b7dd2252b99671ce5d1cb9664c5f8636329436d/library/core/src/ops/function.rs:250:5
[INFO] [stdout]   38:     0x56403f3888ff - core::ops::function::FnOnce::call_once::ha6a70e79f7481a7e
[INFO] [stdout]                                at /rustc/1b7dd2252b99671ce5d1cb9664c5f8636329436d/library/core/src/ops/function.rs:250:5
[INFO] [stdout]   39:     0x56403f3888ff - test::__rust_begin_short_backtrace::hce33033019b61e69
[INFO] [stdout]                                at /rustc/1b7dd2252b99671ce5d1cb9664c5f8636329436d/library/test/src/lib.rs:655:18
[INFO] [stdout]   40:     0x56403f3560ec - test::run_test::{{closure}}::h858d3528838ae3e5
[INFO] [stdout]                                at /rustc/1b7dd2252b99671ce5d1cb9664c5f8636329436d/library/test/src/lib.rs:646:30
[INFO] [stdout]   41:     0x56403f3560ec - core::ops::function::FnOnce::call_once{{vtable.shim}}::he8ac2b00f01ae79e
[INFO] [stdout]                                at /rustc/1b7dd2252b99671ce5d1cb9664c5f8636329436d/library/core/src/ops/function.rs:250:5
[INFO] [stdout]   42:     0x56403f3879d6 - <alloc::boxed::Box<F,A> as core::ops::function::FnOnce<Args>>::call_once::h8093d25b522725ef
[INFO] [stdout]                                at /rustc/1b7dd2252b99671ce5d1cb9664c5f8636329436d/library/alloc/src/boxed.rs:1973:9
[INFO] [stdout]   43:     0x56403f3879d6 - <core::panic::unwind_safe::AssertUnwindSafe<F> as core::ops::function::FnOnce<()>>::call_once::h5c334c204e4a3913
[INFO] [stdout]                                at /rustc/1b7dd2252b99671ce5d1cb9664c5f8636329436d/library/core/src/panic/unwind_safe.rs:271:9
[INFO] [stdout]   44:     0x56403f3879d6 - std::panicking::try::do_call::ha8b740c7b9478074
[INFO] [stdout]                                at /rustc/1b7dd2252b99671ce5d1cb9664c5f8636329436d/library/std/src/panicking.rs:485:40
[INFO] [stdout]   45:     0x56403f3879d6 - std::panicking::try::h5d34f63d0e41b64e
[INFO] [stdout]                                at /rustc/1b7dd2252b99671ce5d1cb9664c5f8636329436d/library/std/src/panicking.rs:449:19
[INFO] [stdout]   46:     0x56403f3879d6 - std::panic::catch_unwind::hcfbb511e1aa7fc67
[INFO] [stdout]                                at /rustc/1b7dd2252b99671ce5d1cb9664c5f8636329436d/library/std/src/panic.rs:140:14
[INFO] [stdout]   47:     0x56403f3879d6 - test::run_test_in_process::h9abda90f802eaf21
[INFO] [stdout]                                at /rustc/1b7dd2252b99671ce5d1cb9664c5f8636329436d/library/test/src/lib.rs:678:27
[INFO] [stdout]   48:     0x56403f3879d6 - test::run_test::run_test_inner::{{closure}}::h0f058de91f6c6edf
[INFO] [stdout]                                at /rustc/1b7dd2252b99671ce5d1cb9664c5f8636329436d/library/test/src/lib.rs:572:39
[INFO] [stdout]   49:     0x56403f3508f5 - test::run_test::run_test_inner::{{closure}}::h5ca48a4c59c6c1fb
[INFO] [stdout]                                at /rustc/1b7dd2252b99671ce5d1cb9664c5f8636329436d/library/test/src/lib.rs:599:37
[INFO] [stdout]   50:     0x56403f3508f5 - std::sys_common::backtrace::__rust_begin_short_backtrace::h32bd51e1495d4a33
[INFO] [stdout]                                at /rustc/1b7dd2252b99671ce5d1cb9664c5f8636329436d/library/std/src/sys_common/backtrace.rs:134:18
[INFO] [stdout]   51:     0x56403f355e31 - std::thread::Builder::spawn_unchecked_::{{closure}}::{{closure}}::hc086fae9b128b2db
[INFO] [stdout]                                at /rustc/1b7dd2252b99671ce5d1cb9664c5f8636329436d/library/std/src/thread/mod.rs:526:17
[INFO] [stdout]   52:     0x56403f355e31 - <core::panic::unwind_safe::AssertUnwindSafe<F> as core::ops::function::FnOnce<()>>::call_once::hb66571888d270d43
[INFO] [stdout]                                at /rustc/1b7dd2252b99671ce5d1cb9664c5f8636329436d/library/core/src/panic/unwind_safe.rs:271:9
[INFO] [stdout]   53:     0x56403f355e31 - std::panicking::try::do_call::h4fa2ef4f6e51fecf
[INFO] [stdout]                                at /rustc/1b7dd2252b99671ce5d1cb9664c5f8636329436d/library/std/src/panicking.rs:485:40
[INFO] [stdout]   54:     0x56403f355e31 - std::panicking::try::h1e9e22b8584489b5
[INFO] [stdout]                                at /rustc/1b7dd2252b99671ce5d1cb9664c5f8636329436d/library/std/src/panicking.rs:449:19
[INFO] [stdout]   55:     0x56403f355e31 - std::panic::catch_unwind::h44698a3de0e0769e
[INFO] [stdout]                                at /rustc/1b7dd2252b99671ce5d1cb9664c5f8636329436d/library/std/src/panic.rs:140:14
[INFO] [stdout]   56:     0x56403f355e31 - std::thread::Builder::spawn_unchecked_::{{closure}}::h50153abde3fe239e
[INFO] [stdout]                                at /rustc/1b7dd2252b99671ce5d1cb9664c5f8636329436d/library/std/src/thread/mod.rs:525:30
[INFO] [stdout]   57:     0x56403f355e31 - core::ops::function::FnOnce::call_once{{vtable.shim}}::hbe5bbf6f38394364
[INFO] [stdout]                                at /rustc/1b7dd2252b99671ce5d1cb9664c5f8636329436d/library/core/src/ops/function.rs:250:5
[INFO] [stdout]   58:     0x56403f4b42a5 - <alloc::boxed::Box<F,A> as core::ops::function::FnOnce<Args>>::call_once::h0d83cb2920a49046
[INFO] [stdout]                                at /rustc/1b7dd2252b99671ce5d1cb9664c5f8636329436d/library/alloc/src/boxed.rs:1973:9
[INFO] [stdout]   59:     0x56403f4b42a5 - <alloc::boxed::Box<F,A> as core::ops::function::FnOnce<Args>>::call_once::hbe0a008aa7d9ef59
[INFO] [stdout]                                at /rustc/1b7dd2252b99671ce5d1cb9664c5f8636329436d/library/alloc/src/boxed.rs:1973:9
[INFO] [stdout]   60:     0x56403f4b42a5 - std::sys::unix::thread::Thread::new::thread_start::h3a466996bdf6b1f9
[INFO] [stdout]                                at /rustc/1b7dd2252b99671ce5d1cb9664c5f8636329436d/library/std/src/sys/unix/thread.rs:108:17
[INFO] [stdout]   61:     0x7ffb3014cb43 - <unknown>
[INFO] [stdout]   62:     0x7ffb301ddbb4 - __clone
[INFO] [stdout]   63:                0x0 - <unknown>
[INFO] [stdout] 
[INFO] [stdout] ---- cap::tests::file_cap_unprotects_file stdout ----
[INFO] [stdout] thread 'cap::tests::file_cap_unprotects_file' panicked at 'called `Result::unwrap_err()` on an `Ok` value: ()', src/cap.rs:472:57
[INFO] [stdout] stack backtrace:
[INFO] [stdout]    0:     0x56403f4ace7a - std::backtrace_rs::backtrace::libunwind::trace::h2f05d0192276a8f6
[INFO] [stdout]                                at /rustc/1b7dd2252b99671ce5d1cb9664c5f8636329436d/library/std/src/../../backtrace/src/backtrace/libunwind.rs:93:5
[INFO] [stdout]    1:     0x56403f4ace7a - std::backtrace_rs::backtrace::trace_unsynchronized::hedc23dff7a1af150
[INFO] [stdout]                                at /rustc/1b7dd2252b99671ce5d1cb9664c5f8636329436d/library/std/src/../../backtrace/src/backtrace/mod.rs:66:5
[INFO] [stdout]    2:     0x56403f4ace7a - std::sys_common::backtrace::_print_fmt::h17541ef7592f3ce2
[INFO] [stdout]                                at /rustc/1b7dd2252b99671ce5d1cb9664c5f8636329436d/library/std/src/sys_common/backtrace.rs:65:5
[INFO] [stdout]    3:     0x56403f4ace7a - <std::sys_common::backtrace::_print::DisplayBacktrace as core::fmt::Display>::fmt::h20f75df5ab0c0792
[INFO] [stdout]                                at /rustc/1b7dd2252b99671ce5d1cb9664c5f8636329436d/library/std/src/sys_common/backtrace.rs:44:22
[INFO] [stdout]    4:     0x56403f4d3cff - core::fmt::write::h78109e6f466b3af6
[INFO] [stdout]                                at /rustc/1b7dd2252b99671ce5d1cb9664c5f8636329436d/library/core/src/fmt/mod.rs:1254:17
[INFO] [stdout]    5:     0x56403f4a9e65 - std::io::Write::write_fmt::hd24bfb68a1b35a25
[INFO] [stdout]                                at /rustc/1b7dd2252b99671ce5d1cb9664c5f8636329436d/library/std/src/io/mod.rs:1698:15
[INFO] [stdout]    6:     0x56403f4acc45 - std::sys_common::backtrace::_print::h8dac57a9f8fbf9a5
[INFO] [stdout]                                at /rustc/1b7dd2252b99671ce5d1cb9664c5f8636329436d/library/std/src/sys_common/backtrace.rs:47:5
[INFO] [stdout]    7:     0x56403f4acc45 - std::sys_common::backtrace::print::hf9ecbf41d1aa712f
[INFO] [stdout]                                at /rustc/1b7dd2252b99671ce5d1cb9664c5f8636329436d/library/std/src/sys_common/backtrace.rs:34:9
[INFO] [stdout]    8:     0x56403f4ae8fe - std::panicking::default_hook::{{closure}}::h04c07acfc84ca028
[INFO] [stdout]                                at /rustc/1b7dd2252b99671ce5d1cb9664c5f8636329436d/library/std/src/panicking.rs:269:22
[INFO] [stdout]    9:     0x56403f4ae631 - std::panicking::default_hook::h01f6bb23e1eceb2c
[INFO] [stdout]                                at /rustc/1b7dd2252b99671ce5d1cb9664c5f8636329436d/library/std/src/panicking.rs:285:9
[INFO] [stdout]   10:     0x56403f383a2b - <alloc::boxed::Box<F,A> as core::ops::function::Fn<Args>>::call::h87fe9f7b2fd49e4c
[INFO] [stdout]                                at /rustc/1b7dd2252b99671ce5d1cb9664c5f8636329436d/library/alloc/src/boxed.rs:1987:9
[INFO] [stdout]   11:     0x56403f383a2b - test::test_main::{{closure}}::he94d679243a7531b
[INFO] [stdout]                                at /rustc/1b7dd2252b99671ce5d1cb9664c5f8636329436d/library/test/src/lib.rs:134:21
[INFO] [stdout]   12:     0x56403f4aefe4 - <alloc::boxed::Box<F,A> as core::ops::function::Fn<Args>>::call::h3f2d6d8b14c4769f
[INFO] [stdout]                                at /rustc/1b7dd2252b99671ce5d1cb9664c5f8636329436d/library/alloc/src/boxed.rs:1987:9
[INFO] [stdout]   13:     0x56403f4aefe4 - std::panicking::rust_panic_with_hook::h2bb3722bbaf2f6df
[INFO] [stdout]                                at /rustc/1b7dd2252b99671ce5d1cb9664c5f8636329436d/library/std/src/panicking.rs:695:13
[INFO] [stdout]   14:     0x56403f4aed59 - std::panicking::begin_panic_handler::{{closure}}::h91bc7f36a4be011b
[INFO] [stdout]                                at /rustc/1b7dd2252b99671ce5d1cb9664c5f8636329436d/library/std/src/panicking.rs:582:13
[INFO] [stdout]   15:     0x56403f4ad2e6 - std::sys_common::backtrace::__rust_end_short_backtrace::h8b3d3717114f9e59
[INFO] [stdout]                                at /rustc/1b7dd2252b99671ce5d1cb9664c5f8636329436d/library/std/src/sys_common/backtrace.rs:150:18
[INFO] [stdout]   16:     0x56403f4aeab2 - rust_begin_unwind
[INFO] [stdout]                                at /rustc/1b7dd2252b99671ce5d1cb9664c5f8636329436d/library/std/src/panicking.rs:578:5
[INFO] [stdout]   17:     0x56403f0ae1c3 - core::panicking::panic_fmt::hfd368e3fbdabea26
[INFO] [stdout]                                at /rustc/1b7dd2252b99671ce5d1cb9664c5f8636329436d/library/core/src/panicking.rs:67:14
[INFO] [stdout]   18:     0x56403f0ae763 - core::result::unwrap_failed::he54eb4b2f125b26f
[INFO] [stdout]                                at /rustc/1b7dd2252b99671ce5d1cb9664c5f8636329436d/library/core/src/result.rs:1687:5
[INFO] [stdout]   19:     0x56403f31775e - core::result::Result<T,E>::unwrap_err::h1b148cb4956d54cc
[INFO] [stdout]                                at /rustc/1b7dd2252b99671ce5d1cb9664c5f8636329436d/library/core/src/result.rs:1183:22
[INFO] [stdout]   20:     0x56403f328f10 - notnow::cap::tests::file_cap_unprotects_file::{{closure}}::h0a250e1c413ec541
[INFO] [stdout]                                at /opt/rustwide/workdir/src/cap.rs:472:19
[INFO] [stdout]   21:     0x56403f2abcc8 - <core::pin::Pin<P> as core::future::future::Future>::poll::ha1768aed4ebcdcea
[INFO] [stdout]                                at /rustc/1b7dd2252b99671ce5d1cb9664c5f8636329436d/library/core/src/future/future.rs:125:9
[INFO] [stdout]   22:     0x56403f2abb8b - <core::pin::Pin<P> as core::future::future::Future>::poll::h323fa0b9f725bde8
[INFO] [stdout]                                at /rustc/1b7dd2252b99671ce5d1cb9664c5f8636329436d/library/core/src/future/future.rs:125:9
[INFO] [stdout]   23:     0x56403f10e574 - tokio::runtime::scheduler::current_thread::CoreGuard::block_on::{{closure}}::{{closure}}::{{closure}}::hc70c34e622bc4559
[INFO] [stdout]                                at /opt/rustwide/cargo-home/registry/src/index.crates.io-6f17d22bba15001f/tokio-1.24.2/src/runtime/scheduler/current_thread.rs:541:57
[INFO] [stdout]   24:     0x56403f10e441 - tokio::runtime::coop::with_budget::h65be45963e95519b
[INFO] [stdout]                                at /opt/rustwide/cargo-home/registry/src/index.crates.io-6f17d22bba15001f/tokio-1.24.2/src/runtime/coop.rs:102:5
[INFO] [stdout]   25:     0x56403f10e441 - tokio::runtime::coop::budget::h13567d892697fb57
[INFO] [stdout]                                at /opt/rustwide/cargo-home/registry/src/index.crates.io-6f17d22bba15001f/tokio-1.24.2/src/runtime/coop.rs:68:5
[INFO] [stdout]   26:     0x56403f10e441 - tokio::runtime::scheduler::current_thread::CoreGuard::block_on::{{closure}}::{{closure}}::h8b8d6d88b595b434
[INFO] [stdout]                                at /opt/rustwide/cargo-home/registry/src/index.crates.io-6f17d22bba15001f/tokio-1.24.2/src/runtime/scheduler/current_thread.rs:541:25
[INFO] [stdout]   27:     0x56403f10cec9 - tokio::runtime::scheduler::current_thread::Context::enter::h71f9713d73ef833f
[INFO] [stdout]                                at /opt/rustwide/cargo-home/registry/src/index.crates.io-6f17d22bba15001f/tokio-1.24.2/src/runtime/scheduler/current_thread.rs:350:19
[INFO] [stdout]   28:     0x56403f10d9ca - tokio::runtime::scheduler::current_thread::CoreGuard::block_on::{{closure}}::haa974196b273ac93
[INFO] [stdout]                                at /opt/rustwide/cargo-home/registry/src/index.crates.io-6f17d22bba15001f/tokio-1.24.2/src/runtime/scheduler/current_thread.rs:540:36
[INFO] [stdout]   29:     0x56403f10d6db - tokio::runtime::scheduler::current_thread::CoreGuard::enter::{{closure}}::hbba265bff066b628
[INFO] [stdout]                                at /opt/rustwide/cargo-home/registry/src/index.crates.io-6f17d22bba15001f/tokio-1.24.2/src/runtime/scheduler/current_thread.rs:615:57
[INFO] [stdout]   30:     0x56403f2105ed - tokio::macros::scoped_tls::ScopedKey<T>::set::h6960edac3bc62e61
[INFO] [stdout]                                at /opt/rustwide/cargo-home/registry/src/index.crates.io-6f17d22bba15001f/tokio-1.24.2/src/macros/scoped_tls.rs:61:9
[INFO] [stdout]   31:     0x56403f10d476 - tokio::runtime::scheduler::current_thread::CoreGuard::enter::h2783b77b42c511fb
[INFO] [stdout]                                at /opt/rustwide/cargo-home/registry/src/index.crates.io-6f17d22bba15001f/tokio-1.24.2/src/runtime/scheduler/current_thread.rs:615:27
[INFO] [stdout]   32:     0x56403f10d70c - tokio::runtime::scheduler::current_thread::CoreGuard::block_on::hefbc8c52ace4f5d0
[INFO] [stdout]                                at /opt/rustwide/cargo-home/registry/src/index.crates.io-6f17d22bba15001f/tokio-1.24.2/src/runtime/scheduler/current_thread.rs:530:19
[INFO] [stdout]   33:     0x56403f10c68d - tokio::runtime::scheduler::current_thread::CurrentThread::block_on::hbdd359ee98a1da58
[INFO] [stdout]                                at /opt/rustwide/cargo-home/registry/src/index.crates.io-6f17d22bba15001f/tokio-1.24.2/src/runtime/scheduler/current_thread.rs:154:24
[INFO] [stdout]   34:     0x56403f183030 - tokio::runtime::runtime::Runtime::block_on::h3739e6ec4d25199f
[INFO] [stdout]                                at /opt/rustwide/cargo-home/registry/src/index.crates.io-6f17d22bba15001f/tokio-1.24.2/src/runtime/runtime.rs:282:47
[INFO] [stdout]   35:     0x56403f3284f1 - notnow::cap::tests::file_cap_unprotects_file::h39b53c8140386b3d
[INFO] [stdout]                                at /opt/rustwide/workdir/src/cap.rs:489:5
[INFO] [stdout]   36:     0x56403f328387 - notnow::cap::tests::file_cap_unprotects_file::{{closure}}::h6c75e1579598a2ba
[INFO] [stdout]                                at /opt/rustwide/workdir/src/cap.rs:459:39
[INFO] [stdout]   37:     0x56403f0d6235 - core::ops::function::FnOnce::call_once::h7e4180ea58456de7
[INFO] [stdout]                                at /rustc/1b7dd2252b99671ce5d1cb9664c5f8636329436d/library/core/src/ops/function.rs:250:5
[INFO] [stdout]   38:     0x56403f3888ff - core::ops::function::FnOnce::call_once::ha6a70e79f7481a7e
[INFO] [stdout]                                at /rustc/1b7dd2252b99671ce5d1cb9664c5f8636329436d/library/core/src/ops/function.rs:250:5
[INFO] [stdout]   39:     0x56403f3888ff - test::__rust_begin_short_backtrace::hce33033019b61e69
[INFO] [stdout]                                at /rustc/1b7dd2252b99671ce5d1cb9664c5f8636329436d/library/test/src/lib.rs:655:18
[INFO] [stdout]   40:     0x56403f3560ec - test::run_test::{{closure}}::h858d3528838ae3e5
[INFO] [stdout]                                at /rustc/1b7dd2252b99671ce5d1cb9664c5f8636329436d/library/test/src/lib.rs:646:30
[INFO] [stdout]   41:     0x56403f3560ec - core::ops::function::FnOnce::call_once{{vtable.shim}}::he8ac2b00f01ae79e
[INFO] [stdout]                                at /rustc/1b7dd2252b99671ce5d1cb9664c5f8636329436d/library/core/src/ops/function.rs:250:5
[INFO] [stdout]   42:     0x56403f3879d6 - <alloc::boxed::Box<F,A> as core::ops::function::FnOnce<Args>>::call_once::h8093d25b522725ef
[INFO] [stdout]                                at /rustc/1b7dd2252b99671ce5d1cb9664c5f8636329436d/library/alloc/src/boxed.rs:1973:9
[INFO] [stdout]   43:     0x56403f3879d6 - <core::panic::unwind_safe::AssertUnwindSafe<F> as core::ops::function::FnOnce<()>>::call_once::h5c334c204e4a3913
[INFO] [stdout]                                at /rustc/1b7dd2252b99671ce5d1cb9664c5f8636329436d/library/core/src/panic/unwind_safe.rs:271:9
[INFO] [stdout]   44:     0x56403f3879d6 - std::panicking::try::do_call::ha8b740c7b9478074
[INFO] [stdout]                                at /rustc/1b7dd2252b99671ce5d1cb9664c5f8636329436d/library/std/src/panicking.rs:485:40
[INFO] [stdout]   45:     0x56403f3879d6 - std::panicking::try::h5d34f63d0e41b64e
[INFO] [stdout]                                at /rustc/1b7dd2252b99671ce5d1cb9664c5f8636329436d/library/std/src/panicking.rs:449:19
[INFO] [stdout]   46:     0x56403f3879d6 - std::panic::catch_unwind::hcfbb511e1aa7fc67
[INFO] [stdout]                                at /rustc/1b7dd2252b99671ce5d1cb9664c5f8636329436d/library/std/src/panic.rs:140:14
[INFO] [stdout]   47:     0x56403f3879d6 - test::run_test_in_process::h9abda90f802eaf21
[INFO] [stdout]                                at /rustc/1b7dd2252b99671ce5d1cb9664c5f8636329436d/library/test/src/lib.rs:678:27
[INFO] [stdout]   48:     0x56403f3879d6 - test::run_test::run_test_inner::{{closure}}::h0f058de91f6c6edf
[INFO] [stdout]                                at /rustc/1b7dd2252b99671ce5d1cb9664c5f8636329436d/library/test/src/lib.rs:572:39
[INFO] [stdout]   49:     0x56403f3508f5 - test::run_test::run_test_inner::{{closure}}::h5ca48a4c59c6c1fb
[INFO] [stdout]                                at /rustc/1b7dd2252b99671ce5d1cb9664c5f8636329436d/library/test/src/lib.rs:599:37
[INFO] [stdout]   50:     0x56403f3508f5 - std::sys_common::backtrace::__rust_begin_short_backtrace::h32bd51e1495d4a33
[INFO] [stdout]                                at /rustc/1b7dd2252b99671ce5d1cb9664c5f8636329436d/library/std/src/sys_common/backtrace.rs:134:18
[INFO] [stdout]   51:     0x56403f355e31 - std::thread::Builder::spawn_unchecked_::{{closure}}::{{closure}}::hc086fae9b128b2db
[INFO] [stdout]                                at /rustc/1b7dd2252b99671ce5d1cb9664c5f8636329436d/library/std/src/thread/mod.rs:526:17
[INFO] [stdout]   52:     0x56403f355e31 - <core::panic::unwind_safe::AssertUnwindSafe<F> as core::ops::function::FnOnce<()>>::call_once::hb66571888d270d43
[INFO] [stdout]                                at /rustc/1b7dd2252b99671ce5d1cb9664c5f8636329436d/library/core/src/panic/unwind_safe.rs:271:9
[INFO] [stdout]   53:     0x56403f355e31 - std::panicking::try::do_call::h4fa2ef4f6e51fecf
[INFO] [stdout]                                at /rustc/1b7dd2252b99671ce5d1cb9664c5f8636329436d/library/std/src/panicking.rs:485:40
[INFO] [stdout]   54:     0x56403f355e31 - std::panicking::try::h1e9e22b8584489b5
[INFO] [stdout]                                at /rustc/1b7dd2252b99671ce5d1cb9664c5f8636329436d/library/std/src/panicking.rs:449:19
[INFO] [stdout]   55:     0x56403f355e31 - std::panic::catch_unwind::h44698a3de0e0769e
[INFO] [stdout]                                at /rustc/1b7dd2252b99671ce5d1cb9664c5f8636329436d/library/std/src/panic.rs:140:14
[INFO] [stdout]   56:     0x56403f355e31 - std::thread::Builder::spawn_unchecked_::{{closure}}::h50153abde3fe239e
[INFO] [stdout]                                at /rustc/1b7dd2252b99671ce5d1cb9664c5f8636329436d/library/std/src/thread/mod.rs:525:30
[INFO] [stdout]   57:     0x56403f355e31 - core::ops::function::FnOnce::call_once{{vtable.shim}}::hbe5bbf6f38394364
[INFO] [stdout]                                at /rustc/1b7dd2252b99671ce5d1cb9664c5f8636329436d/library/core/src/ops/function.rs:250:5
[INFO] [stdout]   58:     0x56403f4b42a5 - <alloc::boxed::Box<F,A> as core::ops::function::FnOnce<Args>>::call_once::h0d83cb2920a49046
[INFO] [stdout]                                at /rustc/1b7dd2252b99671ce5d1cb9664c5f8636329436d/library/alloc/src/boxed.rs:1973:9
[INFO] [stdout]   59:     0x56403f4b42a5 - <alloc::boxed::Box<F,A> as core::ops::function::FnOnce<Args>>::call_once::hbe0a008aa7d9ef59
[INFO] [stdout]                                at /rustc/1b7dd2252b99671ce5d1cb9664c5f8636329436d/library/alloc/src/boxed.rs:1973:9
[INFO] [stdout]   60:     0x56403f4b42a5 - std::sys::unix::thread::Thread::new::thread_start::h3a466996bdf6b1f9
[INFO] [stdout]                                at /rustc/1b7dd2252b99671ce5d1cb9664c5f8636329436d/library/std/src/sys/unix/thread.rs:108:17
[INFO] [stdout]   61:     0x7ffb3014cb43 - <unknown>
[INFO] [stdout]   62:     0x7ffb301ddbb4 - __clone
[INFO] [stdout]   63:                0x0 - <unknown>
[INFO] [stdout] 
[INFO] [stdout] ---- cap::tests::protect_directory stdout ----
[INFO] [stdout] thread 'cap::tests::protect_directory' panicked at 'called `Result::unwrap_err()` on an `Ok` value: ()', src/cap.rs:368:51
[INFO] [stdout] stack backtrace:
[INFO] [stdout]    0:     0x56403f4ace7a - std::backtrace_rs::backtrace::libunwind::trace::h2f05d0192276a8f6
[INFO] [stdout]                                at /rustc/1b7dd2252b99671ce5d1cb9664c5f8636329436d/library/std/src/../../backtrace/src/backtrace/libunwind.rs:93:5
[INFO] [stdout]    1:     0x56403f4ace7a - std::backtrace_rs::backtrace::trace_unsynchronized::hedc23dff7a1af150
[INFO] [stdout]                                at /rustc/1b7dd2252b99671ce5d1cb9664c5f8636329436d/library/std/src/../../backtrace/src/backtrace/mod.rs:66:5
[INFO] [stdout]    2:     0x56403f4ace7a - std::sys_common::backtrace::_print_fmt::h17541ef7592f3ce2
[INFO] [stdout]                                at /rustc/1b7dd2252b99671ce5d1cb9664c5f8636329436d/library/std/src/sys_common/backtrace.rs:65:5
[INFO] [stdout]    3:     0x56403f4ace7a - <std::sys_common::backtrace::_print::DisplayBacktrace as core::fmt::Display>::fmt::h20f75df5ab0c0792
[INFO] [stdout]                                at /rustc/1b7dd2252b99671ce5d1cb9664c5f8636329436d/library/std/src/sys_common/backtrace.rs:44:22
[INFO] [stdout]    4:     0x56403f4d3cff - core::fmt::write::h78109e6f466b3af6
[INFO] [stdout]                                at /rustc/1b7dd2252b99671ce5d1cb9664c5f8636329436d/library/core/src/fmt/mod.rs:1254:17
[INFO] [stdout]    5:     0x56403f4a9e65 - std::io::Write::write_fmt::hd24bfb68a1b35a25
[INFO] [stdout]                                at /rustc/1b7dd2252b99671ce5d1cb9664c5f8636329436d/library/std/src/io/mod.rs:1698:15
[INFO] [stdout]    6:     0x56403f4acc45 - std::sys_common::backtrace::_print::h8dac57a9f8fbf9a5
[INFO] [stdout]                                at /rustc/1b7dd2252b99671ce5d1cb9664c5f8636329436d/library/std/src/sys_common/backtrace.rs:47:5
[INFO] [stdout]    7:     0x56403f4acc45 - std::sys_common::backtrace::print::hf9ecbf41d1aa712f
[INFO] [stdout]                                at /rustc/1b7dd2252b99671ce5d1cb9664c5f8636329436d/library/std/src/sys_common/backtrace.rs:34:9
[INFO] [stdout]    8:     0x56403f4ae8fe - std::panicking::default_hook::{{closure}}::h04c07acfc84ca028
[INFO] [stdout]                                at /rustc/1b7dd2252b99671ce5d1cb9664c5f8636329436d/library/std/src/panicking.rs:269:22
[INFO] [stdout]    9:     0x56403f4ae631 - std::panicking::default_hook::h01f6bb23e1eceb2c
[INFO] [stdout]                                at /rustc/1b7dd2252b99671ce5d1cb9664c5f8636329436d/library/std/src/panicking.rs:285:9
[INFO] [stdout]   10:     0x56403f383a2b - <alloc::boxed::Box<F,A> as core::ops::function::Fn<Args>>::call::h87fe9f7b2fd49e4c
[INFO] [stdout]                                at /rustc/1b7dd2252b99671ce5d1cb9664c5f8636329436d/library/alloc/src/boxed.rs:1987:9
[INFO] [stdout]   11:     0x56403f383a2b - test::test_main::{{closure}}::he94d679243a7531b
[INFO] [stdout]                                at /rustc/1b7dd2252b99671ce5d1cb9664c5f8636329436d/library/test/src/lib.rs:134:21
[INFO] [stdout]   12:     0x56403f4aefe4 - <alloc::boxed::Box<F,A> as core::ops::function::Fn<Args>>::call::h3f2d6d8b14c4769f
[INFO] [stdout]                                at /rustc/1b7dd2252b99671ce5d1cb9664c5f8636329436d/library/alloc/src/boxed.rs:1987:9
[INFO] [stdout]   13:     0x56403f4aefe4 - std::panicking::rust_panic_with_hook::h2bb3722bbaf2f6df
[INFO] [stdout]                                at /rustc/1b7dd2252b99671ce5d1cb9664c5f8636329436d/library/std/src/panicking.rs:695:13
[INFO] [stdout]   14:     0x56403f4aed59 - std::panicking::begin_panic_handler::{{closure}}::h91bc7f36a4be011b
[INFO] [stdout]                                at /rustc/1b7dd2252b99671ce5d1cb9664c5f8636329436d/library/std/src/panicking.rs:582:13
[INFO] [stdout]   15:     0x56403f4ad2e6 - std::sys_common::backtrace::__rust_end_short_backtrace::h8b3d3717114f9e59
[INFO] [stdout]                                at /rustc/1b7dd2252b99671ce5d1cb9664c5f8636329436d/library/std/src/sys_common/backtrace.rs:150:18
[INFO] [stdout]   16:     0x56403f4aeab2 - rust_begin_unwind
[INFO] [stdout]                                at /rustc/1b7dd2252b99671ce5d1cb9664c5f8636329436d/library/std/src/panicking.rs:578:5
[INFO] [stdout]   17:     0x56403f0ae1c3 - core::panicking::panic_fmt::hfd368e3fbdabea26
[INFO] [stdout]                                at /rustc/1b7dd2252b99671ce5d1cb9664c5f8636329436d/library/core/src/panicking.rs:67:14
[INFO] [stdout]   18:     0x56403f0ae763 - core::result::unwrap_failed::he54eb4b2f125b26f
[INFO] [stdout]                                at /rustc/1b7dd2252b99671ce5d1cb9664c5f8636329436d/library/core/src/result.rs:1687:5
[INFO] [stdout]   19:     0x56403f31775e - core::result::Result<T,E>::unwrap_err::h1b148cb4956d54cc
[INFO] [stdout]                                at /rustc/1b7dd2252b99671ce5d1cb9664c5f8636329436d/library/core/src/result.rs:1183:22
[INFO] [stdout]   20:     0x56403f32552f - notnow::cap::tests::protect_directory::{{closure}}::h3daf5c04e012e66a
[INFO] [stdout]                                at /opt/rustwide/workdir/src/cap.rs:368:19
[INFO] [stdout]   21:     0x56403f2abcc8 - <core::pin::Pin<P> as core::future::future::Future>::poll::ha1768aed4ebcdcea
[INFO] [stdout]                                at /rustc/1b7dd2252b99671ce5d1cb9664c5f8636329436d/library/core/src/future/future.rs:125:9
[INFO] [stdout]   22:     0x56403f2abb8b - <core::pin::Pin<P> as core::future::future::Future>::poll::h323fa0b9f725bde8
[INFO] [stdout]                                at /rustc/1b7dd2252b99671ce5d1cb9664c5f8636329436d/library/core/src/future/future.rs:125:9
[INFO] [stdout]   23:     0x56403f10e574 - tokio::runtime::scheduler::current_thread::CoreGuard::block_on::{{closure}}::{{closure}}::{{closure}}::hc70c34e622bc4559
[INFO] [stdout]                                at /opt/rustwide/cargo-home/registry/src/index.crates.io-6f17d22bba15001f/tokio-1.24.2/src/runtime/scheduler/current_thread.rs:541:57
[INFO] [stdout]   24:     0x56403f10e441 - tokio::runtime::coop::with_budget::h65be45963e95519b
[INFO] [stdout]                                at /opt/rustwide/cargo-home/registry/src/index.crates.io-6f17d22bba15001f/tokio-1.24.2/src/runtime/coop.rs:102:5
[INFO] [stdout]   25:     0x56403f10e441 - tokio::runtime::coop::budget::h13567d892697fb57
[INFO] [stdout]                                at /opt/rustwide/cargo-home/registry/src/index.crates.io-6f17d22bba15001f/tokio-1.24.2/src/runtime/coop.rs:68:5
[INFO] [stdout]   26:     0x56403f10e441 - tokio::runtime::scheduler::current_thread::CoreGuard::block_on::{{closure}}::{{closure}}::h8b8d6d88b595b434
[INFO] [stdout]                                at /opt/rustwide/cargo-home/registry/src/index.crates.io-6f17d22bba15001f/tokio-1.24.2/src/runtime/scheduler/current_thread.rs:541:25
[INFO] [stdout]   27:     0x56403f10cec9 - tokio::runtime::scheduler::current_thread::Context::enter::h71f9713d73ef833f
[INFO] [stdout]                                at /opt/rustwide/cargo-home/registry/src/index.crates.io-6f17d22bba15001f/tokio-1.24.2/src/runtime/scheduler/current_thread.rs:350:19
[INFO] [stdout]   28:     0x56403f10d9ca - tokio::runtime::scheduler::current_thread::CoreGuard::block_on::{{closure}}::haa974196b273ac93
[INFO] [stdout]                                at /opt/rustwide/cargo-home/registry/src/index.crates.io-6f17d22bba15001f/tokio-1.24.2/src/runtime/scheduler/current_thread.rs:540:36
[INFO] [stdout]   29:     0x56403f10d6db - tokio::runtime::scheduler::current_thread::CoreGuard::enter::{{closure}}::hbba265bff066b628
[INFO] [stdout]                                at /opt/rustwide/cargo-home/registry/src/index.crates.io-6f17d22bba15001f/tokio-1.24.2/src/runtime/scheduler/current_thread.rs:615:57
[INFO] [stdout]   30:     0x56403f2105ed - tokio::macros::scoped_tls::ScopedKey<T>::set::h6960edac3bc62e61
[INFO] [stdout]                                at /opt/rustwide/cargo-home/registry/src/index.crates.io-6f17d22bba15001f/tokio-1.24.2/src/macros/scoped_tls.rs:61:9
[INFO] [stdout]   31:     0x56403f10d476 - tokio::runtime::scheduler::current_thread::CoreGuard::enter::h2783b77b42c511fb
[INFO] [stdout]                                at /opt/rustwide/cargo-home/registry/src/index.crates.io-6f17d22bba15001f/tokio-1.24.2/src/runtime/scheduler/current_thread.rs:615:27
[INFO] [stdout]   32:     0x56403f10d70c - tokio::runtime::scheduler::current_thread::CoreGuard::block_on::hefbc8c52ace4f5d0
[INFO] [stdout]                                at /opt/rustwide/cargo-home/registry/src/index.crates.io-6f17d22bba15001f/tokio-1.24.2/src/runtime/scheduler/current_thread.rs:530:19
[INFO] [stdout]   33:     0x56403f10c68d - tokio::runtime::scheduler::current_thread::CurrentThread::block_on::hbdd359ee98a1da58
[INFO] [stdout]                                at /opt/rustwide/cargo-home/registry/src/index.crates.io-6f17d22bba15001f/tokio-1.24.2/src/runtime/scheduler/current_thread.rs:154:24
[INFO] [stdout]   34:     0x56403f183030 - tokio::runtime::runtime::Runtime::block_on::h3739e6ec4d25199f
[INFO] [stdout]                                at /opt/rustwide/cargo-home/registry/src/index.crates.io-6f17d22bba15001f/tokio-1.24.2/src/runtime/runtime.rs:282:47
[INFO] [stdout]   35:     0x56403f324c24 - notnow::cap::tests::protect_directory::h060a7f250618d499
[INFO] [stdout]                                at /opt/rustwide/workdir/src/cap.rs:384:5
[INFO] [stdout]   36:     0x56403f324ab7 - notnow::cap::tests::protect_directory::{{closure}}::h657df3c8583a9445
[INFO] [stdout]                                at /opt/rustwide/workdir/src/cap.rs:356:32
[INFO] [stdout]   37:     0x56403f0d7355 - core::ops::function::FnOnce::call_once::hbd1ba47446894dd7
[INFO] [stdout]                                at /rustc/1b7dd2252b99671ce5d1cb9664c5f8636329436d/library/core/src/ops/function.rs:250:5
[INFO] [stdout]   38:     0x56403f3888ff - core::ops::function::FnOnce::call_once::ha6a70e79f7481a7e
[INFO] [stdout]                                at /rustc/1b7dd2252b99671ce5d1cb9664c5f8636329436d/library/core/src/ops/function.rs:250:5
[INFO] [stdout]   39:     0x56403f3888ff - test::__rust_begin_short_backtrace::hce33033019b61e69
[INFO] [stdout]                                at /rustc/1b7dd2252b99671ce5d1cb9664c5f8636329436d/library/test/src/lib.rs:655:18
[INFO] [stdout]   40:     0x56403f3560ec - test::run_test::{{closure}}::h858d3528838ae3e5
[INFO] [stdout]                                at /rustc/1b7dd2252b99671ce5d1cb9664c5f8636329436d/library/test/src/lib.rs:646:30
[INFO] [stdout]   41:     0x56403f3560ec - core::ops::function::FnOnce::call_once{{vtable.shim}}::he8ac2b00f01ae79e
[INFO] [stdout]                                at /rustc/1b7dd2252b99671ce5d1cb9664c5f8636329436d/library/core/src/ops/function.rs:250:5
[INFO] [stdout]   42:     0x56403f3879d6 - <alloc::boxed::Box<F,A> as core::ops::function::FnOnce<Args>>::call_once::h8093d25b522725ef
[INFO] [stdout]                                at /rustc/1b7dd2252b99671ce5d1cb9664c5f8636329436d/library/alloc/src/boxed.rs:1973:9
[INFO] [stdout]   43:     0x56403f3879d6 - <core::panic::unwind_safe::AssertUnwindSafe<F> as core::ops::function::FnOnce<()>>::call_once::h5c334c204e4a3913
[INFO] [stdout]                                at /rustc/1b7dd2252b99671ce5d1cb9664c5f8636329436d/library/core/src/panic/unwind_safe.rs:271:9
[INFO] [stdout]   44:     0x56403f3879d6 - std::panicking::try::do_call::ha8b740c7b9478074
[INFO] [stdout]                                at /rustc/1b7dd2252b99671ce5d1cb9664c5f8636329436d/library/std/src/panicking.rs:485:40
[INFO] [stdout]   45:     0x56403f3879d6 - std::panicking::try::h5d34f63d0e41b64e
[INFO] [stdout]                                at /rustc/1b7dd2252b99671ce5d1cb9664c5f8636329436d/library/std/src/panicking.rs:449:19
[INFO] [stdout]   46:     0x56403f3879d6 - std::panic::catch_unwind::hcfbb511e1aa7fc67
[INFO] [stdout]                                at /rustc/1b7dd2252b99671ce5d1cb9664c5f8636329436d/library/std/src/panic.rs:140:14
[INFO] [stdout]   47:     0x56403f3879d6 - test::run_test_in_process::h9abda90f802eaf21
[INFO] [stdout]                                at /rustc/1b7dd2252b99671ce5d1cb9664c5f8636329436d/library/test/src/lib.rs:678:27
[INFO] [stdout]   48:     0x56403f3879d6 - test::run_test::run_test_inner::{{closure}}::h0f058de91f6c6edf
[INFO] [stdout]                                at /rustc/1b7dd2252b99671ce5d1cb9664c5f8636329436d/library/test/src/lib.rs:572:39
[INFO] [stdout]   49:     0x56403f3508f5 - test::run_test::run_test_inner::{{closure}}::h5ca48a4c59c6c1fb
[INFO] [stdout]                                at /rustc/1b7dd2252b99671ce5d1cb9664c5f8636329436d/library/test/src/lib.rs:599:37
[INFO] [stdout]   50:     0x56403f3508f5 - std::sys_common::backtrace::__rust_begin_short_backtrace::h32bd51e1495d4a33
[INFO] [stdout]                                at /rustc/1b7dd2252b99671ce5d1cb9664c5f8636329436d/library/std/src/sys_common/backtrace.rs:134:18
[INFO] [stdout]   51:     0x56403f355e31 - std::thread::Builder::spawn_unchecked_::{{closure}}::{{closure}}::hc086fae9b128b2db
[INFO] [stdout]                                at /rustc/1b7dd2252b99671ce5d1cb9664c5f8636329436d/library/std/src/thread/mod.rs:526:17
[INFO] [stdout]   52:     0x56403f355e31 - <core::panic::unwind_safe::AssertUnwindSafe<F> as core::ops::function::FnOnce<()>>::call_once::hb66571888d270d43
[INFO] [stdout]                                at /rustc/1b7dd2252b99671ce5d1cb9664c5f8636329436d/library/core/src/panic/unwind_safe.rs:271:9
[INFO] [stdout]   53:     0x56403f355e31 - std::panicking::try::do_call::h4fa2ef4f6e51fecf
[INFO] [stdout]                                at /rustc/1b7dd2252b99671ce5d1cb9664c5f8636329436d/library/std/src/panicking.rs:485:40
[INFO] [stdout]   54:     0x56403f355e31 - std::panicking::try::h1e9e22b8584489b5
[INFO] [stdout]                                at /rustc/1b7dd2252b99671ce5d1cb9664c5f8636329436d/library/std/src/panicking.rs:449:19
[INFO] [stdout]   55:     0x56403f355e31 - std::panic::catch_unwind::h44698a3de0e0769e
[INFO] [stdout]                                at /rustc/1b7dd2252b99671ce5d1cb9664c5f8636329436d/library/std/src/panic.rs:140:14
[INFO] [stdout]   56:     0x56403f355e31 - std::thread::Builder::spawn_unchecked_::{{closure}}::h50153abde3fe239e
[INFO] [stdout]                                at /rustc/1b7dd2252b99671ce5d1cb9664c5f8636329436d/library/std/src/thread/mod.rs:525:30
[INFO] [stdout]   57:     0x56403f355e31 - core::ops::function::FnOnce::call_once{{vtable.shim}}::hbe5bbf6f38394364
[INFO] [stdout]                                at /rustc/1b7dd2252b99671ce5d1cb9664c5f8636329436d/library/core/src/ops/function.rs:250:5
[INFO] [stdout]   58:     0x56403f4b42a5 - <alloc::boxed::Box<F,A> as core::ops::function::FnOnce<Args>>::call_once::h0d83cb2920a49046
[INFO] [stdout]                                at /rustc/1b7dd2252b99671ce5d1cb9664c5f8636329436d/library/alloc/src/boxed.rs:1973:9
[INFO] [stdout]   59:     0x56403f4b42a5 - <alloc::boxed::Box<F,A> as core::ops::function::FnOnce<Args>>::call_once::hbe0a008aa7d9ef59
[INFO] [stdout]                                at /rustc/1b7dd2252b99671ce5d1cb9664c5f8636329436d/library/alloc/src/boxed.rs:1973:9
[INFO] [stdout]   60:     0x56403f4b42a5 - std::sys::unix::thread::Thread::new::thread_start::h3a466996bdf6b1f9
[INFO] [stdout]                                at /rustc/1b7dd2252b99671ce5d1cb9664c5f8636329436d/library/std/src/sys/unix/thread.rs:108:17
[INFO] [stdout]   61:     0x7ffb3014cb43 - <unknown>
[INFO] [stdout]   62:     0x7ffb301ddbb4 - __clone
[INFO] [stdout]   63:                0x0 - <unknown>
[INFO] [stdout] 
[INFO] [stdout] 
[INFO] [stdout] failures:
[INFO] [stdout]     cap::tests::file_cap_unprotects_file
[INFO] [stdout]     cap::tests::newly_created_directory_is_protected
[INFO] [stdout]     cap::tests::newly_created_file_is_protected
[INFO] [stdout]     cap::tests::protect_directory
[INFO] [stdout] 
[INFO] [stdout] test result: FAILED. 166 passed; 4 failed; 0 ignored; 0 measured; 0 filtered out; finished in 1.42s
[INFO] [stdout] 
[INFO] running `Command { std: "docker" "inspect" "9761c53a2a9a0fa8f49c038c206ae1c0454ec2df95af439002e0a9085664c5dd", kill_on_drop: false }`
[INFO] running `Command { std: "docker" "rm" "-f" "9761c53a2a9a0fa8f49c038c206ae1c0454ec2df95af439002e0a9085664c5dd", kill_on_drop: false }`
[INFO] [stdout] 9761c53a2a9a0fa8f49c038c206ae1c0454ec2df95af439002e0a9085664c5dd
