[INFO] fetching crate noodles-sam 0.27.0...
[INFO] testing noodles-sam-0.27.0 against 1.69.0 for beta-1.70-1
[INFO] extracting crate noodles-sam 0.27.0 into /workspace/builds/worker-3-tc1/source
[INFO] validating manifest of crates.io crate noodles-sam 0.27.0 on toolchain 1.69.0
[INFO] running `Command { std: CARGO_HOME="/workspace/cargo-home" RUSTUP_HOME="/workspace/rustup-home" "/workspace/cargo-home/bin/cargo" "+1.69.0" "metadata" "--manifest-path" "Cargo.toml" "--no-deps", kill_on_drop: false }`
[INFO] started tweaking crates.io crate noodles-sam 0.27.0
[INFO] removed 0 missing examples
[INFO] finished tweaking crates.io crate noodles-sam 0.27.0
[INFO] tweaked toml for crates.io crate noodles-sam 0.27.0 written to /workspace/builds/worker-3-tc1/source/Cargo.toml
[INFO] crate crates.io crate noodles-sam 0.27.0 already has a lockfile, it will not be regenerated
[INFO] running `Command { std: CARGO_HOME="/workspace/cargo-home" RUSTUP_HOME="/workspace/rustup-home" "/workspace/cargo-home/bin/cargo" "+1.69.0" "fetch" "--manifest-path" "Cargo.toml", kill_on_drop: false }`
[INFO] [stderr]  Downloading crates ...
[INFO] [stderr]   Downloaded bitflags v2.1.0
[INFO] [stderr]   Downloaded noodles-csi v0.16.0
[INFO] [stderr]   Downloaded noodles-core v0.11.0
[INFO] [stderr]   Downloaded noodles-fasta v0.21.0
[INFO] [stderr]   Downloaded noodles-bgzf v0.21.0
[INFO] running `Command { std: "docker" "create" "-v" "/var/lib/crater-agent-workspace/builds/worker-3-tc1/target:/opt/rustwide/target:rw,Z" "-v" "/var/lib/crater-agent-workspace/builds/worker-3-tc1/source:/opt/rustwide/workdir:ro,Z" "-v" "/var/lib/crater-agent-workspace/cargo-home:/opt/rustwide/cargo-home:ro,Z" "-v" "/var/lib/crater-agent-workspace/rustup-home:/opt/rustwide/rustup-home:ro,Z" "-e" "SOURCE_DIR=/opt/rustwide/workdir" "-e" "CARGO_TARGET_DIR=/opt/rustwide/target" "-e" "CARGO_HOME=/opt/rustwide/cargo-home" "-e" "RUSTUP_HOME=/opt/rustwide/rustup-home" "-w" "/opt/rustwide/workdir" "-m" "1610612736" "--user" "0:0" "--network" "none" "ghcr.io/rust-lang/crates-build-env/linux@sha256:5ff2268d62e97bff2cde7d5815dd6ed5b47097566f13b8d0ca110b04b60e07ed" "/opt/rustwide/cargo-home/bin/cargo" "+1.69.0" "metadata" "--no-deps" "--format-version=1", kill_on_drop: false }`
[INFO] [stdout] 32884221cfd25f5c855e2c024864ea56cc15da44c8a9dc9eb16220e109eb8974
[INFO] running `Command { std: "docker" "start" "-a" "32884221cfd25f5c855e2c024864ea56cc15da44c8a9dc9eb16220e109eb8974", kill_on_drop: false }`
[INFO] running `Command { std: "docker" "inspect" "32884221cfd25f5c855e2c024864ea56cc15da44c8a9dc9eb16220e109eb8974", kill_on_drop: false }`
[INFO] running `Command { std: "docker" "rm" "-f" "32884221cfd25f5c855e2c024864ea56cc15da44c8a9dc9eb16220e109eb8974", kill_on_drop: false }`
[INFO] [stdout] 32884221cfd25f5c855e2c024864ea56cc15da44c8a9dc9eb16220e109eb8974
[INFO] running `Command { std: "docker" "create" "-v" "/var/lib/crater-agent-workspace/builds/worker-3-tc1/target:/opt/rustwide/target:rw,Z" "-v" "/var/lib/crater-agent-workspace/builds/worker-3-tc1/source:/opt/rustwide/workdir:ro,Z" "-v" "/var/lib/crater-agent-workspace/cargo-home:/opt/rustwide/cargo-home:ro,Z" "-v" "/var/lib/crater-agent-workspace/rustup-home:/opt/rustwide/rustup-home:ro,Z" "-e" "SOURCE_DIR=/opt/rustwide/workdir" "-e" "CARGO_TARGET_DIR=/opt/rustwide/target" "-e" "CARGO_INCREMENTAL=0" "-e" "RUST_BACKTRACE=full" "-e" "RUSTFLAGS=--cap-lints=warn" "-e" "RUSTDOCFLAGS=--cap-lints=warn" "-e" "CARGO_HOME=/opt/rustwide/cargo-home" "-e" "RUSTUP_HOME=/opt/rustwide/rustup-home" "-w" "/opt/rustwide/workdir" "-m" "1610612736" "--user" "0:0" "--network" "none" "ghcr.io/rust-lang/crates-build-env/linux@sha256:5ff2268d62e97bff2cde7d5815dd6ed5b47097566f13b8d0ca110b04b60e07ed" "/opt/rustwide/cargo-home/bin/cargo" "+1.69.0" "build" "--frozen" "--message-format=json", kill_on_drop: false }`
[INFO] [stdout] 4c8ba14789423ab777e2dec54a8282f31828a7527b4ce73811fbdaf1d5b35b6f
[INFO] running `Command { std: "docker" "start" "-a" "4c8ba14789423ab777e2dec54a8282f31828a7527b4ce73811fbdaf1d5b35b6f", kill_on_drop: false }`
[INFO] [stderr]    Compiling cfg-if v1.0.0
[INFO] [stderr]    Compiling crc32fast v1.3.2
[INFO] [stderr]    Compiling crossbeam-utils v0.8.15
[INFO] [stderr]    Compiling static_assertions v1.1.0
[INFO] [stderr]    Compiling adler v1.0.2
[INFO] [stderr]    Compiling autocfg v1.1.0
[INFO] [stderr]    Compiling byteorder v1.4.3
[INFO] [stderr]    Compiling bytes v1.4.0
[INFO] [stderr]    Compiling memchr v2.5.0
[INFO] [stderr]    Compiling noodles-core v0.11.0
[INFO] [stderr]    Compiling hashbrown v0.12.3
[INFO] [stderr]    Compiling bit-vec v0.6.3
[INFO] [stderr]    Compiling bitflags v2.1.0
[INFO] [stderr]    Compiling lexical-util v0.8.5
[INFO] [stderr]    Compiling miniz_oxide v0.6.2
[INFO] [stderr]    Compiling indexmap v1.9.2
[INFO] [stderr]    Compiling lexical-write-integer v0.8.5
[INFO] [stderr]    Compiling lexical-parse-integer v0.8.6
[INFO] [stderr]    Compiling flate2 v1.0.25
[INFO] [stderr]    Compiling crossbeam-channel v0.5.7
[INFO] [stderr]    Compiling lexical-write-float v0.8.5
[INFO] [stderr]    Compiling lexical-parse-float v0.8.5
[INFO] [stderr]    Compiling noodles-bgzf v0.21.0
[INFO] [stderr]    Compiling lexical-core v0.8.5
[INFO] [stderr]    Compiling noodles-csi v0.16.0
[INFO] [stderr]    Compiling noodles-fasta v0.21.0
[INFO] [stderr]    Compiling noodles-sam v0.27.0 (/opt/rustwide/workdir)
[INFO] [stderr]     Finished dev [unoptimized + debuginfo] target(s) in 8.33s
[INFO] running `Command { std: "docker" "inspect" "4c8ba14789423ab777e2dec54a8282f31828a7527b4ce73811fbdaf1d5b35b6f", kill_on_drop: false }`
[INFO] running `Command { std: "docker" "rm" "-f" "4c8ba14789423ab777e2dec54a8282f31828a7527b4ce73811fbdaf1d5b35b6f", kill_on_drop: false }`
[INFO] [stdout] 4c8ba14789423ab777e2dec54a8282f31828a7527b4ce73811fbdaf1d5b35b6f
[INFO] running `Command { std: "docker" "create" "-v" "/var/lib/crater-agent-workspace/builds/worker-3-tc1/target:/opt/rustwide/target:rw,Z" "-v" "/var/lib/crater-agent-workspace/builds/worker-3-tc1/source:/opt/rustwide/workdir:ro,Z" "-v" "/var/lib/crater-agent-workspace/cargo-home:/opt/rustwide/cargo-home:ro,Z" "-v" "/var/lib/crater-agent-workspace/rustup-home:/opt/rustwide/rustup-home:ro,Z" "-e" "SOURCE_DIR=/opt/rustwide/workdir" "-e" "CARGO_TARGET_DIR=/opt/rustwide/target" "-e" "CARGO_INCREMENTAL=0" "-e" "RUST_BACKTRACE=full" "-e" "RUSTFLAGS=--cap-lints=warn" "-e" "RUSTDOCFLAGS=--cap-lints=warn" "-e" "CARGO_HOME=/opt/rustwide/cargo-home" "-e" "RUSTUP_HOME=/opt/rustwide/rustup-home" "-w" "/opt/rustwide/workdir" "-m" "1610612736" "--user" "0:0" "--network" "none" "ghcr.io/rust-lang/crates-build-env/linux@sha256:5ff2268d62e97bff2cde7d5815dd6ed5b47097566f13b8d0ca110b04b60e07ed" "/opt/rustwide/cargo-home/bin/cargo" "+1.69.0" "test" "--frozen" "--no-run" "--message-format=json", kill_on_drop: false }`
[INFO] [stdout] 0e7565711243e091fda4a60339323a59d8559394b6d13fa5c2a824c44cf9185d
[INFO] running `Command { std: "docker" "start" "-a" "0e7565711243e091fda4a60339323a59d8559394b6d13fa5c2a824c44cf9185d", kill_on_drop: false }`
[INFO] [stderr]    Compiling proc-macro2 v1.0.52
[INFO] [stderr]    Compiling unicode-ident v1.0.8
[INFO] [stderr]    Compiling quote v1.0.26
[INFO] [stderr]    Compiling syn v1.0.109
[INFO] [stderr]    Compiling libc v0.2.140
[INFO] [stderr]    Compiling tokio v1.26.0
[INFO] [stderr]    Compiling pin-project-lite v0.2.9
[INFO] [stderr]    Compiling num_cpus v1.15.0
[INFO] [stderr]    Compiling tokio-macros v1.8.2
[INFO] [stderr]    Compiling noodles-sam v0.27.0 (/opt/rustwide/workdir)
[INFO] [stderr]     Finished test [unoptimized + debuginfo] target(s) in 20.86s
[INFO] running `Command { std: "docker" "inspect" "0e7565711243e091fda4a60339323a59d8559394b6d13fa5c2a824c44cf9185d", kill_on_drop: false }`
[INFO] running `Command { std: "docker" "rm" "-f" "0e7565711243e091fda4a60339323a59d8559394b6d13fa5c2a824c44cf9185d", kill_on_drop: false }`
[INFO] [stdout] 0e7565711243e091fda4a60339323a59d8559394b6d13fa5c2a824c44cf9185d
[INFO] running `Command { std: "docker" "create" "-v" "/var/lib/crater-agent-workspace/builds/worker-3-tc1/target:/opt/rustwide/target:rw,Z" "-v" "/var/lib/crater-agent-workspace/builds/worker-3-tc1/source:/opt/rustwide/workdir:ro,Z" "-v" "/var/lib/crater-agent-workspace/cargo-home:/opt/rustwide/cargo-home:ro,Z" "-v" "/var/lib/crater-agent-workspace/rustup-home:/opt/rustwide/rustup-home:ro,Z" "-e" "SOURCE_DIR=/opt/rustwide/workdir" "-e" "CARGO_TARGET_DIR=/opt/rustwide/target" "-e" "CARGO_INCREMENTAL=0" "-e" "RUST_BACKTRACE=full" "-e" "RUSTFLAGS=--cap-lints=warn" "-e" "RUSTDOCFLAGS=--cap-lints=warn" "-e" "CARGO_HOME=/opt/rustwide/cargo-home" "-e" "RUSTUP_HOME=/opt/rustwide/rustup-home" "-w" "/opt/rustwide/workdir" "-m" "1610612736" "--user" "0:0" "--network" "none" "ghcr.io/rust-lang/crates-build-env/linux@sha256:5ff2268d62e97bff2cde7d5815dd6ed5b47097566f13b8d0ca110b04b60e07ed" "/opt/rustwide/cargo-home/bin/cargo" "+1.69.0" "test" "--frozen", kill_on_drop: false }`
[INFO] [stdout] 47e3b83c7a47fed3651a861777ba3ab5d33fb169f2634b024261014a17a4947e
[INFO] running `Command { std: "docker" "start" "-a" "47e3b83c7a47fed3651a861777ba3ab5d33fb169f2634b024261014a17a4947e", kill_on_drop: false }`
[INFO] [stderr]     Finished test [unoptimized + debuginfo] target(s) in 0.06s
[INFO] [stderr]      Running unittests src/lib.rs (/opt/rustwide/target/debug/deps/noodles_sam-1a6fd7848faa8bee)
[INFO] [stdout] 
[INFO] [stdout] running 182 tests
[INFO] [stdout] test header::record::kind::tests::test_from_str ... ok
[INFO] [stdout] test header::builder::tests::test_build ... ok
[INFO] [stdout] test header::record::tests::test_from_str ... ok
[INFO] [stdout] test header::parser::tests::test_parse_with_empty_input ... ok
[INFO] [stdout] test header::record::value::map::header::builder::tests::test_default ... ok
[INFO] [stdout] test header::record::value::map::header::group_order::tests::test_default ... ok
[INFO] [stdout] test header::record::value::map::header::group_order::tests::test_fmt ... ok
[INFO] [stdout] test header::builder::tests::test_default ... ok
[INFO] [stdout] test alignment::record::builder::tests::test_default ... ok
[INFO] [stdout] test header::record::value::map::header::group_order::tests::test_from_str ... ok
[INFO] [stdout] test header::parser::tests::test_parse_with_duplicate_read_group_ids ... ok
[INFO] [stdout] test header::parser::tests::test_parse_without_hd ... ok
[INFO] [stdout] test header::parser::tests::test_parse_with_duplicate_reference_sequence_names ... ok
[INFO] [stdout] test header::parser::tests::test_parse_with_multiple_hd ... ok
[INFO] [stdout] test header::record::value::map::header::subsort_order::tests::test_from_str ... ok
[INFO] [stdout] test header::parser::tests::test_parse_with_duplicate_program_ids ... ok
[INFO] [stdout] test header::record::value::map::header::version::tests::test_fmt ... ok
[INFO] [stdout] test header::record::value::map::header::tests::test_try_from_fields_for_map_header_with_missing_version ... ok
[INFO] [stdout] test header::record::value::map::program::builder::tests::test_default ... ok
[INFO] [stdout] test header::record::value::map::program::tag::tests::test_as_ref_u8_2_array_for_standard ... ok
[INFO] [stdout] test header::record::value::map::program::tag::tests::test_try_from_u8_array_for_standard ... ok
[INFO] [stdout] test header::record::value::map::program::tests::test_try_from_fields_for_map_program_with_duplicate_id ... ok
[INFO] [stdout] test header::record::value::map::program::tag::tests::test_from_standard_for_u8_2_array ... ok
[INFO] [stdout] test header::record::value::map::program::tests::test_fmt ... ok
[INFO] [stdout] test header::record::value::map::header::sort_order::tests::test_default ... ok
[INFO] [stdout] test header::record::value::map::header::tag::tests::test_try_from_u8_array_for_standard ... ok
[INFO] [stdout] test header::record::value::map::header::subsort_order::tests::test_fmt ... ok
[INFO] [stdout] test header::record::value::map::header::tag::tests::test_from_standard_for_u8_2_array ... ok
[INFO] [stdout] test header::record::value::map::header::tag::tests::test_as_ref_u8_2_array_for_standard ... ok
[INFO] [stdout] test header::record::value::map::header::sort_order::tests::test_from_str ... ok
[INFO] [stdout] test header::record::value::map::header::sort_order::tests::test_fmt ... ok
[INFO] [stdout] test header::record::value::map::header::version::tests::test_from_str ... ok
[INFO] [stdout] test header::record::value::map::header::tests::test_default ... ok
[INFO] [stdout] test header::record::value::map::header::tests::test_fmt ... ok
[INFO] [stdout] test header::parser::tests::test_parse ... ok
[INFO] [stdout] test header::record::value::map::header::version::tests::test_default ... ok
[INFO] [stdout] test header::record::value::map::reference_sequence::alternative_locus::tests::test_fmt ... ok
[INFO] [stdout] test header::record::value::map::reference_sequence::alternative_names::tests::test_fmt ... ok
[INFO] [stdout] test header::record::value::map::read_group::tests::test_try_from_fields_for_map_read_group_with_duplicate_id ... ok
[INFO] [stdout] test header::record::value::map::reference_sequence::builder::tests::test_default ... ok
[INFO] [stdout] test header::record::value::map::read_group::tag::tests::test_from_standard_for_u8_2_array ... ok
[INFO] [stdout] test header::record::value::map::read_group::builder::tests::test_default ... ok
[INFO] [stdout] test header::record::value::map::reference_sequence::alternative_names::tests::test_from_str ... ok
[INFO] [stdout] test header::record::value::map::reference_sequence::md5_checksum::tests::test_fmt ... ok
[INFO] [stdout] test header::record::value::map::reference_sequence::md5_checksum::tests::test_parse ... ok
[INFO] [stdout] test header::record::value::map::reference_sequence::md5_checksum::tests::test_from_u8_array_for_md5_checksum ... ok
[INFO] [stdout] test header::record::value::map::reference_sequence::tag::tests::test_from_standard_for_u8_2_array ... ok
[INFO] [stdout] test header::record::value::map::reference_sequence::tests::test_fmt ... ok
[INFO] [stdout] test header::record::value::map::reference_sequence::tag::tests::test_as_ref_u8_2_array_for_standard ... ok
[INFO] [stdout] test header::record::value::map::reference_sequence::tests::test_try_from_fields_for_map_reference_sequence_with_invalid_length ... ok
[INFO] [stdout] test header::record::value::map::reference_sequence::tests::test_try_from_fields_for_map_reference_sequence_with_missing_length ... ok
[INFO] [stdout] test header::record::value::map::tag::tests::test_from_str_for_tag ... ok
[INFO] [stdout] test header::record::value::map::reference_sequence::tag::tests::test_from_str ... ok
[INFO] [stdout] test header::record::value::map::reference_sequence::tests::test_try_from_fields_for_map_reference_sequence_with_duplicate_name ... ok
[INFO] [stdout] test header::tests::test_fmt ... ok
[INFO] [stdout] test header::record::value::map::read_group::platform::tests::test_fmt ... ok
[INFO] [stdout] test header::record::value::map::reference_sequence::molecule_topology::tests::test_default ... ok
[INFO] [stdout] test header::record::value::map::reference_sequence::alternative_locus::tests::test_from_str ... ok
[INFO] [stdout] test header::record::value::map::read_group::tag::tests::test_as_ref_u8_2_array_for_standard ... ok
[INFO] [stdout] test header::record::value::map::read_group::platform::tests::test_from_str ... ok
[INFO] [stdout] test header::record::value::map::read_group::tests::test_try_from_fields_for_map_read_group_with_an_invalid_platform ... ok
[INFO] [stdout] test header::record::value::map::read_group::tests::test_try_from_fields_for_map_read_group_with_an_invalid_predicted_median_insert_size ... ok
[INFO] [stdout] test header::record::value::map::reference_sequence::md5_checksum::tests::test_from_md5_checksum_for_u8_array ... ok
[INFO] [stdout] test header::record::value::map::reference_sequence::molecule_topology::tests::test_from_str ... ok
[INFO] [stdout] test header::record::value::map::read_group::tests::test_fmt ... ok
[INFO] [stdout] test header::record::value::map::read_group::tag::tests::test_try_from_u8_array_for_standard ... ok
[INFO] [stdout] test reader::record::cigar::op::kind::tests::test_parse_kind ... ok
[INFO] [stdout] test reader::record::cigar::tests::test_parse_cigar ... ok
[INFO] [stdout] test reader::record::data::field::tag::tests::test_parse_tag ... ok
[INFO] [stdout] test indexed_reader::builder::tests::test_build_index_src ... ok
[INFO] [stdout] test reader::record::data::field::value::tests::test_get_value ... ok
[INFO] [stdout] test reader::record::data::tests::test_parse_data ... ok
[INFO] [stdout] test reader::header::tests::test_read_raw_header_with_multiple_buffer_fills ... ok
[INFO] [stdout] test reader::header::tests::test_read_raw_header_with_no_header ... ok
[INFO] [stdout] test reader::record::cigar::op::tests::test_parse_op ... ok
[INFO] [stdout] test reader::record::data::field::value::array::subtype::tests::test_parse_subtype ... ok
[INFO] [stdout] test reader::record::data::field::ty::tests::test_parse_type ... ok
[INFO] [stdout] test reader::header::tests::test_read_raw_header_with_no_records ... ok
[INFO] [stdout] test reader::record::data::field::value::array::tests::test_parse_array ... ok
[INFO] [stdout] test reader::record::data::field::tests::test_parse_field ... ok
[INFO] [stdout] test reader::record::quality_scores::tests::test_parse_quality_scores ... ok
[INFO] [stdout] test reader::record::flags::tests::test_parse_flags ... ok
[INFO] [stdout] test record::cigar::op::tests::test_fmt ... ok
[INFO] [stdout] test reader::record::mapping_quality::tests::test_mapping_quality ... ok
[INFO] [stdout] test reader::record::tests::test_parse_mate_reference_sequence_id ... ok
[INFO] [stdout] test reader::record::template_length::tests::test_parse_template_length ... ok
[INFO] [stdout] test record::cigar::op::tests::test_from_str ... ok
[INFO] [stdout] test reader::record::sequence::tests::test_parse_sequence ... ok
[INFO] [stdout] test record::cigar::op::kind::tests::test_from_str ... ok
[INFO] [stdout] test reader::record::position::tests::test_parse_alignment_start ... ok
[INFO] [stdout] test record::cigar::op::kind::tests::test_from_kind_for_char ... ok
[INFO] [stdout] test header::record::value::map::reference_sequence::molecule_topology::tests::test_fmt ... ok
[INFO] [stdout] test reader::tests::test_read_line ... ok
[INFO] [stdout] test record::cigar::op::kind::tests::test_consumes_read ... ok
[INFO] [stdout] test record::cigar::op::kind::tests::test_fmt ... ok
[INFO] [stdout] test reader::record::read_name::tests::test_parse_name ... ok
[INFO] [stdout] test record::data::field::ty::tests::test_from_str ... ok
[INFO] [stdout] test record::data::field::ty::tests::test_from_type_for_u8 ... ok
[INFO] [stdout] test record::data::field::tag::tests::test_fmt ... ok
[INFO] [stdout] test record::cigar::op::kind::tests::test_consumes_reference ... ok
[INFO] [stdout] test record::cigar::tests::test_fmt ... ok
[INFO] [stdout] test record::data::field::value::array::subtype::tests::test_fmt ... ok
[INFO] [stdout] test record::data::field::value::array::subtype::tests::test_from_subtype_for_u8 ... ok
[INFO] [stdout] test record::data::field::value::array::tests::test_fmt ... ok
[INFO] [stdout] test record::data::field::ty::tests::test_from_type_for_char ... ok
[INFO] [stdout] test record::data::field::value::character::tests::test_try_from_char_for_character ... ok
[INFO] [stdout] test record::data::field::value::character::tests::test_from_character_for_u8 ... ok
[INFO] [stdout] test record::data::field::value::character::tests::test_try_from_u8_for_character ... ok
[INFO] [stdout] test record::data::field::value::tests::test_from_i16_for_value ... ok
[INFO] [stdout] test record::data::field::value::character::tests::test_from_character_for_char ... ok
[INFO] [stdout] test record::data::field::value::tests::test_from_i32_for_value ... ok
[INFO] [stdout] test record::data::field::value::tests::test_from_f32_for_value ... ok
[INFO] [stdout] test record::data::field::value::array::subtype::tests::test_try_from_u8_for_subtype ... ok
[INFO] [stdout] test record::data::field::value::array::subtype::tests::test_from_str ... ok
[INFO] [stdout] test reader::record::reference_sequence_id::tests::test_parse_reference_sequence_id ... ok
[INFO] [stdout] test record::data::field::value::array::tests::test_subtype ... ok
[INFO] [stdout] test record::data::field::ty::tests::test_try_from_u8_for_type ... ok
[INFO] [stdout] test record::data::field::value::hex::tests::test_try_from_u8_slice_for_hex ... ok
[INFO] [stdout] test record::data::field::value::array::subtype::tests::test_from_subtype_for_char ... ok
[INFO] [stdout] test record::data::field::value::tests::test_fmt ... ok
[INFO] [stdout] test record::cigar::tests::test_from_str ... ok
[INFO] [stdout] test record::cigar::tests::test_is_empty ... ok
[INFO] [stdout] test record::data::field::tag::tests::test_from_str ... ok
[INFO] [stdout] test record::data::field::ty::tests::test_fmt ... ok
[INFO] [stdout] test record::data::field::value::tests::test_from_i8_for_value ... ok
[INFO] [stdout] test record::data::field::value::tests::test_from_u16_for_value ... ok
[INFO] [stdout] test record::data::field::value::tests::test_from_vec_i16_for_value ... ok
[INFO] [stdout] test record::data::field::value::tests::test_from_vec_i32_for_value ... ok
[INFO] [stdout] test record::data::field::value::tests::test_from_vec_u32_for_value ... ok
[INFO] [stdout] test record::data::field::value::tests::test_from_u8_for_value ... ok
[INFO] [stdout] test record::data::field::value::tests::test_from_vec_u8_for_value ... ok
[INFO] [stdout] test record::data::field::value::tests::test_try_from_string_for_value ... ok
[INFO] [stdout] test record::data::field::value::tests::test_from_vec_u16_for_value ... ok
[INFO] [stdout] test record::data::field::value::tests::test_try_from_char_for_value ... ok
[INFO] [stdout] test record::data::field::value::tests::test_from_vec_i8_for_value ... ok
[INFO] [stdout] test record::data::field::value::tests::test_ty ... ok
[INFO] [stdout] test record::data::tests::test_from_str ... ok
[INFO] [stdout] test record::data::tests::test_from_iterator ... ok
[INFO] [stdout] test record::flags::tests::test_default ... ok
[INFO] [stdout] test record::flags::tests::test_contains ... ok
[INFO] [stdout] test record::flags::tests::test_from_flags_for_u16 ... ok
[INFO] [stdout] test record::flags::tests::test_from_u16_for_flags ... ok
[INFO] [stdout] test record::data::tests::test_remove_with_multiple_removes ... ok
[INFO] [stdout] test record::mapping_quality::tests::test_from_mapping_quality_for_u8 ... ok
[INFO] [stdout] test record::quality_scores::score::tests::test_from_score_for_char ... ok
[INFO] [stdout] test record::quality_scores::score::tests::test_try_from_char_for_score ... ok
[INFO] [stdout] test record::data::tests::test_fmt ... ok
[INFO] [stdout] test record::mapping_quality::tests::test_try_from_u8_for_mapping_quality ... ok
[INFO] [stdout] test record::data::field::value::tests::test_from_u32_for_value ... ok
[INFO] [stdout] test record::quality_scores::score::tests::test_from_score_for_u8 ... ok
[INFO] [stdout] test record::mapping_quality::tests::test_from_str ... ok
[INFO] [stdout] test record::data::field::value::tests::test_from_vec_f32_for_value ... ok
[INFO] [stdout] test record::reference_sequence_name::tests::test_fmt ... ok
[INFO] [stdout] test record::quality_scores::tests::test_is_empty ... ok
[INFO] [stdout] test record::quality_scores::tests::test_len ... ok
[INFO] [stdout] test record::reference_sequence_name::tests::test_from_str ... ok
[INFO] [stdout] test record::sequence::tests::test_fmt ... ok
[INFO] [stdout] test record::sequence::tests::test_from_str ... ok
[INFO] [stdout] test record::template_length::tests::test_fmt ... ok
[INFO] [stdout] test record::quality_scores::score::tests::test_try_from_u8_for_score ... ok
[INFO] [stdout] test record::template_length::tests::test_from_template_length_for_usize ... ok
[INFO] [stdout] test record::quality_scores::tests::test_from_str ... ok
[INFO] [stdout] test record::sequence::base::tests::test_from_base_for_u8 ... ok
[INFO] [stdout] test record::template_length::tests::test_not ... ok
[INFO] [stdout] test record::quality_scores::tests::test_fmt ... ok
[INFO] [stdout] test record::sequence::base::tests::test_try_from_u8_for_base ... ok
[INFO] [stdout] test record::read_name::tests::test_fmt ... ok
[INFO] [stdout] test writer::record::data::field::ty::tests::test_write_type ... ok
[INFO] [stdout] test writer::record::data::field::value::array::subtype::tests::test_write_subtype ... ok
[INFO] [stdout] test writer::record::data::field::tests::test_write_field ... ok
[INFO] [stdout] test writer::record::position::tests::test_write_position ... ok
[INFO] [stdout] test writer::record::cigar::tests::test_write_cigar ... ok
[INFO] [stdout] test record::read_name::tests::test_try_new ... ok
[INFO] [stdout] test record::sequence::base::tests::test_try_from_char_for_base ... ok
[INFO] [stdout] test record::template_length::tests::test_try_from_i32_for_template_length ... ok
[INFO] [stdout] test writer::record::data::field::tag::tests::test_put_tag ... ok
[INFO] [stdout] test writer::record::sequence::tests::test_write_sequence ... ok
[INFO] [stdout] test writer::record::quality_scores::tests::test_write_quality_scores ... ok
[INFO] [stdout] test writer::record::data::field::value::tests::test_write_value ... ok
[INFO] [stdout] test writer::record::data::field::value::array::tests::test_write_array ... ok
[INFO] [stdout] test writer::record::tests::test_write_record_with_data ... ok
[INFO] [stdout] test writer::record::data::tests::test_write_data ... ok
[INFO] [stdout] 
[INFO] [stdout] test result: ok. 182 passed; 0 failed; 0 ignored; 0 measured; 0 filtered out; finished in 0.16s
[INFO] [stdout] 
[INFO] [stderr]    Doc-tests noodles-sam
[INFO] [stdout] 
[INFO] [stdout] running 241 tests
[INFO] [stdout] test src/alignment/record.rs - alignment::record::Record::data_mut (line 389) ... FAILED
[INFO] [stdout] test src/alignment/record.rs - alignment::record::Record::builder (line 45) ... ok
[INFO] [stdout] test src/alignment/record.rs - alignment::record::Record::cigar_mut (line 211) ... ok
[INFO] [stdout] test src/alignment/record.rs - alignment::record::Record::alignment_end (line 468) ... ok
[INFO] [stdout] test src/alignment/record.rs - alignment::record::Record::cigar (line 198) ... ok
[INFO] [stdout] test src/alignment/record.rs - alignment::record::Record::mate_reference_sequence (line 430) ... ok
[INFO] [stdout] test src/alignment/record.rs - alignment::record::Record::mate_reference_sequence_id_mut (line 243) ... ok
[INFO] [stdout] test src/alignment/record.rs - alignment::record::Record::mapping_quality (line 171) ... ok
[INFO] [stdout] test src/alignment/record.rs - alignment::record::Record::mate_alignment_start_mut (line 270) ... ok
[INFO] [stdout] test src/alignment/record.rs - alignment::record::Record::alignment_start (line 143) ... ok
[INFO] [stdout] test src/alignment/record.rs - alignment::record::Record::mapping_quality_mut (line 184) ... ok
[INFO] [stdout] test src/alignment/record.rs - alignment::record::Record::alignment_span (line 455) ... ok
[INFO] [stdout] test src/alignment/record.rs - alignment::record::Record::data (line 376) ... ok
[INFO] [stdout] test src/alignment/record.rs - alignment::record::Record::alignment_start_mut (line 156) ... ok
[INFO] [stdout] test src/alignment/record.rs - alignment::record::Record::flags (line 89) ... ok
[INFO] [stdout] test src/alignment/record.rs - alignment::record::Record::mate_alignment_start (line 257) ... ok
[INFO] [stdout] test src/alignment/record.rs - alignment::record::Record::flags_mut (line 102) ... ok
[INFO] [stdout] test src/alignment/record.rs - alignment::record::Record::mate_reference_sequence_id (line 230) ... ok
[INFO] [stdout] test src/alignment/record.rs - alignment::record::Record::quality_scores (line 344) ... ok
[INFO] [stdout] test src/alignment/record.rs - alignment::record::Record::quality_scores_mut (line 357) ... ok
[INFO] [stdout] test src/alignment/record.rs - alignment::record::Record::sequence (line 312) ... ok
[INFO] [stdout] test src/alignment/record.rs - alignment::record::Record::reference_sequence_id_mut (line 129) ... ok
[INFO] [stdout] test src/alignment/record.rs - alignment::record::Record::template_length_mut (line 298) ... ok
[INFO] [stdout] test src/alignment/record.rs - alignment::record::Record::template_length (line 285) ... ok
[INFO] [stdout] test src/alignment/record/builder.rs - alignment::record::builder::Builder::set_cigar (line 122) ... ok
[INFO] [stdout] test src/alignment/record.rs - alignment::record::Record::read_name (line 57) ... ok
[INFO] [stdout] test src/alignment/record/builder.rs - alignment::record::builder::Builder::set_mate_alignment_start (line 161) ... ok
[INFO] [stdout] test src/alignment/record.rs - alignment::record::Record::read_name_mut (line 70) ... ok
[INFO] [stdout] test src/alignment/record/builder.rs - alignment::record::builder::Builder::set_read_name (line 28) ... ok
[INFO] [stdout] test src/alignment/record/builder.rs - alignment::record::builder::Builder::set_data (line 240) ... ok
[INFO] [stdout] test src/alignment/record.rs - alignment::record::Record::reference_sequence_id (line 116) ... ok
[INFO] [stdout] test src/alignment/record/builder.rs - alignment::record::builder::Builder::set_alignment_start (line 85) ... ok
[INFO] [stdout] test src/alignment/record/builder.rs - alignment::record::builder::Builder::set_mapping_quality (line 104) ... ok
[INFO] [stdout] test src/alignment/record.rs - alignment::record::Record::reference_sequence (line 408) ... ok
[INFO] [stdout] test src/alignment/record/builder.rs - alignment::record::builder::Builder::build (line 261) ... ok
[INFO] [stdout] test src/alignment/record.rs - alignment::record::Record::sequence_mut (line 325) ... ok
[INFO] [stdout] test src/alignment/record/builder.rs - alignment::record::builder::Builder::set_mate_reference_sequence_id (line 143) ... ok
[INFO] [stdout] test src/alignment/record/builder.rs - alignment::record::builder::Builder::set_flags (line 49) ... ok
[INFO] [stdout] test src/alignment/record/builder.rs - alignment::record::builder::Builder::set_template_length (line 180) ... ok
[INFO] [stdout] test src/alignment/record/builder.rs - alignment::record::builder::Builder::set_sequence (line 198) ... ok
[INFO] [stdout] test src/alignment/record/builder.rs - alignment::record::builder::Builder::set_quality_scores (line 219) ... ok
[INFO] [stdout] test src/alignment/record/builder.rs - alignment::record::builder::Builder::set_reference_sequence_id (line 67) ... ok
[INFO] [stdout] test src/header.rs - header::Header::clear (line 381) ... ok
[INFO] [stdout] test src/header.rs - header (line 25) ... ok
[INFO] [stdout] test src/header.rs - header::Header::add_comment (line 343) ... ok
[INFO] [stdout] test src/header.rs - header::Header::header (line 128) ... ok
[INFO] [stdout] test src/header.rs - header::Header::comments (line 313) ... ok
[INFO] [stdout] test src/header.rs - header::Header::is_empty (line 360) ... ok
[INFO] [stdout] test src/header.rs - header (line 46) ... ok
[INFO] [stdout] test src/header.rs - header::Header::programs (line 275) ... ok
[INFO] [stdout] test src/header.rs - header::Header::from_str (line 440) ... ok
[INFO] [stdout] test src/header.rs - header::Header::read_groups_mut (line 251) ... ok
[INFO] [stdout] test src/header.rs - header::Header::programs_mut (line 293) ... ok
[INFO] [stdout] test src/header.rs - header::Header::read_groups (line 229) ... ok
[INFO] [stdout] test src/header.rs - header::Header::comments_mut (line 329) ... ok
[INFO] [stdout] test src/header.rs - header::Header::header_mut (line 151) ... ok
[INFO] [stdout] test src/header.rs - header::Header::builder (line 116) ... ok
[INFO] [stdout] test src/header.rs - header::Header::reference_sequences (line 171) ... ok
[INFO] [stdout] test src/header/builder.rs - header::builder::Builder::add_comment (line 160) ... ok
[INFO] [stdout] test src/header/record/value/map/header.rs - header::record::value::map::header::Map<Header>::new (line 43) ... ok
[INFO] [stdout] test src/header/builder.rs - header::builder::Builder::add_read_group (line 111) ... ok
[INFO] [stdout] test src/header/builder.rs - header::builder::Builder::add_program (line 137) ... ok
[INFO] [stdout] test src/header/builder.rs - header::builder::Builder::add_reference_sequence (line 78) ... ok
[INFO] [stdout] test src/header/record/value/map/header.rs - header::record::value::map::header::Map<Header>::sort_order (line 96) ... ok
[INFO] [stdout] test src/header/record/value/map/header.rs - header::record::value::map::header::Map<Header>::subsort_order (line 150) ... ok
[INFO] [stdout] test src/header/builder.rs - header::builder::Builder::build (line 179) ... ok
[INFO] [stdout] test src/header.rs - header::Header::reference_sequences_mut (line 201) ... ok
[INFO] [stdout] test src/header/record/value/map/header.rs - header::record::value::map::header::Map<Header>::group_order (line 123) ... ok
[INFO] [stdout] test src/header/builder.rs - header::builder::Builder::set_header (line 24) ... ok
[INFO] [stdout] test src/header/record/value/map/header.rs - header::record::value::map::header::Map<Header>::group_order_mut (line 136) ... ok
[INFO] [stdout] test src/header/parser.rs - header::parser::parse (line 53) ... ok
[INFO] [stdout] test src/header/builder.rs - header::builder::Builder::set_reference_sequences (line 42) ... ok
[INFO] [stdout] test src/header/record/value/map/header.rs - header::record::value::map::header::Map<Header>::sort_order_mut (line 109) ... ok
[INFO] [stdout] test src/header/record/value/map/header.rs - header::record::value::map::header::Map<Header>::subsort_order_mut (line 163) ... ok
[INFO] [stdout] test src/header/record/value/map/header.rs - header::record::value::map::header::Map<Header>::version (line 65) ... ok
[INFO] [stdout] test src/header/record/value/map/header.rs - header::record::value::map::header::Map<Header>::version_mut (line 82) ... ok
[INFO] [stdout] test src/header/record/value/map/header/builder.rs - header::record::value::map::header::builder::map::Builder<Header>::set_group_order (line 64) ... ok
[INFO] [stdout] test src/header/record/value/map/header/version.rs - header::record::value::map::header::version::Version::new (line 22) ... ok
[INFO] [stdout] test src/header/record/value/map/header/builder.rs - header::record::value::map::header::builder::map::Builder<Header>::set_sort_order (line 42) ... ok
[INFO] [stdout] test src/header/record/value/map/header/version.rs - header::record::value::map::header::version::Version::major (line 34) ... ok
[INFO] [stdout] test src/header/record/value/map/header/builder.rs - header::record::value::map::header::builder::map::Builder<Header>::set_version (line 18) ... ok
[INFO] [stdout] test src/header/record/value/map/program.rs - header::record::value::map::program::Map<Program>::previous_id (line 62) ... ok
[INFO] [stdout] test src/header/record/value/map/program.rs - header::record::value::map::program::Map<Program>::name (line 36) ... ok
[INFO] [stdout] test src/header/record/value/map/header/version.rs - header::record::value::map::header::version::Version::minor (line 47) ... ok
[INFO] [stdout] test src/header/record/value/map/program.rs - header::record::value::map::program::Map<Program>::description (line 75) ... ok
[INFO] [stdout] test src/header/record/value/map/program.rs - header::record::value::map::program::Map<Program>::version (line 88) ... ok
[INFO] [stdout] test src/header/record/value/map/program/builder.rs - header::record::value::map::program::builder::map::Builder<Program>::set_command_line (line 41) ... ok
[INFO] [stdout] test src/header/record/value/map/header/builder.rs - header::record::value::map::header::builder::map::Builder<Header>::set_subsort_order (line 86) ... ok
[INFO] [stdout] test src/header/record/value/map/program/builder.rs - header::record::value::map::program::builder::map::Builder<Program>::set_description (line 85) ... ok
[INFO] [stdout] test src/header/record/value/map/program/builder.rs - header::record::value::map::program::builder::map::Builder<Program>::set_version (line 107) ... ok
[INFO] [stdout] test src/header/record/value/map/program/builder.rs - header::record::value::map::program::builder::map::Builder<Program>::set_name (line 19) ... ok
[INFO] [stdout] test src/header/record/value/map/program/builder.rs - header::record::value::map::program::builder::map::Builder<Program>::set_previous_id (line 63) ... ok
[INFO] [stdout] test src/header/record/value/map/program.rs - header::record::value::map::program::Map<Program>::command_line (line 49) ... ok
[INFO] [stdout] test src/header/record/value/map/read_group.rs - header::record::value::map::read_group::Map<ReadGroup>::barcode (line 48) ... ok
[INFO] [stdout] test src/header/record/value/map/read_group.rs - header::record::value::map::read_group::Map<ReadGroup>::description (line 74) ... ok
[INFO] [stdout] test src/header/record/value/map/read_group.rs - header::record::value::map::read_group::Map<ReadGroup>::flow_order (line 100) ... ok
[INFO] [stdout] test src/header/record/value/map/read_group.rs - header::record::value::map::read_group::Map<ReadGroup>::key_sequence (line 113) ... ok
[INFO] [stdout] test src/header/record/value/map/read_group.rs - header::record::value::map::read_group::Map<ReadGroup>::predicted_median_insert_size (line 152) ... ok
[INFO] [stdout] test src/header/record/value/map/read_group.rs - header::record::value::map::read_group::Map<ReadGroup>::platform (line 165) ... ok
[INFO] [stdout] test src/header/record/value/map/read_group.rs - header::record::value::map::read_group::Map<ReadGroup>::platform_unit (line 191) ... ok
[INFO] [stdout] test src/header/record/value/map/read_group.rs - header::record::value::map::read_group::Map<ReadGroup>::produced_at (line 87) ... ok
[INFO] [stdout] test src/header/record/value/map/read_group.rs - header::record::value::map::read_group::Map<ReadGroup>::platform_model (line 178) ... ok
[INFO] [stdout] test src/header/record/value/map/read_group.rs - header::record::value::map::read_group::Map<ReadGroup>::library (line 126) ... ok
[INFO] [stdout] test src/header/record/value/map/read_group.rs - header::record::value::map::read_group::Map<ReadGroup>::program (line 139) ... ok
[INFO] [stdout] test src/header/record/value/map/read_group/builder.rs - header::record::value::map::read_group::builder::map::Builder<ReadGroup>::set_flow_order (line 115) ... ok
[INFO] [stdout] test src/header/record/value/map/read_group.rs - header::record::value::map::read_group::Map<ReadGroup>::sample (line 204) ... ok
[INFO] [stdout] test src/header/record/value/map/read_group/builder.rs - header::record::value::map::read_group::builder::map::Builder<ReadGroup>::set_barcode (line 27) ... ok
[INFO] [stdout] test src/header/record/value/map/read_group.rs - header::record::value::map::read_group::Map<ReadGroup>::sequencing_center (line 61) ... ok
[INFO] [stdout] test src/header/record/value/map/read_group/builder.rs - header::record::value::map::read_group::builder::map::Builder<ReadGroup>::set_description (line 71) ... ok
[INFO] [stdout] test src/header/record/value/map/read_group/builder.rs - header::record::value::map::read_group::builder::map::Builder<ReadGroup>::set_library (line 159) ... ok
[INFO] [stdout] test src/header/record/value/map/read_group/builder.rs - header::record::value::map::read_group::builder::map::Builder<ReadGroup>::set_platform (line 222) ... ok
[INFO] [stdout] test src/header/record/value/map/read_group/builder.rs - header::record::value::map::read_group::builder::map::Builder<ReadGroup>::set_key_sequence (line 137) ... ok
[INFO] [stdout] test src/header/record/value/map/read_group/builder.rs - header::record::value::map::read_group::builder::map::Builder<ReadGroup>::set_platform_model (line 244) ... ok
[INFO] [stdout] test src/header/record/value/map/read_group/builder.rs - header::record::value::map::read_group::builder::map::Builder<ReadGroup>::set_platform_unit (line 266) ... ok
[INFO] [stdout] test src/header/record/value/map/read_group/builder.rs - header::record::value::map::read_group::builder::map::Builder<ReadGroup>::set_sample (line 288) ... ok
[INFO] [stdout] test src/header/record/value/map/read_group/builder.rs - header::record::value::map::read_group::builder::map::Builder<ReadGroup>::set_predicted_median_insert_size (line 203) ... ok
[INFO] [stdout] test src/header/record/value/map/read_group/builder.rs - header::record::value::map::read_group::builder::map::Builder<ReadGroup>::set_program (line 181) ... ok
[INFO] [stdout] test src/header/record/value/map/read_group/builder.rs - header::record::value::map::read_group::builder::map::Builder<ReadGroup>::set_produced_at (line 93) ... ok
[INFO] [stdout] test src/header/record/value/map/reference_sequence.rs - header::record::value::map::reference_sequence::Map<ReferenceSequence>::description (line 162) ... ok
[INFO] [stdout] test src/header/record/value/map/reference_sequence.rs - header::record::value::map::reference_sequence::Map<ReferenceSequence>::assembly_id (line 147) ... ok
[INFO] [stdout] test src/header/record/value/map/reference_sequence.rs - header::record::value::map::reference_sequence::Map<ReferenceSequence>::alternative_locus (line 117) ... ok
[INFO] [stdout] test src/header/record/value/map/reference_sequence.rs - header::record::value::map::reference_sequence::Map<ReferenceSequence>::length (line 80) ... ok
[INFO] [stdout] test src/header/record/value/map/read_group/builder.rs - header::record::value::map::read_group::builder::map::Builder<ReadGroup>::set_sequencing_center (line 49) ... ok
[INFO] [stdout] test src/header/record/value/map/reference_sequence.rs - header::record::value::map::reference_sequence::Map<ReferenceSequence>::alternative_names (line 132) ... ok
[INFO] [stdout] test src/header/record/value/map/reference_sequence.rs - header::record::value::map::reference_sequence::Map<ReferenceSequence>::md5_checksum_mut (line 192) ... ok
[INFO] [stdout] test src/header/record/value/map/reference_sequence.rs - header::record::value::map::reference_sequence::Map<ReferenceSequence>::molecule_topology (line 231) ... ok
[INFO] [stdout] test src/header/record/value/map/reference_sequence.rs - header::record::value::map::reference_sequence::Map<ReferenceSequence>::md5_checksum (line 177) ... ok
[INFO] [stdout] test src/indexed_reader/builder.rs - indexed_reader::builder::Builder::build_from_path (line 39) - compile ... ok
[INFO] [stdout] test src/header/record/value/map/reference_sequence.rs - header::record::value::map::reference_sequence::Map<ReferenceSequence>::uri (line 246) ... ok
[INFO] [stdout] test src/header/record/value/map/reference_sequence.rs - header::record::value::map::reference_sequence::Map<ReferenceSequence>::length_mut (line 95) ... ok
[INFO] [stdout] test src/header/record/value/map/reference_sequence/builder.rs - header::record::value::map::reference_sequence::builder::map::Builder<ReferenceSequence>::set_description (line 130) ... ok
[INFO] [stdout] test src/header/record/value/map/reference_sequence.rs - header::record::value::map::reference_sequence::Map<ReferenceSequence>::new (line 53) ... ok
[INFO] [stdout] test src/header/record/value/map/reference_sequence.rs - header::record::value::map::reference_sequence::Map<ReferenceSequence>::species (line 216) ... ok
[INFO] [stdout] test src/header/record/value/map/reference_sequence/builder.rs - header::record::value::map::reference_sequence::builder::map::Builder<ReferenceSequence>::set_alternative_names (line 78) ... ok
[INFO] [stdout] test src/header/record/value/map/reference_sequence/builder.rs - header::record::value::map::reference_sequence::builder::map::Builder<ReferenceSequence>::set_length (line 27) ... ok
[INFO] [stdout] test src/header/record/value/map/reference_sequence/builder.rs - header::record::value::map::reference_sequence::builder::map::Builder<ReferenceSequence>::set_assembly_id (line 105) ... ok
[INFO] [stdout] test src/header/record/value/map/reference_sequence/builder.rs - header::record::value::map::reference_sequence::builder::map::Builder<ReferenceSequence>::set_md5_checksum (line 155) ... ok
[INFO] [stdout] test src/header/record/value/map/reference_sequence/builder.rs - header::record::value::map::reference_sequence::builder::map::Builder<ReferenceSequence>::set_alternative_locus (line 50) ... ok
[INFO] [stdout] test src/header/record/value/map/reference_sequence/builder.rs - header::record::value::map::reference_sequence::builder::map::Builder<ReferenceSequence>::set_molecule_topology (line 211) ... ok
[INFO] [stdout] test src/header/record/value/map/reference_sequence/builder.rs - header::record::value::map::reference_sequence::builder::map::Builder<ReferenceSequence>::set_uri (line 236) ... ok
[INFO] [stdout] test src/lazy/record.rs - lazy::record::Record::mapping_quality (line 177) ... ok
[INFO] [stdout] test src/indexed_reader/builder.rs - indexed_reader::builder::Builder::set_index (line 23) ... ok
[INFO] [stdout] test src/header/record/value/map/reference_sequence/builder.rs - header::record::value::map::reference_sequence::builder::map::Builder<ReferenceSequence>::set_species (line 186) ... ok
[INFO] [stdout] test src/lib.rs - (line 20) - compile ... ok
[INFO] [stdout] test src/reader.rs - reader::Reader (line 31) - compile ... ok
[INFO] [stdout] test src/lazy/record.rs - lazy::record::Record::alignment_start (line 161) ... ok
[INFO] [stdout] test src/lazy/record.rs - lazy::record::Record::cigar (line 193) ... ok
[INFO] [stdout] test src/lazy/record.rs - lazy::record::Record::flags (line 126) ... ok
[INFO] [stdout] test src/indexed_reader/builder.rs - indexed_reader::builder::Builder::build_from_reader (line 63) ... ok
[INFO] [stdout] test src/reader.rs - reader::Reader<R>::get_mut (line 92) ... ok
[INFO] [stdout] test src/reader.rs - reader::Reader<bgzf::Reader<R>>::query (line 274) - compile ... ok
[INFO] [stdout] test src/reader.rs - reader::Reader<R>::into_inner (line 106) ... ok
[INFO] [stdout] test src/reader.rs - reader::Reader<bgzf::Reader<R>>::seek (line 251) - compile ... ok
[INFO] [stdout] test src/lazy/record.rs - lazy::record::Record::data (line 322) ... ok
[INFO] [stdout] test src/lazy/record.rs - lazy::record::Record::quality_scores (line 297) ... ok
[INFO] [stdout] test src/reader.rs - reader::Reader<R>::get_ref (line 78) ... ok
[INFO] [stdout] test src/reader.rs - reader::Reader<R>::new (line 61) ... ok
[INFO] [stdout] test src/lazy/record.rs - lazy::record::Record::template_length (line 256) ... ok
[INFO] [stdout] test src/lazy/record.rs - lazy::record::Record::mate_reference_sequence_name (line 218) ... ok
[INFO] [stdout] test src/lazy/record.rs - lazy::record::Record::sequence (line 272) ... ok
[INFO] [stdout] test src/lazy/record.rs - lazy::record::Record::read_name (line 94) ... ok
[INFO] [stdout] test src/lazy/record.rs - lazy::record::Record::mate_alignment_start (line 240) ... ok
[INFO] [stdout] test src/reader.rs - reader::Reader<R>::read_lazy_record (line 221) ... ok
[INFO] [stdout] test src/lazy/record.rs - lazy::record::Record::reference_sequence_name (line 142) ... ok
[INFO] [stdout] test src/record/cigar.rs - record::cigar::Cigar::alignment_span (line 42) ... ok
[INFO] [stdout] test src/record/cigar/op.rs - record::cigar::op::Op::new (line 21) ... ok
[INFO] [stdout] test src/record/cigar/op.rs - record::cigar::op::Op::kind (line 37) ... ok
[INFO] [stdout] test src/record/cigar/op.rs - record::cigar::op::Op::is_empty (line 65) ... ok
[INFO] [stdout] test src/reader.rs - reader::Reader<R>::read_record (line 162) ... ok
[INFO] [stdout] test src/reader.rs - reader::Reader<R>::records (line 189) ... ok
[INFO] [stdout] test src/record/cigar/op/kind.rs - record::cigar::op::kind::Kind::consumes_read (line 37) ... ok
[INFO] [stdout] test src/record/data.rs - record::data::Data::clear (line 55) ... ok
[INFO] [stdout] test src/reader.rs - reader::Reader<R>::read_header (line 124) ... ok
[INFO] [stdout] test src/record/cigar.rs - record::cigar::Cigar::clear (line 20) ... ok
[INFO] [stdout] test src/record/cigar/op.rs - record::cigar::op::Op::len (line 50) ... ok
[INFO] [stdout] test src/record/cigar.rs - record::cigar::Cigar::read_length (line 68) ... ok
[INFO] [stdout] test src/record/cigar/op/kind.rs - record::cigar::op::kind::Kind::consumes_reference (line 58) ... ok
[INFO] [stdout] test src/record/data.rs - record::data::Data::get (line 71) ... ok
[INFO] [stdout] test src/record/data.rs - record::data::Data::remove (line 194) ... ok
[INFO] [stdout] test src/record/data.rs - record::data::Data::get_index_of (line 88) ... ok
[INFO] [stdout] test src/record/data.rs - record::data::Data::keys (line 123) ... ok
[INFO] [stdout] test src/record/data.rs - record::data::Data::insert (line 164) ... ok
[INFO] [stdout] test src/record/data.rs - record::data::Data::len (line 27) ... ok
[INFO] [stdout] test src/record/data.rs - record::data::Data::is_empty (line 40) ... ok
[INFO] [stdout] test src/record/data/field/value.rs - record::data::field::value::Value::as_character (line 91) ... ok
[INFO] [stdout] test src/record/data.rs - record::data::Data::iter (line 105) ... ok
[INFO] [stdout] test src/record/data/field/value.rs - record::data::field::value::Value::as_array (line 288) ... ok
[INFO] [stdout] test src/record/data.rs - record::data::Data::values (line 141) ... ok
[INFO] [stdout] test src/record/data/field/value.rs - record::data::field::value::Value::as_int (line 155) ... ok
[INFO] [stdout] test src/record/data/field/value.rs - record::data::field::value::Value::as_str (line 227) ... ok
[INFO] [stdout] test src/record/data/field/value.rs - record::data::field::value::Value::as_float (line 198) ... ok
[INFO] [stdout] test src/record/data/field/value.rs - record::data::field::value::Value::as_hex (line 256) ... ok
[INFO] [stdout] test src/record/data/field/value.rs - record::data::field::value::Value::from_str_type (line 49) ... ok
[INFO] [stdout] test src/record/data/field/value.rs - record::data::field::value::Value::is_str (line 243) ... ok
[INFO] [stdout] test src/record/data/field/value.rs - record::data::field::value::Value::is_int32 (line 139) ... ok
[INFO] [stdout] test src/record/data/field/value.rs - record::data::field::value::Value::as_int32 (line 123) ... ok
[INFO] [stdout] test src/record/data/field/value.rs - record::data::field::value::Value::is_character (line 109) ... ok
[INFO] [stdout] test src/record/flags.rs - record::flags::Flags::is_last_segment (line 130) ... ok
[INFO] [stdout] test src/record/data/field/value.rs - record::data::field::value::Value::is_int (line 176) ... ok
[INFO] [stdout] test src/record/data/field/value.rs - record::data::field::value::Value::is_float (line 214) ... ok
[INFO] [stdout] test src/record/data/field/value.rs - record::data::field::value::Value::is_hex (line 274) ... ok
[INFO] [stdout] test src/record/flags.rs - record::flags::Flags::is_mate_reverse_complemented (line 104) ... ok
[INFO] [stdout] test src/record/data/field/value/array.rs - record::data::field::value::array::Array::subtype (line 33) ... ok
[INFO] [stdout] test src/record/data/field/value.rs - record::data::field::value::Value::is_array (line 305) ... ok
[INFO] [stdout] test src/record/flags.rs - record::flags::Flags::is_properly_aligned (line 53) ... ok
[INFO] [stdout] test src/record/data/field/value.rs - record::data::field::value::Value::ty (line 67) ... ok
[INFO] [stdout] test src/record/flags.rs - record::flags::Flags::is_mate_unmapped (line 79) ... ok
[INFO] [stdout] test src/record/flags.rs - record::flags::Flags::is_secondary (line 143) ... ok
[INFO] [stdout] test src/record/flags.rs - record::flags::Flags::is_first_segment (line 117) ... ok
[INFO] [stdout] test src/record/flags.rs - record::flags::Flags::is_segmented (line 40) ... ok
[INFO] [stdout] test src/record/flags.rs - record::flags::Flags::is_qc_fail (line 156) ... ok
[INFO] [stdout] test src/record/mapping_quality.rs - record::mapping_quality::MappingQuality::new (line 27) ... ok
[INFO] [stdout] test src/record/flags.rs - record::flags::Flags::is_reverse_complemented (line 91) ... ok
[INFO] [stdout] test src/record/flags.rs - record::flags::Flags::is_supplementary (line 183) ... ok
[INFO] [stdout] test src/record/flags.rs - record::flags::Flags::is_duplicate (line 170) ... ok
[INFO] [stdout] test src/record/mapping_quality.rs - record::mapping_quality::MappingQuality::get (line 44) ... ok
[INFO] [stdout] test src/record/quality_scores.rs - record::quality_scores::QualityScores::clear (line 52) ... ok
[INFO] [stdout] test src/record/quality_scores.rs - record::quality_scores::QualityScores::get (line 70) ... ok
[INFO] [stdout] test src/record/flags.rs - record::flags::Flags::is_unmapped (line 66) ... ok
[INFO] [stdout] test src/record/quality_scores.rs - record::quality_scores::QualityScores::is_empty (line 37) ... ok
[INFO] [stdout] test src/record/read_name.rs - record::read_name::ReadName::try_new (line 26) ... ok
[INFO] [stdout] test src/record/quality_scores.rs - record::quality_scores::QualityScores::len (line 24) ... ok
[INFO] [stdout] test src/record/sequence.rs - record::sequence::Sequence::get_mut (line 93) ... ok
[INFO] [stdout] test src/record/quality_scores.rs - record::quality_scores::QualityScores::push (line 119) ... ok
[INFO] [stdout] test src/record/quality_scores.rs - record::quality_scores::QualityScores::get_mut (line 94) ... ok
[INFO] [stdout] test src/record/quality_scores/score.rs - record::quality_scores::score::Score::get (line 33) ... ok
[INFO] [stdout] test src/writer.rs - writer::Writer<W>::new (line 54) ... ok
[INFO] [stdout] test src/record/sequence.rs - record::sequence::Sequence::len (line 24) ... ok
[INFO] [stdout] test src/writer.rs - writer::Writer<W>::get_ref (line 66) ... ok
[INFO] [stdout] test src/record/read_name.rs - record::read_name::ReadName::len (line 42) ... ok
[INFO] [stdout] test src/writer.rs - writer::Writer<W>::get_mut (line 79) ... ok
[INFO] [stdout] test src/record/sequence.rs - record::sequence::Sequence::clear (line 52) ... ok
[INFO] [stdout] test src/writer.rs - writer::Writer<W>::into_inner (line 92) ... ok
[INFO] [stdout] test src/record/sequence.rs - record::sequence::Sequence::is_empty (line 37) ... ok
[INFO] [stdout] test src/record/sequence.rs - record::sequence::Sequence::get (line 69) ... ok
[INFO] [stdout] test src/record/template_length.rs - record::template_length::TemplateLength::right (line 45) ... ok
[INFO] [stdout] test src/record/template_length.rs - record::template_length::TemplateLength::left (line 23) ... ok
[INFO] [stdout] test src/writer.rs - writer::Writer<W>::write_header (line 108) ... ok
[INFO] [stdout] test src/record/sequence.rs - record::sequence::Sequence::push (line 118) ... ok
[INFO] [stdout] test src/writer.rs - writer::Writer (line 20) ... ok
[INFO] [stdout] test src/writer.rs - writer::Writer<W>::write_record (line 125) ... ok
[INFO] [stdout] 
[INFO] [stdout] failures:
[INFO] [stdout] 
[INFO] [stdout] ---- src/alignment/record.rs - alignment::record::Record::data_mut (line 389) stdout ----
[INFO] [stdout] error: linking with `cc` failed: exit status: 1
[INFO] [stdout]   |
[INFO] [stdout]   = note: LC_ALL="C" PATH="/opt/rustwide/rustup-home/toolchains/1.69.0-x86_64-unknown-linux-gnu/lib/rustlib/x86_64-unknown-linux-gnu/bin:/opt/rustwide/cargo-home/bin:/usr/local/sbin:/usr/local/bin:/usr/sbin:/usr/bin:/sbin:/bin" VSLANG="1033" "cc" "-m64" "/tmp/rustcYiVTtw/symbols.o" "/tmp/rustdoctestpdvePA/rust_out.rust_out.5bfee551-cgu.0.rcgu.o" "/tmp/rustdoctestpdvePA/rust_out.j00p4ncf7xg64kg.rcgu.o" "-Wl,--as-needed" "-L" "/opt/rustwide/target/debug/deps" "-L" "/opt/rustwide/target/debug/deps" "-L" "/opt/rustwide/rustup-home/toolchains/1.69.0-x86_64-unknown-linux-gnu/lib/rustlib/x86_64-unknown-linux-gnu/lib" "-Wl,-Bstatic" "/opt/rustwide/target/debug/deps/libnoodles_sam-077d0dee6b14c382.rlib" "/opt/rustwide/target/debug/deps/libbitflags-372beabd903b8765.rlib" "/opt/rustwide/target/debug/deps/liblexical_core-e1871fd973e6f91a.rlib" "/opt/rustwide/target/debug/deps/liblexical_write_float-e1074ba07bdd844c.rlib" "/opt/rustwide/target/debug/deps/liblexical_write_integer-75ef34441d20c001.rlib" "/opt/rustwide/target/debug/deps/liblexical_parse_float-edf7ec20503187d1.rlib" "/opt/rustwide/target/debug/deps/liblexical_parse_integer-e8646f07ce867471.rlib" "/opt/rustwide/target/debug/deps/liblexical_util-c4db928524378770.rlib" "/opt/rustwide/target/debug/deps/libstatic_assertions-9a9c2cb46fa7a0a6.rlib" "/opt/rustwide/target/debug/deps/libnoodles_csi-40af2c734f07e194.rlib" "/opt/rustwide/target/debug/deps/libbit_vec-dba5a0279473a6d4.rlib" "/opt/rustwide/target/debug/deps/libindexmap-f2e40c318b301ec7.rlib" "/opt/rustwide/target/debug/deps/libhashbrown-f669da50cece7aa5.rlib" "/opt/rustwide/target/debug/deps/libnoodles_fasta-f1aa7d4d07161094.rlib" "/opt/rustwide/target/debug/deps/libmemchr-b18e4aa3c7a38625.rlib" "/opt/rustwide/target/debug/deps/libnoodles_bgzf-7e178b14f4032612.rlib" "/opt/rustwide/target/debug/deps/libflate2-bb81b87a2c50ac16.rlib" "/opt/rustwide/target/debug/deps/libminiz_oxide-251e21b282f8b55b.rlib" "/opt/rustwide/target/debug/deps/libadler-478247d24f5486f3.rlib" "/opt/rustwide/target/debug/deps/libcrc32fast-104e9b895f0c2d44.rlib" "/opt/rustwide/target/debug/deps/libcrossbeam_channel-3d1dad6b2774d1d7.rlib" "/opt/rustwide/target/debug/deps/libcrossbeam_utils-f14c2b72311f46b8.rlib" "/opt/rustwide/target/debug/deps/libcfg_if-e5e118dd7d121aaa.rlib" "/opt/rustwide/target/debug/deps/libbytes-e760d6ac9a2f6963.rlib" "/opt/rustwide/target/debug/deps/libbyteorder-50c19e9bd62c942c.rlib" "/opt/rustwide/target/debug/deps/libnoodles_core-4901af988d8bb41e.rlib" "/opt/rustwide/rustup-home/toolchains/1.69.0-x86_64-unknown-linux-gnu/lib/rustlib/x86_64-unknown-linux-gnu/lib/libstd-89bc084783fdc439.rlib" "/opt/rustwide/rustup-home/toolchains/1.69.0-x86_64-unknown-linux-gnu/lib/rustlib/x86_64-unknown-linux-gnu/lib/libpanic_unwind-8bee4b287d4367c1.rlib" "/opt/rustwide/rustup-home/toolchains/1.69.0-x86_64-unknown-linux-gnu/lib/rustlib/x86_64-unknown-linux-gnu/lib/libobject-d61707aed80694c0.rlib" "/opt/rustwide/rustup-home/toolchains/1.69.0-x86_64-unknown-linux-gnu/lib/rustlib/x86_64-unknown-linux-gnu/lib/libmemchr-d85366256f22345b.rlib" "/opt/rustwide/rustup-home/toolchains/1.69.0-x86_64-unknown-linux-gnu/lib/rustlib/x86_64-unknown-linux-gnu/lib/libaddr2line-96069b86b8a8cae9.rlib" "/opt/rustwide/rustup-home/toolchains/1.69.0-x86_64-unknown-linux-gnu/lib/rustlib/x86_64-unknown-linux-gnu/lib/libgimli-d19d53abf68dfa6c.rlib" "/opt/rustwide/rustup-home/toolchains/1.69.0-x86_64-unknown-linux-gnu/lib/rustlib/x86_64-unknown-linux-gnu/lib/librustc_demangle-787cbccd19d64ac6.rlib" "/opt/rustwide/rustup-home/toolchains/1.69.0-x86_64-unknown-linux-gnu/lib/rustlib/x86_64-unknown-linux-gnu/lib/libstd_detect-b3837a36b830e0d0.rlib" "/opt/rustwide/rustup-home/toolchains/1.69.0-x86_64-unknown-linux-gnu/lib/rustlib/x86_64-unknown-linux-gnu/lib/libhashbrown-e3deb0e7e3f04966.rlib" "/opt/rustwide/rustup-home/toolchains/1.69.0-x86_64-unknown-linux-gnu/lib/rustlib/x86_64-unknown-linux-gnu/lib/libminiz_oxide-dabbb79c9815def4.rlib" "/opt/rustwide/rustup-home/toolchains/1.69.0-x86_64-unknown-linux-gnu/lib/rustlib/x86_64-unknown-linux-gnu/lib/libadler-305b01f34c9409f2.rlib" "/opt/rustwide/rustup-home/toolchains/1.69.0-x86_64-unknown-linux-gnu/lib/rustlib/x86_64-unknown-linux-gnu/lib/librustc_std_workspace_alloc-f833521df6074e73.rlib" "/opt/rustwide/rustup-home/toolchains/1.69.0-x86_64-unknown-linux-gnu/lib/rustlib/x86_64-unknown-linux-gnu/lib/libunwind-9ac333113350d171.rlib" "/opt/rustwide/rustup-home/toolchains/1.69.0-x86_64-unknown-linux-gnu/lib/rustlib/x86_64-unknown-linux-gnu/lib/libcfg_if-1c126114322d0eee.rlib" "/opt/rustwide/rustup-home/toolchains/1.69.0-x86_64-unknown-linux-gnu/lib/rustlib/x86_64-unknown-linux-gnu/lib/liblibc-bad9164fdeeecf92.rlib" "/opt/rustwide/rustup-home/toolchains/1.69.0-x86_64-unknown-linux-gnu/lib/rustlib/x86_64-unknown-linux-gnu/lib/liballoc-f9374b1e480fa681.rlib" "/opt/rustwide/rustup-home/toolchains/1.69.0-x86_64-unknown-linux-gnu/lib/rustlib/x86_64-unknown-linux-gnu/lib/librustc_std_workspace_core-207f06e41d9603af.rlib" "/opt/rustwide/rustup-home/toolchains/1.69.0-x86_64-unknown-linux-gnu/lib/rustlib/x86_64-unknown-linux-gnu/lib/libcore-7e2768e66e984e85.rlib" "/opt/rustwide/rustup-home/toolchains/1.69.0-x86_64-unknown-linux-gnu/lib/rustlib/x86_64-unknown-linux-gnu/lib/libcompiler_builtins-957b4aff41f8cd46.rlib" "-Wl,-Bdynamic" "-lgcc_s" "-lutil" "-lrt" "-lpthread" "-lm" "-ldl" "-lc" "-Wl,--eh-frame-hdr" "-Wl,-z,noexecstack" "-L" "/opt/rustwide/rustup-home/toolchains/1.69.0-x86_64-unknown-linux-gnu/lib/rustlib/x86_64-unknown-linux-gnu/lib" "-o" "/tmp/rustdoctestpdvePA/rust_out" "-Wl,--gc-sections" "-pie" "-Wl,-z,relro,-z,now" "-nodefaultlibs"
[INFO] [stdout]   = note: collect2: fatal error: ld terminated with signal 9 [Killed]
[INFO] [stdout]           compilation terminated.
[INFO] [stdout]           
[INFO] [stdout] 
[INFO] [stdout] error: aborting due to previous error
[INFO] [stdout] 
[INFO] [stdout] Couldn't compile the test.
[INFO] [stdout] 
[INFO] [stdout] failures:
[INFO] [stdout]     src/alignment/record.rs - alignment::record::Record::data_mut (line 389)
[INFO] [stdout] 
[INFO] [stdout] test result: FAILED. 240 passed; 1 failed; 0 ignored; 0 measured; 0 filtered out; finished in 32.88s
[INFO] [stdout] 
[INFO] [stderr] error: doctest failed, to rerun pass `--doc`
[INFO] running `Command { std: "docker" "inspect" "47e3b83c7a47fed3651a861777ba3ab5d33fb169f2634b024261014a17a4947e", kill_on_drop: false }`
[INFO] running `Command { std: "docker" "rm" "-f" "47e3b83c7a47fed3651a861777ba3ab5d33fb169f2634b024261014a17a4947e", kill_on_drop: false }`
[INFO] [stdout] 47e3b83c7a47fed3651a861777ba3ab5d33fb169f2634b024261014a17a4947e
