[INFO] fetching crate nom 6.2.2...
[INFO] testing nom-6.2.2 against beta-2023-04-20 for beta-1.70-1
[INFO] extracting crate nom 6.2.2 into /workspace/builds/worker-6-tc2/source
[INFO] validating manifest of crates.io crate nom 6.2.2 on toolchain beta-2023-04-20
[INFO] running `Command { std: CARGO_HOME="/workspace/cargo-home" RUSTUP_HOME="/workspace/rustup-home" "/workspace/cargo-home/bin/cargo" "+beta-2023-04-20" "metadata" "--manifest-path" "Cargo.toml" "--no-deps", kill_on_drop: false }`
[INFO] started tweaking crates.io crate nom 6.2.2
[INFO] removed 3 missing examples
[INFO] removed 0 missing tests
[INFO] finished tweaking crates.io crate nom 6.2.2
[INFO] tweaked toml for crates.io crate nom 6.2.2 written to /workspace/builds/worker-6-tc2/source/Cargo.toml
[INFO] crate crates.io crate nom 6.2.2 already has a lockfile, it will not be regenerated
[INFO] running `Command { std: CARGO_HOME="/workspace/cargo-home" RUSTUP_HOME="/workspace/rustup-home" "/workspace/cargo-home/bin/cargo" "+beta-2023-04-20" "fetch" "--manifest-path" "Cargo.toml", kill_on_drop: false }`
[INFO] [stderr]  Downloading crates ...
[INFO] [stderr]   Downloaded bstr v0.2.15
[INFO] running `Command { std: "docker" "create" "-v" "/var/lib/crater-agent-workspace/builds/worker-6-tc2/target:/opt/rustwide/target:rw,Z" "-v" "/var/lib/crater-agent-workspace/builds/worker-6-tc2/source:/opt/rustwide/workdir:ro,Z" "-v" "/var/lib/crater-agent-workspace/cargo-home:/opt/rustwide/cargo-home:ro,Z" "-v" "/var/lib/crater-agent-workspace/rustup-home:/opt/rustwide/rustup-home:ro,Z" "-e" "SOURCE_DIR=/opt/rustwide/workdir" "-e" "CARGO_TARGET_DIR=/opt/rustwide/target" "-e" "CARGO_HOME=/opt/rustwide/cargo-home" "-e" "RUSTUP_HOME=/opt/rustwide/rustup-home" "-w" "/opt/rustwide/workdir" "-m" "1610612736" "--user" "0:0" "--network" "none" "ghcr.io/rust-lang/crates-build-env/linux@sha256:5ff2268d62e97bff2cde7d5815dd6ed5b47097566f13b8d0ca110b04b60e07ed" "/opt/rustwide/cargo-home/bin/cargo" "+beta-2023-04-20" "metadata" "--no-deps" "--format-version=1", kill_on_drop: false }`
[INFO] [stdout] b8f529e03c3e19ea2685665695d11ebeaccbc77f1197aa40d661eb9f0e634774
[INFO] running `Command { std: "docker" "start" "-a" "b8f529e03c3e19ea2685665695d11ebeaccbc77f1197aa40d661eb9f0e634774", kill_on_drop: false }`
[INFO] running `Command { std: "docker" "inspect" "b8f529e03c3e19ea2685665695d11ebeaccbc77f1197aa40d661eb9f0e634774", kill_on_drop: false }`
[INFO] running `Command { std: "docker" "rm" "-f" "b8f529e03c3e19ea2685665695d11ebeaccbc77f1197aa40d661eb9f0e634774", kill_on_drop: false }`
[INFO] [stdout] b8f529e03c3e19ea2685665695d11ebeaccbc77f1197aa40d661eb9f0e634774
[INFO] running `Command { std: "docker" "create" "-v" "/var/lib/crater-agent-workspace/builds/worker-6-tc2/target:/opt/rustwide/target:rw,Z" "-v" "/var/lib/crater-agent-workspace/builds/worker-6-tc2/source:/opt/rustwide/workdir:ro,Z" "-v" "/var/lib/crater-agent-workspace/cargo-home:/opt/rustwide/cargo-home:ro,Z" "-v" "/var/lib/crater-agent-workspace/rustup-home:/opt/rustwide/rustup-home:ro,Z" "-e" "SOURCE_DIR=/opt/rustwide/workdir" "-e" "CARGO_TARGET_DIR=/opt/rustwide/target" "-e" "CARGO_INCREMENTAL=0" "-e" "RUST_BACKTRACE=full" "-e" "RUSTFLAGS=--cap-lints=warn" "-e" "RUSTDOCFLAGS=--cap-lints=warn" "-e" "CARGO_HOME=/opt/rustwide/cargo-home" "-e" "RUSTUP_HOME=/opt/rustwide/rustup-home" "-w" "/opt/rustwide/workdir" "-m" "1610612736" "--user" "0:0" "--network" "none" "ghcr.io/rust-lang/crates-build-env/linux@sha256:5ff2268d62e97bff2cde7d5815dd6ed5b47097566f13b8d0ca110b04b60e07ed" "/opt/rustwide/cargo-home/bin/cargo" "+beta-2023-04-20" "build" "--frozen" "--message-format=json", kill_on_drop: false }`
[INFO] [stdout] 5202f5a69234d7e4502540fdf4b3e491a453d293e0080d75ddaeda3f9bea9390
[INFO] running `Command { std: "docker" "start" "-a" "5202f5a69234d7e4502540fdf4b3e491a453d293e0080d75ddaeda3f9bea9390", kill_on_drop: false }`
[INFO] [stderr]    Compiling radium v0.5.3
[INFO] [stderr]    Compiling lexical-core v0.7.6
[INFO] [stderr]    Compiling memchr v2.3.4
[INFO] [stderr]    Compiling version_check v0.9.4
[INFO] [stderr]    Compiling static_assertions v1.1.0
[INFO] [stderr]    Compiling ryu v1.0.12
[INFO] [stderr]    Compiling funty v1.1.0
[INFO] [stderr]    Compiling tap v1.0.1
[INFO] [stderr]    Compiling bitflags v1.3.2
[INFO] [stderr]    Compiling wyz v0.2.0
[INFO] [stderr]    Compiling arrayvec v0.5.2
[INFO] [stderr]    Compiling nom v6.2.2 (/opt/rustwide/workdir)
[INFO] [stderr]    Compiling bitvec v0.19.6
[INFO] [stderr]     Finished dev [unoptimized + debuginfo] target(s) in 5.98s
[INFO] running `Command { std: "docker" "inspect" "5202f5a69234d7e4502540fdf4b3e491a453d293e0080d75ddaeda3f9bea9390", kill_on_drop: false }`
[INFO] running `Command { std: "docker" "rm" "-f" "5202f5a69234d7e4502540fdf4b3e491a453d293e0080d75ddaeda3f9bea9390", kill_on_drop: false }`
[INFO] [stdout] 5202f5a69234d7e4502540fdf4b3e491a453d293e0080d75ddaeda3f9bea9390
[INFO] running `Command { std: "docker" "create" "-v" "/var/lib/crater-agent-workspace/builds/worker-6-tc2/target:/opt/rustwide/target:rw,Z" "-v" "/var/lib/crater-agent-workspace/builds/worker-6-tc2/source:/opt/rustwide/workdir:ro,Z" "-v" "/var/lib/crater-agent-workspace/cargo-home:/opt/rustwide/cargo-home:ro,Z" "-v" "/var/lib/crater-agent-workspace/rustup-home:/opt/rustwide/rustup-home:ro,Z" "-e" "SOURCE_DIR=/opt/rustwide/workdir" "-e" "CARGO_TARGET_DIR=/opt/rustwide/target" "-e" "CARGO_INCREMENTAL=0" "-e" "RUST_BACKTRACE=full" "-e" "RUSTFLAGS=--cap-lints=warn" "-e" "RUSTDOCFLAGS=--cap-lints=warn" "-e" "CARGO_HOME=/opt/rustwide/cargo-home" "-e" "RUSTUP_HOME=/opt/rustwide/rustup-home" "-w" "/opt/rustwide/workdir" "-m" "1610612736" "--user" "0:0" "--network" "none" "ghcr.io/rust-lang/crates-build-env/linux@sha256:5ff2268d62e97bff2cde7d5815dd6ed5b47097566f13b8d0ca110b04b60e07ed" "/opt/rustwide/cargo-home/bin/cargo" "+beta-2023-04-20" "test" "--frozen" "--no-run" "--message-format=json", kill_on_drop: false }`
[INFO] [stdout] 846216f8b961d50b188d5f9c813d48984d35e39cd21e5febff58be6281d917ea
[INFO] running `Command { std: "docker" "start" "-a" "846216f8b961d50b188d5f9c813d48984d35e39cd21e5febff58be6281d917ea", kill_on_drop: false }`
[INFO] [stderr]    Compiling autocfg v1.1.0
[INFO] [stderr]    Compiling libc v0.2.139
[INFO] [stderr]    Compiling crossbeam-utils v0.8.14
[INFO] [stderr]    Compiling serde v1.0.152
[INFO] [stderr]    Compiling proc-macro2 v1.0.51
[INFO] [stderr]    Compiling unicode-ident v1.0.6
[INFO] [stderr]    Compiling quote v1.0.23
[INFO] [stderr]    Compiling scopeguard v1.1.0
[INFO] [stderr]    Compiling syn v1.0.107
[INFO] [stderr]    Compiling cc v1.0.79
[INFO] [stderr]    Compiling rayon-core v1.10.2
[INFO] [stderr]    Compiling serde_json v1.0.93
[INFO] [stderr]    Compiling either v1.8.1
[INFO] [stderr]    Compiling fs_extra v1.3.0
[INFO] [stderr]    Compiling itoa v1.0.5
[INFO] [stderr]    Compiling plotters-backend v0.3.4
[INFO] [stderr]    Compiling regex-automata v0.1.10
[INFO] [stderr]    Compiling unicode-width v0.1.10
[INFO] [stderr]    Compiling serde_derive v1.0.152
[INFO] [stderr]    Compiling itertools v0.10.5
[INFO] [stderr]    Compiling csv-core v0.1.10
[INFO] [stderr]    Compiling textwrap v0.11.0
[INFO] [stderr]    Compiling plotters-svg v0.3.3
[INFO] [stderr]    Compiling cast v0.3.0
[INFO] [stderr]    Compiling itoa v0.4.8
[INFO] [stderr]    Compiling memoffset v0.7.1
[INFO] [stderr]    Compiling crossbeam-epoch v0.9.13
[INFO] [stderr]    Compiling num-traits v0.2.15
[INFO] [stderr]    Compiling same-file v1.0.6
[INFO] [stderr]    Compiling regex-syntax v0.6.28
[INFO] [stderr]    Compiling doc-comment v0.3.3
[INFO] [stderr]    Compiling half v1.8.2
[INFO] [stderr]    Compiling clap v2.34.0
[INFO] [stderr]    Compiling walkdir v2.3.2
[INFO] [stderr]    Compiling oorandom v11.1.3
[INFO] [stderr]    Compiling crossbeam-channel v0.5.6
[INFO] [stderr]    Compiling num_cpus v1.15.0
[INFO] [stderr]    Compiling atty v0.2.14
[INFO] [stderr]    Compiling jemalloc-sys v0.3.2
[INFO] [stderr]    Compiling crossbeam-deque v0.8.2
[INFO] [stderr]    Compiling regex v1.4.6
[INFO] [stderr]    Compiling criterion-plot v0.4.5
[INFO] [stderr]    Compiling rayon v1.6.1
[INFO] [stderr]    Compiling plotters v0.3.4
[INFO] [stderr]    Compiling bstr v0.2.15
[INFO] [stderr]    Compiling serde_cbor v0.11.2
[INFO] [stderr]    Compiling csv v1.1.6
[INFO] [stderr]    Compiling tinytemplate v1.2.1
[INFO] [stderr]    Compiling criterion v0.3.6
[INFO] [stderr]    Compiling jemallocator v0.3.2
[INFO] [stderr]    Compiling nom v6.2.2 (/opt/rustwide/workdir)
[INFO] [stdout] warning: unused attribute `allow`
[INFO] [stdout]   --> tests/mp4.rs:96:1
[INFO] [stdout]    |
[INFO] [stdout] 96 | #[allow(non_snake_case)]
[INFO] [stdout]    | ^^^^^^^^^^^^^^^^^^^^^^^^
[INFO] [stdout]    |
[INFO] [stdout] note: the built-in attribute `allow` will be ignored, since it's applied to the macro invocation `named`
[INFO] [stdout]   --> tests/mp4.rs:97:1
[INFO] [stdout]    |
[INFO] [stdout] 97 | named!(mvhd32 <&[u8], MvhdBox>,
[INFO] [stdout]    | ^^^^^
[INFO] [stdout]    = note: `#[warn(unused_attributes)]` on by default
[INFO] [stdout] 
[INFO] [stdout] 
[INFO] [stdout] warning: unused attribute `allow`
[INFO] [stdout]    --> tests/mp4.rs:148:1
[INFO] [stdout]     |
[INFO] [stdout] 148 | #[allow(non_snake_case)]
[INFO] [stdout]     | ^^^^^^^^^^^^^^^^^^^^^^^^
[INFO] [stdout]     |
[INFO] [stdout] note: the built-in attribute `allow` will be ignored, since it's applied to the macro invocation `named`
[INFO] [stdout]    --> tests/mp4.rs:149:1
[INFO] [stdout]     |
[INFO] [stdout] 149 | named!(mvhd64 <&[u8], MvhdBox>,
[INFO] [stdout]     | ^^^^^
[INFO] [stdout] 
[INFO] [stdout] 
[INFO] [stdout] warning: unused attribute `allow`
[INFO] [stdout]   --> tests/issues.rs:31:1
[INFO] [stdout]    |
[INFO] [stdout] 31 | #[allow(dead_code)]
[INFO] [stdout]    | ^^^^^^^^^^^^^^^^^^^
[INFO] [stdout]    |
[INFO] [stdout] note: the built-in attribute `allow` will be ignored, since it's applied to the macro invocation `named`
[INFO] [stdout]   --> tests/issues.rs:32:1
[INFO] [stdout]    |
[INFO] [stdout] 32 | named!(range<&[u8], Range>,
[INFO] [stdout]    | ^^^^^
[INFO] [stdout]    = note: `#[warn(unused_attributes)]` on by default
[INFO] [stdout] 
[INFO] [stdout] 
[INFO] [stdout] warning: unused attribute `allow`
[INFO] [stdout]   --> tests/issues.rs:55:1
[INFO] [stdout]    |
[INFO] [stdout] 55 | #[allow(dead_code)]
[INFO] [stdout]    | ^^^^^^^^^^^^^^^^^^^
[INFO] [stdout]    |
[INFO] [stdout] note: the built-in attribute `allow` will be ignored, since it's applied to the macro invocation `named`
[INFO] [stdout]   --> tests/issues.rs:56:1
[INFO] [stdout]    |
[INFO] [stdout] 56 | named!(literal<&[u8], Vec<char> >,
[INFO] [stdout]    | ^^^^^
[INFO] [stdout] 
[INFO] [stdout] 
[INFO] [stdout] warning: 2 warnings emitted
[INFO] [stdout] 
[INFO] [stdout] 
[INFO] [stdout] warning: trailing semicolon in macro used in expression position
[INFO] [stdout]    --> src/branch/macros.rs:181:43
[INFO] [stdout]     |
[INFO] [stdout] 181 |     alt!(__impl $i, call!($e) | $($rest)*);
[INFO] [stdout]     |                                           ^
[INFO] [stdout] ...
[INFO] [stdout] 836 |       alt!(i, dont_work | dont_work)
[INFO] [stdout]     |       ------------------------------ in this macro invocation
[INFO] [stdout]     |
[INFO] [stdout]     = warning: this was previously accepted by the compiler but is being phased out; it will become a hard error in a future release!
[INFO] [stdout]     = note: for more information, see issue #79813 <https://github.com/rust-lang/rust/issues/79813>
[INFO] [stdout]     = note: macro invocations at the end of a block are treated as expressions
[INFO] [stdout]     = note: to ignore the value produced by the macro, add a semicolon after the invocation of `alt`
[INFO] [stdout]     = note: `#[warn(semicolon_in_expressions_from_macros)]` on by default
[INFO] [stdout]     = note: this warning originates in the macro `alt` (in Nightly builds, run with -Z macro-backtrace for more info)
[INFO] [stdout] 
[INFO] [stdout] 
[INFO] [stdout] warning: trailing semicolon in macro used in expression position
[INFO] [stdout]    --> src/branch/macros.rs:181:43
[INFO] [stdout]     |
[INFO] [stdout] 181 |     alt!(__impl $i, call!($e) | $($rest)*);
[INFO] [stdout]     |                                           ^
[INFO] [stdout] ...
[INFO] [stdout] 836 |       alt!(i, dont_work | dont_work)
[INFO] [stdout]     |       ------------------------------ in this macro invocation
[INFO] [stdout]     |
[INFO] [stdout]     = warning: this was previously accepted by the compiler but is being phased out; it will become a hard error in a future release!
[INFO] [stdout]     = note: for more information, see issue #79813 <https://github.com/rust-lang/rust/issues/79813>
[INFO] [stdout]     = note: macro invocations at the end of a block are treated as expressions
[INFO] [stdout]     = note: to ignore the value produced by the macro, add a semicolon after the invocation of `alt`
[INFO] [stdout]     = note: this warning originates in the macro `alt` (in Nightly builds, run with -Z macro-backtrace for more info)
[INFO] [stdout] 
[INFO] [stdout] 
[INFO] [stdout] warning: trailing semicolon in macro used in expression position
[INFO] [stdout]    --> src/branch/macros.rs:181:43
[INFO] [stdout]     |
[INFO] [stdout] 181 |     alt!(__impl $i, call!($e) | $($rest)*);
[INFO] [stdout]     |                                           ^
[INFO] [stdout] ...
[INFO] [stdout] 839 |       alt!(i, dont_work | work)
[INFO] [stdout]     |       ------------------------- in this macro invocation
[INFO] [stdout]     |
[INFO] [stdout]     = warning: this was previously accepted by the compiler but is being phased out; it will become a hard error in a future release!
[INFO] [stdout]     = note: for more information, see issue #79813 <https://github.com/rust-lang/rust/issues/79813>
[INFO] [stdout]     = note: macro invocations at the end of a block are treated as expressions
[INFO] [stdout]     = note: to ignore the value produced by the macro, add a semicolon after the invocation of `alt`
[INFO] [stdout]     = note: this warning originates in the macro `alt` (in Nightly builds, run with -Z macro-backtrace for more info)
[INFO] [stdout] 
[INFO] [stdout] 
[INFO] [stdout] warning: trailing semicolon in macro used in expression position
[INFO] [stdout]    --> src/branch/macros.rs:181:43
[INFO] [stdout]     |
[INFO] [stdout] 181 |     alt!(__impl $i, call!($e) | $($rest)*);
[INFO] [stdout]     |                                           ^
[INFO] [stdout] ...
[INFO] [stdout] 839 |       alt!(i, dont_work | work)
[INFO] [stdout]     |       ------------------------- in this macro invocation
[INFO] [stdout]     |
[INFO] [stdout]     = warning: this was previously accepted by the compiler but is being phased out; it will become a hard error in a future release!
[INFO] [stdout]     = note: for more information, see issue #79813 <https://github.com/rust-lang/rust/issues/79813>
[INFO] [stdout]     = note: macro invocations at the end of a block are treated as expressions
[INFO] [stdout]     = note: to ignore the value produced by the macro, add a semicolon after the invocation of `alt`
[INFO] [stdout]     = note: this warning originates in the macro `alt` (in Nightly builds, run with -Z macro-backtrace for more info)
[INFO] [stdout] 
[INFO] [stdout] 
[INFO] [stdout] warning: trailing semicolon in macro used in expression position
[INFO] [stdout]    --> src/branch/macros.rs:181:43
[INFO] [stdout]     |
[INFO] [stdout] 181 |     alt!(__impl $i, call!($e) | $($rest)*);
[INFO] [stdout]     |                                           ^
[INFO] [stdout] ...
[INFO] [stdout] 842 |       alt!(i, dont_work | dont_work | work2 | dont_work)
[INFO] [stdout]     |       -------------------------------------------------- in this macro invocation
[INFO] [stdout]     |
[INFO] [stdout]     = warning: this was previously accepted by the compiler but is being phased out; it will become a hard error in a future release!
[INFO] [stdout]     = note: for more information, see issue #79813 <https://github.com/rust-lang/rust/issues/79813>
[INFO] [stdout]     = note: macro invocations at the end of a block are treated as expressions
[INFO] [stdout]     = note: to ignore the value produced by the macro, add a semicolon after the invocation of `alt`
[INFO] [stdout]     = note: this warning originates in the macro `alt` (in Nightly builds, run with -Z macro-backtrace for more info)
[INFO] [stdout] 
[INFO] [stdout] 
[INFO] [stdout] warning: trailing semicolon in macro used in expression position
[INFO] [stdout]    --> src/branch/macros.rs:181:43
[INFO] [stdout]     |
[INFO] [stdout] 181 |     alt!(__impl $i, call!($e) | $($rest)*);
[INFO] [stdout]     |                                           ^
[INFO] [stdout] ...
[INFO] [stdout] 842 |       alt!(i, dont_work | dont_work | work2 | dont_work)
[INFO] [stdout]     |       -------------------------------------------------- in this macro invocation
[INFO] [stdout]     |
[INFO] [stdout]     = warning: this was previously accepted by the compiler but is being phased out; it will become a hard error in a future release!
[INFO] [stdout]     = note: for more information, see issue #79813 <https://github.com/rust-lang/rust/issues/79813>
[INFO] [stdout]     = note: macro invocations at the end of a block are treated as expressions
[INFO] [stdout]     = note: to ignore the value produced by the macro, add a semicolon after the invocation of `alt`
[INFO] [stdout]     = note: this warning originates in the macro `alt` (in Nightly builds, run with -Z macro-backtrace for more info)
[INFO] [stdout] 
[INFO] [stdout] 
[INFO] [stdout] warning: trailing semicolon in macro used in expression position
[INFO] [stdout]    --> src/branch/macros.rs:181:43
[INFO] [stdout]     |
[INFO] [stdout] 181 |     alt!(__impl $i, call!($e) | $($rest)*);
[INFO] [stdout]     |                                           ^
[INFO] [stdout] ...
[INFO] [stdout] 842 |       alt!(i, dont_work | dont_work | work2 | dont_work)
[INFO] [stdout]     |       -------------------------------------------------- in this macro invocation
[INFO] [stdout]     |
[INFO] [stdout]     = warning: this was previously accepted by the compiler but is being phased out; it will become a hard error in a future release!
[INFO] [stdout]     = note: for more information, see issue #79813 <https://github.com/rust-lang/rust/issues/79813>
[INFO] [stdout]     = note: macro invocations at the end of a block are treated as expressions
[INFO] [stdout]     = note: to ignore the value produced by the macro, add a semicolon after the invocation of `alt`
[INFO] [stdout]     = note: this warning originates in the macro `alt` (in Nightly builds, run with -Z macro-backtrace for more info)
[INFO] [stdout] 
[INFO] [stdout] 
[INFO] [stdout] warning: trailing semicolon in macro used in expression position
[INFO] [stdout]    --> src/branch/macros.rs:181:43
[INFO] [stdout]     |
[INFO] [stdout] 181 |     alt!(__impl $i, call!($e) | $($rest)*);
[INFO] [stdout]     |                                           ^
[INFO] [stdout] ...
[INFO] [stdout] 842 |       alt!(i, dont_work | dont_work | work2 | dont_work)
[INFO] [stdout]     |       -------------------------------------------------- in this macro invocation
[INFO] [stdout]     |
[INFO] [stdout]     = warning: this was previously accepted by the compiler but is being phased out; it will become a hard error in a future release!
[INFO] [stdout]     = note: for more information, see issue #79813 <https://github.com/rust-lang/rust/issues/79813>
[INFO] [stdout]     = note: macro invocations at the end of a block are treated as expressions
[INFO] [stdout]     = note: to ignore the value produced by the macro, add a semicolon after the invocation of `alt`
[INFO] [stdout]     = note: this warning originates in the macro `alt` (in Nightly builds, run with -Z macro-backtrace for more info)
[INFO] [stdout] 
[INFO] [stdout] 
[INFO] [stdout] warning: trailing semicolon in macro used in expression position
[INFO] [stdout]    --> src/combinator/macros.rs:506:45
[INFO] [stdout]     |
[INFO] [stdout] 506 |       map!(__impl $i, $submac!($($args)*), $g);
[INFO] [stdout]     |                                               ^
[INFO] [stdout]     |
[INFO] [stdout]    ::: src/branch/macros.rs:893:5
[INFO] [stdout]     |
[INFO] [stdout] 893 | /     named!(
[INFO] [stdout] 894 | |       sw,
[INFO] [stdout] 895 | |       switch!(take!(4),
[INFO] [stdout] 896 | |         b"abcd" | b"xxxx" => take!(2) |
[INFO] [stdout] 897 | |         b"efgh" => take!(4)
[INFO] [stdout] 898 | |       )
[INFO] [stdout] 899 | |     );
[INFO] [stdout]     | |_____- in this macro invocation
[INFO] [stdout]     |
[INFO] [stdout]     = warning: this was previously accepted by the compiler but is being phased out; it will become a hard error in a future release!
[INFO] [stdout]     = note: for more information, see issue #79813 <https://github.com/rust-lang/rust/issues/79813>
[INFO] [stdout]     = note: macro invocations at the end of a block are treated as expressions
[INFO] [stdout]     = note: to ignore the value produced by the macro, add a semicolon after the invocation of `map`
[INFO] [stdout]     = note: this warning originates in the macro `map` which comes from the expansion of the macro `named` (in Nightly builds, run with -Z macro-backtrace for more info)
[INFO] [stdout] 
[INFO] [stdout] 
[INFO] [stdout] warning: trailing semicolon in macro used in expression position
[INFO] [stdout]    --> src/sequence/macros.rs:46:60
[INFO] [stdout]     |
[INFO] [stdout] 46  |       tuple_parser!($i, ($($parsed),*), call!($e), $($rest)*);
[INFO] [stdout]     |                                                              ^
[INFO] [stdout] ...
[INFO] [stdout] 817 | /     named!(tuple_3<&[u8], (u16, &[u8], &[u8]) >,
[INFO] [stdout] 818 | |     tuple!( be_u16 , take!(3), tag!("fg") ) );
[INFO] [stdout]     | |_____________________________________________- in this macro invocation
[INFO] [stdout]     |
[INFO] [stdout]     = warning: this was previously accepted by the compiler but is being phased out; it will become a hard error in a future release!
[INFO] [stdout]     = note: for more information, see issue #79813 <https://github.com/rust-lang/rust/issues/79813>
[INFO] [stdout]     = note: macro invocations at the end of a block are treated as expressions
[INFO] [stdout]     = note: to ignore the value produced by the macro, add a semicolon after the invocation of `tuple_parser`
[INFO] [stdout]     = note: this warning originates in the macro `tuple_parser` which comes from the expansion of the macro `named` (in Nightly builds, run with -Z macro-backtrace for more info)
[INFO] [stdout] 
[INFO] [stdout] 
[INFO] [stdout] warning: trailing semicolon in macro used in expression position
[INFO] [stdout]    --> src/sequence/macros.rs:387:57
[INFO] [stdout]     |
[INFO] [stdout] 387 |       do_parse!(__impl $i, $field: call!($e) >> $($rest)*);
[INFO] [stdout]     |                                                           ^
[INFO] [stdout] ...
[INFO] [stdout] 842 | /     named!(do_parser<&[u8], (u8, u8)>,
[INFO] [stdout] 843 | |       do_parse!(
[INFO] [stdout] 844 | |         tag!("abcd")       >>
[INFO] [stdout] 845 | |         opt!(tag!("abcd")) >>
[INFO] [stdout] ...   |
[INFO] [stdout] 851 | |       )
[INFO] [stdout] 852 | |     );
[INFO] [stdout]     | |_____- in this macro invocation
[INFO] [stdout]     |
[INFO] [stdout]     = warning: this was previously accepted by the compiler but is being phased out; it will become a hard error in a future release!
[INFO] [stdout]     = note: for more information, see issue #79813 <https://github.com/rust-lang/rust/issues/79813>
[INFO] [stdout]     = note: macro invocations at the end of a block are treated as expressions
[INFO] [stdout]     = note: to ignore the value produced by the macro, add a semicolon after the invocation of `do_parse`
[INFO] [stdout]     = note: this warning originates in the macro `do_parse` which comes from the expansion of the macro `named` (in Nightly builds, run with -Z macro-backtrace for more info)
[INFO] [stdout] 
[INFO] [stdout] 
[INFO] [stdout] warning: trailing semicolon in macro used in expression position
[INFO] [stdout]    --> src/sequence/macros.rs:387:57
[INFO] [stdout]     |
[INFO] [stdout] 387 |       do_parse!(__impl $i, $field: call!($e) >> $($rest)*);
[INFO] [stdout]     |                                                           ^
[INFO] [stdout] ...
[INFO] [stdout] 842 | /     named!(do_parser<&[u8], (u8, u8)>,
[INFO] [stdout] 843 | |       do_parse!(
[INFO] [stdout] 844 | |         tag!("abcd")       >>
[INFO] [stdout] 845 | |         opt!(tag!("abcd")) >>
[INFO] [stdout] ...   |
[INFO] [stdout] 851 | |       )
[INFO] [stdout] 852 | |     );
[INFO] [stdout]     | |_____- in this macro invocation
[INFO] [stdout]     |
[INFO] [stdout]     = warning: this was previously accepted by the compiler but is being phased out; it will become a hard error in a future release!
[INFO] [stdout]     = note: for more information, see issue #79813 <https://github.com/rust-lang/rust/issues/79813>
[INFO] [stdout]     = note: macro invocations at the end of a block are treated as expressions
[INFO] [stdout]     = note: to ignore the value produced by the macro, add a semicolon after the invocation of `do_parse`
[INFO] [stdout]     = note: this warning originates in the macro `do_parse` which comes from the expansion of the macro `named` (in Nightly builds, run with -Z macro-backtrace for more info)
[INFO] [stdout] 
[INFO] [stdout] 
[INFO] [stdout] warning: trailing semicolon in macro used in expression position
[INFO] [stdout]    --> src/sequence/macros.rs:387:57
[INFO] [stdout]     |
[INFO] [stdout] 387 |       do_parse!(__impl $i, $field: call!($e) >> $($rest)*);
[INFO] [stdout]     |                                                           ^
[INFO] [stdout] ...
[INFO] [stdout] 881 | /     named!(length_value,
[INFO] [stdout] 882 | |       do_parse!(
[INFO] [stdout] 883 | |         length: be_u8         >>
[INFO] [stdout] 884 | |         bytes:  take!(length) >>
[INFO] [stdout] 885 | |         (bytes)
[INFO] [stdout] 886 | |       )
[INFO] [stdout] 887 | |     );
[INFO] [stdout]     | |_____- in this macro invocation
[INFO] [stdout]     |
[INFO] [stdout]     = warning: this was previously accepted by the compiler but is being phased out; it will become a hard error in a future release!
[INFO] [stdout]     = note: for more information, see issue #79813 <https://github.com/rust-lang/rust/issues/79813>
[INFO] [stdout]     = note: macro invocations at the end of a block are treated as expressions
[INFO] [stdout]     = note: to ignore the value produced by the macro, add a semicolon after the invocation of `do_parse`
[INFO] [stdout]     = note: this warning originates in the macro `do_parse` which comes from the expansion of the macro `named` (in Nightly builds, run with -Z macro-backtrace for more info)
[INFO] [stdout] 
[INFO] [stdout] 
[INFO] [stdout] warning: trailing semicolon in macro used in expression position
[INFO] [stdout]    --> src/combinator/macros.rs:541:56
[INFO] [stdout]     |
[INFO] [stdout] 541 |       map_res!(__impl $i, $submac!($($args)*), call!($g));
[INFO] [stdout]     |                                                          ^
[INFO] [stdout]     |
[INFO] [stdout]    ::: src/multi/macros.rs:875:3
[INFO] [stdout]     |
[INFO] [stdout] 875 | /   named!(pub number<u32>, map_res!(
[INFO] [stdout] 876 | |     map_res!(
[INFO] [stdout] 877 | |       digit,
[INFO] [stdout] 878 | |       str::from_utf8
[INFO] [stdout] 879 | |     ),
[INFO] [stdout] 880 | |     FromStr::from_str
[INFO] [stdout] 881 | |   ));
[INFO] [stdout]     | |____- in this macro invocation
[INFO] [stdout]     |
[INFO] [stdout]     = warning: this was previously accepted by the compiler but is being phased out; it will become a hard error in a future release!
[INFO] [stdout]     = note: for more information, see issue #79813 <https://github.com/rust-lang/rust/issues/79813>
[INFO] [stdout]     = note: macro invocations at the end of a block are treated as expressions
[INFO] [stdout]     = note: to ignore the value produced by the macro, add a semicolon after the invocation of `map_res`
[INFO] [stdout]     = note: this warning originates in the macro `map_res` which comes from the expansion of the macro `named` (in Nightly builds, run with -Z macro-backtrace for more info)
[INFO] [stdout] 
[INFO] [stdout] 
[INFO] [stdout] warning: trailing semicolon in macro used in expression position
[INFO] [stdout]    --> src/combinator/macros.rs:547:46
[INFO] [stdout]     |
[INFO] [stdout] 547 |       map_res!(__impl $i, call!($f), call!($g));
[INFO] [stdout]     |                                                ^
[INFO] [stdout]     |
[INFO] [stdout]    ::: src/multi/macros.rs:875:3
[INFO] [stdout]     |
[INFO] [stdout] 875 | /   named!(pub number<u32>, map_res!(
[INFO] [stdout] 876 | |     map_res!(
[INFO] [stdout] 877 | |       digit,
[INFO] [stdout] 878 | |       str::from_utf8
[INFO] [stdout] 879 | |     ),
[INFO] [stdout] 880 | |     FromStr::from_str
[INFO] [stdout] 881 | |   ));
[INFO] [stdout]     | |____- in this macro invocation
[INFO] [stdout]     |
[INFO] [stdout]     = warning: this was previously accepted by the compiler but is being phased out; it will become a hard error in a future release!
[INFO] [stdout]     = note: for more information, see issue #79813 <https://github.com/rust-lang/rust/issues/79813>
[INFO] [stdout]     = note: macro invocations at the end of a block are treated as expressions
[INFO] [stdout]     = note: to ignore the value produced by the macro, add a semicolon after the invocation of `map_res`
[INFO] [stdout]     = note: this warning originates in the macro `map_res` which comes from the expansion of the macro `named` (in Nightly builds, run with -Z macro-backtrace for more info)
[INFO] [stdout] 
[INFO] [stdout] 
[INFO] [stdout] warning: trailing semicolon in macro used in expression position
[INFO] [stdout]    --> src/multi/macros.rs:361:44
[INFO] [stdout]     |
[INFO] [stdout] 361 |     length_count!($i, call!($f), call!($g));
[INFO] [stdout]     |                                            ^
[INFO] [stdout] ...
[INFO] [stdout] 887 |     named!( cnt<&[u8], Vec<&[u8]> >, length_count!(number, tag_abc) );
[INFO] [stdout]     |     ----------------------------------------------------------------- in this macro invocation
[INFO] [stdout]     |
[INFO] [stdout]     = warning: this was previously accepted by the compiler but is being phased out; it will become a hard error in a future release!
[INFO] [stdout]     = note: for more information, see issue #79813 <https://github.com/rust-lang/rust/issues/79813>
[INFO] [stdout]     = note: macro invocations at the end of a block are treated as expressions
[INFO] [stdout]     = note: to ignore the value produced by the macro, add a semicolon after the invocation of `length_count`
[INFO] [stdout]     = note: this warning originates in the macro `length_count` which comes from the expansion of the macro `named` (in Nightly builds, run with -Z macro-backtrace for more info)
[INFO] [stdout] 
[INFO] [stdout] 
[INFO] [stdout] warning: trailing semicolon in macro used in expression position
[INFO] [stdout]    --> src/multi/macros.rs:428:45
[INFO] [stdout]     |
[INFO] [stdout] 428 |     $crate::multi::length_valuec($i, $f, $g);
[INFO] [stdout]     |                                             ^
[INFO] [stdout] ...
[INFO] [stdout] 923 |     named!(length_value_1<&[u8], u16 >, length_value!(be_u8, be_u16));
[INFO] [stdout]     |     ----------------------------------------------------------------- in this macro invocation
[INFO] [stdout]     |
[INFO] [stdout]     = warning: this was previously accepted by the compiler but is being phased out; it will become a hard error in a future release!
[INFO] [stdout]     = note: for more information, see issue #79813 <https://github.com/rust-lang/rust/issues/79813>
[INFO] [stdout]     = note: macro invocations at the end of a block are treated as expressions
[INFO] [stdout]     = note: to ignore the value produced by the macro, add a semicolon after the invocation of `length_value`
[INFO] [stdout]     = note: this warning originates in the macro `length_value` which comes from the expansion of the macro `named` (in Nightly builds, run with -Z macro-backtrace for more info)
[INFO] [stdout] 
[INFO] [stdout] 
[INFO] [stdout] warning: trailing semicolon in macro used in expression position
[INFO] [stdout]    --> src/multi/macros.rs:424:54
[INFO] [stdout]     |
[INFO] [stdout] 424 |     length_value!($i, $f, |i| $submac!(i, $($args)*));
[INFO] [stdout]     |                                                      ^
[INFO] [stdout] ...
[INFO] [stdout] 924 |     named!(length_value_2<&[u8], (u8, u8) >, length_value!(be_u8, tuple!(be_u8, be_u8)));
[INFO] [stdout]     |     ------------------------------------------------------------------------------------ in this macro invocation
[INFO] [stdout]     |
[INFO] [stdout]     = warning: this was previously accepted by the compiler but is being phased out; it will become a hard error in a future release!
[INFO] [stdout]     = note: for more information, see issue #79813 <https://github.com/rust-lang/rust/issues/79813>
[INFO] [stdout]     = note: macro invocations at the end of a block are treated as expressions
[INFO] [stdout]     = note: to ignore the value produced by the macro, add a semicolon after the invocation of `length_value`
[INFO] [stdout]     = note: this warning originates in the macro `length_value` which comes from the expansion of the macro `named` (in Nightly builds, run with -Z macro-backtrace for more info)
[INFO] [stdout] 
[INFO] [stdout] 
[INFO] [stdout] warning: trailing semicolon in macro used in expression position
[INFO] [stdout]    --> src/multi/macros.rs:428:45
[INFO] [stdout]     |
[INFO] [stdout] 428 |     $crate::multi::length_valuec($i, $f, $g);
[INFO] [stdout]     |                                             ^
[INFO] [stdout] ...
[INFO] [stdout] 924 |     named!(length_value_2<&[u8], (u8, u8) >, length_value!(be_u8, tuple!(be_u8, be_u8)));
[INFO] [stdout]     |     ------------------------------------------------------------------------------------ in this macro invocation
[INFO] [stdout]     |
[INFO] [stdout]     = warning: this was previously accepted by the compiler but is being phased out; it will become a hard error in a future release!
[INFO] [stdout]     = note: for more information, see issue #79813 <https://github.com/rust-lang/rust/issues/79813>
[INFO] [stdout]     = note: macro invocations at the end of a block are treated as expressions
[INFO] [stdout]     = note: to ignore the value produced by the macro, add a semicolon after the invocation of `length_value`
[INFO] [stdout]     = note: this warning originates in the macro `length_value` which comes from the expansion of the macro `named` (in Nightly builds, run with -Z macro-backtrace for more info)
[INFO] [stdout] 
[INFO] [stdout] 
[INFO] [stdout] warning: trailing semicolon in macro used in expression position
[INFO] [stdout]    --> src/sequence/macros.rs:46:60
[INFO] [stdout]     |
[INFO] [stdout] 46  |     tuple_parser!($i, ($($parsed),*), call!($e), $($rest)*);
[INFO] [stdout]     |                                                            ^
[INFO] [stdout]     |
[INFO] [stdout]    ::: src/multi/macros.rs:924:5
[INFO] [stdout]     |
[INFO] [stdout] 924 |     named!(length_value_2<&[u8], (u8, u8) >, length_value!(be_u8, tuple!(be_u8, be_u8)));
[INFO] [stdout]     |     ------------------------------------------------------------------------------------ in this macro invocation
[INFO] [stdout]     |
[INFO] [stdout]     = warning: this was previously accepted by the compiler but is being phased out; it will become a hard error in a future release!
[INFO] [stdout]     = note: for more information, see issue #79813 <https://github.com/rust-lang/rust/issues/79813>
[INFO] [stdout]     = note: macro invocations at the end of a block are treated as expressions
[INFO] [stdout]     = note: to ignore the value produced by the macro, add a semicolon after the invocation of `tuple_parser`
[INFO] [stdout]     = note: this warning originates in the macro `tuple_parser` which comes from the expansion of the macro `named` (in Nightly builds, run with -Z macro-backtrace for more info)
[INFO] [stdout] 
[INFO] [stdout] 
[INFO] [stdout] warning: trailing semicolon in macro used in expression position
[INFO] [stdout]    --> src/sequence/macros.rs:69:49
[INFO] [stdout]     |
[INFO] [stdout] 69  |     tuple_parser!($i, ($($parsed),*), call!($e));
[INFO] [stdout]     |                                                 ^
[INFO] [stdout]     |
[INFO] [stdout]    ::: src/multi/macros.rs:924:5
[INFO] [stdout]     |
[INFO] [stdout] 924 |     named!(length_value_2<&[u8], (u8, u8) >, length_value!(be_u8, tuple!(be_u8, be_u8)));
[INFO] [stdout]     |     ------------------------------------------------------------------------------------ in this macro invocation
[INFO] [stdout]     |
[INFO] [stdout]     = warning: this was previously accepted by the compiler but is being phased out; it will become a hard error in a future release!
[INFO] [stdout]     = note: for more information, see issue #79813 <https://github.com/rust-lang/rust/issues/79813>
[INFO] [stdout]     = note: macro invocations at the end of a block are treated as expressions
[INFO] [stdout]     = note: to ignore the value produced by the macro, add a semicolon after the invocation of `tuple_parser`
[INFO] [stdout]     = note: this warning originates in the macro `tuple_parser` which comes from the expansion of the macro `named` (in Nightly builds, run with -Z macro-backtrace for more info)
[INFO] [stdout] 
[INFO] [stdout] 
[INFO] [stdout] warning: trailing semicolon in macro used in expression position
[INFO] [stdout]     --> src/sequence/macros.rs:117:46
[INFO] [stdout]      |
[INFO] [stdout] 117  |       pair!($i, $f, |i| $submac!(i, $($args)*));
[INFO] [stdout]      |                                                ^
[INFO] [stdout]      |
[INFO] [stdout]     ::: src/multi/macros.rs:1040:5
[INFO] [stdout]      |
[INFO] [stdout] 1040 | /     named!(
[INFO] [stdout] 1041 | |       count0_nums(&[u8]) -> usize,
[INFO] [stdout] 1042 | |       many0_count!(pair!(digit, tag!(",")))
[INFO] [stdout] 1043 | |     );
[INFO] [stdout]      | |_____- in this macro invocation
[INFO] [stdout]      |
[INFO] [stdout]      = warning: this was previously accepted by the compiler but is being phased out; it will become a hard error in a future release!
[INFO] [stdout]      = note: for more information, see issue #79813 <https://github.com/rust-lang/rust/issues/79813>
[INFO] [stdout]      = note: macro invocations at the end of a block are treated as expressions
[INFO] [stdout]      = note: to ignore the value produced by the macro, add a semicolon after the invocation of `pair`
[INFO] [stdout]      = note: this warning originates in the macro `pair` which comes from the expansion of the macro `named` (in Nightly builds, run with -Z macro-backtrace for more info)
[INFO] [stdout] 
[INFO] [stdout] 
[INFO] [stdout] warning: trailing semicolon in macro used in expression position
[INFO] [stdout]     --> src/sequence/macros.rs:117:46
[INFO] [stdout]      |
[INFO] [stdout] 117  |       pair!($i, $f, |i| $submac!(i, $($args)*));
[INFO] [stdout]      |                                                ^
[INFO] [stdout]      |
[INFO] [stdout]     ::: src/multi/macros.rs:1059:5
[INFO] [stdout]      |
[INFO] [stdout] 1059 | /     named!(
[INFO] [stdout] 1060 | |       count1_nums(&[u8]) -> usize,
[INFO] [stdout] 1061 | |       many1_count!(pair!(digit, tag!(",")))
[INFO] [stdout] 1062 | |     );
[INFO] [stdout]      | |_____- in this macro invocation
[INFO] [stdout]      |
[INFO] [stdout]      = warning: this was previously accepted by the compiler but is being phased out; it will become a hard error in a future release!
[INFO] [stdout]      = note: for more information, see issue #79813 <https://github.com/rust-lang/rust/issues/79813>
[INFO] [stdout]      = note: macro invocations at the end of a block are treated as expressions
[INFO] [stdout]      = note: to ignore the value produced by the macro, add a semicolon after the invocation of `pair`
[INFO] [stdout]      = note: this warning originates in the macro `pair` which comes from the expansion of the macro `named` (in Nightly builds, run with -Z macro-backtrace for more info)
[INFO] [stdout] 
[INFO] [stdout] 
[INFO] [stdout] warning: trailing semicolon in macro used in expression position
[INFO] [stdout]    --> src/combinator/macros.rs:506:45
[INFO] [stdout]     |
[INFO] [stdout] 506 |       map!(__impl $i, $submac!($($args)*), $g);
[INFO] [stdout]     |                                               ^
[INFO] [stdout]     |
[INFO] [stdout]    ::: src/bytes/macros.rs:585:5
[INFO] [stdout]     |
[INFO] [stdout] 585 | /     named!(
[INFO] [stdout] 586 | |       esc<String>,
[INFO] [stdout] 587 | |       map!(
[INFO] [stdout] 588 | |         escaped_transform!(
[INFO] [stdout] ...   |
[INFO] [stdout] 598 | |       )
[INFO] [stdout] 599 | |     );
[INFO] [stdout]     | |_____- in this macro invocation
[INFO] [stdout]     |
[INFO] [stdout]     = warning: this was previously accepted by the compiler but is being phased out; it will become a hard error in a future release!
[INFO] [stdout]     = note: for more information, see issue #79813 <https://github.com/rust-lang/rust/issues/79813>
[INFO] [stdout]     = note: macro invocations at the end of a block are treated as expressions
[INFO] [stdout]     = note: to ignore the value produced by the macro, add a semicolon after the invocation of `map`
[INFO] [stdout]     = note: this warning originates in the macro `map` which comes from the expansion of the macro `named` (in Nightly builds, run with -Z macro-backtrace for more info)
[INFO] [stdout] 
[INFO] [stdout] 
[INFO] [stdout] warning: trailing semicolon in macro used in expression position
[INFO] [stdout]    --> src/combinator/macros.rs:506:45
[INFO] [stdout]     |
[INFO] [stdout] 506 |       map!(__impl $i, $submac!($($args)*), $g);
[INFO] [stdout]     |                                               ^
[INFO] [stdout]     |
[INFO] [stdout]    ::: src/bytes/macros.rs:631:5
[INFO] [stdout]     |
[INFO] [stdout] 631 | /     named!(
[INFO] [stdout] 632 | |       esc2<String>,
[INFO] [stdout] 633 | |       map!(
[INFO] [stdout] 634 | |         escaped_transform!(
[INFO] [stdout] ...   |
[INFO] [stdout] 643 | |       )
[INFO] [stdout] 644 | |     );
[INFO] [stdout]     | |_____- in this macro invocation
[INFO] [stdout]     |
[INFO] [stdout]     = warning: this was previously accepted by the compiler but is being phased out; it will become a hard error in a future release!
[INFO] [stdout]     = note: for more information, see issue #79813 <https://github.com/rust-lang/rust/issues/79813>
[INFO] [stdout]     = note: macro invocations at the end of a block are treated as expressions
[INFO] [stdout]     = note: to ignore the value produced by the macro, add a semicolon after the invocation of `map`
[INFO] [stdout]     = note: this warning originates in the macro `map` which comes from the expansion of the macro `named` (in Nightly builds, run with -Z macro-backtrace for more info)
[INFO] [stdout] 
[INFO] [stdout] 
[INFO] [stdout] warning: trailing semicolon in macro used in expression position
[INFO] [stdout]    --> src/combinator/macros.rs:541:56
[INFO] [stdout]     |
[INFO] [stdout] 541 |     map_res!(__impl $i, $submac!($($args)*), call!($g));
[INFO] [stdout]     |                                                        ^
[INFO] [stdout]     |
[INFO] [stdout]    ::: src/bytes/macros.rs:710:50
[INFO] [stdout]     |
[INFO] [stdout] 710 |     let res: IResult<_, _, (&[u8], ErrorKind)> = take_str!(&a[..], 5u32);
[INFO] [stdout]     |                                                  ----------------------- in this macro invocation
[INFO] [stdout]     |
[INFO] [stdout]     = warning: this was previously accepted by the compiler but is being phased out; it will become a hard error in a future release!
[INFO] [stdout]     = note: for more information, see issue #79813 <https://github.com/rust-lang/rust/issues/79813>
[INFO] [stdout]     = note: macro invocations at the end of a block are treated as expressions
[INFO] [stdout]     = note: to ignore the value produced by the macro, add a semicolon after the invocation of `map_res`
[INFO] [stdout]     = note: this warning originates in the macro `map_res` which comes from the expansion of the macro `take_str` (in Nightly builds, run with -Z macro-backtrace for more info)
[INFO] [stdout] 
[INFO] [stdout] 
[INFO] [stdout] warning: trailing semicolon in macro used in expression position
[INFO] [stdout]    --> src/combinator/macros.rs:541:56
[INFO] [stdout]     |
[INFO] [stdout] 541 |     map_res!(__impl $i, $submac!($($args)*), call!($g));
[INFO] [stdout]     |                                                        ^
[INFO] [stdout]     |
[INFO] [stdout]    ::: src/bytes/macros.rs:713:50
[INFO] [stdout]     |
[INFO] [stdout] 713 |     let res: IResult<_, _, (&[u8], ErrorKind)> = take_str!(&a[..], 9u32);
[INFO] [stdout]     |                                                  ----------------------- in this macro invocation
[INFO] [stdout]     |
[INFO] [stdout]     = warning: this was previously accepted by the compiler but is being phased out; it will become a hard error in a future release!
[INFO] [stdout]     = note: for more information, see issue #79813 <https://github.com/rust-lang/rust/issues/79813>
[INFO] [stdout]     = note: macro invocations at the end of a block are treated as expressions
[INFO] [stdout]     = note: to ignore the value produced by the macro, add a semicolon after the invocation of `map_res`
[INFO] [stdout]     = note: this warning originates in the macro `map_res` which comes from the expansion of the macro `take_str` (in Nightly builds, run with -Z macro-backtrace for more info)
[INFO] [stdout] 
[INFO] [stdout] 
[INFO] [stdout] warning: trailing semicolon in macro used in expression position
[INFO] [stdout]    --> src/sequence/macros.rs:46:60
[INFO] [stdout]     |
[INFO] [stdout] 46  |       tuple_parser!($i, ($($parsed),*), call!($e), $($rest)*);
[INFO] [stdout]     |                                                              ^
[INFO] [stdout]     |
[INFO] [stdout]    ::: src/character/complete.rs:941:5
[INFO] [stdout]     |
[INFO] [stdout] 941 | /     named!(
[INFO] [stdout] 942 | |       take_full_line<(&[u8], &[u8])>,
[INFO] [stdout] 943 | |       tuple!(not_line_ending, line_ending)
[INFO] [stdout] 944 | |     );
[INFO] [stdout]     | |_____- in this macro invocation
[INFO] [stdout]     |
[INFO] [stdout]     = warning: this was previously accepted by the compiler but is being phased out; it will become a hard error in a future release!
[INFO] [stdout]     = note: for more information, see issue #79813 <https://github.com/rust-lang/rust/issues/79813>
[INFO] [stdout]     = note: macro invocations at the end of a block are treated as expressions
[INFO] [stdout]     = note: to ignore the value produced by the macro, add a semicolon after the invocation of `tuple_parser`
[INFO] [stdout]     = note: this warning originates in the macro `tuple_parser` which comes from the expansion of the macro `named` (in Nightly builds, run with -Z macro-backtrace for more info)
[INFO] [stdout] 
[INFO] [stdout] 
[INFO] [stdout] warning: trailing semicolon in macro used in expression position
[INFO] [stdout]    --> src/sequence/macros.rs:69:49
[INFO] [stdout]     |
[INFO] [stdout] 69  |       tuple_parser!($i, ($($parsed),*), call!($e));
[INFO] [stdout]     |                                                   ^
[INFO] [stdout]     |
[INFO] [stdout]    ::: src/character/complete.rs:941:5
[INFO] [stdout]     |
[INFO] [stdout] 941 | /     named!(
[INFO] [stdout] 942 | |       take_full_line<(&[u8], &[u8])>,
[INFO] [stdout] 943 | |       tuple!(not_line_ending, line_ending)
[INFO] [stdout] 944 | |     );
[INFO] [stdout]     | |_____- in this macro invocation
[INFO] [stdout]     |
[INFO] [stdout]     = warning: this was previously accepted by the compiler but is being phased out; it will become a hard error in a future release!
[INFO] [stdout]     = note: for more information, see issue #79813 <https://github.com/rust-lang/rust/issues/79813>
[INFO] [stdout]     = note: macro invocations at the end of a block are treated as expressions
[INFO] [stdout]     = note: to ignore the value produced by the macro, add a semicolon after the invocation of `tuple_parser`
[INFO] [stdout]     = note: this warning originates in the macro `tuple_parser` which comes from the expansion of the macro `named` (in Nightly builds, run with -Z macro-backtrace for more info)
[INFO] [stdout] 
[INFO] [stdout] 
[INFO] [stdout] warning: trailing semicolon in macro used in expression position
[INFO] [stdout]    --> src/sequence/macros.rs:46:60
[INFO] [stdout]     |
[INFO] [stdout] 46  |       tuple_parser!($i, ($($parsed),*), call!($e), $($rest)*);
[INFO] [stdout]     |                                                              ^
[INFO] [stdout]     |
[INFO] [stdout]    ::: src/character/complete.rs:953:5
[INFO] [stdout]     |
[INFO] [stdout] 953 | /     named!(
[INFO] [stdout] 954 | |       take_full_line<(&[u8], &[u8])>,
[INFO] [stdout] 955 | |       tuple!(not_line_ending, line_ending)
[INFO] [stdout] 956 | |     );
[INFO] [stdout]     | |_____- in this macro invocation
[INFO] [stdout]     |
[INFO] [stdout]     = warning: this was previously accepted by the compiler but is being phased out; it will become a hard error in a future release!
[INFO] [stdout]     = note: for more information, see issue #79813 <https://github.com/rust-lang/rust/issues/79813>
[INFO] [stdout]     = note: macro invocations at the end of a block are treated as expressions
[INFO] [stdout]     = note: to ignore the value produced by the macro, add a semicolon after the invocation of `tuple_parser`
[INFO] [stdout]     = note: this warning originates in the macro `tuple_parser` which comes from the expansion of the macro `named` (in Nightly builds, run with -Z macro-backtrace for more info)
[INFO] [stdout] 
[INFO] [stdout] 
[INFO] [stdout] warning: trailing semicolon in macro used in expression position
[INFO] [stdout]    --> src/sequence/macros.rs:69:49
[INFO] [stdout]     |
[INFO] [stdout] 69  |       tuple_parser!($i, ($($parsed),*), call!($e));
[INFO] [stdout]     |                                                   ^
[INFO] [stdout]     |
[INFO] [stdout]    ::: src/character/complete.rs:953:5
[INFO] [stdout]     |
[INFO] [stdout] 953 | /     named!(
[INFO] [stdout] 954 | |       take_full_line<(&[u8], &[u8])>,
[INFO] [stdout] 955 | |       tuple!(not_line_ending, line_ending)
[INFO] [stdout] 956 | |     );
[INFO] [stdout]     | |_____- in this macro invocation
[INFO] [stdout]     |
[INFO] [stdout]     = warning: this was previously accepted by the compiler but is being phased out; it will become a hard error in a future release!
[INFO] [stdout]     = note: for more information, see issue #79813 <https://github.com/rust-lang/rust/issues/79813>
[INFO] [stdout]     = note: macro invocations at the end of a block are treated as expressions
[INFO] [stdout]     = note: to ignore the value produced by the macro, add a semicolon after the invocation of `tuple_parser`
[INFO] [stdout]     = note: this warning originates in the macro `tuple_parser` which comes from the expansion of the macro `named` (in Nightly builds, run with -Z macro-backtrace for more info)
[INFO] [stdout] 
[INFO] [stdout] 
[INFO] [stdout] warning: trailing semicolon in macro used in expression position
[INFO] [stdout]    --> src/sequence/macros.rs:46:60
[INFO] [stdout]     |
[INFO] [stdout] 46  |       tuple_parser!($i, ($($parsed),*), call!($e), $($rest)*);
[INFO] [stdout]     |                                                              ^
[INFO] [stdout]     |
[INFO] [stdout]    ::: src/character/streaming.rs:923:5
[INFO] [stdout]     |
[INFO] [stdout] 923 | /     named!(
[INFO] [stdout] 924 | |       take_full_line<(&[u8], &[u8])>,
[INFO] [stdout] 925 | |       tuple!(not_line_ending, line_ending)
[INFO] [stdout] 926 | |     );
[INFO] [stdout]     | |_____- in this macro invocation
[INFO] [stdout]     |
[INFO] [stdout]     = warning: this was previously accepted by the compiler but is being phased out; it will become a hard error in a future release!
[INFO] [stdout]     = note: for more information, see issue #79813 <https://github.com/rust-lang/rust/issues/79813>
[INFO] [stdout]     = note: macro invocations at the end of a block are treated as expressions
[INFO] [stdout]     = note: to ignore the value produced by the macro, add a semicolon after the invocation of `tuple_parser`
[INFO] [stdout]     = note: this warning originates in the macro `tuple_parser` which comes from the expansion of the macro `named` (in Nightly builds, run with -Z macro-backtrace for more info)
[INFO] [stdout] 
[INFO] [stdout] 
[INFO] [stdout] warning: trailing semicolon in macro used in expression position
[INFO] [stdout]    --> src/sequence/macros.rs:69:49
[INFO] [stdout]     |
[INFO] [stdout] 69  |       tuple_parser!($i, ($($parsed),*), call!($e));
[INFO] [stdout]     |                                                   ^
[INFO] [stdout]     |
[INFO] [stdout]    ::: src/character/streaming.rs:923:5
[INFO] [stdout]     |
[INFO] [stdout] 923 | /     named!(
[INFO] [stdout] 924 | |       take_full_line<(&[u8], &[u8])>,
[INFO] [stdout] 925 | |       tuple!(not_line_ending, line_ending)
[INFO] [stdout] 926 | |     );
[INFO] [stdout]     | |_____- in this macro invocation
[INFO] [stdout]     |
[INFO] [stdout]     = warning: this was previously accepted by the compiler but is being phased out; it will become a hard error in a future release!
[INFO] [stdout]     = note: for more information, see issue #79813 <https://github.com/rust-lang/rust/issues/79813>
[INFO] [stdout]     = note: macro invocations at the end of a block are treated as expressions
[INFO] [stdout]     = note: to ignore the value produced by the macro, add a semicolon after the invocation of `tuple_parser`
[INFO] [stdout]     = note: this warning originates in the macro `tuple_parser` which comes from the expansion of the macro `named` (in Nightly builds, run with -Z macro-backtrace for more info)
[INFO] [stdout] 
[INFO] [stdout] 
[INFO] [stdout] warning: trailing semicolon in macro used in expression position
[INFO] [stdout]    --> src/sequence/macros.rs:46:60
[INFO] [stdout]     |
[INFO] [stdout] 46  |       tuple_parser!($i, ($($parsed),*), call!($e), $($rest)*);
[INFO] [stdout]     |                                                              ^
[INFO] [stdout]     |
[INFO] [stdout]    ::: src/character/streaming.rs:934:5
[INFO] [stdout]     |
[INFO] [stdout] 934 | /     named!(
[INFO] [stdout] 935 | |       take_full_line<(&[u8], &[u8])>,
[INFO] [stdout] 936 | |       tuple!(not_line_ending, line_ending)
[INFO] [stdout] 937 | |     );
[INFO] [stdout]     | |_____- in this macro invocation
[INFO] [stdout]     |
[INFO] [stdout]     = warning: this was previously accepted by the compiler but is being phased out; it will become a hard error in a future release!
[INFO] [stdout]     = note: for more information, see issue #79813 <https://github.com/rust-lang/rust/issues/79813>
[INFO] [stdout]     = note: macro invocations at the end of a block are treated as expressions
[INFO] [stdout]     = note: to ignore the value produced by the macro, add a semicolon after the invocation of `tuple_parser`
[INFO] [stdout]     = note: this warning originates in the macro `tuple_parser` which comes from the expansion of the macro `named` (in Nightly builds, run with -Z macro-backtrace for more info)
[INFO] [stdout] 
[INFO] [stdout] 
[INFO] [stdout] warning: trailing semicolon in macro used in expression position
[INFO] [stdout]    --> src/sequence/macros.rs:69:49
[INFO] [stdout]     |
[INFO] [stdout] 69  |       tuple_parser!($i, ($($parsed),*), call!($e));
[INFO] [stdout]     |                                                   ^
[INFO] [stdout]     |
[INFO] [stdout]    ::: src/character/streaming.rs:934:5
[INFO] [stdout]     |
[INFO] [stdout] 934 | /     named!(
[INFO] [stdout] 935 | |       take_full_line<(&[u8], &[u8])>,
[INFO] [stdout] 936 | |       tuple!(not_line_ending, line_ending)
[INFO] [stdout] 937 | |     );
[INFO] [stdout]     | |_____- in this macro invocation
[INFO] [stdout]     |
[INFO] [stdout]     = warning: this was previously accepted by the compiler but is being phased out; it will become a hard error in a future release!
[INFO] [stdout]     = note: for more information, see issue #79813 <https://github.com/rust-lang/rust/issues/79813>
[INFO] [stdout]     = note: macro invocations at the end of a block are treated as expressions
[INFO] [stdout]     = note: to ignore the value produced by the macro, add a semicolon after the invocation of `tuple_parser`
[INFO] [stdout]     = note: this warning originates in the macro `tuple_parser` which comes from the expansion of the macro `named` (in Nightly builds, run with -Z macro-backtrace for more info)
[INFO] [stdout] 
[INFO] [stdout] 
[INFO] [stdout] warning: 2 warnings emitted
[INFO] [stdout] 
[INFO] [stdout] 
[INFO] [stdout] warning: 35 warnings emitted
[INFO] [stdout] 
[INFO] [stdout] 
[INFO] [stderr]     Finished test [unoptimized + debuginfo] target(s) in 45.17s
[INFO] [stderr] warning: the following packages contain code that will be rejected by a future version of Rust: nom v6.2.2 (/opt/rustwide/workdir)
[INFO] [stderr] note: to see what the problems were, use the option `--future-incompat-report`, or run `cargo report future-incompatibilities --id 1`
[INFO] running `Command { std: "docker" "inspect" "846216f8b961d50b188d5f9c813d48984d35e39cd21e5febff58be6281d917ea", kill_on_drop: false }`
[INFO] running `Command { std: "docker" "rm" "-f" "846216f8b961d50b188d5f9c813d48984d35e39cd21e5febff58be6281d917ea", kill_on_drop: false }`
[INFO] [stdout] 846216f8b961d50b188d5f9c813d48984d35e39cd21e5febff58be6281d917ea
[INFO] running `Command { std: "docker" "create" "-v" "/var/lib/crater-agent-workspace/builds/worker-6-tc2/target:/opt/rustwide/target:rw,Z" "-v" "/var/lib/crater-agent-workspace/builds/worker-6-tc2/source:/opt/rustwide/workdir:ro,Z" "-v" "/var/lib/crater-agent-workspace/cargo-home:/opt/rustwide/cargo-home:ro,Z" "-v" "/var/lib/crater-agent-workspace/rustup-home:/opt/rustwide/rustup-home:ro,Z" "-e" "SOURCE_DIR=/opt/rustwide/workdir" "-e" "CARGO_TARGET_DIR=/opt/rustwide/target" "-e" "CARGO_INCREMENTAL=0" "-e" "RUST_BACKTRACE=full" "-e" "RUSTFLAGS=--cap-lints=warn" "-e" "RUSTDOCFLAGS=--cap-lints=warn" "-e" "CARGO_HOME=/opt/rustwide/cargo-home" "-e" "RUSTUP_HOME=/opt/rustwide/rustup-home" "-w" "/opt/rustwide/workdir" "-m" "1610612736" "--user" "0:0" "--network" "none" "ghcr.io/rust-lang/crates-build-env/linux@sha256:5ff2268d62e97bff2cde7d5815dd6ed5b47097566f13b8d0ca110b04b60e07ed" "/opt/rustwide/cargo-home/bin/cargo" "+beta-2023-04-20" "test" "--frozen", kill_on_drop: false }`
[INFO] [stdout] 0e5f7d17bdb59c29b60f3f2416e87eeff6fe166bb251b07b4bfb3c39c6da8edb
[INFO] running `Command { std: "docker" "start" "-a" "0e5f7d17bdb59c29b60f3f2416e87eeff6fe166bb251b07b4bfb3c39c6da8edb", kill_on_drop: false }`
[INFO] [stderr] warning: unused attribute `allow`
[INFO] [stderr]   --> tests/issues.rs:31:1
[INFO] [stderr]    |
[INFO] [stderr] 31 | #[allow(dead_code)]
[INFO] [stderr]    | ^^^^^^^^^^^^^^^^^^^
[INFO] [stderr]    |
[INFO] [stderr] note: the built-in attribute `allow` will be ignored, since it's applied to the macro invocation `named`
[INFO] [stderr]   --> tests/issues.rs:32:1
[INFO] [stderr]    |
[INFO] [stderr] 32 | named!(range<&[u8], Range>,
[INFO] [stderr]    | ^^^^^
[INFO] [stderr]    = note: `#[warn(unused_attributes)]` on by default
[INFO] [stderr] 
[INFO] [stderr] warning: unused attribute `allow`
[INFO] [stderr]   --> tests/issues.rs:55:1
[INFO] [stderr]    |
[INFO] [stderr] 55 | #[allow(dead_code)]
[INFO] [stderr]    | ^^^^^^^^^^^^^^^^^^^
[INFO] [stderr]    |
[INFO] [stderr] note: the built-in attribute `allow` will be ignored, since it's applied to the macro invocation `named`
[INFO] [stderr]   --> tests/issues.rs:56:1
[INFO] [stderr]    |
[INFO] [stderr] 56 | named!(literal<&[u8], Vec<char> >,
[INFO] [stderr]    | ^^^^^
[INFO] [stderr] 
[INFO] [stderr] warning: trailing semicolon in macro used in expression position
[INFO] [stderr]    --> src/branch/macros.rs:181:43
[INFO] [stderr]     |
[INFO] [stderr] 181 |     alt!(__impl $i, call!($e) | $($rest)*);
[INFO] [stderr]     |                                           ^
[INFO] [stderr] ...
[INFO] [stderr] 836 |       alt!(i, dont_work | dont_work)
[INFO] [stderr]     |       ------------------------------ in this macro invocation
[INFO] [stderr]     |
[INFO] [stderr]     = warning: this was previously accepted by the compiler but is being phased out; it will become a hard error in a future release!
[INFO] [stderr]     = note: for more information, see issue #79813 <https://github.com/rust-lang/rust/issues/79813>
[INFO] [stderr]     = note: macro invocations at the end of a block are treated as expressions
[INFO] [stderr]     = note: to ignore the value produced by the macro, add a semicolon after the invocation of `alt`
[INFO] [stderr]     = note: `#[warn(semicolon_in_expressions_from_macros)]` on by default
[INFO] [stderr]     = note: this warning originates in the macro `alt` (in Nightly builds, run with -Z macro-backtrace for more info)
[INFO] [stderr] 
[INFO] [stderr] warning: trailing semicolon in macro used in expression position
[INFO] [stderr]    --> src/branch/macros.rs:181:43
[INFO] [stderr]     |
[INFO] [stderr] 181 |     alt!(__impl $i, call!($e) | $($rest)*);
[INFO] [stderr]     |                                           ^
[INFO] [stderr] ...
[INFO] [stderr] 836 |       alt!(i, dont_work | dont_work)
[INFO] [stderr]     |       ------------------------------ in this macro invocation
[INFO] [stderr]     |
[INFO] [stderr]     = warning: this was previously accepted by the compiler but is being phased out; it will become a hard error in a future release!
[INFO] [stderr]     = note: for more information, see issue #79813 <https://github.com/rust-lang/rust/issues/79813>
[INFO] [stderr]     = note: macro invocations at the end of a block are treated as expressions
[INFO] [stderr]     = note: to ignore the value produced by the macro, add a semicolon after the invocation of `alt`
[INFO] [stderr]     = note: this warning originates in the macro `alt` (in Nightly builds, run with -Z macro-backtrace for more info)
[INFO] [stderr] 
[INFO] [stderr] warning: trailing semicolon in macro used in expression position
[INFO] [stderr]    --> src/branch/macros.rs:181:43
[INFO] [stderr]     |
[INFO] [stderr] 181 |     alt!(__impl $i, call!($e) | $($rest)*);
[INFO] [stderr]     |                                           ^
[INFO] [stderr] ...
[INFO] [stderr] 839 |       alt!(i, dont_work | work)
[INFO] [stderr]     |       ------------------------- in this macro invocation
[INFO] [stderr]     |
[INFO] [stderr]     = warning: this was previously accepted by the compiler but is being phased out; it will become a hard error in a future release!
[INFO] [stderr]     = note: for more information, see issue #79813 <https://github.com/rust-lang/rust/issues/79813>
[INFO] [stderr]     = note: macro invocations at the end of a block are treated as expressions
[INFO] [stderr]     = note: to ignore the value produced by the macro, add a semicolon after the invocation of `alt`
[INFO] [stderr]     = note: this warning originates in the macro `alt` (in Nightly builds, run with -Z macro-backtrace for more info)
[INFO] [stderr] 
[INFO] [stderr] warning: trailing semicolon in macro used in expression position
[INFO] [stderr]    --> src/branch/macros.rs:181:43
[INFO] [stderr]     |
[INFO] [stderr] 181 |     alt!(__impl $i, call!($e) | $($rest)*);
[INFO] [stderr]     |                                           ^
[INFO] [stderr] ...
[INFO] [stderr] 842 |       alt!(i, dont_work | dont_work | work2 | dont_work)
[INFO] [stderr]     |       -------------------------------------------------- in this macro invocation
[INFO] [stderr]     |
[INFO] [stderr]     = warning: this was previously accepted by the compiler but is being phased out; it will become a hard error in a future release!
[INFO] [stderr]     = note: for more information, see issue #79813 <https://github.com/rust-lang/rust/issues/79813>
[INFO] [stderr]     = note: macro invocations at the end of a block are treated as expressions
[INFO] [stderr]     = note: to ignore the value produced by the macro, add a semicolon after the invocation of `alt`
[INFO] [stderr]     = note: this warning originates in the macro `alt` (in Nightly builds, run with -Z macro-backtrace for more info)
[INFO] [stderr] 
[INFO] [stderr] warning: trailing semicolon in macro used in expression position
[INFO] [stderr]    --> src/combinator/macros.rs:506:45
[INFO] [stderr]     |
[INFO] [stderr] 506 |       map!(__impl $i, $submac!($($args)*), $g);
[INFO] [stderr]     |                                               ^
[INFO] [stderr]     |
[INFO] [stderr]    ::: src/branch/macros.rs:893:5
[INFO] [stderr]     |
[INFO] [stderr] 893 | /     named!(
[INFO] [stderr] 894 | |       sw,
[INFO] [stderr] 895 | |       switch!(take!(4),
[INFO] [stderr] 896 | |         b"abcd" | b"xxxx" => take!(2) |
[INFO] [stderr] 897 | |         b"efgh" => take!(4)
[INFO] [stderr] 898 | |       )
[INFO] [stderr] 899 | |     );
[INFO] [stderr]     | |_____- in this macro invocation
[INFO] [stderr]     |
[INFO] [stderr]     = warning: this was previously accepted by the compiler but is being phased out; it will become a hard error in a future release!
[INFO] [stderr]     = note: for more information, see issue #79813 <https://github.com/rust-lang/rust/issues/79813>
[INFO] [stderr]     = note: macro invocations at the end of a block are treated as expressions
[INFO] [stderr]     = note: to ignore the value produced by the macro, add a semicolon after the invocation of `map`
[INFO] [stderr]     = note: this warning originates in the macro `map` which comes from the expansion of the macro `named` (in Nightly builds, run with -Z macro-backtrace for more info)
[INFO] [stderr] 
[INFO] [stderr] warning: trailing semicolon in macro used in expression position
[INFO] [stderr]    --> src/sequence/macros.rs:46:60
[INFO] [stderr]     |
[INFO] [stderr] 46  |       tuple_parser!($i, ($($parsed),*), call!($e), $($rest)*);
[INFO] [stderr]     |                                                              ^
[INFO] [stderr] ...
[INFO] [stderr] 817 | /     named!(tuple_3<&[u8], (u16, &[u8], &[u8]) >,
[INFO] [stderr] 818 | |     tuple!( be_u16 , take!(3), tag!("fg") ) );
[INFO] [stderr]     | |_____________________________________________- in this macro invocation
[INFO] [stderr]     |
[INFO] [stderr]     = warning: this was previously accepted by the compiler but is being phased out; it will become a hard error in a future release!
[INFO] [stderr]     = note: for more information, see issue #79813 <https://github.com/rust-lang/rust/issues/79813>
[INFO] [stderr]     = note: macro invocations at the end of a block are treated as expressions
[INFO] [stderr]     = note: to ignore the value produced by the macro, add a semicolon after the invocation of `tuple_parser`
[INFO] [stderr]     = note: this warning originates in the macro `tuple_parser` which comes from the expansion of the macro `named` (in Nightly builds, run with -Z macro-backtrace for more info)
[INFO] [stderr] 
[INFO] [stderr] warning: trailing semicolon in macro used in expression position
[INFO] [stderr]    --> src/sequence/macros.rs:387:57
[INFO] [stderr]     |
[INFO] [stderr] 387 |       do_parse!(__impl $i, $field: call!($e) >> $($rest)*);
[INFO] [stderr]     |                                                           ^
[INFO] [stderr] ...
[INFO] [stderr] 842 | /     named!(do_parser<&[u8], (u8, u8)>,
[INFO] [stderr] 843 | |       do_parse!(
[INFO] [stderr] 844 | |         tag!("abcd")       >>
[INFO] [stderr] 845 | |         opt!(tag!("abcd")) >>
[INFO] [stderr] ...   |
[INFO] [stderr] 851 | |       )
[INFO] [stderr] 852 | |     );
[INFO] [stderr]     | |_____- in this macro invocation
[INFO] [stderr]     |
[INFO] [stderr]     = warning: this was previously accepted by the compiler but is being phased out; it will become a hard error in a future release!
[INFO] [stderr]     = note: for more information, see issue #79813 <https://github.com/rust-lang/rust/issues/79813>
[INFO] [stderr]     = note: macro invocations at the end of a block are treated as expressions
[INFO] [stderr]     = note: to ignore the value produced by the macro, add a semicolon after the invocation of `do_parse`
[INFO] [stderr]     = note: this warning originates in the macro `do_parse` which comes from the expansion of the macro `named` (in Nightly builds, run with -Z macro-backtrace for more info)
[INFO] [stderr] 
[INFO] [stderr] warning: trailing semicolon in macro used in expression position
[INFO] [stderr]    --> src/sequence/macros.rs:387:57
[INFO] [stderr]     |
[INFO] [stderr] 387 |       do_parse!(__impl $i, $field: call!($e) >> $($rest)*);
[INFO] [stderr]     |                                                           ^
[INFO] [stderr] ...
[INFO] [stderr] 881 | /     named!(length_value,
[INFO] [stderr] 882 | |       do_parse!(
[INFO] [stderr] 883 | |         length: be_u8         >>
[INFO] [stderr] 884 | |         bytes:  take!(length) >>
[INFO] [stderr] 885 | |         (bytes)
[INFO] [stderr] 886 | |       )
[INFO] [stderr] 887 | |     );
[INFO] [stderr]     | |_____- in this macro invocation
[INFO] [stderr]     |
[INFO] [stderr]     = warning: this was previously accepted by the compiler but is being phased out; it will become a hard error in a future release!
[INFO] [stderr]     = note: for more information, see issue #79813 <https://github.com/rust-lang/rust/issues/79813>
[INFO] [stderr]     = note: macro invocations at the end of a block are treated as expressions
[INFO] [stderr]     = note: to ignore the value produced by the macro, add a semicolon after the invocation of `do_parse`
[INFO] [stderr]     = note: this warning originates in the macro `do_parse` which comes from the expansion of the macro `named` (in Nightly builds, run with -Z macro-backtrace for more info)
[INFO] [stderr] 
[INFO] [stderr] warning: trailing semicolon in macro used in expression position
[INFO] [stderr]    --> src/combinator/macros.rs:541:56
[INFO] [stderr]     |
[INFO] [stderr] 541 |       map_res!(__impl $i, $submac!($($args)*), call!($g));
[INFO] [stderr]     |                                                          ^
[INFO] [stderr]     |
[INFO] [stderr]    ::: src/multi/macros.rs:875:3
[INFO] [stderr]     |
[INFO] [stderr] 875 | /   named!(pub number<u32>, map_res!(
[INFO] [stderr] 876 | |     map_res!(
[INFO] [stderr] 877 | |       digit,
[INFO] [stderr] 878 | |       str::from_utf8
[INFO] [stderr] 879 | |     ),
[INFO] [stderr] 880 | |     FromStr::from_str
[INFO] [stderr] 881 | |   ));
[INFO] [stderr]     | |____- in this macro invocation
[INFO] [stderr]     |
[INFO] [stderr]     = warning: this was previously accepted by the compiler but is being phased out; it will become a hard error in a future release!
[INFO] [stderr]     = note: for more information, see issue #79813 <https://github.com/rust-lang/rust/issues/79813>
[INFO] [stderr]     = note: macro invocations at the end of a block are treated as expressions
[INFO] [stderr]     = note: to ignore the value produced by the macro, add a semicolon after the invocation of `map_res`
[INFO] [stderr]     = note: this warning originates in the macro `map_res` which comes from the expansion of the macro `named` (in Nightly builds, run with -Z macro-backtrace for more info)
[INFO] [stderr] 
[INFO] [stderr] warning: trailing semicolon in macro used in expression position
[INFO] [stderr]    --> src/combinator/macros.rs:547:46
[INFO] [stderr]     |
[INFO] [stderr] 547 |       map_res!(__impl $i, call!($f), call!($g));
[INFO] [stderr]     |                                                ^
[INFO] [stderr]     |
[INFO] [stderr]    ::: src/multi/macros.rs:875:3
[INFO] [stderr]     |
[INFO] [stderr] 875 | /   named!(pub number<u32>, map_res!(
[INFO] [stderr] 876 | |     map_res!(
[INFO] [stderr] 877 | |       digit,
[INFO] [stderr] 878 | |       str::from_utf8
[INFO] [stderr] 879 | |     ),
[INFO] [stderr] 880 | |     FromStr::from_str
[INFO] [stderr] 881 | |   ));
[INFO] [stderr]     | |____- in this macro invocation
[INFO] [stderr]     |
[INFO] [stderr]     = warning: this was previously accepted by the compiler but is being phased out; it will become a hard error in a future release!
[INFO] [stderr]     = note: for more information, see issue #79813 <https://github.com/rust-lang/rust/issues/79813>
[INFO] [stderr]     = note: macro invocations at the end of a block are treated as expressions
[INFO] [stderr]     = note: to ignore the value produced by the macro, add a semicolon after the invocation of `map_res`
[INFO] [stderr]     = note: this warning originates in the macro `map_res` which comes from the expansion of the macro `named` (in Nightly builds, run with -Z macro-backtrace for more info)
[INFO] [stderr] 
[INFO] [stderr] warning: trailing semicolon in macro used in expression position
[INFO] [stderr]    --> src/multi/macros.rs:361:44
[INFO] [stderr]     |
[INFO] [stderr] 361 |     length_count!($i, call!($f), call!($g));
[INFO] [stderr]     |                                            ^
[INFO] [stderr] ...
[INFO] [stderr] 887 |     named!( cnt<&[u8], Vec<&[u8]> >, length_count!(number, tag_abc) );
[INFO] [stderr]     |     ----------------------------------------------------------------- in this macro invocation
[INFO] [stderr]     |
[INFO] [stderr]     = warning: this was previously accepted by the compiler but is being phased out; it will become a hard error in a future release!
[INFO] [stderr]     = note: for more information, see issue #79813 <https://github.com/rust-lang/rust/issues/79813>
[INFO] [stderr]     = note: macro invocations at the end of a block are treated as expressions
[INFO] [stderr]     = note: to ignore the value produced by the macro, add a semicolon after the invocation of `length_count`
[INFO] [stderr]     = note: this warning originates in the macro `length_count` which comes from the expansion of the macro `named` (in Nightly builds, run with -Z macro-backtrace for more info)
[INFO] [stderr] 
[INFO] [stderr] warning: trailing semicolon in macro used in expression position
[INFO] [stderr]    --> src/multi/macros.rs:428:45
[INFO] [stderr]     |
[INFO] [stderr] 428 |     $crate::multi::length_valuec($i, $f, $g);
[INFO] [stderr]     |                                             ^
[INFO] [stderr] ...
[INFO] [stderr] 923 |     named!(length_value_1<&[u8], u16 >, length_value!(be_u8, be_u16));
[INFO] [stderr]     |     ----------------------------------------------------------------- in this macro invocation
[INFO] [stderr]     |
[INFO] [stderr]     = warning: this was previously accepted by the compiler but is being phased out; it will become a hard error in a future release!
[INFO] [stderr]     = note: for more information, see issue #79813 <https://github.com/rust-lang/rust/issues/79813>
[INFO] [stderr]     = note: macro invocations at the end of a block are treated as expressions
[INFO] [stderr]     = note: to ignore the value produced by the macro, add a semicolon after the invocation of `length_value`
[INFO] [stderr]     = note: this warning originates in the macro `length_value` which comes from the expansion of the macro `named` (in Nightly builds, run with -Z macro-backtrace for more info)
[INFO] [stderr] 
[INFO] [stderr] warning: trailing semicolon in macro used in expression position
[INFO] [stderr]    --> src/multi/macros.rs:424:54
[INFO] [stderr]     |
[INFO] [stderr] 424 |     length_value!($i, $f, |i| $submac!(i, $($args)*));
[INFO] [stderr]     |                                                      ^
[INFO] [stderr] ...
[INFO] [stderr] 924 |     named!(length_value_2<&[u8], (u8, u8) >, length_value!(be_u8, tuple!(be_u8, be_u8)));
[INFO] [stderr]     |     ------------------------------------------------------------------------------------ in this macro invocation
[INFO] [stderr]     |
[INFO] [stderr]     = warning: this was previously accepted by the compiler but is being phased out; it will become a hard error in a future release!
[INFO] [stderr]     = note: for more information, see issue #79813 <https://github.com/rust-lang/rust/issues/79813>
[INFO] [stderr]     = note: macro invocations at the end of a block are treated as expressions
[INFO] [stderr]     = note: to ignore the value produced by the macro, add a semicolon after the invocation of `length_value`
[INFO] [stderr]     = note: this warning originates in the macro `length_value` which comes from the expansion of the macro `named` (in Nightly builds, run with -Z macro-backtrace for more info)
[INFO] [stderr] 
[INFO] [stderr] warning: trailing semicolon in macro used in expression position
[INFO] [stderr]    --> src/multi/macros.rs:428:45
[INFO] [stderr]     |
[INFO] [stderr] 428 |     $crate::multi::length_valuec($i, $f, $g);
[INFO] [stderr]     |                                             ^
[INFO] [stderr] ...
[INFO] [stderr] 924 |     named!(length_value_2<&[u8], (u8, u8) >, length_value!(be_u8, tuple!(be_u8, be_u8)));
[INFO] [stderr]     |     ------------------------------------------------------------------------------------ in this macro invocation
[INFO] [stderr]     |
[INFO] [stderr]     = warning: this was previously accepted by the compiler but is being phased out; it will become a hard error in a future release!
[INFO] [stderr]     = note: for more information, see issue #79813 <https://github.com/rust-lang/rust/issues/79813>
[INFO] [stderr]     = note: macro invocations at the end of a block are treated as expressions
[INFO] [stderr]     = note: to ignore the value produced by the macro, add a semicolon after the invocation of `length_value`
[INFO] [stderr]     = note: this warning originates in the macro `length_value` which comes from the expansion of the macro `named` (in Nightly builds, run with -Z macro-backtrace for more info)
[INFO] [stderr] 
[INFO] [stderr] warning: trailing semicolon in macro used in expression position
[INFO] [stderr]    --> src/sequence/macros.rs:46:60
[INFO] [stderr]     |
[INFO] [stderr] 46  |     tuple_parser!($i, ($($parsed),*), call!($e), $($rest)*);
[INFO] [stderr]     |                                                            ^
[INFO] [stderr]     |
[INFO] [stderr]    ::: src/multi/macros.rs:924:5
[INFO] [stderr]     |
[INFO] [stderr] 924 |     named!(length_value_2<&[u8], (u8, u8) >, length_value!(be_u8, tuple!(be_u8, be_u8)));
[INFO] [stderr]     |     ------------------------------------------------------------------------------------ in this macro invocation
[INFO] [stderr]     |
[INFO] [stderr]     = warning: this was previously accepted by the compiler but is being phased out; it will become a hard error in a future release!
[INFO] [stderr]     = note: for more information, see issue #79813 <https://github.com/rust-lang/rust/issues/79813>
[INFO] [stderr]     = note: macro invocations at the end of a block are treated as expressions
[INFO] [stderr]     = note: to ignore the value produced by the macro, add a semicolon after the invocation of `tuple_parser`
[INFO] [stderr]     = note: this warning originates in the macro `tuple_parser` which comes from the expansion of the macro `named` (in Nightly builds, run with -Z macro-backtrace for more info)
[INFO] [stderr] 
[INFO] [stderr] warning: trailing semicolon in macro used in expression position
[INFO] [stderr]    --> src/sequence/macros.rs:69:49
[INFO] [stderr]     |
[INFO] [stderr] 69  |     tuple_parser!($i, ($($parsed),*), call!($e));
[INFO] [stderr]     |                                                 ^
[INFO] [stderr]     |
[INFO] [stderr]    ::: src/multi/macros.rs:924:5
[INFO] [stderr]     |
[INFO] [stderr] 924 |     named!(length_value_2<&[u8], (u8, u8) >, length_value!(be_u8, tuple!(be_u8, be_u8)));
[INFO] [stderr]     |     ------------------------------------------------------------------------------------ in this macro invocation
[INFO] [stderr]     |
[INFO] [stderr]     = warning: this was previously accepted by the compiler but is being phased out; it will become a hard error in a future release!
[INFO] [stderr]     = note: for more information, see issue #79813 <https://github.com/rust-lang/rust/issues/79813>
[INFO] [stderr]     = note: macro invocations at the end of a block are treated as expressions
[INFO] [stderr]     = note: to ignore the value produced by the macro, add a semicolon after the invocation of `tuple_parser`
[INFO] [stderr]     = note: this warning originates in the macro `tuple_parser` which comes from the expansion of the macro `named` (in Nightly builds, run with -Z macro-backtrace for more info)
[INFO] [stderr] 
[INFO] [stderr] warning: trailing semicolon in macro used in expression position
[INFO] [stderr]     --> src/sequence/macros.rs:117:46
[INFO] [stderr]      |
[INFO] [stderr] 117  |       pair!($i, $f, |i| $submac!(i, $($args)*));
[INFO] [stderr]      |                                                ^
[INFO] [stderr]      |
[INFO] [stderr]     ::: src/multi/macros.rs:1040:5
[INFO] [stderr]      |
[INFO] [stderr] 1040 | /     named!(
[INFO] [stderr] 1041 | |       count0_nums(&[u8]) -> usize,
[INFO] [stderr] 1042 | |       many0_count!(pair!(digit, tag!(",")))
[INFO] [stderr] 1043 | |     );
[INFO] [stderr]      | |_____- in this macro invocation
[INFO] [stderr]      |
[INFO] [stderr]      = warning: this was previously accepted by the compiler but is being phased out; it will become a hard error in a future release!
[INFO] [stderr]      = note: for more information, see issue #79813 <https://github.com/rust-lang/rust/issues/79813>
[INFO] [stderr]      = note: macro invocations at the end of a block are treated as expressions
[INFO] [stderr]      = note: to ignore the value produced by the macro, add a semicolon after the invocation of `pair`
[INFO] [stderr]      = note: this warning originates in the macro `pair` which comes from the expansion of the macro `named` (in Nightly builds, run with -Z macro-backtrace for more info)
[INFO] [stderr] 
[INFO] [stderr] warning: trailing semicolon in macro used in expression position
[INFO] [stderr]     --> src/sequence/macros.rs:117:46
[INFO] [stderr]      |
[INFO] [stderr] 117  |       pair!($i, $f, |i| $submac!(i, $($args)*));
[INFO] [stderr]      |                                                ^
[INFO] [stderr]      |
[INFO] [stderr]     ::: src/multi/macros.rs:1059:5
[INFO] [stderr]      |
[INFO] [stderr] 1059 | /     named!(
[INFO] [stderr] 1060 | |       count1_nums(&[u8]) -> usize,
[INFO] [stderr] 1061 | |       many1_count!(pair!(digit, tag!(",")))
[INFO] [stderr] 1062 | |     );
[INFO] [stderr]      | |_____- in this macro invocation
[INFO] [stderr]      |
[INFO] [stderr]      = warning: this was previously accepted by the compiler but is being phased out; it will become a hard error in a future release!
[INFO] [stderr]      = note: for more information, see issue #79813 <https://github.com/rust-lang/rust/issues/79813>
[INFO] [stderr]      = note: macro invocations at the end of a block are treated as expressions
[INFO] [stderr]      = note: to ignore the value produced by the macro, add a semicolon after the invocation of `pair`
[INFO] [stderr]      = note: this warning originates in the macro `pair` which comes from the expansion of the macro `named` (in Nightly builds, run with -Z macro-backtrace for more info)
[INFO] [stderr] 
[INFO] [stderr] warning: trailing semicolon in macro used in expression position
[INFO] [stderr]    --> src/combinator/macros.rs:506:45
[INFO] [stderr]     |
[INFO] [stderr] 506 |       map!(__impl $i, $submac!($($args)*), $g);
[INFO] [stderr]     |                                               ^
[INFO] [stderr]     |
[INFO] [stderr]    ::: src/bytes/macros.rs:585:5
[INFO] [stderr]     |
[INFO] [stderr] 585 | /     named!(
[INFO] [stderr] 586 | |       esc<String>,
[INFO] [stderr] 587 | |       map!(
[INFO] [stderr] 588 | |         escaped_transform!(
[INFO] [stderr] ...   |
[INFO] [stderr] 598 | |       )
[INFO] [stderr] 599 | |     );
[INFO] [stderr]     | |_____- in this macro invocation
[INFO] [stderr]     |
[INFO] [stderr]     = warning: this was previously accepted by the compiler but is being phased out; it will become a hard error in a future release!
[INFO] [stderr]     = note: for more information, see issue #79813 <https://github.com/rust-lang/rust/issues/79813>
[INFO] [stderr]     = note: macro invocations at the end of a block are treated as expressions
[INFO] [stderr]     = note: to ignore the value produced by the macro, add a semicolon after the invocation of `map`
[INFO] [stderr]     = note: this warning originates in the macro `map` which comes from the expansion of the macro `named` (in Nightly builds, run with -Z macro-backtrace for more info)
[INFO] [stderr] 
[INFO] [stderr] warning: trailing semicolon in macro used in expression position
[INFO] [stderr]    --> src/combinator/macros.rs:506:45
[INFO] [stderr]     |
[INFO] [stderr] 506 |       map!(__impl $i, $submac!($($args)*), $g);
[INFO] [stderr]     |                                               ^
[INFO] [stderr]     |
[INFO] [stderr]    ::: src/bytes/macros.rs:631:5
[INFO] [stderr]     |
[INFO] [stderr] 631 | /     named!(
[INFO] [stderr] 632 | |       esc2<String>,
[INFO] [stderr] 633 | |       map!(
[INFO] [stderr] 634 | |         escaped_transform!(
[INFO] [stderr] ...   |
[INFO] [stderr] 643 | |       )
[INFO] [stderr] 644 | |     );
[INFO] [stderr]     | |_____- in this macro invocation
[INFO] [stderr]     |
[INFO] [stderr]     = warning: this was previously accepted by the compiler but is being phased out; it will become a hard error in a future release!
[INFO] [stderr]     = note: for more information, see issue #79813 <https://github.com/rust-lang/rust/issues/79813>
[INFO] [stderr]     = note: macro invocations at the end of a block are treated as expressions
[INFO] [stderr]     = note: to ignore the value produced by the macro, add a semicolon after the invocation of `map`
[INFO] [stderr]     = note: this warning originates in the macro `map` which comes from the expansion of the macro `named` (in Nightly builds, run with -Z macro-backtrace for more info)
[INFO] [stderr] 
[INFO] [stderr] warning: trailing semicolon in macro used in expression position
[INFO] [stderr]    --> src/combinator/macros.rs:541:56
[INFO] [stderr]     |
[INFO] [stderr] 541 |     map_res!(__impl $i, $submac!($($args)*), call!($g));
[INFO] [stderr]     |                                                        ^
[INFO] [stderr]     |
[INFO] [stderr]    ::: src/bytes/macros.rs:710:50
[INFO] [stderr]     |
[INFO] [stderr] 710 |     let res: IResult<_, _, (&[u8], ErrorKind)> = take_str!(&a[..], 5u32);
[INFO] [stderr]     |                                                  ----------------------- in this macro invocation
[INFO] [stderr]     |
[INFO] [stderr]     = warning: this was previously accepted by the compiler but is being phased out; it will become a hard error in a future release!
[INFO] [stderr]     = note: for more information, see issue #79813 <https://github.com/rust-lang/rust/issues/79813>
[INFO] [stderr]     = note: macro invocations at the end of a block are treated as expressions
[INFO] [stderr]     = note: to ignore the value produced by the macro, add a semicolon after the invocation of `map_res`
[INFO] [stderr]     = note: this warning originates in the macro `map_res` which comes from the expansion of the macro `take_str` (in Nightly builds, run with -Z macro-backtrace for more info)
[INFO] [stderr] 
[INFO] [stderr] warning: trailing semicolon in macro used in expression position
[INFO] [stderr]    --> src/combinator/macros.rs:541:56
[INFO] [stderr]     |
[INFO] [stderr] 541 |     map_res!(__impl $i, $submac!($($args)*), call!($g));
[INFO] [stderr]     |                                                        ^
[INFO] [stderr]     |
[INFO] [stderr]    ::: src/bytes/macros.rs:713:50
[INFO] [stderr]     |
[INFO] [stderr] 713 |     let res: IResult<_, _, (&[u8], ErrorKind)> = take_str!(&a[..], 9u32);
[INFO] [stderr]     |                                                  ----------------------- in this macro invocation
[INFO] [stderr]     |
[INFO] [stderr]     = warning: this was previously accepted by the compiler but is being phased out; it will become a hard error in a future release!
[INFO] [stderr]     = note: for more information, see issue #79813 <https://github.com/rust-lang/rust/issues/79813>
[INFO] [stderr]     = note: macro invocations at the end of a block are treated as expressions
[INFO] [stderr]     = note: to ignore the value produced by the macro, add a semicolon after the invocation of `map_res`
[INFO] [stderr]     = note: this warning originates in the macro `map_res` which comes from the expansion of the macro `take_str` (in Nightly builds, run with -Z macro-backtrace for more info)
[INFO] [stderr] 
[INFO] [stderr] warning: trailing semicolon in macro used in expression position
[INFO] [stderr]    --> src/sequence/macros.rs:46:60
[INFO] [stderr]     |
[INFO] [stderr] 46  |       tuple_parser!($i, ($($parsed),*), call!($e), $($rest)*);
[INFO] [stderr]     |                                                              ^
[INFO] [stderr]     |
[INFO] [stderr]    ::: src/character/complete.rs:941:5
[INFO] [stderr]     |
[INFO] [stderr] 941 | /     named!(
[INFO] [stderr] 942 | |       take_full_line<(&[u8], &[u8])>,
[INFO] [stderr] 943 | |       tuple!(not_line_ending, line_ending)
[INFO] [stderr] 944 | |     );
[INFO] [stderr]     | |_____- in this macro invocation
[INFO] [stderr]     |
[INFO] [stderr]     = warning: this was previously accepted by the compiler but is being phased out; it will become a hard error in a future release!
[INFO] [stderr]     = note: for more information, see issue #79813 <https://github.com/rust-lang/rust/issues/79813>
[INFO] [stderr]     = note: macro invocations at the end of a block are treated as expressions
[INFO] [stderr]     = note: to ignore the value produced by the macro, add a semicolon after the invocation of `tuple_parser`
[INFO] [stderr]     = note: this warning originates in the macro `tuple_parser` which comes from the expansion of the macro `named` (in Nightly builds, run with -Z macro-backtrace for more info)
[INFO] [stderr] 
[INFO] [stderr] warning: trailing semicolon in macro used in expression position
[INFO] [stderr]    --> src/sequence/macros.rs:69:49
[INFO] [stderr]     |
[INFO] [stderr] 69  |       tuple_parser!($i, ($($parsed),*), call!($e));
[INFO] [stderr]     |                                                   ^
[INFO] [stderr]     |
[INFO] [stderr]    ::: src/character/complete.rs:941:5
[INFO] [stderr]     |
[INFO] [stderr] 941 | /     named!(
[INFO] [stderr] 942 | |       take_full_line<(&[u8], &[u8])>,
[INFO] [stderr] 943 | |       tuple!(not_line_ending, line_ending)
[INFO] [stderr] 944 | |     );
[INFO] [stderr]     | |_____- in this macro invocation
[INFO] [stderr]     |
[INFO] [stderr]     = warning: this was previously accepted by the compiler but is being phased out; it will become a hard error in a future release!
[INFO] [stderr]     = note: for more information, see issue #79813 <https://github.com/rust-lang/rust/issues/79813>
[INFO] [stderr]     = note: macro invocations at the end of a block are treated as expressions
[INFO] [stderr]     = note: to ignore the value produced by the macro, add a semicolon after the invocation of `tuple_parser`
[INFO] [stderr]     = note: this warning originates in the macro `tuple_parser` which comes from the expansion of the macro `named` (in Nightly builds, run with -Z macro-backtrace for more info)
[INFO] [stderr] 
[INFO] [stderr] warning: trailing semicolon in macro used in expression position
[INFO] [stderr]    --> src/sequence/macros.rs:46:60
[INFO] [stderr]     |
[INFO] [stderr] 46  |       tuple_parser!($i, ($($parsed),*), call!($e), $($rest)*);
[INFO] [stderr]     |                                                              ^
[INFO] [stderr]     |
[INFO] [stderr]    ::: src/character/complete.rs:953:5
[INFO] [stderr]     |
[INFO] [stderr] 953 | /     named!(
[INFO] [stderr] 954 | |       take_full_line<(&[u8], &[u8])>,
[INFO] [stderr] 955 | |       tuple!(not_line_ending, line_ending)
[INFO] [stderr] 956 | |     );
[INFO] [stderr]     | |_____- in this macro invocation
[INFO] [stderr]     |
[INFO] [stderr]     = warning: this was previously accepted by the compiler but is being phased out; it will become a hard error in a future release!
[INFO] [stderr]     = note: for more information, see issue #79813 <https://github.com/rust-lang/rust/issues/79813>
[INFO] [stderr]     = note: macro invocations at the end of a block are treated as expressions
[INFO] [stderr]     = note: to ignore the value produced by the macro, add a semicolon after the invocation of `tuple_parser`
[INFO] [stderr]     = note: this warning originates in the macro `tuple_parser` which comes from the expansion of the macro `named` (in Nightly builds, run with -Z macro-backtrace for more info)
[INFO] [stderr] 
[INFO] [stderr] warning: trailing semicolon in macro used in expression position
[INFO] [stderr]    --> src/sequence/macros.rs:69:49
[INFO] [stderr]     |
[INFO] [stderr] 69  |       tuple_parser!($i, ($($parsed),*), call!($e));
[INFO] [stderr]     |                                                   ^
[INFO] [stderr]     |
[INFO] [stderr]    ::: src/character/complete.rs:953:5
[INFO] [stderr]     |
[INFO] [stderr] 953 | /     named!(
[INFO] [stderr] 954 | |       take_full_line<(&[u8], &[u8])>,
[INFO] [stderr] 955 | |       tuple!(not_line_ending, line_ending)
[INFO] [stderr] 956 | |     );
[INFO] [stderr]     | |_____- in this macro invocation
[INFO] [stderr]     |
[INFO] [stderr]     = warning: this was previously accepted by the compiler but is being phased out; it will become a hard error in a future release!
[INFO] [stderr]     = note: for more information, see issue #79813 <https://github.com/rust-lang/rust/issues/79813>
[INFO] [stderr]     = note: macro invocations at the end of a block are treated as expressions
[INFO] [stderr]     = note: to ignore the value produced by the macro, add a semicolon after the invocation of `tuple_parser`
[INFO] [stderr]     = note: this warning originates in the macro `tuple_parser` which comes from the expansion of the macro `named` (in Nightly builds, run with -Z macro-backtrace for more info)
[INFO] [stderr] 
[INFO] [stderr] warning: trailing semicolon in macro used in expression position
[INFO] [stderr]    --> src/sequence/macros.rs:46:60
[INFO] [stderr]     |
[INFO] [stderr] 46  |       tuple_parser!($i, ($($parsed),*), call!($e), $($rest)*);
[INFO] [stderr]     |                                                              ^
[INFO] [stderr]     |
[INFO] [stderr]    ::: src/character/streaming.rs:923:5
[INFO] [stderr]     |
[INFO] [stderr] 923 | /     named!(
[INFO] [stderr] 924 | |       take_full_line<(&[u8], &[u8])>,
[INFO] [stderr] 925 | |       tuple!(not_line_ending, line_ending)
[INFO] [stderr] 926 | |     );
[INFO] [stderr]     | |_____- in this macro invocation
[INFO] [stderr]     |
[INFO] [stderr]     = warning: this was previously accepted by the compiler but is being phased out; it will become a hard error in a future release!
[INFO] [stderr]     = note: for more information, see issue #79813 <https://github.com/rust-lang/rust/issues/79813>
[INFO] [stderr]     = note: macro invocations at the end of a block are treated as expressions
[INFO] [stderr]     = note: to ignore the value produced by the macro, add a semicolon after the invocation of `tuple_parser`
[INFO] [stderr]     = note: this warning originates in the macro `tuple_parser` which comes from the expansion of the macro `named` (in Nightly builds, run with -Z macro-backtrace for more info)
[INFO] [stderr] 
[INFO] [stderr] warning: trailing semicolon in macro used in expression position
[INFO] [stderr]    --> src/sequence/macros.rs:69:49
[INFO] [stderr]     |
[INFO] [stderr] 69  |       tuple_parser!($i, ($($parsed),*), call!($e));
[INFO] [stderr]     |                                                   ^
[INFO] [stderr]     |
[INFO] [stderr]    ::: src/character/streaming.rs:923:5
[INFO] [stderr]     |
[INFO] [stderr] 923 | /     named!(
[INFO] [stderr] 924 | |       take_full_line<(&[u8], &[u8])>,
[INFO] [stderr] 925 | |       tuple!(not_line_ending, line_ending)
[INFO] [stderr] 926 | |     );
[INFO] [stderr]     | |_____- in this macro invocation
[INFO] [stderr]     |
[INFO] [stderr]     = warning: this was previously accepted by the compiler but is being phased out; it will become a hard error in a future release!
[INFO] [stderr]     = note: for more information, see issue #79813 <https://github.com/rust-lang/rust/issues/79813>
[INFO] [stderr]     = note: macro invocations at the end of a block are treated as expressions
[INFO] [stderr]     = note: to ignore the value produced by the macro, add a semicolon after the invocation of `tuple_parser`
[INFO] [stderr]     = note: this warning originates in the macro `tuple_parser` which comes from the expansion of the macro `named` (in Nightly builds, run with -Z macro-backtrace for more info)
[INFO] [stderr] 
[INFO] [stderr] warning: trailing semicolon in macro used in expression position
[INFO] [stderr]    --> src/sequence/macros.rs:46:60
[INFO] [stderr]     |
[INFO] [stderr] 46  |       tuple_parser!($i, ($($parsed),*), call!($e), $($rest)*);
[INFO] [stderr]     |                                                              ^
[INFO] [stderr]     |
[INFO] [stderr]    ::: src/character/streaming.rs:934:5
[INFO] [stderr]     |
[INFO] [stderr] 934 | /     named!(
[INFO] [stderr] 935 | |       take_full_line<(&[u8], &[u8])>,
[INFO] [stderr] 936 | |       tuple!(not_line_ending, line_ending)
[INFO] [stderr] 937 | |     );
[INFO] [stderr]     | |_____- in this macro invocation
[INFO] [stderr]     |
[INFO] [stderr]     = warning: this was previously accepted by the compiler but is being phased out; it will become a hard error in a future release!
[INFO] [stderr]     = note: for more information, see issue #79813 <https://github.com/rust-lang/rust/issues/79813>
[INFO] [stderr]     = note: macro invocations at the end of a block are treated as expressions
[INFO] [stderr]     = note: to ignore the value produced by the macro, add a semicolon after the invocation of `tuple_parser`
[INFO] [stderr]     = note: this warning originates in the macro `tuple_parser` which comes from the expansion of the macro `named` (in Nightly builds, run with -Z macro-backtrace for more info)
[INFO] [stderr] 
[INFO] [stderr] warning: trailing semicolon in macro used in expression position
[INFO] [stderr]    --> src/sequence/macros.rs:69:49
[INFO] [stderr]     |
[INFO] [stderr] 69  |       tuple_parser!($i, ($($parsed),*), call!($e));
[INFO] [stderr]     |                                                   ^
[INFO] [stderr]     |
[INFO] [stderr]    ::: src/character/streaming.rs:934:5
[INFO] [stderr]     |
[INFO] [stderr] 934 | /     named!(
[INFO] [stderr] 935 | |       take_full_line<(&[u8], &[u8])>,
[INFO] [stderr] 936 | |       tuple!(not_line_ending, line_ending)
[INFO] [stderr] 937 | |     );
[INFO] [stderr]     | |_____- in this macro invocation
[INFO] [stderr]     |
[INFO] [stderr]     = warning: this was previously accepted by the compiler but is being phased out; it will become a hard error in a future release!
[INFO] [stderr]     = note: for more information, see issue #79813 <https://github.com/rust-lang/rust/issues/79813>
[INFO] [stderr]     = note: macro invocations at the end of a block are treated as expressions
[INFO] [stderr]     = note: to ignore the value produced by the macro, add a semicolon after the invocation of `tuple_parser`
[INFO] [stderr]     = note: this warning originates in the macro `tuple_parser` which comes from the expansion of the macro `named` (in Nightly builds, run with -Z macro-backtrace for more info)
[INFO] [stderr] 
[INFO] [stderr] warning: `nom` (test "issues") generated 2 warnings
[INFO] [stderr] warning: `nom` (lib test) generated 35 warnings (5 duplicates)
[INFO] [stderr] warning: unused attribute `allow`
[INFO] [stderr]   --> tests/mp4.rs:96:1
[INFO] [stderr]    |
[INFO] [stderr] 96 | #[allow(non_snake_case)]
[INFO] [stderr]    | ^^^^^^^^^^^^^^^^^^^^^^^^
[INFO] [stderr]    |
[INFO] [stderr] note: the built-in attribute `allow` will be ignored, since it's applied to the macro invocation `named`
[INFO] [stderr]   --> tests/mp4.rs:97:1
[INFO] [stderr]    |
[INFO] [stderr] 97 | named!(mvhd32 <&[u8], MvhdBox>,
[INFO] [stderr]    | ^^^^^
[INFO] [stderr]    = note: `#[warn(unused_attributes)]` on by default
[INFO] [stderr] 
[INFO] [stderr] warning: unused attribute `allow`
[INFO] [stderr]    --> tests/mp4.rs:148:1
[INFO] [stderr]     |
[INFO] [stderr] 148 | #[allow(non_snake_case)]
[INFO] [stderr]     | ^^^^^^^^^^^^^^^^^^^^^^^^
[INFO] [stderr]     |
[INFO] [stderr] note: the built-in attribute `allow` will be ignored, since it's applied to the macro invocation `named`
[INFO] [stderr]    --> tests/mp4.rs:149:1
[INFO] [stderr]     |
[INFO] [stderr] 149 | named!(mvhd64 <&[u8], MvhdBox>,
[INFO] [stderr]     | ^^^^^
[INFO] [stderr] 
[INFO] [stderr] warning: `nom` (test "mp4") generated 2 warnings
[INFO] [stderr]     Finished test [unoptimized + debuginfo] target(s) in 0.10s
[INFO] [stderr] warning: the following packages contain code that will be rejected by a future version of Rust: nom v6.2.2 (/opt/rustwide/workdir)
[INFO] [stderr] note: to see what the problems were, use the option `--future-incompat-report`, or run `cargo report future-incompatibilities --id 1`
[INFO] [stderr]      Running unittests src/lib.rs (/opt/rustwide/target/debug/deps/nom-2b7bf68aa824027c)
[INFO] [stdout] 
[INFO] [stdout] running 190 tests
[INFO] [stdout] test bits::macros::tests::chain_bits ... ok
[INFO] [stdout] test bits::macros::tests::non_privitive_type ... ok
[INFO] [stdout] test bits::test::test_complete_byte_consumption_bits ... ok
[INFO] [stdout] test bits::test::test_incomplete_bits ... ok
[INFO] [stdout] test bytes::macros::tests::case_insensitive ... ok
[INFO] [stdout] test bytes::complete::tests::complete_take_while_m_n_utf8_all_matching ... ok
[INFO] [stdout] test branch::macros::tests::alt_incomplete ... ok
[INFO] [stdout] test bits::macros::tests::take_bits ... ok
[INFO] [stdout] test branch::macros::tests::switch ... ok
[INFO] [stdout] test branch::macros::tests::alt ... ok
[INFO] [stdout] test bits::macros::tests::tag_bits ... ok
[INFO] [stdout] test bits::macros::tests::bits_to_bytes ... ok
[INFO] [stdout] test bits::macros::tests::bits_bytes ... ok
[INFO] [stdout] test bytes::complete::tests::complete_take_while_m_n_utf8_all_matching_substring ... ok
[INFO] [stdout] test bits::test::test_partial_byte_consumption_bits ... ok
[INFO] [stdout] test bytes::macros::tests::tag_fixed_size_array ... ok
[INFO] [stdout] test bytes::macros::tests::take_str_test ... ok
[INFO] [stdout] test bytes::macros::tests::escape_transform_str ... ok
[INFO] [stdout] test bytes::macros::tests::escaping_str ... ok
[INFO] [stdout] test branch::macros::tests::permutation ... ok
[INFO] [stdout] test bytes::macros::tests::escaping ... ok
[INFO] [stdout] test bytes::macros::tests::is_not ... ok
[INFO] [stdout] test bytes::macros::tests::recognize_take_while ... ok
[INFO] [stdout] test bytes::macros::tests::is_a ... ok
[INFO] [stdout] test bytes::macros::tests::escape_transform ... ok
[INFO] [stdout] test bytes::macros::tests::length_bytes ... ok
[INFO] [stdout] test bytes::macros::tests::recognize ... ok
[INFO] [stdout] test bytes::macros::tests::take_till ... ok
[INFO] [stdout] test bytes::macros::tests::take_until_incomplete ... ok
[INFO] [stdout] test bytes::macros::tests::take_until_incomplete_s ... ok
[INFO] [stdout] test bytes::macros::tests::take_while ... ok
[INFO] [stdout] test bytes::macros::tests::take_while_m_n ... ok
[INFO] [stdout] test bytes::macros::tests::take_while_utf8 ... ok
[INFO] [stdout] test character::complete::tests::character ... ok
[INFO] [stdout] test character::complete::tests::check_windows_lineending ... ok
[INFO] [stdout] test character::complete::tests::cr_lf ... ok
[INFO] [stdout] test character::complete::tests::full_line_unix ... ok
[INFO] [stdout] test character::complete::tests::full_line_windows ... ok
[INFO] [stdout] test bytes::macros::tests::take_while_m_n_utf8 ... ok
[INFO] [stdout] test character::complete::tests::oct_digit_test ... ok
[INFO] [stdout] test character::complete::tests::hex_digit_test ... ok
[INFO] [stdout] test character::macros::tests::char_str ... ok
[INFO] [stdout] test character::complete::tests::is_not_line_ending_bytes ... ok
[INFO] [stdout] test bytes::macros::tests::take_utf8 ... ok
[INFO] [stdout] test character::complete::tests::is_not_line_ending_str ... ok
[INFO] [stdout] test bytes::macros::tests::take_till1 ... ok
[INFO] [stdout] test character::macros::tests::none_of ... ok
[INFO] [stdout] test character::complete::tests::offset ... ok
[INFO] [stdout] test bytes::macros::tests::take_while1 ... ok
[INFO] [stdout] test character::macros::tests::char ... ok
[INFO] [stdout] test character::macros::tests::one_of ... ok
[INFO] [stdout] test character::streaming::tests::anychar_str ... ok
[INFO] [stdout] test character::complete::tests::check_unix_lineending ... ok
[INFO] [stdout] test bytes::macros::tests::take_while_m_n_utf8_full_match ... ok
[INFO] [stdout] test bytes::macros::tests::take_till_utf8 ... ok
[INFO] [stdout] test character::complete::tests::character_s ... ok
[INFO] [stdout] test character::complete::tests::end_of_line ... ok
[INFO] [stdout] test character::streaming::tests::character ... ok
[INFO] [stdout] test character::streaming::tests::character_s ... ok
[INFO] [stdout] test character::streaming::tests::full_line_windows ... ok
[INFO] [stdout] test character::streaming::tests::end_of_line ... ok
[INFO] [stdout] test character::streaming::tests::check_unix_lineending ... ok
[INFO] [stdout] test combinator::macros::tests::not ... ok
[INFO] [stdout] test combinator::macros::tests::parse_to ... ok
[INFO] [stdout] test character::streaming::tests::oct_digit_test ... ok
[INFO] [stdout] test combinator::macros::tests::apply_test ... ok
[INFO] [stdout] test combinator::macros::tests::opt ... ok
[INFO] [stdout] test character::streaming::tests::offset ... ok
[INFO] [stdout] test character::streaming::tests::is_not_line_ending_str ... ok
[INFO] [stdout] test character::streaming::tests::is_not_line_ending_bytes ... ok
[INFO] [stdout] test combinator::macros::tests::opt_res ... ok
[INFO] [stdout] test character::streaming::tests::hex_digit_test ... ok
[INFO] [stdout] test combinator::macros::tests::peek ... ok
[INFO] [stdout] test combinator::macros::tests::cond ... ok
[INFO] [stdout] test combinator::macros::tests::cond_wrapping ... ok
[INFO] [stdout] test character::streaming::tests::cr_lf ... ok
[INFO] [stdout] test character::streaming::tests::check_windows_lineending ... ok
[INFO] [stdout] test character::streaming::tests::full_line_unix ... ok
[INFO] [stdout] test combinator::macros::tests::pub_crate_named_test ... ok
[INFO] [stdout] test combinator::macros::tests::pub_named_test ... ok
[INFO] [stdout] test combinator::macros::tests::verify ... ok
[INFO] [stdout] test combinator::tests::eof_on_strs ... ok
[INFO] [stdout] test combinator::tests::rest_len_on_slices ... ok
[INFO] [stdout] test combinator::tests::rest_on_slices ... ok
[INFO] [stdout] test combinator::tests::test_flat_map ... ok
[INFO] [stdout] test combinator::tests::eof_on_slices ... ok
[INFO] [stdout] test combinator::tests::rest_on_strs ... ok
[INFO] [stdout] test combinator::tests::test_all_consuming ... ok
[INFO] [stdout] test combinator::tests::test_into ... ok
[INFO] [stdout] test multi::macros::tests::count ... ok
[INFO] [stdout] test combinator::tests::test_verify_alloc ... ok
[INFO] [stdout] test combinator::tests::test_verify_ref ... ok
[INFO] [stdout] test multi::macros::tests::fold_many0 ... ok
[INFO] [stdout] test combinator::tests::test_map_opt ... ok
[INFO] [stdout] test multi::macros::tests::length_value_test ... ok
[INFO] [stdout] test error::tests::convert_error_panic ... ok
[INFO] [stdout] test multi::macros::tests::length_count ... ok
[INFO] [stdout] test multi::macros::tests::many0 ... ok
[INFO] [stdout] test multi::macros::tests::many0_count ... ok
[INFO] [stdout] test multi::macros::tests::many1 ... ok
[INFO] [stdout] test multi::macros::tests::many1_count ... ok
[INFO] [stdout] test internal::tests::err_map_test ... ok
[INFO] [stdout] test multi::macros::tests::length_data ... ok
[INFO] [stdout] test multi::macros::tests::count_zero ... ok
[INFO] [stdout] test multi::macros::tests::fold_many_m_n ... ok
[INFO] [stdout] test multi::macros::tests::fold_many1 ... ok
[INFO] [stdout] test number::complete::tests::be_f32_tests ... ok
[INFO] [stdout] test combinator::tests::test_map_parser ... ok
[INFO] [stdout] test multi::macros::tests::many_m_n ... ok
[INFO] [stdout] test number::complete::tests::be_i128_tests ... ok
[INFO] [stdout] test number::complete::tests::float_test ... ok
[INFO] [stdout] test number::complete::tests::be_i64_tests ... ok
[INFO] [stdout] test number::complete::tests::be_i8_tests ... ok
[INFO] [stdout] test number::complete::tests::be_f64_tests ... ok
[INFO] [stdout] test multi::macros::tests::separated_list1 ... ok
[INFO] [stdout] test number::complete::tests::be_i24_tests ... ok
[INFO] [stdout] test number::complete::tests::be_i16_tests ... ok
[INFO] [stdout] test number::complete::tests::hex_u32_tests ... ok
[INFO] [stdout] test multi::macros::tests::many_till ... ok
[INFO] [stdout] test multi::macros::tests::infinite_many ... ok
[INFO] [stdout] test number::complete::tests::be_i32_tests ... ok
[INFO] [stdout] test number::complete::tests::le_f64_tests ... ok
[INFO] [stdout] test number::complete::tests::le_i24_tests ... ok
[INFO] [stdout] test number::complete::tests::le_i64_tests ... ok
[INFO] [stdout] test number::complete::tests::le_i32_tests ... ok
[INFO] [stdout] test number::complete::tests::le_i16_tests ... ok
[INFO] [stdout] test number::complete::tests::le_i8_tests ... ok
[INFO] [stdout] test number::complete::tests::be_u24_tests ... ok
[INFO] [stdout] test multi::macros::tests::separated_list0 ... ok
[INFO] [stdout] test number::complete::tests::le_f32_tests ... ok
[INFO] [stdout] test number::complete::tests::le_u24_tests ... ok
[INFO] [stdout] test number::complete::tests::i8_tests ... ok
[INFO] [stdout] test number::streaming::tests::be_f32_tests ... ok
[INFO] [stdout] test number::macros::tests::configurable_endianness ... ok
[INFO] [stdout] test number::streaming::tests::le_i24_tests ... ok
[INFO] [stdout] test number::streaming::tests::le_f32_tests ... ok
[INFO] [stdout] test number::complete::tests::le_i128_tests ... ok
[INFO] [stdout] test number::streaming::tests::be_f64_tests ... ok
[INFO] [stdout] test number::streaming::tests::i24_tests ... ok
[INFO] [stdout] test number::streaming::tests::le_i32_tests ... ok
[INFO] [stdout] test number::streaming::tests::le_i8_tests ... ok
[INFO] [stdout] test number::streaming::tests::le_u24_tests ... ok
[INFO] [stdout] test number::streaming::tests::u24_tests ... ok
[INFO] [stdout] test number::streaming::tests::le_i64_tests ... ok
[INFO] [stdout] test number::streaming::tests::le_f64_tests ... ok
[INFO] [stdout] test sequence::macros::tests::complete ... ok
[INFO] [stdout] test sequence::macros::tests::delimited ... ok
[INFO] [stdout] test number::streaming::tests::le_i128_tests ... ok
[INFO] [stdout] test number::streaming::tests::le_i16_tests ... ok
[INFO] [stdout] test sequence::macros::tests::do_parse ... ok
[INFO] [stdout] test number::streaming::tests::i8_tests ... ok
[INFO] [stdout] test sequence::macros::tests::add_err ... ok
[INFO] [stdout] test number::streaming::tests::i128_tests ... ok
[INFO] [stdout] test number::streaming::tests::hex_u32_tests ... ok
[INFO] [stdout] test number::streaming::tests::i32_tests ... ok
[INFO] [stdout] test number::streaming::tests::float_test ... ok
[INFO] [stdout] test number::streaming::tests::i16_tests ... ok
[INFO] [stdout] test number::streaming::tests::i64_tests ... ok
[INFO] [stdout] test sequence::macros::tests::tuple_test ... ok
[INFO] [stdout] test str::test::is_a_succeed ... ok
[INFO] [stdout] test str::test::case_insensitive ... ok
[INFO] [stdout] test str::test::tagtr_error ... ok
[INFO] [stdout] test sequence::macros::tests::preceded ... ok
[INFO] [stdout] test sequence::macros::tests::do_parse_dependency ... ok
[INFO] [stdout] test str::test::recognize_is_a ... ok
[INFO] [stdout] test str::test::take_s_succeed ... ok
[INFO] [stdout] test str::test::is_not_succeed ... ok
[INFO] [stdout] test str::test::is_a_fail ... ok
[INFO] [stdout] test str::test::take_until_error ... ok
[INFO] [stdout] test str::test::tagtr_incomplete ... ok
[INFO] [stdout] test str::test::take_until_incomplete ... ok
[INFO] [stdout] test str::test::take_while1_succeed ... ok
[INFO] [stdout] test str::test::take_while_succeed_none ... ok
[INFO] [stdout] test sequence::macros::tests::pair ... ok
[INFO] [stdout] test str::test::utf8_indexing ... ok
[INFO] [stdout] test traits::tests::test_offset_str ... ok
[INFO] [stdout] test sequence::macros::tests::separated_pair ... ok
[INFO] [stdout] test sequence::macros::tests::terminated ... ok
[INFO] [stdout] test str::test::take_while_succeed_some ... ok
[INFO] [stdout] test str::test::take_till_s_succeed ... ok
[INFO] [stdout] test str::test::take_while1_fail ... ok
[INFO] [stdout] test str::test::take_while1 ... ok
[INFO] [stdout] test str::test::tagtr_succeed ... ok
[INFO] [stdout] test traits::tests::test_offset_u8 ... ok
[INFO] [stdout] test sequence::tests::single_element_tuples ... ok
[INFO] [stdout] test str::test::take_s_incomplete ... ok
[INFO] [stdout] test str::test::take_until_succeed ... ok
[INFO] [stdout] test str::test::is_not_fail ... ok
[INFO] [stdout] test str::test::take_while ... ok
[INFO] [stdout] test internal::tests::size_test ... FAILED
[INFO] [stdout] 
[INFO] [stdout] failures:
[INFO] [stdout] 
[INFO] [stdout] ---- internal::tests::size_test stdout ----
[INFO] [stdout] thread 'internal::tests::size_test' panicked at 'assertion failed: `(left == right)`
[INFO] [stdout]   left: `32`,
[INFO] [stdout]  right: `40`', src/internal.rs:438:5
[INFO] [stdout] stack backtrace:
[INFO] [stdout]    0:     0x55889c3cf1da - std::backtrace_rs::backtrace::libunwind::trace::h2f05d0192276a8f6
[INFO] [stdout]                                at /rustc/1b7dd2252b99671ce5d1cb9664c5f8636329436d/library/std/src/../../backtrace/src/backtrace/libunwind.rs:93:5
[INFO] [stdout]    1:     0x55889c3cf1da - std::backtrace_rs::backtrace::trace_unsynchronized::hedc23dff7a1af150
[INFO] [stdout]                                at /rustc/1b7dd2252b99671ce5d1cb9664c5f8636329436d/library/std/src/../../backtrace/src/backtrace/mod.rs:66:5
[INFO] [stdout]    2:     0x55889c3cf1da - std::sys_common::backtrace::_print_fmt::h17541ef7592f3ce2
[INFO] [stdout]                                at /rustc/1b7dd2252b99671ce5d1cb9664c5f8636329436d/library/std/src/sys_common/backtrace.rs:65:5
[INFO] [stdout]    3:     0x55889c3cf1da - <std::sys_common::backtrace::_print::DisplayBacktrace as core::fmt::Display>::fmt::h20f75df5ab0c0792
[INFO] [stdout]                                at /rustc/1b7dd2252b99671ce5d1cb9664c5f8636329436d/library/std/src/sys_common/backtrace.rs:44:22
[INFO] [stdout]    4:     0x55889c3f51ef - core::fmt::write::h78109e6f466b3af6
[INFO] [stdout]                                at /rustc/1b7dd2252b99671ce5d1cb9664c5f8636329436d/library/core/src/fmt/mod.rs:1254:17
[INFO] [stdout]    5:     0x55889c3cc525 - std::io::Write::write_fmt::hd24bfb68a1b35a25
[INFO] [stdout]                                at /rustc/1b7dd2252b99671ce5d1cb9664c5f8636329436d/library/std/src/io/mod.rs:1698:15
[INFO] [stdout]    6:     0x55889c3cefa5 - std::sys_common::backtrace::_print::h8dac57a9f8fbf9a5
[INFO] [stdout]                                at /rustc/1b7dd2252b99671ce5d1cb9664c5f8636329436d/library/std/src/sys_common/backtrace.rs:47:5
[INFO] [stdout]    7:     0x55889c3cefa5 - std::sys_common::backtrace::print::hf9ecbf41d1aa712f
[INFO] [stdout]                                at /rustc/1b7dd2252b99671ce5d1cb9664c5f8636329436d/library/std/src/sys_common/backtrace.rs:34:9
[INFO] [stdout]    8:     0x55889c3d0c5e - std::panicking::default_hook::{{closure}}::h04c07acfc84ca028
[INFO] [stdout]                                at /rustc/1b7dd2252b99671ce5d1cb9664c5f8636329436d/library/std/src/panicking.rs:269:22
[INFO] [stdout]    9:     0x55889c3d0991 - std::panicking::default_hook::h01f6bb23e1eceb2c
[INFO] [stdout]                                at /rustc/1b7dd2252b99671ce5d1cb9664c5f8636329436d/library/std/src/panicking.rs:285:9
[INFO] [stdout]   10:     0x55889c39ed8b - <alloc::boxed::Box<F,A> as core::ops::function::Fn<Args>>::call::h87fe9f7b2fd49e4c
[INFO] [stdout]                                at /rustc/1b7dd2252b99671ce5d1cb9664c5f8636329436d/library/alloc/src/boxed.rs:1987:9
[INFO] [stdout]   11:     0x55889c39ed8b - test::test_main::{{closure}}::he94d679243a7531b
[INFO] [stdout]                                at /rustc/1b7dd2252b99671ce5d1cb9664c5f8636329436d/library/test/src/lib.rs:134:21
[INFO] [stdout]   12:     0x55889c3d1344 - <alloc::boxed::Box<F,A> as core::ops::function::Fn<Args>>::call::h3f2d6d8b14c4769f
[INFO] [stdout]                                at /rustc/1b7dd2252b99671ce5d1cb9664c5f8636329436d/library/alloc/src/boxed.rs:1987:9
[INFO] [stdout]   13:     0x55889c3d1344 - std::panicking::rust_panic_with_hook::h2bb3722bbaf2f6df
[INFO] [stdout]                                at /rustc/1b7dd2252b99671ce5d1cb9664c5f8636329436d/library/std/src/panicking.rs:695:13
[INFO] [stdout]   14:     0x55889c3d10b9 - std::panicking::begin_panic_handler::{{closure}}::h91bc7f36a4be011b
[INFO] [stdout]                                at /rustc/1b7dd2252b99671ce5d1cb9664c5f8636329436d/library/std/src/panicking.rs:582:13
[INFO] [stdout]   15:     0x55889c3cf646 - std::sys_common::backtrace::__rust_end_short_backtrace::h8b3d3717114f9e59
[INFO] [stdout]                                at /rustc/1b7dd2252b99671ce5d1cb9664c5f8636329436d/library/std/src/sys_common/backtrace.rs:150:18
[INFO] [stdout]   16:     0x55889c3d0e12 - rust_begin_unwind
[INFO] [stdout]                                at /rustc/1b7dd2252b99671ce5d1cb9664c5f8636329436d/library/std/src/panicking.rs:578:5
[INFO] [stdout]   17:     0x55889c252fe3 - core::panicking::panic_fmt::hfd368e3fbdabea26
[INFO] [stdout]                                at /rustc/1b7dd2252b99671ce5d1cb9664c5f8636329436d/library/core/src/panicking.rs:67:14
[INFO] [stdout]   18:     0x55889c2533af - core::panicking::assert_failed_inner::haef49168e1798a91
[INFO] [stdout]   19:     0x55889c3a85ba - core::panicking::assert_failed::h94dfd6fae4a4cace
[INFO] [stdout]                                at /rustc/1b7dd2252b99671ce5d1cb9664c5f8636329436d/library/core/src/panicking.rs:228:5
[INFO] [stdout]   20:     0x55889c317ffe - nom::internal::tests::size_test::h0e42693e2fb635e8
[INFO] [stdout]                                at /opt/rustwide/workdir/src/internal.rs:438:5
[INFO] [stdout]   21:     0x55889c317e67 - nom::internal::tests::size_test::{{closure}}::h260ea217007cce81
[INFO] [stdout]                                at /opt/rustwide/workdir/src/internal.rs:436:18
[INFO] [stdout]   22:     0x55889c2c4555 - core::ops::function::FnOnce::call_once::h846588f61eb0aef2
[INFO] [stdout]                                at /rustc/1b7dd2252b99671ce5d1cb9664c5f8636329436d/library/core/src/ops/function.rs:250:5
[INFO] [stdout]   23:     0x55889c3a3c5f - core::ops::function::FnOnce::call_once::ha6a70e79f7481a7e
[INFO] [stdout]                                at /rustc/1b7dd2252b99671ce5d1cb9664c5f8636329436d/library/core/src/ops/function.rs:250:5
[INFO] [stdout]   24:     0x55889c3a3c5f - test::__rust_begin_short_backtrace::hce33033019b61e69
[INFO] [stdout]                                at /rustc/1b7dd2252b99671ce5d1cb9664c5f8636329436d/library/test/src/lib.rs:655:18
[INFO] [stdout]   25:     0x55889c37144c - test::run_test::{{closure}}::h858d3528838ae3e5
[INFO] [stdout]                                at /rustc/1b7dd2252b99671ce5d1cb9664c5f8636329436d/library/test/src/lib.rs:646:30
[INFO] [stdout]   26:     0x55889c37144c - core::ops::function::FnOnce::call_once{{vtable.shim}}::he8ac2b00f01ae79e
[INFO] [stdout]                                at /rustc/1b7dd2252b99671ce5d1cb9664c5f8636329436d/library/core/src/ops/function.rs:250:5
[INFO] [stdout]   27:     0x55889c3a2d36 - <alloc::boxed::Box<F,A> as core::ops::function::FnOnce<Args>>::call_once::h8093d25b522725ef
[INFO] [stdout]                                at /rustc/1b7dd2252b99671ce5d1cb9664c5f8636329436d/library/alloc/src/boxed.rs:1973:9
[INFO] [stdout]   28:     0x55889c3a2d36 - <core::panic::unwind_safe::AssertUnwindSafe<F> as core::ops::function::FnOnce<()>>::call_once::h5c334c204e4a3913
[INFO] [stdout]                                at /rustc/1b7dd2252b99671ce5d1cb9664c5f8636329436d/library/core/src/panic/unwind_safe.rs:271:9
[INFO] [stdout]   29:     0x55889c3a2d36 - std::panicking::try::do_call::ha8b740c7b9478074
[INFO] [stdout]                                at /rustc/1b7dd2252b99671ce5d1cb9664c5f8636329436d/library/std/src/panicking.rs:485:40
[INFO] [stdout]   30:     0x55889c3a2d36 - std::panicking::try::h5d34f63d0e41b64e
[INFO] [stdout]                                at /rustc/1b7dd2252b99671ce5d1cb9664c5f8636329436d/library/std/src/panicking.rs:449:19
[INFO] [stdout]   31:     0x55889c3a2d36 - std::panic::catch_unwind::hcfbb511e1aa7fc67
[INFO] [stdout]                                at /rustc/1b7dd2252b99671ce5d1cb9664c5f8636329436d/library/std/src/panic.rs:140:14
[INFO] [stdout]   32:     0x55889c3a2d36 - test::run_test_in_process::h9abda90f802eaf21
[INFO] [stdout]                                at /rustc/1b7dd2252b99671ce5d1cb9664c5f8636329436d/library/test/src/lib.rs:678:27
[INFO] [stdout]   33:     0x55889c3a2d36 - test::run_test::run_test_inner::{{closure}}::h0f058de91f6c6edf
[INFO] [stdout]                                at /rustc/1b7dd2252b99671ce5d1cb9664c5f8636329436d/library/test/src/lib.rs:572:39
[INFO] [stdout]   34:     0x55889c36bc55 - test::run_test::run_test_inner::{{closure}}::h5ca48a4c59c6c1fb
[INFO] [stdout]                                at /rustc/1b7dd2252b99671ce5d1cb9664c5f8636329436d/library/test/src/lib.rs:599:37
[INFO] [stdout]   35:     0x55889c36bc55 - std::sys_common::backtrace::__rust_begin_short_backtrace::h32bd51e1495d4a33
[INFO] [stdout]                                at /rustc/1b7dd2252b99671ce5d1cb9664c5f8636329436d/library/std/src/sys_common/backtrace.rs:134:18
[INFO] [stdout]   36:     0x55889c371191 - std::thread::Builder::spawn_unchecked_::{{closure}}::{{closure}}::hc086fae9b128b2db
[INFO] [stdout]                                at /rustc/1b7dd2252b99671ce5d1cb9664c5f8636329436d/library/std/src/thread/mod.rs:526:17
[INFO] [stdout]   37:     0x55889c371191 - <core::panic::unwind_safe::AssertUnwindSafe<F> as core::ops::function::FnOnce<()>>::call_once::hb66571888d270d43
[INFO] [stdout]                                at /rustc/1b7dd2252b99671ce5d1cb9664c5f8636329436d/library/core/src/panic/unwind_safe.rs:271:9
[INFO] [stdout]   38:     0x55889c371191 - std::panicking::try::do_call::h4fa2ef4f6e51fecf
[INFO] [stdout]                                at /rustc/1b7dd2252b99671ce5d1cb9664c5f8636329436d/library/std/src/panicking.rs:485:40
[INFO] [stdout]   39:     0x55889c371191 - std::panicking::try::h1e9e22b8584489b5
[INFO] [stdout]                                at /rustc/1b7dd2252b99671ce5d1cb9664c5f8636329436d/library/std/src/panicking.rs:449:19
[INFO] [stdout]   40:     0x55889c371191 - std::panic::catch_unwind::h44698a3de0e0769e
[INFO] [stdout]                                at /rustc/1b7dd2252b99671ce5d1cb9664c5f8636329436d/library/std/src/panic.rs:140:14
[INFO] [stdout]   41:     0x55889c371191 - std::thread::Builder::spawn_unchecked_::{{closure}}::h50153abde3fe239e
[INFO] [stdout]                                at /rustc/1b7dd2252b99671ce5d1cb9664c5f8636329436d/library/std/src/thread/mod.rs:525:30
[INFO] [stdout]   42:     0x55889c371191 - core::ops::function::FnOnce::call_once{{vtable.shim}}::hbe5bbf6f38394364
[INFO] [stdout]                                at /rustc/1b7dd2252b99671ce5d1cb9664c5f8636329436d/library/core/src/ops/function.rs:250:5
[INFO] [stdout]   43:     0x55889c3d5815 - <alloc::boxed::Box<F,A> as core::ops::function::FnOnce<Args>>::call_once::h0d83cb2920a49046
[INFO] [stdout]                                at /rustc/1b7dd2252b99671ce5d1cb9664c5f8636329436d/library/alloc/src/boxed.rs:1973:9
[INFO] [stdout]   44:     0x55889c3d5815 - <alloc::boxed::Box<F,A> as core::ops::function::FnOnce<Args>>::call_once::hbe0a008aa7d9ef59
[INFO] [stdout]                                at /rustc/1b7dd2252b99671ce5d1cb9664c5f8636329436d/library/alloc/src/boxed.rs:1973:9
[INFO] [stdout]   45:     0x55889c3d5815 - std::sys::unix::thread::Thread::new::thread_start::h3a466996bdf6b1f9
[INFO] [stdout]                                at /rustc/1b7dd2252b99671ce5d1cb9664c5f8636329436d/library/std/src/sys/unix/thread.rs:108:17
[INFO] [stdout]   46:     0x7f8055069b43 - <unknown>
[INFO] [stdout]   47:     0x7f80550fabb4 - __clone
[INFO] [stdout]   48:                0x0 - <unknown>
[INFO] [stdout] 
[INFO] [stdout] 
[INFO] [stdout] failures:
[INFO] [stdout]     internal::tests::size_test
[INFO] [stdout] 
[INFO] [stdout] test result: FAILED. 189 passed; 1 failed; 0 ignored; 0 measured; 0 filtered out; finished in 0.20s
[INFO] [stdout] 
[INFO] [stderr] error: test failed, to rerun pass `--lib`
[INFO] running `Command { std: "docker" "inspect" "0e5f7d17bdb59c29b60f3f2416e87eeff6fe166bb251b07b4bfb3c39c6da8edb", kill_on_drop: false }`
[INFO] running `Command { std: "docker" "rm" "-f" "0e5f7d17bdb59c29b60f3f2416e87eeff6fe166bb251b07b4bfb3c39c6da8edb", kill_on_drop: false }`
[INFO] [stdout] 0e5f7d17bdb59c29b60f3f2416e87eeff6fe166bb251b07b4bfb3c39c6da8edb
