[INFO] fetching crate nodeless-rs 0.1.0...
[INFO] testing nodeless-rs-0.1.0 against 1.69.0 for beta-1.70-1
[INFO] extracting crate nodeless-rs 0.1.0 into /workspace/builds/worker-7-tc1/source
[INFO] validating manifest of crates.io crate nodeless-rs 0.1.0 on toolchain 1.69.0
[INFO] running `Command { std: CARGO_HOME="/workspace/cargo-home" RUSTUP_HOME="/workspace/rustup-home" "/workspace/cargo-home/bin/cargo" "+1.69.0" "metadata" "--manifest-path" "Cargo.toml" "--no-deps", kill_on_drop: false }`
[INFO] started tweaking crates.io crate nodeless-rs 0.1.0
[INFO] finished tweaking crates.io crate nodeless-rs 0.1.0
[INFO] tweaked toml for crates.io crate nodeless-rs 0.1.0 written to /workspace/builds/worker-7-tc1/source/Cargo.toml
[INFO] running `Command { std: CARGO_HOME="/workspace/cargo-home" RUSTUP_HOME="/workspace/rustup-home" __CARGO_TEST_CHANNEL_OVERRIDE_DO_NOT_USE_THIS="nightly" "/workspace/cargo-home/bin/cargo" "+1.69.0" "generate-lockfile" "--manifest-path" "Cargo.toml" "-Zno-index-update", kill_on_drop: false }`
[INFO] running `Command { std: CARGO_HOME="/workspace/cargo-home" RUSTUP_HOME="/workspace/rustup-home" "/workspace/cargo-home/bin/cargo" "+1.69.0" "fetch" "--manifest-path" "Cargo.toml", kill_on_drop: false }`
[INFO] running `Command { std: "docker" "create" "-v" "/var/lib/crater-agent-workspace/builds/worker-7-tc1/target:/opt/rustwide/target:rw,Z" "-v" "/var/lib/crater-agent-workspace/builds/worker-7-tc1/source:/opt/rustwide/workdir:ro,Z" "-v" "/var/lib/crater-agent-workspace/cargo-home:/opt/rustwide/cargo-home:ro,Z" "-v" "/var/lib/crater-agent-workspace/rustup-home:/opt/rustwide/rustup-home:ro,Z" "-e" "SOURCE_DIR=/opt/rustwide/workdir" "-e" "CARGO_TARGET_DIR=/opt/rustwide/target" "-e" "CARGO_HOME=/opt/rustwide/cargo-home" "-e" "RUSTUP_HOME=/opt/rustwide/rustup-home" "-w" "/opt/rustwide/workdir" "-m" "1610612736" "--user" "0:0" "--network" "none" "ghcr.io/rust-lang/crates-build-env/linux@sha256:5ff2268d62e97bff2cde7d5815dd6ed5b47097566f13b8d0ca110b04b60e07ed" "/opt/rustwide/cargo-home/bin/cargo" "+1.69.0" "metadata" "--no-deps" "--format-version=1", kill_on_drop: false }`
[INFO] [stdout] 64b8439d36035529d9e0c94df4e9a86e60a07f0abd6a57218441988087393c61
[INFO] running `Command { std: "docker" "start" "-a" "64b8439d36035529d9e0c94df4e9a86e60a07f0abd6a57218441988087393c61", kill_on_drop: false }`
[INFO] running `Command { std: "docker" "inspect" "64b8439d36035529d9e0c94df4e9a86e60a07f0abd6a57218441988087393c61", kill_on_drop: false }`
[INFO] running `Command { std: "docker" "rm" "-f" "64b8439d36035529d9e0c94df4e9a86e60a07f0abd6a57218441988087393c61", kill_on_drop: false }`
[INFO] [stdout] 64b8439d36035529d9e0c94df4e9a86e60a07f0abd6a57218441988087393c61
[INFO] running `Command { std: "docker" "create" "-v" "/var/lib/crater-agent-workspace/builds/worker-7-tc1/target:/opt/rustwide/target:rw,Z" "-v" "/var/lib/crater-agent-workspace/builds/worker-7-tc1/source:/opt/rustwide/workdir:ro,Z" "-v" "/var/lib/crater-agent-workspace/cargo-home:/opt/rustwide/cargo-home:ro,Z" "-v" "/var/lib/crater-agent-workspace/rustup-home:/opt/rustwide/rustup-home:ro,Z" "-e" "SOURCE_DIR=/opt/rustwide/workdir" "-e" "CARGO_TARGET_DIR=/opt/rustwide/target" "-e" "CARGO_INCREMENTAL=0" "-e" "RUST_BACKTRACE=full" "-e" "RUSTFLAGS=--cap-lints=warn" "-e" "RUSTDOCFLAGS=--cap-lints=warn" "-e" "CARGO_HOME=/opt/rustwide/cargo-home" "-e" "RUSTUP_HOME=/opt/rustwide/rustup-home" "-w" "/opt/rustwide/workdir" "-m" "1610612736" "--user" "0:0" "--network" "none" "ghcr.io/rust-lang/crates-build-env/linux@sha256:5ff2268d62e97bff2cde7d5815dd6ed5b47097566f13b8d0ca110b04b60e07ed" "/opt/rustwide/cargo-home/bin/cargo" "+1.69.0" "build" "--frozen" "--message-format=json", kill_on_drop: false }`
[INFO] [stdout] 29e01614fa8178c49c811887f365d98568f797b8573e530a519fb675cf1f72d1
[INFO] running `Command { std: "docker" "start" "-a" "29e01614fa8178c49c811887f365d98568f797b8573e530a519fb675cf1f72d1", kill_on_drop: false }`
[INFO] [stderr]    Compiling tokio v1.28.0
[INFO] [stderr]    Compiling futures-task v0.3.28
[INFO] [stderr]    Compiling futures-util v0.3.28
[INFO] [stderr]    Compiling tracing v0.1.37
[INFO] [stderr]    Compiling futures-channel v0.3.28
[INFO] [stderr]    Compiling openssl-sys v0.9.87
[INFO] [stderr]    Compiling syn v2.0.15
[INFO] [stderr]    Compiling time v0.1.45
[INFO] [stderr]    Compiling chrono v0.4.24
[INFO] [stderr]    Compiling openssl-macros v0.1.1
[INFO] [stderr]    Compiling serde_derive v1.0.160
[INFO] [stderr]    Compiling thiserror-impl v1.0.40
[INFO] [stderr]    Compiling openssl v0.10.52
[INFO] [stderr]    Compiling tokio-util v0.7.8
[INFO] [stderr]    Compiling thiserror v1.0.40
[INFO] [stderr]    Compiling h2 v0.3.18
[INFO] [stderr]    Compiling serde v1.0.160
[INFO] [stderr]    Compiling native-tls v0.2.11
[INFO] [stderr]    Compiling tokio-native-tls v0.3.1
[INFO] [stderr]    Compiling hyper v0.14.26
[INFO] [stderr]    Compiling hyper-tls v0.5.0
[INFO] [stderr]    Compiling serde_urlencoded v0.7.1
[INFO] [stderr]    Compiling serde_json v1.0.96
[INFO] [stderr]    Compiling reqwest v0.11.17
[INFO] [stderr]    Compiling nodeless-rs v0.1.0 (/opt/rustwide/workdir)
[INFO] [stderr]     Finished dev [unoptimized + debuginfo] target(s) in 11.62s
[INFO] running `Command { std: "docker" "inspect" "29e01614fa8178c49c811887f365d98568f797b8573e530a519fb675cf1f72d1", kill_on_drop: false }`
[INFO] running `Command { std: "docker" "rm" "-f" "29e01614fa8178c49c811887f365d98568f797b8573e530a519fb675cf1f72d1", kill_on_drop: false }`
[INFO] [stdout] 29e01614fa8178c49c811887f365d98568f797b8573e530a519fb675cf1f72d1
[INFO] running `Command { std: "docker" "create" "-v" "/var/lib/crater-agent-workspace/builds/worker-7-tc1/target:/opt/rustwide/target:rw,Z" "-v" "/var/lib/crater-agent-workspace/builds/worker-7-tc1/source:/opt/rustwide/workdir:ro,Z" "-v" "/var/lib/crater-agent-workspace/cargo-home:/opt/rustwide/cargo-home:ro,Z" "-v" "/var/lib/crater-agent-workspace/rustup-home:/opt/rustwide/rustup-home:ro,Z" "-e" "SOURCE_DIR=/opt/rustwide/workdir" "-e" "CARGO_TARGET_DIR=/opt/rustwide/target" "-e" "CARGO_INCREMENTAL=0" "-e" "RUST_BACKTRACE=full" "-e" "RUSTFLAGS=--cap-lints=warn" "-e" "RUSTDOCFLAGS=--cap-lints=warn" "-e" "CARGO_HOME=/opt/rustwide/cargo-home" "-e" "RUSTUP_HOME=/opt/rustwide/rustup-home" "-w" "/opt/rustwide/workdir" "-m" "1610612736" "--user" "0:0" "--network" "none" "ghcr.io/rust-lang/crates-build-env/linux@sha256:5ff2268d62e97bff2cde7d5815dd6ed5b47097566f13b8d0ca110b04b60e07ed" "/opt/rustwide/cargo-home/bin/cargo" "+1.69.0" "test" "--frozen" "--no-run" "--message-format=json", kill_on_drop: false }`
[INFO] [stdout] e7fea6aca61beb6021c59c180ea730061b968dbd52b5ef0c0b1da781cbc571ea
[INFO] running `Command { std: "docker" "start" "-a" "e7fea6aca61beb6021c59c180ea730061b968dbd52b5ef0c0b1da781cbc571ea", kill_on_drop: false }`
[INFO] [stderr]     Blocking waiting for file lock on package cache
[INFO] [stderr]    Compiling nodeless-rs v0.1.0 (/opt/rustwide/workdir)
[INFO] [stderr]     Finished test [unoptimized + debuginfo] target(s) in 1.22s
[INFO] running `Command { std: "docker" "inspect" "e7fea6aca61beb6021c59c180ea730061b968dbd52b5ef0c0b1da781cbc571ea", kill_on_drop: false }`
[INFO] running `Command { std: "docker" "rm" "-f" "e7fea6aca61beb6021c59c180ea730061b968dbd52b5ef0c0b1da781cbc571ea", kill_on_drop: false }`
[INFO] [stdout] e7fea6aca61beb6021c59c180ea730061b968dbd52b5ef0c0b1da781cbc571ea
[INFO] running `Command { std: "docker" "create" "-v" "/var/lib/crater-agent-workspace/builds/worker-7-tc1/target:/opt/rustwide/target:rw,Z" "-v" "/var/lib/crater-agent-workspace/builds/worker-7-tc1/source:/opt/rustwide/workdir:ro,Z" "-v" "/var/lib/crater-agent-workspace/cargo-home:/opt/rustwide/cargo-home:ro,Z" "-v" "/var/lib/crater-agent-workspace/rustup-home:/opt/rustwide/rustup-home:ro,Z" "-e" "SOURCE_DIR=/opt/rustwide/workdir" "-e" "CARGO_TARGET_DIR=/opt/rustwide/target" "-e" "CARGO_INCREMENTAL=0" "-e" "RUST_BACKTRACE=full" "-e" "RUSTFLAGS=--cap-lints=warn" "-e" "RUSTDOCFLAGS=--cap-lints=warn" "-e" "CARGO_HOME=/opt/rustwide/cargo-home" "-e" "RUSTUP_HOME=/opt/rustwide/rustup-home" "-w" "/opt/rustwide/workdir" "-m" "1610612736" "--user" "0:0" "--network" "none" "ghcr.io/rust-lang/crates-build-env/linux@sha256:5ff2268d62e97bff2cde7d5815dd6ed5b47097566f13b8d0ca110b04b60e07ed" "/opt/rustwide/cargo-home/bin/cargo" "+1.69.0" "test" "--frozen", kill_on_drop: false }`
[INFO] [stdout] c242cb274b853c7aea617ac37d55dd03ed704e6b6a979a164393aebfe06722d8
[INFO] running `Command { std: "docker" "start" "-a" "c242cb274b853c7aea617ac37d55dd03ed704e6b6a979a164393aebfe06722d8", kill_on_drop: false }`
[INFO] [stderr]     Finished test [unoptimized + debuginfo] target(s) in 0.11s
[INFO] [stderr]      Running unittests src/lib.rs (/opt/rustwide/target/debug/deps/nodeless_rs-42d88a7ba4f0135f)
[INFO] [stdout] 
[INFO] [stdout] running 0 tests
[INFO] [stdout] 
[INFO] [stdout] test result: ok. 0 passed; 0 failed; 0 ignored; 0 measured; 0 filtered out; finished in 0.00s
[INFO] [stdout] 
[INFO] [stderr]    Doc-tests nodeless-rs
[INFO] [stdout] 
[INFO] [stdout] running 2 tests
[INFO] [stdout] test src/lib.rs - (line 5) ... FAILED
[INFO] [stdout] test src/lib.rs - Nodeless::new (line 34) ... ok
[INFO] [stdout] 
[INFO] [stdout] failures:
[INFO] [stdout] 
[INFO] [stdout] ---- src/lib.rs - (line 5) stdout ----
[INFO] [stdout] error[E0433]: failed to resolve: use of undeclared crate or module `tokio`
[INFO] [stdout]   --> src/lib.rs:15:3
[INFO] [stdout]    |
[INFO] [stdout] 12 | #[tokio::main]
[INFO] [stdout]    |   ^^^^^ use of undeclared crate or module `tokio`
[INFO] [stdout] 
[INFO] [stdout] error[E0752]: `main` function is not allowed to be `async`
[INFO] [stdout]   --> src/lib.rs:16:1
[INFO] [stdout]    |
[INFO] [stdout] 13 | async fn main() {
[INFO] [stdout]    | ^^^^^^^^^^^^^^^ `main` function is not allowed to be `async`
[INFO] [stdout] 
[INFO] [stdout] error: aborting due to 2 previous errors
[INFO] [stdout] 
[INFO] [stdout] Some errors have detailed explanations: E0433, E0752.
[INFO] [stdout] For more information about an error, try `rustc --explain E0433`.
[INFO] [stdout] Couldn't compile the test.
[INFO] [stdout] 
[INFO] [stdout] failures:
[INFO] [stdout]     src/lib.rs - (line 5)
[INFO] [stdout] 
[INFO] [stdout] test result: FAILED. 1 passed; 1 failed; 0 ignored; 0 measured; 0 filtered out; finished in 1.96s
[INFO] [stdout] 
[INFO] [stderr] error: doctest failed, to rerun pass `--doc`
[INFO] running `Command { std: "docker" "inspect" "c242cb274b853c7aea617ac37d55dd03ed704e6b6a979a164393aebfe06722d8", kill_on_drop: false }`
[INFO] running `Command { std: "docker" "rm" "-f" "c242cb274b853c7aea617ac37d55dd03ed704e6b6a979a164393aebfe06722d8", kill_on_drop: false }`
[INFO] [stdout] c242cb274b853c7aea617ac37d55dd03ed704e6b6a979a164393aebfe06722d8
