[INFO] fetching crate niura 0.1.0...
[INFO] testing niura-0.1.0 against beta-2023-04-20 for beta-1.70-1
[INFO] extracting crate niura 0.1.0 into /workspace/builds/worker-0-tc2/source
[INFO] validating manifest of crates.io crate niura 0.1.0 on toolchain beta-2023-04-20
[INFO] running `Command { std: CARGO_HOME="/workspace/cargo-home" RUSTUP_HOME="/workspace/rustup-home" "/workspace/cargo-home/bin/cargo" "+beta-2023-04-20" "metadata" "--manifest-path" "Cargo.toml" "--no-deps", kill_on_drop: false }`
[INFO] started tweaking crates.io crate niura 0.1.0
[INFO] finished tweaking crates.io crate niura 0.1.0
[INFO] tweaked toml for crates.io crate niura 0.1.0 written to /workspace/builds/worker-0-tc2/source/Cargo.toml
[INFO] running `Command { std: CARGO_HOME="/workspace/cargo-home" RUSTUP_HOME="/workspace/rustup-home" __CARGO_TEST_CHANNEL_OVERRIDE_DO_NOT_USE_THIS="nightly" "/workspace/cargo-home/bin/cargo" "+beta-2023-04-20" "generate-lockfile" "--manifest-path" "Cargo.toml" "-Zno-index-update", kill_on_drop: false }`
[INFO] running `Command { std: CARGO_HOME="/workspace/cargo-home" RUSTUP_HOME="/workspace/rustup-home" "/workspace/cargo-home/bin/cargo" "+beta-2023-04-20" "fetch" "--manifest-path" "Cargo.toml", kill_on_drop: false }`
[INFO] [stderr]     Blocking waiting for file lock on package cache
[INFO] running `Command { std: "docker" "create" "-v" "/var/lib/crater-agent-workspace/builds/worker-0-tc2/target:/opt/rustwide/target:rw,Z" "-v" "/var/lib/crater-agent-workspace/builds/worker-0-tc2/source:/opt/rustwide/workdir:ro,Z" "-v" "/var/lib/crater-agent-workspace/cargo-home:/opt/rustwide/cargo-home:ro,Z" "-v" "/var/lib/crater-agent-workspace/rustup-home:/opt/rustwide/rustup-home:ro,Z" "-e" "SOURCE_DIR=/opt/rustwide/workdir" "-e" "CARGO_TARGET_DIR=/opt/rustwide/target" "-e" "CARGO_HOME=/opt/rustwide/cargo-home" "-e" "RUSTUP_HOME=/opt/rustwide/rustup-home" "-w" "/opt/rustwide/workdir" "-m" "1610612736" "--user" "0:0" "--network" "none" "ghcr.io/rust-lang/crates-build-env/linux@sha256:5ff2268d62e97bff2cde7d5815dd6ed5b47097566f13b8d0ca110b04b60e07ed" "/opt/rustwide/cargo-home/bin/cargo" "+beta-2023-04-20" "metadata" "--no-deps" "--format-version=1", kill_on_drop: false }`
[INFO] [stdout] 4a5704be1ce96d11325da7fe40b6aa60b9a5fff52bc924aa151ed20a4f1250aa
[INFO] running `Command { std: "docker" "start" "-a" "4a5704be1ce96d11325da7fe40b6aa60b9a5fff52bc924aa151ed20a4f1250aa", kill_on_drop: false }`
[INFO] running `Command { std: "docker" "inspect" "4a5704be1ce96d11325da7fe40b6aa60b9a5fff52bc924aa151ed20a4f1250aa", kill_on_drop: false }`
[INFO] running `Command { std: "docker" "rm" "-f" "4a5704be1ce96d11325da7fe40b6aa60b9a5fff52bc924aa151ed20a4f1250aa", kill_on_drop: false }`
[INFO] [stdout] 4a5704be1ce96d11325da7fe40b6aa60b9a5fff52bc924aa151ed20a4f1250aa
[INFO] running `Command { std: "docker" "create" "-v" "/var/lib/crater-agent-workspace/builds/worker-0-tc2/target:/opt/rustwide/target:rw,Z" "-v" "/var/lib/crater-agent-workspace/builds/worker-0-tc2/source:/opt/rustwide/workdir:ro,Z" "-v" "/var/lib/crater-agent-workspace/cargo-home:/opt/rustwide/cargo-home:ro,Z" "-v" "/var/lib/crater-agent-workspace/rustup-home:/opt/rustwide/rustup-home:ro,Z" "-e" "SOURCE_DIR=/opt/rustwide/workdir" "-e" "CARGO_TARGET_DIR=/opt/rustwide/target" "-e" "CARGO_INCREMENTAL=0" "-e" "RUST_BACKTRACE=full" "-e" "RUSTFLAGS=--cap-lints=warn" "-e" "RUSTDOCFLAGS=--cap-lints=warn" "-e" "CARGO_HOME=/opt/rustwide/cargo-home" "-e" "RUSTUP_HOME=/opt/rustwide/rustup-home" "-w" "/opt/rustwide/workdir" "-m" "1610612736" "--user" "0:0" "--network" "none" "ghcr.io/rust-lang/crates-build-env/linux@sha256:5ff2268d62e97bff2cde7d5815dd6ed5b47097566f13b8d0ca110b04b60e07ed" "/opt/rustwide/cargo-home/bin/cargo" "+beta-2023-04-20" "build" "--frozen" "--message-format=json", kill_on_drop: false }`
[INFO] [stdout] 976ce9fdbb4e7b3773ae945d7488d5deff345ff6dbd7ba92a1c88c7b58d72cfa
[INFO] running `Command { std: "docker" "start" "-a" "976ce9fdbb4e7b3773ae945d7488d5deff345ff6dbd7ba92a1c88c7b58d72cfa", kill_on_drop: false }`
[INFO] [stderr]    Compiling libc v0.2.142
[INFO] [stderr]    Compiling cfg-if v1.0.0
[INFO] [stderr]    Compiling ppv-lite86 v0.2.17
[INFO] [stderr]    Compiling getrandom v0.2.9
[INFO] [stderr]    Compiling rand_core v0.6.4
[INFO] [stderr]    Compiling rand_chacha v0.3.1
[INFO] [stderr]    Compiling rand v0.8.5
[INFO] [stderr]    Compiling niura v0.1.0 (/opt/rustwide/workdir)
[INFO] [stdout] warning: type `var_ptr` should have an upper camel case name
[INFO] [stdout]   --> src/var/ops.rs:12:6
[INFO] [stdout]    |
[INFO] [stdout] 12 | type var_ptr = *const var;
[INFO] [stdout]    |      ^^^^^^^ help: convert the identifier to upper camel case: `VarPtr`
[INFO] [stdout]    |
[INFO] [stdout]    = note: `#[warn(non_camel_case_types)]` on by default
[INFO] [stdout] 
[INFO] [stdout] 
[INFO] [stdout] warning: unused import: `ptr`
[INFO] [stdout]  --> src/var/mod.rs:6:23
[INFO] [stdout]   |
[INFO] [stdout] 6 | use std::{cell::Cell, ptr};
[INFO] [stdout]   |                       ^^^
[INFO] [stdout]   |
[INFO] [stdout]   = note: `#[warn(unused_imports)]` on by default
[INFO] [stdout] 
[INFO] [stdout] 
[INFO] [stdout] warning: type `var_ptr` should have an upper camel case name
[INFO] [stdout]   --> src/var/mod.rs:10:6
[INFO] [stdout]    |
[INFO] [stdout] 10 | type var_ptr = *const var;
[INFO] [stdout]    |      ^^^^^^^ help: convert the identifier to upper camel case: `VarPtr`
[INFO] [stdout] 
[INFO] [stdout] 
[INFO] [stdout] warning: type `var` should have an upper camel case name
[INFO] [stdout]   --> src/var/mod.rs:15:12
[INFO] [stdout]    |
[INFO] [stdout] 15 | pub struct var {
[INFO] [stdout]    |            ^^^ help: convert the identifier to upper camel case (notice the capitalization): `Var`
[INFO] [stdout] 
[INFO] [stdout] 
[INFO] [stdout] warning: field `requiresgrad` is never read
[INFO] [stdout]   --> src/var/mod.rs:23:5
[INFO] [stdout]    |
[INFO] [stdout] 15 | pub struct var {
[INFO] [stdout]    |            --- field in this struct
[INFO] [stdout] ...
[INFO] [stdout] 23 |     requiresgrad: bool,
[INFO] [stdout]    |     ^^^^^^^^^^^^
[INFO] [stdout]    |
[INFO] [stdout]    = note: `#[warn(dead_code)]` on by default
[INFO] [stdout] 
[INFO] [stdout] 
[INFO] [stdout] warning: 5 warnings emitted
[INFO] [stdout] 
[INFO] [stdout] 
[INFO] [stderr]     Finished dev [unoptimized + debuginfo] target(s) in 1.80s
[INFO] running `Command { std: "docker" "inspect" "976ce9fdbb4e7b3773ae945d7488d5deff345ff6dbd7ba92a1c88c7b58d72cfa", kill_on_drop: false }`
[INFO] running `Command { std: "docker" "rm" "-f" "976ce9fdbb4e7b3773ae945d7488d5deff345ff6dbd7ba92a1c88c7b58d72cfa", kill_on_drop: false }`
[INFO] [stdout] 976ce9fdbb4e7b3773ae945d7488d5deff345ff6dbd7ba92a1c88c7b58d72cfa
[INFO] running `Command { std: "docker" "create" "-v" "/var/lib/crater-agent-workspace/builds/worker-0-tc2/target:/opt/rustwide/target:rw,Z" "-v" "/var/lib/crater-agent-workspace/builds/worker-0-tc2/source:/opt/rustwide/workdir:ro,Z" "-v" "/var/lib/crater-agent-workspace/cargo-home:/opt/rustwide/cargo-home:ro,Z" "-v" "/var/lib/crater-agent-workspace/rustup-home:/opt/rustwide/rustup-home:ro,Z" "-e" "SOURCE_DIR=/opt/rustwide/workdir" "-e" "CARGO_TARGET_DIR=/opt/rustwide/target" "-e" "CARGO_INCREMENTAL=0" "-e" "RUST_BACKTRACE=full" "-e" "RUSTFLAGS=--cap-lints=warn" "-e" "RUSTDOCFLAGS=--cap-lints=warn" "-e" "CARGO_HOME=/opt/rustwide/cargo-home" "-e" "RUSTUP_HOME=/opt/rustwide/rustup-home" "-w" "/opt/rustwide/workdir" "-m" "1610612736" "--user" "0:0" "--network" "none" "ghcr.io/rust-lang/crates-build-env/linux@sha256:5ff2268d62e97bff2cde7d5815dd6ed5b47097566f13b8d0ca110b04b60e07ed" "/opt/rustwide/cargo-home/bin/cargo" "+beta-2023-04-20" "test" "--frozen" "--no-run" "--message-format=json", kill_on_drop: false }`
[INFO] [stdout] c01bf899231f3b9a8872af65ffd9042bd6f4d0ce0c113df26a7a450a1c75ea98
[INFO] running `Command { std: "docker" "start" "-a" "c01bf899231f3b9a8872af65ffd9042bd6f4d0ce0c113df26a7a450a1c75ea98", kill_on_drop: false }`
[INFO] [stdout] warning: type `var_ptr` should have an upper camel case name
[INFO] [stdout]   --> src/var/ops.rs:12:6
[INFO] [stdout]    |
[INFO] [stdout] 12 | type var_ptr = *const var;
[INFO] [stdout]    |      ^^^^^^^ help: convert the identifier to upper camel case: `VarPtr`
[INFO] [stdout]    |
[INFO] [stdout]    = note: `#[warn(non_camel_case_types)]` on by default
[INFO] [stdout] 
[INFO] [stdout] 
[INFO] [stdout] warning: unused import: `ptr`
[INFO] [stdout]  --> src/var/mod.rs:6:23
[INFO] [stdout]   |
[INFO] [stdout] 6 | use std::{cell::Cell, ptr};
[INFO] [stdout]   |                       ^^^
[INFO] [stdout]   |
[INFO] [stdout]   = note: `#[warn(unused_imports)]` on by default
[INFO] [stdout] 
[INFO] [stdout] 
[INFO] [stdout] warning: type `var_ptr` should have an upper camel case name
[INFO] [stdout]   --> src/var/mod.rs:10:6
[INFO] [stdout]    |
[INFO] [stdout] 10 | type var_ptr = *const var;
[INFO] [stdout]    |      ^^^^^^^ help: convert the identifier to upper camel case: `VarPtr`
[INFO] [stdout] 
[INFO] [stdout] 
[INFO] [stdout] warning: type `var` should have an upper camel case name
[INFO] [stdout]   --> src/var/mod.rs:15:12
[INFO] [stdout]    |
[INFO] [stdout] 15 | pub struct var {
[INFO] [stdout]    |            ^^^ help: convert the identifier to upper camel case (notice the capitalization): `Var`
[INFO] [stdout] 
[INFO] [stdout] 
[INFO] [stdout] warning: field `requiresgrad` is never read
[INFO] [stdout]   --> src/var/mod.rs:23:5
[INFO] [stdout]    |
[INFO] [stdout] 15 | pub struct var {
[INFO] [stdout]    |            --- field in this struct
[INFO] [stdout] ...
[INFO] [stdout] 23 |     requiresgrad: bool,
[INFO] [stdout]    |     ^^^^^^^^^^^^
[INFO] [stdout]    |
[INFO] [stdout]    = note: `#[warn(dead_code)]` on by default
[INFO] [stdout] 
[INFO] [stdout] 
[INFO] [stdout] warning: 5 warnings emitted
[INFO] [stdout] 
[INFO] [stdout] 
[INFO] [stderr]    Compiling niura v0.1.0 (/opt/rustwide/workdir)
[INFO] [stdout] warning: type `var_ptr` should have an upper camel case name
[INFO] [stdout]   --> src/var/ops.rs:12:6
[INFO] [stdout]    |
[INFO] [stdout] 12 | type var_ptr = *const var;
[INFO] [stdout]    |      ^^^^^^^ help: convert the identifier to upper camel case: `VarPtr`
[INFO] [stdout]    |
[INFO] [stdout]    = note: `#[warn(non_camel_case_types)]` on by default
[INFO] [stdout] 
[INFO] [stdout] 
[INFO] [stdout] warning: unused import: `ptr`
[INFO] [stdout]  --> src/var/mod.rs:6:23
[INFO] [stdout]   |
[INFO] [stdout] 6 | use std::{cell::Cell, ptr};
[INFO] [stdout]   |                       ^^^
[INFO] [stdout]   |
[INFO] [stdout]   = note: `#[warn(unused_imports)]` on by default
[INFO] [stdout] 
[INFO] [stdout] 
[INFO] [stdout] warning: type `var_ptr` should have an upper camel case name
[INFO] [stdout]   --> src/var/mod.rs:10:6
[INFO] [stdout]    |
[INFO] [stdout] 10 | type var_ptr = *const var;
[INFO] [stdout]    |      ^^^^^^^ help: convert the identifier to upper camel case: `VarPtr`
[INFO] [stdout] 
[INFO] [stdout] 
[INFO] [stdout] warning: type `var` should have an upper camel case name
[INFO] [stdout]   --> src/var/mod.rs:15:12
[INFO] [stdout]    |
[INFO] [stdout] 15 | pub struct var {
[INFO] [stdout]    |            ^^^ help: convert the identifier to upper camel case (notice the capitalization): `Var`
[INFO] [stdout] 
[INFO] [stdout] 
[INFO] [stdout] warning: field `requiresgrad` is never read
[INFO] [stdout]   --> src/var/mod.rs:23:5
[INFO] [stdout]    |
[INFO] [stdout] 15 | pub struct var {
[INFO] [stdout]    |            --- field in this struct
[INFO] [stdout] ...
[INFO] [stdout] 23 |     requiresgrad: bool,
[INFO] [stdout]    |     ^^^^^^^^^^^^
[INFO] [stdout]    |
[INFO] [stdout]    = note: `#[warn(dead_code)]` on by default
[INFO] [stdout] 
[INFO] [stdout] 
[INFO] [stdout] warning: 5 warnings emitted
[INFO] [stdout] 
[INFO] [stdout] 
[INFO] [stderr]     Finished test [unoptimized + debuginfo] target(s) in 0.38s
[INFO] running `Command { std: "docker" "inspect" "c01bf899231f3b9a8872af65ffd9042bd6f4d0ce0c113df26a7a450a1c75ea98", kill_on_drop: false }`
[INFO] running `Command { std: "docker" "rm" "-f" "c01bf899231f3b9a8872af65ffd9042bd6f4d0ce0c113df26a7a450a1c75ea98", kill_on_drop: false }`
[INFO] [stdout] c01bf899231f3b9a8872af65ffd9042bd6f4d0ce0c113df26a7a450a1c75ea98
[INFO] running `Command { std: "docker" "create" "-v" "/var/lib/crater-agent-workspace/builds/worker-0-tc2/target:/opt/rustwide/target:rw,Z" "-v" "/var/lib/crater-agent-workspace/builds/worker-0-tc2/source:/opt/rustwide/workdir:ro,Z" "-v" "/var/lib/crater-agent-workspace/cargo-home:/opt/rustwide/cargo-home:ro,Z" "-v" "/var/lib/crater-agent-workspace/rustup-home:/opt/rustwide/rustup-home:ro,Z" "-e" "SOURCE_DIR=/opt/rustwide/workdir" "-e" "CARGO_TARGET_DIR=/opt/rustwide/target" "-e" "CARGO_INCREMENTAL=0" "-e" "RUST_BACKTRACE=full" "-e" "RUSTFLAGS=--cap-lints=warn" "-e" "RUSTDOCFLAGS=--cap-lints=warn" "-e" "CARGO_HOME=/opt/rustwide/cargo-home" "-e" "RUSTUP_HOME=/opt/rustwide/rustup-home" "-w" "/opt/rustwide/workdir" "-m" "1610612736" "--user" "0:0" "--network" "none" "ghcr.io/rust-lang/crates-build-env/linux@sha256:5ff2268d62e97bff2cde7d5815dd6ed5b47097566f13b8d0ca110b04b60e07ed" "/opt/rustwide/cargo-home/bin/cargo" "+beta-2023-04-20" "test" "--frozen", kill_on_drop: false }`
[INFO] [stdout] fa5a6bd608519ac193cb1e88b0c667445b90d6257230aa51f4d2b0b8307cea69
[INFO] running `Command { std: "docker" "start" "-a" "fa5a6bd608519ac193cb1e88b0c667445b90d6257230aa51f4d2b0b8307cea69", kill_on_drop: false }`
[INFO] [stderr] warning: type `var_ptr` should have an upper camel case name
[INFO] [stderr]   --> src/var/ops.rs:12:6
[INFO] [stderr]    |
[INFO] [stderr] 12 | type var_ptr = *const var;
[INFO] [stderr]    |      ^^^^^^^ help: convert the identifier to upper camel case: `VarPtr`
[INFO] [stderr]    |
[INFO] [stderr]    = note: `#[warn(non_camel_case_types)]` on by default
[INFO] [stderr] 
[INFO] [stderr] warning: unused import: `ptr`
[INFO] [stderr]  --> src/var/mod.rs:6:23
[INFO] [stderr]   |
[INFO] [stderr] 6 | use std::{cell::Cell, ptr};
[INFO] [stderr]   |                       ^^^
[INFO] [stderr]   |
[INFO] [stderr]   = note: `#[warn(unused_imports)]` on by default
[INFO] [stderr] 
[INFO] [stderr] warning: type `var_ptr` should have an upper camel case name
[INFO] [stderr]   --> src/var/mod.rs:10:6
[INFO] [stderr]    |
[INFO] [stderr] 10 | type var_ptr = *const var;
[INFO] [stderr]    |      ^^^^^^^ help: convert the identifier to upper camel case: `VarPtr`
[INFO] [stderr] 
[INFO] [stderr] warning: type `var` should have an upper camel case name
[INFO] [stderr]   --> src/var/mod.rs:15:12
[INFO] [stderr]    |
[INFO] [stderr] 15 | pub struct var {
[INFO] [stderr]    |            ^^^ help: convert the identifier to upper camel case (notice the capitalization): `Var`
[INFO] [stderr] 
[INFO] [stderr] warning: field `requiresgrad` is never read
[INFO] [stderr]   --> src/var/mod.rs:23:5
[INFO] [stderr]    |
[INFO] [stderr] 15 | pub struct var {
[INFO] [stderr]    |            --- field in this struct
[INFO] [stderr] ...
[INFO] [stderr] 23 |     requiresgrad: bool,
[INFO] [stderr]    |     ^^^^^^^^^^^^
[INFO] [stderr]    |
[INFO] [stderr]    = note: `#[warn(dead_code)]` on by default
[INFO] [stderr] 
[INFO] [stderr] warning: `niura` (lib) generated 5 warnings (run `cargo fix --lib -p niura` to apply 1 suggestion)
[INFO] [stderr] warning: `niura` (lib test) generated 5 warnings (5 duplicates)
[INFO] [stderr]     Finished test [unoptimized + debuginfo] target(s) in 0.00s
[INFO] [stderr]      Running unittests src/lib.rs (/opt/rustwide/target/debug/deps/niura-653507f7f0a606a5)
[INFO] [stdout] 
[INFO] [stdout] running 1 test
[INFO] [stdout] test tests::gradient ... FAILED
[INFO] [stdout] 
[INFO] [stdout] failures:
[INFO] [stdout] 
[INFO] [stdout] ---- tests::gradient stdout ----
[INFO] [stdout] thread 'tests::gradient' panicked at 'assertion failed: `(left == right)`
[INFO] [stdout]   left: `-19.373083`,
[INFO] [stdout]  right: `-19.373081`', src/lib.rs:21:9
[INFO] [stdout] stack backtrace:
[INFO] [stdout]    0:     0x560b6105ed6a - std::backtrace_rs::backtrace::libunwind::trace::h2f05d0192276a8f6
[INFO] [stdout]                                at /rustc/1b7dd2252b99671ce5d1cb9664c5f8636329436d/library/std/src/../../backtrace/src/backtrace/libunwind.rs:93:5
[INFO] [stdout]    1:     0x560b6105ed6a - std::backtrace_rs::backtrace::trace_unsynchronized::hedc23dff7a1af150
[INFO] [stdout]                                at /rustc/1b7dd2252b99671ce5d1cb9664c5f8636329436d/library/std/src/../../backtrace/src/backtrace/mod.rs:66:5
[INFO] [stdout]    2:     0x560b6105ed6a - std::sys_common::backtrace::_print_fmt::h17541ef7592f3ce2
[INFO] [stdout]                                at /rustc/1b7dd2252b99671ce5d1cb9664c5f8636329436d/library/std/src/sys_common/backtrace.rs:65:5
[INFO] [stdout]    3:     0x560b6105ed6a - <std::sys_common::backtrace::_print::DisplayBacktrace as core::fmt::Display>::fmt::h20f75df5ab0c0792
[INFO] [stdout]                                at /rustc/1b7dd2252b99671ce5d1cb9664c5f8636329436d/library/std/src/sys_common/backtrace.rs:44:22
[INFO] [stdout]    4:     0x560b6108345f - core::fmt::write::h78109e6f466b3af6
[INFO] [stdout]                                at /rustc/1b7dd2252b99671ce5d1cb9664c5f8636329436d/library/core/src/fmt/mod.rs:1254:17
[INFO] [stdout]    5:     0x560b6105c0b5 - std::io::Write::write_fmt::hd24bfb68a1b35a25
[INFO] [stdout]                                at /rustc/1b7dd2252b99671ce5d1cb9664c5f8636329436d/library/std/src/io/mod.rs:1698:15
[INFO] [stdout]    6:     0x560b6105eb35 - std::sys_common::backtrace::_print::h8dac57a9f8fbf9a5
[INFO] [stdout]                                at /rustc/1b7dd2252b99671ce5d1cb9664c5f8636329436d/library/std/src/sys_common/backtrace.rs:47:5
[INFO] [stdout]    7:     0x560b6105eb35 - std::sys_common::backtrace::print::hf9ecbf41d1aa712f
[INFO] [stdout]                                at /rustc/1b7dd2252b99671ce5d1cb9664c5f8636329436d/library/std/src/sys_common/backtrace.rs:34:9
[INFO] [stdout]    8:     0x560b610607ee - std::panicking::default_hook::{{closure}}::h04c07acfc84ca028
[INFO] [stdout]                                at /rustc/1b7dd2252b99671ce5d1cb9664c5f8636329436d/library/std/src/panicking.rs:269:22
[INFO] [stdout]    9:     0x560b61060521 - std::panicking::default_hook::h01f6bb23e1eceb2c
[INFO] [stdout]                                at /rustc/1b7dd2252b99671ce5d1cb9664c5f8636329436d/library/std/src/panicking.rs:285:9
[INFO] [stdout]   10:     0x560b61033bfb - <alloc::boxed::Box<F,A> as core::ops::function::Fn<Args>>::call::h87fe9f7b2fd49e4c
[INFO] [stdout]                                at /rustc/1b7dd2252b99671ce5d1cb9664c5f8636329436d/library/alloc/src/boxed.rs:1987:9
[INFO] [stdout]   11:     0x560b61033bfb - test::test_main::{{closure}}::he94d679243a7531b
[INFO] [stdout]                                at /rustc/1b7dd2252b99671ce5d1cb9664c5f8636329436d/library/test/src/lib.rs:134:21
[INFO] [stdout]   12:     0x560b61060ed4 - <alloc::boxed::Box<F,A> as core::ops::function::Fn<Args>>::call::h3f2d6d8b14c4769f
[INFO] [stdout]                                at /rustc/1b7dd2252b99671ce5d1cb9664c5f8636329436d/library/alloc/src/boxed.rs:1987:9
[INFO] [stdout]   13:     0x560b61060ed4 - std::panicking::rust_panic_with_hook::h2bb3722bbaf2f6df
[INFO] [stdout]                                at /rustc/1b7dd2252b99671ce5d1cb9664c5f8636329436d/library/std/src/panicking.rs:695:13
[INFO] [stdout]   14:     0x560b61060c49 - std::panicking::begin_panic_handler::{{closure}}::h91bc7f36a4be011b
[INFO] [stdout]                                at /rustc/1b7dd2252b99671ce5d1cb9664c5f8636329436d/library/std/src/panicking.rs:582:13
[INFO] [stdout]   15:     0x560b6105f1d6 - std::sys_common::backtrace::__rust_end_short_backtrace::h8b3d3717114f9e59
[INFO] [stdout]                                at /rustc/1b7dd2252b99671ce5d1cb9664c5f8636329436d/library/std/src/sys_common/backtrace.rs:150:18
[INFO] [stdout]   16:     0x560b610609a2 - rust_begin_unwind
[INFO] [stdout]                                at /rustc/1b7dd2252b99671ce5d1cb9664c5f8636329436d/library/std/src/panicking.rs:578:5
[INFO] [stdout]   17:     0x560b60ff6c23 - core::panicking::panic_fmt::hfd368e3fbdabea26
[INFO] [stdout]                                at /rustc/1b7dd2252b99671ce5d1cb9664c5f8636329436d/library/core/src/panicking.rs:67:14
[INFO] [stdout]   18:     0x560b60ff6fef - core::panicking::assert_failed_inner::haef49168e1798a91
[INFO] [stdout]   19:     0x560b60fff53a - core::panicking::assert_failed::hbc7f8e94c272da65
[INFO] [stdout]                                at /rustc/1b7dd2252b99671ce5d1cb9664c5f8636329436d/library/core/src/panicking.rs:228:5
[INFO] [stdout]   20:     0x560b60ffa678 - niura::tests::gradient::h73d1fdc52041641b
[INFO] [stdout]                                at /opt/rustwide/workdir/src/lib.rs:21:9
[INFO] [stdout]   21:     0x560b60ffa157 - niura::tests::gradient::{{closure}}::hb5cffc373d61e0be
[INFO] [stdout]                                at /opt/rustwide/workdir/src/lib.rs:13:19
[INFO] [stdout]   22:     0x560b60ff9815 - core::ops::function::FnOnce::call_once::he81c5c5118624930
[INFO] [stdout]                                at /rustc/1b7dd2252b99671ce5d1cb9664c5f8636329436d/library/core/src/ops/function.rs:250:5
[INFO] [stdout]   23:     0x560b61038acf - core::ops::function::FnOnce::call_once::ha6a70e79f7481a7e
[INFO] [stdout]                                at /rustc/1b7dd2252b99671ce5d1cb9664c5f8636329436d/library/core/src/ops/function.rs:250:5
[INFO] [stdout]   24:     0x560b61038acf - test::__rust_begin_short_backtrace::hce33033019b61e69
[INFO] [stdout]                                at /rustc/1b7dd2252b99671ce5d1cb9664c5f8636329436d/library/test/src/lib.rs:655:18
[INFO] [stdout]   25:     0x560b610062bc - test::run_test::{{closure}}::h858d3528838ae3e5
[INFO] [stdout]                                at /rustc/1b7dd2252b99671ce5d1cb9664c5f8636329436d/library/test/src/lib.rs:646:30
[INFO] [stdout]   26:     0x560b610062bc - core::ops::function::FnOnce::call_once{{vtable.shim}}::he8ac2b00f01ae79e
[INFO] [stdout]                                at /rustc/1b7dd2252b99671ce5d1cb9664c5f8636329436d/library/core/src/ops/function.rs:250:5
[INFO] [stdout]   27:     0x560b61037ba6 - <alloc::boxed::Box<F,A> as core::ops::function::FnOnce<Args>>::call_once::h8093d25b522725ef
[INFO] [stdout]                                at /rustc/1b7dd2252b99671ce5d1cb9664c5f8636329436d/library/alloc/src/boxed.rs:1973:9
[INFO] [stdout]   28:     0x560b61037ba6 - <core::panic::unwind_safe::AssertUnwindSafe<F> as core::ops::function::FnOnce<()>>::call_once::h5c334c204e4a3913
[INFO] [stdout]                                at /rustc/1b7dd2252b99671ce5d1cb9664c5f8636329436d/library/core/src/panic/unwind_safe.rs:271:9
[INFO] [stdout]   29:     0x560b61037ba6 - std::panicking::try::do_call::ha8b740c7b9478074
[INFO] [stdout]                                at /rustc/1b7dd2252b99671ce5d1cb9664c5f8636329436d/library/std/src/panicking.rs:485:40
[INFO] [stdout]   30:     0x560b61037ba6 - std::panicking::try::h5d34f63d0e41b64e
[INFO] [stdout]                                at /rustc/1b7dd2252b99671ce5d1cb9664c5f8636329436d/library/std/src/panicking.rs:449:19
[INFO] [stdout]   31:     0x560b61037ba6 - std::panic::catch_unwind::hcfbb511e1aa7fc67
[INFO] [stdout]                                at /rustc/1b7dd2252b99671ce5d1cb9664c5f8636329436d/library/std/src/panic.rs:140:14
[INFO] [stdout]   32:     0x560b61037ba6 - test::run_test_in_process::h9abda90f802eaf21
[INFO] [stdout]                                at /rustc/1b7dd2252b99671ce5d1cb9664c5f8636329436d/library/test/src/lib.rs:678:27
[INFO] [stdout]   33:     0x560b61037ba6 - test::run_test::run_test_inner::{{closure}}::h0f058de91f6c6edf
[INFO] [stdout]                                at /rustc/1b7dd2252b99671ce5d1cb9664c5f8636329436d/library/test/src/lib.rs:572:39
[INFO] [stdout]   34:     0x560b61000ac5 - test::run_test::run_test_inner::{{closure}}::h5ca48a4c59c6c1fb
[INFO] [stdout]                                at /rustc/1b7dd2252b99671ce5d1cb9664c5f8636329436d/library/test/src/lib.rs:599:37
[INFO] [stdout]   35:     0x560b61000ac5 - std::sys_common::backtrace::__rust_begin_short_backtrace::h32bd51e1495d4a33
[INFO] [stdout]                                at /rustc/1b7dd2252b99671ce5d1cb9664c5f8636329436d/library/std/src/sys_common/backtrace.rs:134:18
[INFO] [stdout]   36:     0x560b61006001 - std::thread::Builder::spawn_unchecked_::{{closure}}::{{closure}}::hc086fae9b128b2db
[INFO] [stdout]                                at /rustc/1b7dd2252b99671ce5d1cb9664c5f8636329436d/library/std/src/thread/mod.rs:526:17
[INFO] [stdout]   37:     0x560b61006001 - <core::panic::unwind_safe::AssertUnwindSafe<F> as core::ops::function::FnOnce<()>>::call_once::hb66571888d270d43
[INFO] [stdout]                                at /rustc/1b7dd2252b99671ce5d1cb9664c5f8636329436d/library/core/src/panic/unwind_safe.rs:271:9
[INFO] [stdout]   38:     0x560b61006001 - std::panicking::try::do_call::h4fa2ef4f6e51fecf
[INFO] [stdout]                                at /rustc/1b7dd2252b99671ce5d1cb9664c5f8636329436d/library/std/src/panicking.rs:485:40
[INFO] [stdout]   39:     0x560b61006001 - std::panicking::try::h1e9e22b8584489b5
[INFO] [stdout]                                at /rustc/1b7dd2252b99671ce5d1cb9664c5f8636329436d/library/std/src/panicking.rs:449:19
[INFO] [stdout]   40:     0x560b61006001 - std::panic::catch_unwind::h44698a3de0e0769e
[INFO] [stdout]                                at /rustc/1b7dd2252b99671ce5d1cb9664c5f8636329436d/library/std/src/panic.rs:140:14
[INFO] [stdout]   41:     0x560b61006001 - std::thread::Builder::spawn_unchecked_::{{closure}}::h50153abde3fe239e
[INFO] [stdout]                                at /rustc/1b7dd2252b99671ce5d1cb9664c5f8636329436d/library/std/src/thread/mod.rs:525:30
[INFO] [stdout]   42:     0x560b61006001 - core::ops::function::FnOnce::call_once{{vtable.shim}}::hbe5bbf6f38394364
[INFO] [stdout]                                at /rustc/1b7dd2252b99671ce5d1cb9664c5f8636329436d/library/core/src/ops/function.rs:250:5
[INFO] [stdout]   43:     0x560b610653a5 - <alloc::boxed::Box<F,A> as core::ops::function::FnOnce<Args>>::call_once::h0d83cb2920a49046
[INFO] [stdout]                                at /rustc/1b7dd2252b99671ce5d1cb9664c5f8636329436d/library/alloc/src/boxed.rs:1973:9
[INFO] [stdout]   44:     0x560b610653a5 - <alloc::boxed::Box<F,A> as core::ops::function::FnOnce<Args>>::call_once::hbe0a008aa7d9ef59
[INFO] [stdout]                                at /rustc/1b7dd2252b99671ce5d1cb9664c5f8636329436d/library/alloc/src/boxed.rs:1973:9
[INFO] [stdout]   45:     0x560b610653a5 - std::sys::unix::thread::Thread::new::thread_start::h3a466996bdf6b1f9
[INFO] [stdout]                                at /rustc/1b7dd2252b99671ce5d1cb9664c5f8636329436d/library/std/src/sys/unix/thread.rs:108:17
[INFO] [stdout]   46:     0x7f77e0620b43 - <unknown>
[INFO] [stdout]   47:     0x7f77e06b1bb4 - __clone
[INFO] [stdout]   48:                0x0 - <unknown>
[INFO] [stdout] 
[INFO] [stdout] 
[INFO] [stdout] failures:
[INFO] [stdout]     tests::gradient
[INFO] [stdout] 
[INFO] [stdout] test result: FAILED. 0 passed; 1 failed; 0 ignored; 0 measured; 0 filtered out; finished in 0.01s
[INFO] [stdout] 
[INFO] [stderr] error: test failed, to rerun pass `--lib`
[INFO] running `Command { std: "docker" "inspect" "fa5a6bd608519ac193cb1e88b0c667445b90d6257230aa51f4d2b0b8307cea69", kill_on_drop: false }`
[INFO] running `Command { std: "docker" "rm" "-f" "fa5a6bd608519ac193cb1e88b0c667445b90d6257230aa51f4d2b0b8307cea69", kill_on_drop: false }`
[INFO] [stdout] fa5a6bd608519ac193cb1e88b0c667445b90d6257230aa51f4d2b0b8307cea69
