[INFO] fetching crate newminigrep 0.1.0...
[INFO] testing newminigrep-0.1.0 against beta-2023-04-20 for beta-1.70-1
[INFO] extracting crate newminigrep 0.1.0 into /workspace/builds/worker-1-tc2/source
[INFO] validating manifest of crates.io crate newminigrep 0.1.0 on toolchain beta-2023-04-20
[INFO] running `Command { std: CARGO_HOME="/workspace/cargo-home" RUSTUP_HOME="/workspace/rustup-home" "/workspace/cargo-home/bin/cargo" "+beta-2023-04-20" "metadata" "--manifest-path" "Cargo.toml" "--no-deps", kill_on_drop: false }`
[INFO] started tweaking crates.io crate newminigrep 0.1.0
[INFO] finished tweaking crates.io crate newminigrep 0.1.0
[INFO] tweaked toml for crates.io crate newminigrep 0.1.0 written to /workspace/builds/worker-1-tc2/source/Cargo.toml
[INFO] crate crates.io crate newminigrep 0.1.0 already has a lockfile, it will not be regenerated
[INFO] running `Command { std: CARGO_HOME="/workspace/cargo-home" RUSTUP_HOME="/workspace/rustup-home" "/workspace/cargo-home/bin/cargo" "+beta-2023-04-20" "fetch" "--manifest-path" "Cargo.toml", kill_on_drop: false }`
[INFO] running `Command { std: "docker" "create" "-v" "/var/lib/crater-agent-workspace/builds/worker-1-tc2/target:/opt/rustwide/target:rw,Z" "-v" "/var/lib/crater-agent-workspace/builds/worker-1-tc2/source:/opt/rustwide/workdir:ro,Z" "-v" "/var/lib/crater-agent-workspace/cargo-home:/opt/rustwide/cargo-home:ro,Z" "-v" "/var/lib/crater-agent-workspace/rustup-home:/opt/rustwide/rustup-home:ro,Z" "-e" "SOURCE_DIR=/opt/rustwide/workdir" "-e" "CARGO_TARGET_DIR=/opt/rustwide/target" "-e" "CARGO_HOME=/opt/rustwide/cargo-home" "-e" "RUSTUP_HOME=/opt/rustwide/rustup-home" "-w" "/opt/rustwide/workdir" "-m" "1610612736" "--user" "0:0" "--network" "none" "ghcr.io/rust-lang/crates-build-env/linux@sha256:5ff2268d62e97bff2cde7d5815dd6ed5b47097566f13b8d0ca110b04b60e07ed" "/opt/rustwide/cargo-home/bin/cargo" "+beta-2023-04-20" "metadata" "--no-deps" "--format-version=1", kill_on_drop: false }`
[INFO] [stdout] f3a440287e736c033649c2ad8c4dfbc33a72687c9915e86a850e042eaf7773f5
[INFO] running `Command { std: "docker" "start" "-a" "f3a440287e736c033649c2ad8c4dfbc33a72687c9915e86a850e042eaf7773f5", kill_on_drop: false }`
[INFO] running `Command { std: "docker" "inspect" "f3a440287e736c033649c2ad8c4dfbc33a72687c9915e86a850e042eaf7773f5", kill_on_drop: false }`
[INFO] running `Command { std: "docker" "rm" "-f" "f3a440287e736c033649c2ad8c4dfbc33a72687c9915e86a850e042eaf7773f5", kill_on_drop: false }`
[INFO] [stdout] f3a440287e736c033649c2ad8c4dfbc33a72687c9915e86a850e042eaf7773f5
[INFO] running `Command { std: "docker" "create" "-v" "/var/lib/crater-agent-workspace/builds/worker-1-tc2/target:/opt/rustwide/target:rw,Z" "-v" "/var/lib/crater-agent-workspace/builds/worker-1-tc2/source:/opt/rustwide/workdir:ro,Z" "-v" "/var/lib/crater-agent-workspace/cargo-home:/opt/rustwide/cargo-home:ro,Z" "-v" "/var/lib/crater-agent-workspace/rustup-home:/opt/rustwide/rustup-home:ro,Z" "-e" "SOURCE_DIR=/opt/rustwide/workdir" "-e" "CARGO_TARGET_DIR=/opt/rustwide/target" "-e" "CARGO_INCREMENTAL=0" "-e" "RUST_BACKTRACE=full" "-e" "RUSTFLAGS=--cap-lints=warn" "-e" "RUSTDOCFLAGS=--cap-lints=warn" "-e" "CARGO_HOME=/opt/rustwide/cargo-home" "-e" "RUSTUP_HOME=/opt/rustwide/rustup-home" "-w" "/opt/rustwide/workdir" "-m" "1610612736" "--user" "0:0" "--network" "none" "ghcr.io/rust-lang/crates-build-env/linux@sha256:5ff2268d62e97bff2cde7d5815dd6ed5b47097566f13b8d0ca110b04b60e07ed" "/opt/rustwide/cargo-home/bin/cargo" "+beta-2023-04-20" "build" "--frozen" "--message-format=json", kill_on_drop: false }`
[INFO] [stdout] af1d625909aa003fb200dd5d37bf2fb9801722dfcd02ef44a51233badc23922b
[INFO] running `Command { std: "docker" "start" "-a" "af1d625909aa003fb200dd5d37bf2fb9801722dfcd02ef44a51233badc23922b", kill_on_drop: false }`
[INFO] [stderr]    Compiling newminigrep v0.1.0 (/opt/rustwide/workdir)
[INFO] [stderr]     Finished dev [unoptimized + debuginfo] target(s) in 0.33s
[INFO] running `Command { std: "docker" "inspect" "af1d625909aa003fb200dd5d37bf2fb9801722dfcd02ef44a51233badc23922b", kill_on_drop: false }`
[INFO] running `Command { std: "docker" "rm" "-f" "af1d625909aa003fb200dd5d37bf2fb9801722dfcd02ef44a51233badc23922b", kill_on_drop: false }`
[INFO] [stdout] af1d625909aa003fb200dd5d37bf2fb9801722dfcd02ef44a51233badc23922b
[INFO] running `Command { std: "docker" "create" "-v" "/var/lib/crater-agent-workspace/builds/worker-1-tc2/target:/opt/rustwide/target:rw,Z" "-v" "/var/lib/crater-agent-workspace/builds/worker-1-tc2/source:/opt/rustwide/workdir:ro,Z" "-v" "/var/lib/crater-agent-workspace/cargo-home:/opt/rustwide/cargo-home:ro,Z" "-v" "/var/lib/crater-agent-workspace/rustup-home:/opt/rustwide/rustup-home:ro,Z" "-e" "SOURCE_DIR=/opt/rustwide/workdir" "-e" "CARGO_TARGET_DIR=/opt/rustwide/target" "-e" "CARGO_INCREMENTAL=0" "-e" "RUST_BACKTRACE=full" "-e" "RUSTFLAGS=--cap-lints=warn" "-e" "RUSTDOCFLAGS=--cap-lints=warn" "-e" "CARGO_HOME=/opt/rustwide/cargo-home" "-e" "RUSTUP_HOME=/opt/rustwide/rustup-home" "-w" "/opt/rustwide/workdir" "-m" "1610612736" "--user" "0:0" "--network" "none" "ghcr.io/rust-lang/crates-build-env/linux@sha256:5ff2268d62e97bff2cde7d5815dd6ed5b47097566f13b8d0ca110b04b60e07ed" "/opt/rustwide/cargo-home/bin/cargo" "+beta-2023-04-20" "test" "--frozen" "--no-run" "--message-format=json", kill_on_drop: false }`
[INFO] [stdout] 4e7e93ed1f873b23f197d79c574b1112ea6a3ef7a43c87db731e12b2d4c50320
[INFO] running `Command { std: "docker" "start" "-a" "4e7e93ed1f873b23f197d79c574b1112ea6a3ef7a43c87db731e12b2d4c50320", kill_on_drop: false }`
[INFO] [stderr]    Compiling newminigrep v0.1.0 (/opt/rustwide/workdir)
[INFO] [stderr]     Finished test [unoptimized + debuginfo] target(s) in 0.34s
[INFO] running `Command { std: "docker" "inspect" "4e7e93ed1f873b23f197d79c574b1112ea6a3ef7a43c87db731e12b2d4c50320", kill_on_drop: false }`
[INFO] running `Command { std: "docker" "rm" "-f" "4e7e93ed1f873b23f197d79c574b1112ea6a3ef7a43c87db731e12b2d4c50320", kill_on_drop: false }`
[INFO] [stdout] 4e7e93ed1f873b23f197d79c574b1112ea6a3ef7a43c87db731e12b2d4c50320
[INFO] running `Command { std: "docker" "create" "-v" "/var/lib/crater-agent-workspace/builds/worker-1-tc2/target:/opt/rustwide/target:rw,Z" "-v" "/var/lib/crater-agent-workspace/builds/worker-1-tc2/source:/opt/rustwide/workdir:ro,Z" "-v" "/var/lib/crater-agent-workspace/cargo-home:/opt/rustwide/cargo-home:ro,Z" "-v" "/var/lib/crater-agent-workspace/rustup-home:/opt/rustwide/rustup-home:ro,Z" "-e" "SOURCE_DIR=/opt/rustwide/workdir" "-e" "CARGO_TARGET_DIR=/opt/rustwide/target" "-e" "CARGO_INCREMENTAL=0" "-e" "RUST_BACKTRACE=full" "-e" "RUSTFLAGS=--cap-lints=warn" "-e" "RUSTDOCFLAGS=--cap-lints=warn" "-e" "CARGO_HOME=/opt/rustwide/cargo-home" "-e" "RUSTUP_HOME=/opt/rustwide/rustup-home" "-w" "/opt/rustwide/workdir" "-m" "1610612736" "--user" "0:0" "--network" "none" "ghcr.io/rust-lang/crates-build-env/linux@sha256:5ff2268d62e97bff2cde7d5815dd6ed5b47097566f13b8d0ca110b04b60e07ed" "/opt/rustwide/cargo-home/bin/cargo" "+beta-2023-04-20" "test" "--frozen", kill_on_drop: false }`
[INFO] [stdout] 4044ef8a7297e2bacebac4151a3093269206b7f53330c4a66f89eabf5c4ef7b8
[INFO] running `Command { std: "docker" "start" "-a" "4044ef8a7297e2bacebac4151a3093269206b7f53330c4a66f89eabf5c4ef7b8", kill_on_drop: false }`
[INFO] [stderr]     Finished test [unoptimized + debuginfo] target(s) in 0.00s
[INFO] [stderr]      Running unittests src/lib.rs (/opt/rustwide/target/debug/deps/newminigrep-197f89979b400c50)
[INFO] [stdout] 
[INFO] [stdout] running 2 tests
[INFO] [stdout] test tests::case_insensitve ... ok
[INFO] [stdout] test tests::case_sensitive ... ok
[INFO] [stdout] 
[INFO] [stdout] test result: ok. 2 passed; 0 failed; 0 ignored; 0 measured; 0 filtered out; finished in 0.00s
[INFO] [stdout] 
[INFO] [stderr]      Running unittests src/main.rs (/opt/rustwide/target/debug/deps/newminigrep-656e97cba300201d)
[INFO] [stdout] 
[INFO] [stdout] running 0 tests
[INFO] [stdout] 
[INFO] [stdout] test result: ok. 0 passed; 0 failed; 0 ignored; 0 measured; 0 filtered out; finished in 0.00s
[INFO] [stdout] 
[INFO] [stderr]    Doc-tests newminigrep
[INFO] [stdout] 
[INFO] [stdout] running 2 tests
[INFO] [stdout] test src/lib.rs - run (line 40) ... FAILED
[INFO] [stdout] test src/lib.rs - run (line 43) ... FAILED
[INFO] [stdout] 
[INFO] [stdout] failures:
[INFO] [stdout] 
[INFO] [stdout] ---- src/lib.rs - run (line 40) stdout ----
[INFO] [stdout] error: expected one of `!`, `.`, `::`, `;`, `?`, `{`, `}`, or an operator, found `run`
[INFO] [stdout]  --> src/lib.rs:41:7
[INFO] [stdout]   |
[INFO] [stdout] 3 | cargo run frog poem.txt
[INFO] [stdout]   |       ^^^ expected one of 8 possible tokens
[INFO] [stdout] 
[INFO] [stdout] error: aborting due to previous error
[INFO] [stdout] 
[INFO] [stdout] Couldn't compile the test.
[INFO] [stdout] ---- src/lib.rs - run (line 43) stdout ----
[INFO] [stdout] error: expected one of `!`, `.`, `::`, `;`, `?`, `{`, `}`, or an operator, found `run`
[INFO] [stdout]  --> src/lib.rs:44:7
[INFO] [stdout]   |
[INFO] [stdout] 3 | cargo run fRog poem.txt
[INFO] [stdout]   |       ^^^ expected one of 8 possible tokens
[INFO] [stdout] 
[INFO] [stdout] error: aborting due to previous error
[INFO] [stdout] 
[INFO] [stdout] Couldn't compile the test.
[INFO] [stdout] 
[INFO] [stdout] failures:
[INFO] [stdout]     src/lib.rs - run (line 40)
[INFO] [stdout]     src/lib.rs - run (line 43)
[INFO] [stdout] 
[INFO] [stdout] test result: FAILED. 0 passed; 2 failed; 0 ignored; 0 measured; 0 filtered out; finished in 0.03s
[INFO] [stdout] 
[INFO] [stderr] error: doctest failed, to rerun pass `--doc`
[INFO] running `Command { std: "docker" "inspect" "4044ef8a7297e2bacebac4151a3093269206b7f53330c4a66f89eabf5c4ef7b8", kill_on_drop: false }`
[INFO] running `Command { std: "docker" "rm" "-f" "4044ef8a7297e2bacebac4151a3093269206b7f53330c4a66f89eabf5c4ef7b8", kill_on_drop: false }`
[INFO] [stdout] 4044ef8a7297e2bacebac4151a3093269206b7f53330c4a66f89eabf5c4ef7b8
