[INFO] fetching crate ndata 0.3.5...
[INFO] testing ndata-0.3.5 against 1.69.0 for beta-1.70-1
[INFO] extracting crate ndata 0.3.5 into /workspace/builds/worker-6-tc1/source
[INFO] validating manifest of crates.io crate ndata 0.3.5 on toolchain 1.69.0
[INFO] running `Command { std: CARGO_HOME="/workspace/cargo-home" RUSTUP_HOME="/workspace/rustup-home" "/workspace/cargo-home/bin/cargo" "+1.69.0" "metadata" "--manifest-path" "Cargo.toml" "--no-deps", kill_on_drop: false }`
[INFO] started tweaking crates.io crate ndata 0.3.5
[INFO] finished tweaking crates.io crate ndata 0.3.5
[INFO] tweaked toml for crates.io crate ndata 0.3.5 written to /workspace/builds/worker-6-tc1/source/Cargo.toml
[INFO] running `Command { std: CARGO_HOME="/workspace/cargo-home" RUSTUP_HOME="/workspace/rustup-home" __CARGO_TEST_CHANNEL_OVERRIDE_DO_NOT_USE_THIS="nightly" "/workspace/cargo-home/bin/cargo" "+1.69.0" "generate-lockfile" "--manifest-path" "Cargo.toml" "-Zno-index-update", kill_on_drop: false }`
[INFO] running `Command { std: CARGO_HOME="/workspace/cargo-home" RUSTUP_HOME="/workspace/rustup-home" "/workspace/cargo-home/bin/cargo" "+1.69.0" "fetch" "--manifest-path" "Cargo.toml", kill_on_drop: false }`
[INFO] running `Command { std: "docker" "create" "-v" "/var/lib/crater-agent-workspace/builds/worker-6-tc1/target:/opt/rustwide/target:rw,Z" "-v" "/var/lib/crater-agent-workspace/builds/worker-6-tc1/source:/opt/rustwide/workdir:ro,Z" "-v" "/var/lib/crater-agent-workspace/cargo-home:/opt/rustwide/cargo-home:ro,Z" "-v" "/var/lib/crater-agent-workspace/rustup-home:/opt/rustwide/rustup-home:ro,Z" "-e" "SOURCE_DIR=/opt/rustwide/workdir" "-e" "CARGO_TARGET_DIR=/opt/rustwide/target" "-e" "CARGO_HOME=/opt/rustwide/cargo-home" "-e" "RUSTUP_HOME=/opt/rustwide/rustup-home" "-w" "/opt/rustwide/workdir" "-m" "1610612736" "--user" "0:0" "--network" "none" "ghcr.io/rust-lang/crates-build-env/linux@sha256:5ff2268d62e97bff2cde7d5815dd6ed5b47097566f13b8d0ca110b04b60e07ed" "/opt/rustwide/cargo-home/bin/cargo" "+1.69.0" "metadata" "--no-deps" "--format-version=1", kill_on_drop: false }`
[INFO] [stdout] 1eb119c099376a09e2f63baebfc06cfa788eee0867d9a3358ad4d2cb211d7c1a
[INFO] running `Command { std: "docker" "start" "-a" "1eb119c099376a09e2f63baebfc06cfa788eee0867d9a3358ad4d2cb211d7c1a", kill_on_drop: false }`
[INFO] running `Command { std: "docker" "inspect" "1eb119c099376a09e2f63baebfc06cfa788eee0867d9a3358ad4d2cb211d7c1a", kill_on_drop: false }`
[INFO] running `Command { std: "docker" "rm" "-f" "1eb119c099376a09e2f63baebfc06cfa788eee0867d9a3358ad4d2cb211d7c1a", kill_on_drop: false }`
[INFO] [stdout] 1eb119c099376a09e2f63baebfc06cfa788eee0867d9a3358ad4d2cb211d7c1a
[INFO] running `Command { std: "docker" "create" "-v" "/var/lib/crater-agent-workspace/builds/worker-6-tc1/target:/opt/rustwide/target:rw,Z" "-v" "/var/lib/crater-agent-workspace/builds/worker-6-tc1/source:/opt/rustwide/workdir:ro,Z" "-v" "/var/lib/crater-agent-workspace/cargo-home:/opt/rustwide/cargo-home:ro,Z" "-v" "/var/lib/crater-agent-workspace/rustup-home:/opt/rustwide/rustup-home:ro,Z" "-e" "SOURCE_DIR=/opt/rustwide/workdir" "-e" "CARGO_TARGET_DIR=/opt/rustwide/target" "-e" "CARGO_INCREMENTAL=0" "-e" "RUST_BACKTRACE=full" "-e" "RUSTFLAGS=--cap-lints=warn" "-e" "RUSTDOCFLAGS=--cap-lints=warn" "-e" "CARGO_HOME=/opt/rustwide/cargo-home" "-e" "RUSTUP_HOME=/opt/rustwide/rustup-home" "-w" "/opt/rustwide/workdir" "-m" "1610612736" "--user" "0:0" "--network" "none" "ghcr.io/rust-lang/crates-build-env/linux@sha256:5ff2268d62e97bff2cde7d5815dd6ed5b47097566f13b8d0ca110b04b60e07ed" "/opt/rustwide/cargo-home/bin/cargo" "+1.69.0" "build" "--frozen" "--message-format=json", kill_on_drop: false }`
[INFO] [stdout] 2dbc41be44ff18d469081d3caad94cc14dfa6d28462944e7c136d7cc83fc383c
[INFO] running `Command { std: "docker" "start" "-a" "2dbc41be44ff18d469081d3caad94cc14dfa6d28462944e7c136d7cc83fc383c", kill_on_drop: false }`
[INFO] [stderr]    Compiling ndata v0.3.5 (/opt/rustwide/workdir)
[INFO] [stderr]     Finished dev [unoptimized + debuginfo] target(s) in 1.47s
[INFO] running `Command { std: "docker" "inspect" "2dbc41be44ff18d469081d3caad94cc14dfa6d28462944e7c136d7cc83fc383c", kill_on_drop: false }`
[INFO] running `Command { std: "docker" "rm" "-f" "2dbc41be44ff18d469081d3caad94cc14dfa6d28462944e7c136d7cc83fc383c", kill_on_drop: false }`
[INFO] [stdout] 2dbc41be44ff18d469081d3caad94cc14dfa6d28462944e7c136d7cc83fc383c
[INFO] running `Command { std: "docker" "create" "-v" "/var/lib/crater-agent-workspace/builds/worker-6-tc1/target:/opt/rustwide/target:rw,Z" "-v" "/var/lib/crater-agent-workspace/builds/worker-6-tc1/source:/opt/rustwide/workdir:ro,Z" "-v" "/var/lib/crater-agent-workspace/cargo-home:/opt/rustwide/cargo-home:ro,Z" "-v" "/var/lib/crater-agent-workspace/rustup-home:/opt/rustwide/rustup-home:ro,Z" "-e" "SOURCE_DIR=/opt/rustwide/workdir" "-e" "CARGO_TARGET_DIR=/opt/rustwide/target" "-e" "CARGO_INCREMENTAL=0" "-e" "RUST_BACKTRACE=full" "-e" "RUSTFLAGS=--cap-lints=warn" "-e" "RUSTDOCFLAGS=--cap-lints=warn" "-e" "CARGO_HOME=/opt/rustwide/cargo-home" "-e" "RUSTUP_HOME=/opt/rustwide/rustup-home" "-w" "/opt/rustwide/workdir" "-m" "1610612736" "--user" "0:0" "--network" "none" "ghcr.io/rust-lang/crates-build-env/linux@sha256:5ff2268d62e97bff2cde7d5815dd6ed5b47097566f13b8d0ca110b04b60e07ed" "/opt/rustwide/cargo-home/bin/cargo" "+1.69.0" "test" "--frozen" "--no-run" "--message-format=json", kill_on_drop: false }`
[INFO] [stdout] 23967ad9bfee9434d1bdaf3dc3a139c9b853a034bbf48e619346cecbff49ae35
[INFO] running `Command { std: "docker" "start" "-a" "23967ad9bfee9434d1bdaf3dc3a139c9b853a034bbf48e619346cecbff49ae35", kill_on_drop: false }`
[INFO] [stderr]    Compiling ndata v0.3.5 (/opt/rustwide/workdir)
[INFO] [stderr]     Finished test [unoptimized + debuginfo] target(s) in 0.85s
[INFO] running `Command { std: "docker" "inspect" "23967ad9bfee9434d1bdaf3dc3a139c9b853a034bbf48e619346cecbff49ae35", kill_on_drop: false }`
[INFO] running `Command { std: "docker" "rm" "-f" "23967ad9bfee9434d1bdaf3dc3a139c9b853a034bbf48e619346cecbff49ae35", kill_on_drop: false }`
[INFO] [stdout] 23967ad9bfee9434d1bdaf3dc3a139c9b853a034bbf48e619346cecbff49ae35
[INFO] running `Command { std: "docker" "create" "-v" "/var/lib/crater-agent-workspace/builds/worker-6-tc1/target:/opt/rustwide/target:rw,Z" "-v" "/var/lib/crater-agent-workspace/builds/worker-6-tc1/source:/opt/rustwide/workdir:ro,Z" "-v" "/var/lib/crater-agent-workspace/cargo-home:/opt/rustwide/cargo-home:ro,Z" "-v" "/var/lib/crater-agent-workspace/rustup-home:/opt/rustwide/rustup-home:ro,Z" "-e" "SOURCE_DIR=/opt/rustwide/workdir" "-e" "CARGO_TARGET_DIR=/opt/rustwide/target" "-e" "CARGO_INCREMENTAL=0" "-e" "RUST_BACKTRACE=full" "-e" "RUSTFLAGS=--cap-lints=warn" "-e" "RUSTDOCFLAGS=--cap-lints=warn" "-e" "CARGO_HOME=/opt/rustwide/cargo-home" "-e" "RUSTUP_HOME=/opt/rustwide/rustup-home" "-w" "/opt/rustwide/workdir" "-m" "1610612736" "--user" "0:0" "--network" "none" "ghcr.io/rust-lang/crates-build-env/linux@sha256:5ff2268d62e97bff2cde7d5815dd6ed5b47097566f13b8d0ca110b04b60e07ed" "/opt/rustwide/cargo-home/bin/cargo" "+1.69.0" "test" "--frozen", kill_on_drop: false }`
[INFO] [stdout] 608be8b70095baf59145130de7183e0290b6ff8979db8d9a2f5af6e8d0d2ed1f
[INFO] running `Command { std: "docker" "start" "-a" "608be8b70095baf59145130de7183e0290b6ff8979db8d9a2f5af6e8d0d2ed1f", kill_on_drop: false }`
[INFO] [stderr]     Finished test [unoptimized + debuginfo] target(s) in 0.01s
[INFO] [stderr]      Running unittests src/ndata.rs (/opt/rustwide/target/debug/deps/ndata-6a577bce386a9e68)
[INFO] [stdout] 
[INFO] [stderr]    Doc-tests ndata
[INFO] [stdout] running 0 tests
[INFO] [stdout] 
[INFO] [stdout] test result: ok. 0 passed; 0 failed; 0 ignored; 0 measured; 0 filtered out; finished in 0.00s
[INFO] [stdout] 
[INFO] [stdout] 
[INFO] [stdout] running 8 tests
[INFO] [stdout] test src/data.rs - data::Data::DString (line 44) ... FAILED
[INFO] [stdout] test src/data.rs - data::Data::DArray (line 28) ... FAILED
[INFO] [stdout] test src/data.rs - data::Data::DBoolean (line 52) ... FAILED
[INFO] [stdout] test src/data.rs - data::Data::DFloat (line 60) ... FAILED
[INFO] [stdout] test src/data.rs - data::Data::DObject (line 20) ... FAILED
[INFO] [stdout] test src/data.rs - data::Data::DBytes (line 36) ... FAILED
[INFO] [stdout] test src/data.rs - data::Data::DInt (line 68) ... FAILED
[INFO] [stdout] test src/data.rs - data::Data::DNull (line 76) ... FAILED
[INFO] [stdout] 
[INFO] [stdout] failures:
[INFO] [stdout] 
[INFO] [stdout] ---- src/data.rs - data::Data::DString (line 44) stdout ----
[INFO] [stdout] error[E0432]: unresolved import `ndata::Data`
[INFO] [stdout]  --> src/data.rs:45:5
[INFO] [stdout]   |
[INFO] [stdout] 4 | use ndata::Data;
[INFO] [stdout]   |     ^^^^^^^^^^^ no `Data` in the root
[INFO] [stdout]   |
[INFO] [stdout] help: a similar name exists in the module
[INFO] [stdout]   |
[INFO] [stdout] 4 | use ndata::data;
[INFO] [stdout]   |            ~~~~
[INFO] [stderr] error: doctest failed, to rerun pass `--doc`
[INFO] [stdout] help: consider importing this enum instead
[INFO] [stdout]   |
[INFO] [stdout] 4 | use ndata::data::Data;
[INFO] [stdout]   |     ~~~~~~~~~~~~~~~~~
[INFO] [stdout] 
[INFO] [stdout] error: aborting due to previous error
[INFO] [stdout] 
[INFO] [stdout] For more information about this error, try `rustc --explain E0432`.
[INFO] [stdout] Couldn't compile the test.
[INFO] [stdout] ---- src/data.rs - data::Data::DArray (line 28) stdout ----
[INFO] [stdout] error[E0432]: unresolved import `ndata::Data`
[INFO] [stdout]  --> src/data.rs:29:5
[INFO] [stdout]   |
[INFO] [stdout] 4 | use ndata::Data;
[INFO] [stdout]   |     ^^^^^^^^^^^ no `Data` in the root
[INFO] [stdout]   |
[INFO] [stdout] help: a similar name exists in the module
[INFO] [stdout]   |
[INFO] [stdout] 4 | use ndata::data;
[INFO] [stdout]   |            ~~~~
[INFO] [stdout] help: consider importing this enum instead
[INFO] [stdout]   |
[INFO] [stdout] 4 | use ndata::data::Data;
[INFO] [stdout]   |     ~~~~~~~~~~~~~~~~~
[INFO] [stdout] 
[INFO] [stdout] error[E0425]: cannot find value `data_ref` in this scope
[INFO] [stdout]  --> src/data.rs:31:22
[INFO] [stdout]   |
[INFO] [stdout] 6 | let d = Data::DArray(data_ref);
[INFO] [stdout]   |                      ^^^^^^^^ not found in this scope
[INFO] [stdout] 
[INFO] [stdout] error: aborting due to 2 previous errors
[INFO] [stdout] 
[INFO] [stdout] Some errors have detailed explanations: E0425, E0432.
[INFO] [stdout] For more information about an error, try `rustc --explain E0425`.
[INFO] [stdout] Couldn't compile the test.
[INFO] [stdout] ---- src/data.rs - data::Data::DBoolean (line 52) stdout ----
[INFO] [stdout] error[E0432]: unresolved import `ndata::Data`
[INFO] [stdout]  --> src/data.rs:53:5
[INFO] [stdout]   |
[INFO] [stdout] 4 | use ndata::Data;
[INFO] [stdout]   |     ^^^^^^^^^^^ no `Data` in the root
[INFO] [stdout]   |
[INFO] [stdout] help: a similar name exists in the module
[INFO] [stdout]   |
[INFO] [stdout] 4 | use ndata::data;
[INFO] [stdout]   |            ~~~~
[INFO] [stdout] help: consider importing this enum instead
[INFO] [stdout]   |
[INFO] [stdout] 4 | use ndata::data::Data;
[INFO] [stdout]   |     ~~~~~~~~~~~~~~~~~
[INFO] [stdout] 
[INFO] [stdout] error: aborting due to previous error
[INFO] [stdout] 
[INFO] [stdout] For more information about this error, try `rustc --explain E0432`.
[INFO] [stdout] Couldn't compile the test.
[INFO] [stdout] ---- src/data.rs - data::Data::DFloat (line 60) stdout ----
[INFO] [stdout] error[E0432]: unresolved import `ndata::Data`
[INFO] [stdout]  --> src/data.rs:61:5
[INFO] [stdout]   |
[INFO] [stdout] 4 | use ndata::Data;
[INFO] [stdout]   |     ^^^^^^^^^^^ no `Data` in the root
[INFO] [stdout]   |
[INFO] [stdout] help: a similar name exists in the module
[INFO] [stdout]   |
[INFO] [stdout] 4 | use ndata::data;
[INFO] [stdout]   |            ~~~~
[INFO] [stdout] help: consider importing this enum instead
[INFO] [stdout]   |
[INFO] [stdout] 4 | use ndata::data::Data;
[INFO] [stdout]   |     ~~~~~~~~~~~~~~~~~
[INFO] [stdout] 
[INFO] [stdout] error: aborting due to previous error
[INFO] [stdout] 
[INFO] [stdout] For more information about this error, try `rustc --explain E0432`.
[INFO] [stdout] Couldn't compile the test.
[INFO] [stdout] ---- src/data.rs - data::Data::DObject (line 20) stdout ----
[INFO] [stdout] error[E0432]: unresolved import `ndata::Data`
[INFO] [stdout]  --> src/data.rs:21:5
[INFO] [stdout]   |
[INFO] [stdout] 4 | use ndata::Data;
[INFO] [stdout]   |     ^^^^^^^^^^^ no `Data` in the root
[INFO] [stdout]   |
[INFO] [stdout] help: a similar name exists in the module
[INFO] [stdout]   |
[INFO] [stdout] 4 | use ndata::data;
[INFO] [stdout]   |            ~~~~
[INFO] [stdout] help: consider importing this enum instead
[INFO] [stdout]   |
[INFO] [stdout] 4 | use ndata::data::Data;
[INFO] [stdout]   |     ~~~~~~~~~~~~~~~~~
[INFO] [stdout] 
[INFO] [stdout] error[E0425]: cannot find value `data_ref` in this scope
[INFO] [stdout]  --> src/data.rs:23:23
[INFO] [stdout]   |
[INFO] [stdout] 6 | let d = Data::DObject(data_ref);
[INFO] [stdout]   |                       ^^^^^^^^ not found in this scope
[INFO] [stdout] 
[INFO] [stdout] error: aborting due to 2 previous errors
[INFO] [stdout] 
[INFO] [stdout] Some errors have detailed explanations: E0425, E0432.
[INFO] [stdout] For more information about an error, try `rustc --explain E0425`.
[INFO] [stdout] Couldn't compile the test.
[INFO] [stdout] ---- src/data.rs - data::Data::DBytes (line 36) stdout ----
[INFO] [stdout] error[E0432]: unresolved import `ndata::Data`
[INFO] [stdout]  --> src/data.rs:37:5
[INFO] [stdout]   |
[INFO] [stdout] 4 | use ndata::Data;
[INFO] [stdout]   |     ^^^^^^^^^^^ no `Data` in the root
[INFO] [stdout]   |
[INFO] [stdout] help: a similar name exists in the module
[INFO] [stdout]   |
[INFO] [stdout] 4 | use ndata::data;
[INFO] [stdout]   |            ~~~~
[INFO] [stdout] help: consider importing this enum instead
[INFO] [stdout]   |
[INFO] [stdout] 4 | use ndata::data::Data;
[INFO] [stdout]   |     ~~~~~~~~~~~~~~~~~
[INFO] [stdout] 
[INFO] [stdout] error[E0425]: cannot find value `data_ref` in this scope
[INFO] [stdout]  --> src/data.rs:39:22
[INFO] [stdout]   |
[INFO] [stdout] 6 | let d = Data::DBytes(data_ref);
[INFO] [stdout]   |                      ^^^^^^^^ not found in this scope
[INFO] [stdout] 
[INFO] [stdout] error: aborting due to 2 previous errors
[INFO] [stdout] 
[INFO] [stdout] Some errors have detailed explanations: E0425, E0432.
[INFO] [stdout] For more information about an error, try `rustc --explain E0425`.
[INFO] [stdout] Couldn't compile the test.
[INFO] [stdout] ---- src/data.rs - data::Data::DInt (line 68) stdout ----
[INFO] [stdout] error[E0432]: unresolved import `ndata::Data`
[INFO] [stdout]  --> src/data.rs:69:5
[INFO] [stdout]   |
[INFO] [stdout] 4 | use ndata::Data;
[INFO] [stdout]   |     ^^^^^^^^^^^ no `Data` in the root
[INFO] [stdout]   |
[INFO] [stdout] help: a similar name exists in the module
[INFO] [stdout]   |
[INFO] [stdout] 4 | use ndata::data;
[INFO] [stdout]   |            ~~~~
[INFO] [stdout] help: consider importing this enum instead
[INFO] [stdout]   |
[INFO] [stdout] 4 | use ndata::data::Data;
[INFO] [stdout]   |     ~~~~~~~~~~~~~~~~~
[INFO] [stdout] 
[INFO] [stdout] error: aborting due to previous error
[INFO] [stdout] 
[INFO] [stdout] For more information about this error, try `rustc --explain E0432`.
[INFO] [stdout] Couldn't compile the test.
[INFO] [stdout] ---- src/data.rs - data::Data::DNull (line 76) stdout ----
[INFO] [stdout] error[E0432]: unresolved import `ndata::Data`
[INFO] [stdout]  --> src/data.rs:77:5
[INFO] [stdout]   |
[INFO] [stdout] 4 | use ndata::Data;
[INFO] [stdout]   |     ^^^^^^^^^^^ no `Data` in the root
[INFO] [stdout]   |
[INFO] [stdout] help: a similar name exists in the module
[INFO] [stdout]   |
[INFO] [stdout] 4 | use ndata::data;
[INFO] [stdout]   |            ~~~~
[INFO] [stdout] help: consider importing this enum instead
[INFO] [stdout]   |
[INFO] [stdout] 4 | use ndata::data::Data;
[INFO] [stdout]   |     ~~~~~~~~~~~~~~~~~
[INFO] [stdout] 
[INFO] [stdout] error: aborting due to previous error
[INFO] [stdout] 
[INFO] [stdout] For more information about this error, try `rustc --explain E0432`.
[INFO] [stdout] Couldn't compile the test.
[INFO] [stdout] 
[INFO] [stdout] failures:
[INFO] [stdout]     src/data.rs - data::Data::DArray (line 28)
[INFO] [stdout]     src/data.rs - data::Data::DBoolean (line 52)
[INFO] [stdout]     src/data.rs - data::Data::DBytes (line 36)
[INFO] [stdout]     src/data.rs - data::Data::DFloat (line 60)
[INFO] [stdout]     src/data.rs - data::Data::DInt (line 68)
[INFO] [stdout]     src/data.rs - data::Data::DNull (line 76)
[INFO] [stdout]     src/data.rs - data::Data::DObject (line 20)
[INFO] [stdout]     src/data.rs - data::Data::DString (line 44)
[INFO] [stdout] 
[INFO] [stdout] test result: FAILED. 0 passed; 8 failed; 0 ignored; 0 measured; 0 filtered out; finished in 0.25s
[INFO] [stdout] 
[INFO] running `Command { std: "docker" "inspect" "608be8b70095baf59145130de7183e0290b6ff8979db8d9a2f5af6e8d0d2ed1f", kill_on_drop: false }`
[INFO] running `Command { std: "docker" "rm" "-f" "608be8b70095baf59145130de7183e0290b6ff8979db8d9a2f5af6e8d0d2ed1f", kill_on_drop: false }`
[INFO] [stdout] 608be8b70095baf59145130de7183e0290b6ff8979db8d9a2f5af6e8d0d2ed1f
