[INFO] fetching crate ncmdump 0.5.0...
[INFO] testing ncmdump-0.5.0 against 1.69.0 for beta-1.70-1
[INFO] extracting crate ncmdump 0.5.0 into /workspace/builds/worker-7-tc1/source
[INFO] validating manifest of crates.io crate ncmdump 0.5.0 on toolchain 1.69.0
[INFO] running `Command { std: CARGO_HOME="/workspace/cargo-home" RUSTUP_HOME="/workspace/rustup-home" "/workspace/cargo-home/bin/cargo" "+1.69.0" "metadata" "--manifest-path" "Cargo.toml" "--no-deps", kill_on_drop: false }`
[INFO] started tweaking crates.io crate ncmdump 0.5.0
[INFO] finished tweaking crates.io crate ncmdump 0.5.0
[INFO] tweaked toml for crates.io crate ncmdump 0.5.0 written to /workspace/builds/worker-7-tc1/source/Cargo.toml
[INFO] crate crates.io crate ncmdump 0.5.0 already has a lockfile, it will not be regenerated
[INFO] running `Command { std: CARGO_HOME="/workspace/cargo-home" RUSTUP_HOME="/workspace/rustup-home" "/workspace/cargo-home/bin/cargo" "+1.69.0" "fetch" "--manifest-path" "Cargo.toml", kill_on_drop: false }`
[INFO] [stderr]  Downloading crates ...
[INFO] [stderr]   Downloaded block-padding v0.3.2
[INFO] [stderr]   Downloaded is-terminal v0.4.3
[INFO] [stderr]   Downloaded clap v4.1.6
[INFO] running `Command { std: "docker" "create" "-v" "/var/lib/crater-agent-workspace/builds/worker-7-tc1/target:/opt/rustwide/target:rw,Z" "-v" "/var/lib/crater-agent-workspace/builds/worker-7-tc1/source:/opt/rustwide/workdir:ro,Z" "-v" "/var/lib/crater-agent-workspace/cargo-home:/opt/rustwide/cargo-home:ro,Z" "-v" "/var/lib/crater-agent-workspace/rustup-home:/opt/rustwide/rustup-home:ro,Z" "-e" "SOURCE_DIR=/opt/rustwide/workdir" "-e" "CARGO_TARGET_DIR=/opt/rustwide/target" "-e" "CARGO_HOME=/opt/rustwide/cargo-home" "-e" "RUSTUP_HOME=/opt/rustwide/rustup-home" "-w" "/opt/rustwide/workdir" "-m" "1610612736" "--user" "0:0" "--network" "none" "ghcr.io/rust-lang/crates-build-env/linux@sha256:5ff2268d62e97bff2cde7d5815dd6ed5b47097566f13b8d0ca110b04b60e07ed" "/opt/rustwide/cargo-home/bin/cargo" "+1.69.0" "metadata" "--no-deps" "--format-version=1", kill_on_drop: false }`
[INFO] [stdout] d41e52643eb05bb1a19d2b4726a3b04c61eb4649f9db43bc6d2719d6f3df388b
[INFO] running `Command { std: "docker" "start" "-a" "d41e52643eb05bb1a19d2b4726a3b04c61eb4649f9db43bc6d2719d6f3df388b", kill_on_drop: false }`
[INFO] running `Command { std: "docker" "inspect" "d41e52643eb05bb1a19d2b4726a3b04c61eb4649f9db43bc6d2719d6f3df388b", kill_on_drop: false }`
[INFO] running `Command { std: "docker" "rm" "-f" "d41e52643eb05bb1a19d2b4726a3b04c61eb4649f9db43bc6d2719d6f3df388b", kill_on_drop: false }`
[INFO] [stdout] d41e52643eb05bb1a19d2b4726a3b04c61eb4649f9db43bc6d2719d6f3df388b
[INFO] running `Command { std: "docker" "create" "-v" "/var/lib/crater-agent-workspace/builds/worker-7-tc1/target:/opt/rustwide/target:rw,Z" "-v" "/var/lib/crater-agent-workspace/builds/worker-7-tc1/source:/opt/rustwide/workdir:ro,Z" "-v" "/var/lib/crater-agent-workspace/cargo-home:/opt/rustwide/cargo-home:ro,Z" "-v" "/var/lib/crater-agent-workspace/rustup-home:/opt/rustwide/rustup-home:ro,Z" "-e" "SOURCE_DIR=/opt/rustwide/workdir" "-e" "CARGO_TARGET_DIR=/opt/rustwide/target" "-e" "CARGO_INCREMENTAL=0" "-e" "RUST_BACKTRACE=full" "-e" "RUSTFLAGS=--cap-lints=warn" "-e" "RUSTDOCFLAGS=--cap-lints=warn" "-e" "CARGO_HOME=/opt/rustwide/cargo-home" "-e" "RUSTUP_HOME=/opt/rustwide/rustup-home" "-w" "/opt/rustwide/workdir" "-m" "1610612736" "--user" "0:0" "--network" "none" "ghcr.io/rust-lang/crates-build-env/linux@sha256:5ff2268d62e97bff2cde7d5815dd6ed5b47097566f13b8d0ca110b04b60e07ed" "/opt/rustwide/cargo-home/bin/cargo" "+1.69.0" "build" "--frozen" "--message-format=json", kill_on_drop: false }`
[INFO] [stdout] d50f54420d93dd99b3c4082472a5af400465501398ac384f1d050af2718e5846
[INFO] running `Command { std: "docker" "start" "-a" "d50f54420d93dd99b3c4082472a5af400465501398ac384f1d050af2718e5846", kill_on_drop: false }`
[INFO] [stderr]    Compiling version_check v0.9.4
[INFO] [stderr]    Compiling proc-macro2 v1.0.51
[INFO] [stderr]    Compiling unicode-ident v1.0.6
[INFO] [stderr]    Compiling quote v1.0.23
[INFO] [stderr]    Compiling syn v1.0.107
[INFO] [stderr]    Compiling libc v0.2.139
[INFO] [stderr]    Compiling typenum v1.16.0
[INFO] [stderr]    Compiling io-lifetimes v1.0.5
[INFO] [stderr]    Compiling serde_derive v1.0.152
[INFO] [stderr]    Compiling generic-array v0.14.6
[INFO] [stderr]    Compiling proc-macro-error-attr v1.0.4
[INFO] [stderr]    Compiling proc-macro-error v1.0.4
[INFO] [stderr]    Compiling rustix v0.36.8
[INFO] [stderr]    Compiling portable-atomic v0.3.19
[INFO] [stderr]    Compiling bitflags v1.3.2
[INFO] [stderr]    Compiling serde v1.0.152
[INFO] [stderr]    Compiling linux-raw-sys v0.1.4
[INFO] [stderr]    Compiling os_str_bytes v6.4.1
[INFO] [stderr]    Compiling unicode-width v0.1.10
[INFO] [stderr]    Compiling heck v0.4.1
[INFO] [stderr]    Compiling serde_json v1.0.93
[INFO] [stderr]    Compiling anyhow v1.0.69
[INFO] [stderr]    Compiling thiserror v1.0.38
[INFO] [stderr]    Compiling console v0.15.5
[INFO] [stderr]    Compiling clap_lex v0.3.1
[INFO] [stderr]    Compiling strsim v0.10.0
[INFO] [stderr]    Compiling cpufeatures v0.2.5
[INFO] [stderr]    Compiling block-padding v0.3.2
[INFO] [stderr]    Compiling crypto-common v0.1.6
[INFO] [stderr]    Compiling itoa v1.0.5
[INFO] [stderr]    Compiling inout v0.1.3
[INFO] [stderr]    Compiling number_prefix v0.4.0
[INFO] [stderr]    Compiling ryu v1.0.12
[INFO] [stderr]    Compiling termcolor v1.2.0
[INFO] [stderr]    Compiling cipher v0.4.3
[INFO] [stderr]    Compiling once_cell v1.17.1
[INFO] [stderr]    Compiling aes v0.8.2
[INFO] [stderr]    Compiling is-terminal v0.4.3
[INFO] [stderr]    Compiling indicatif v0.17.3
[INFO] [stderr]    Compiling glob v0.3.1
[INFO] [stderr]    Compiling base64 v0.21.0
[INFO] [stderr]    Compiling clap_derive v4.1.0
[INFO] [stderr]    Compiling thiserror-impl v1.0.38
[INFO] [stderr]    Compiling clap v4.1.6
[INFO] [stderr]    Compiling ncmdump v0.5.0 (/opt/rustwide/workdir)
[INFO] [stderr]     Finished dev [unoptimized + debuginfo] target(s) in 44.23s
[INFO] running `Command { std: "docker" "inspect" "d50f54420d93dd99b3c4082472a5af400465501398ac384f1d050af2718e5846", kill_on_drop: false }`
[INFO] running `Command { std: "docker" "rm" "-f" "d50f54420d93dd99b3c4082472a5af400465501398ac384f1d050af2718e5846", kill_on_drop: false }`
[INFO] [stdout] d50f54420d93dd99b3c4082472a5af400465501398ac384f1d050af2718e5846
[INFO] running `Command { std: "docker" "create" "-v" "/var/lib/crater-agent-workspace/builds/worker-7-tc1/target:/opt/rustwide/target:rw,Z" "-v" "/var/lib/crater-agent-workspace/builds/worker-7-tc1/source:/opt/rustwide/workdir:ro,Z" "-v" "/var/lib/crater-agent-workspace/cargo-home:/opt/rustwide/cargo-home:ro,Z" "-v" "/var/lib/crater-agent-workspace/rustup-home:/opt/rustwide/rustup-home:ro,Z" "-e" "SOURCE_DIR=/opt/rustwide/workdir" "-e" "CARGO_TARGET_DIR=/opt/rustwide/target" "-e" "CARGO_INCREMENTAL=0" "-e" "RUST_BACKTRACE=full" "-e" "RUSTFLAGS=--cap-lints=warn" "-e" "RUSTDOCFLAGS=--cap-lints=warn" "-e" "CARGO_HOME=/opt/rustwide/cargo-home" "-e" "RUSTUP_HOME=/opt/rustwide/rustup-home" "-w" "/opt/rustwide/workdir" "-m" "1610612736" "--user" "0:0" "--network" "none" "ghcr.io/rust-lang/crates-build-env/linux@sha256:5ff2268d62e97bff2cde7d5815dd6ed5b47097566f13b8d0ca110b04b60e07ed" "/opt/rustwide/cargo-home/bin/cargo" "+1.69.0" "test" "--frozen" "--no-run" "--message-format=json", kill_on_drop: false }`
[INFO] [stdout] 0ab65c0a4635e0694875b851aa59cb67bdccecddd0bdd12bb65161faadf36062
[INFO] running `Command { std: "docker" "start" "-a" "0ab65c0a4635e0694875b851aa59cb67bdccecddd0bdd12bb65161faadf36062", kill_on_drop: false }`
[INFO] [stderr]    Compiling ncmdump v0.5.0 (/opt/rustwide/workdir)
[INFO] [stderr]     Finished test [unoptimized + debuginfo] target(s) in 3.23s
[INFO] running `Command { std: "docker" "inspect" "0ab65c0a4635e0694875b851aa59cb67bdccecddd0bdd12bb65161faadf36062", kill_on_drop: false }`
[INFO] running `Command { std: "docker" "rm" "-f" "0ab65c0a4635e0694875b851aa59cb67bdccecddd0bdd12bb65161faadf36062", kill_on_drop: false }`
[INFO] [stdout] 0ab65c0a4635e0694875b851aa59cb67bdccecddd0bdd12bb65161faadf36062
[INFO] running `Command { std: "docker" "create" "-v" "/var/lib/crater-agent-workspace/builds/worker-7-tc1/target:/opt/rustwide/target:rw,Z" "-v" "/var/lib/crater-agent-workspace/builds/worker-7-tc1/source:/opt/rustwide/workdir:ro,Z" "-v" "/var/lib/crater-agent-workspace/cargo-home:/opt/rustwide/cargo-home:ro,Z" "-v" "/var/lib/crater-agent-workspace/rustup-home:/opt/rustwide/rustup-home:ro,Z" "-e" "SOURCE_DIR=/opt/rustwide/workdir" "-e" "CARGO_TARGET_DIR=/opt/rustwide/target" "-e" "CARGO_INCREMENTAL=0" "-e" "RUST_BACKTRACE=full" "-e" "RUSTFLAGS=--cap-lints=warn" "-e" "RUSTDOCFLAGS=--cap-lints=warn" "-e" "CARGO_HOME=/opt/rustwide/cargo-home" "-e" "RUSTUP_HOME=/opt/rustwide/rustup-home" "-w" "/opt/rustwide/workdir" "-m" "1610612736" "--user" "0:0" "--network" "none" "ghcr.io/rust-lang/crates-build-env/linux@sha256:5ff2268d62e97bff2cde7d5815dd6ed5b47097566f13b8d0ca110b04b60e07ed" "/opt/rustwide/cargo-home/bin/cargo" "+1.69.0" "test" "--frozen", kill_on_drop: false }`
[INFO] [stdout] f807ccdb1462d867419636da650d447ea6e939820185c667de012ebb0d8b8ee3
[INFO] running `Command { std: "docker" "start" "-a" "f807ccdb1462d867419636da650d447ea6e939820185c667de012ebb0d8b8ee3", kill_on_drop: false }`
[INFO] [stderr]     Finished test [unoptimized + debuginfo] target(s) in 0.06s
[INFO] [stderr]      Running unittests src/lib.rs (/opt/rustwide/target/debug/deps/ncmdump-d499fe11cfcaeda4)
[INFO] [stdout] 
[INFO] [stdout] running 15 tests
[INFO] [stdout] test decrypt::tests::test_decrypt ... ok
[INFO] [stdout] test decrypt::tests::test_build_key_box ... ok
[INFO] [stdout] test ncmdump::tests::test_create_dump_ok ... FAILED
[INFO] [stdout] test qmcdump::tests::test_encrypt_head_ok ... ok
[INFO] [stdout] test qmcdump::tests::test_qmcdump_encrypt_ok ... ok
[INFO] [stdout] test ncmdump::tests::test_ncmdump_read_ok ... FAILED
[INFO] [stdout] test ncmdump::tests::test_ncmdump_multi_read_ok ... FAILED
[INFO] [stdout] test qmcdump::tests::test_qmcdump_map_ok ... ok
[INFO] [stdout] test qmcdump::tests::test_qmcdump_multi_read_ok ... ok
[INFO] [stdout] test qmcdump::tests::test_qmcdump_ok ... FAILED
[INFO] [stdout] test qmcdump::tests::test_qmcdump_read_ok ... ok
[INFO] [stdout] test ncmdump::tests::test_get_data_ok ... FAILED
[INFO] [stdout] test ncmdump::tests::test_encrypt_ok ... FAILED
[INFO] [stdout] test ncmdump::tests::test_get_image_ok ... FAILED
[INFO] [stdout] test ncmdump::tests::test_get_info_ok ... FAILED
[INFO] [stdout] 
[INFO] [stdout] failures:
[INFO] [stdout] 
[INFO] [stdout] ---- ncmdump::tests::test_create_dump_ok stdout ----
[INFO] [stdout] Error: No such file or directory (os error 2)
[INFO] [stdout] 
[INFO] [stdout] ---- ncmdump::tests::test_ncmdump_read_ok stdout ----
[INFO] [stdout] Error: No such file or directory (os error 2)
[INFO] [stdout] 
[INFO] [stdout] ---- ncmdump::tests::test_ncmdump_multi_read_ok stdout ----
[INFO] [stdout] Error: No such file or directory (os error 2)
[INFO] [stdout] 
[INFO] [stdout] ---- qmcdump::tests::test_qmcdump_ok stdout ----
[INFO] [stdout] Error: Read-only file system (os error 30)
[INFO] [stdout] 
[INFO] [stdout] ---- ncmdump::tests::test_get_data_ok stdout ----
[INFO] [stdout] Error: No such file or directory (os error 2)
[INFO] [stdout] 
[INFO] [stdout] ---- ncmdump::tests::test_encrypt_ok stdout ----
[INFO] [stdout] Error: No such file or directory (os error 2)
[INFO] [stdout] 
[INFO] [stdout] ---- ncmdump::tests::test_get_image_ok stdout ----
[INFO] [stdout] Error: No such file or directory (os error 2)
[INFO] [stdout] 
[INFO] [stdout] ---- ncmdump::tests::test_get_info_ok stdout ----
[INFO] [stdout] Error: No such file or directory (os error 2)
[INFO] [stdout] 
[INFO] [stdout] 
[INFO] [stdout] failures:
[INFO] [stdout]     ncmdump::tests::test_create_dump_ok
[INFO] [stdout]     ncmdump::tests::test_encrypt_ok
[INFO] [stdout]     ncmdump::tests::test_get_data_ok
[INFO] [stdout]     ncmdump::tests::test_get_image_ok
[INFO] [stdout]     ncmdump::tests::test_get_info_ok
[INFO] [stdout]     ncmdump::tests::test_ncmdump_multi_read_ok
[INFO] [stdout]     ncmdump::tests::test_ncmdump_read_ok
[INFO] [stdout]     qmcdump::tests::test_qmcdump_ok
[INFO] [stdout] 
[INFO] [stdout] test result: FAILED. 7 passed; 8 failed; 0 ignored; 0 measured; 0 filtered out; finished in 0.02s
[INFO] [stdout] 
[INFO] [stderr] error: test failed, to rerun pass `--lib`
[INFO] running `Command { std: "docker" "inspect" "f807ccdb1462d867419636da650d447ea6e939820185c667de012ebb0d8b8ee3", kill_on_drop: false }`
[INFO] running `Command { std: "docker" "rm" "-f" "f807ccdb1462d867419636da650d447ea6e939820185c667de012ebb0d8b8ee3", kill_on_drop: false }`
[INFO] [stdout] f807ccdb1462d867419636da650d447ea6e939820185c667de012ebb0d8b8ee3
