[INFO] fetching crate navigator 0.3.0...
[INFO] testing navigator-0.3.0 against beta-2023-04-20 for beta-1.70-1
[INFO] extracting crate navigator 0.3.0 into /workspace/builds/worker-3-tc2/source
[INFO] validating manifest of crates.io crate navigator 0.3.0 on toolchain beta-2023-04-20
[INFO] running `Command { std: CARGO_HOME="/workspace/cargo-home" RUSTUP_HOME="/workspace/rustup-home" "/workspace/cargo-home/bin/cargo" "+beta-2023-04-20" "metadata" "--manifest-path" "Cargo.toml" "--no-deps", kill_on_drop: false }`
[INFO] started tweaking crates.io crate navigator 0.3.0
[INFO] finished tweaking crates.io crate navigator 0.3.0
[INFO] tweaked toml for crates.io crate navigator 0.3.0 written to /workspace/builds/worker-3-tc2/source/Cargo.toml
[INFO] crate crates.io crate navigator 0.3.0 already has a lockfile, it will not be regenerated
[INFO] running `Command { std: CARGO_HOME="/workspace/cargo-home" RUSTUP_HOME="/workspace/rustup-home" "/workspace/cargo-home/bin/cargo" "+beta-2023-04-20" "fetch" "--manifest-path" "Cargo.toml", kill_on_drop: false }`
[INFO] running `Command { std: "docker" "create" "-v" "/var/lib/crater-agent-workspace/builds/worker-3-tc2/target:/opt/rustwide/target:rw,Z" "-v" "/var/lib/crater-agent-workspace/builds/worker-3-tc2/source:/opt/rustwide/workdir:ro,Z" "-v" "/var/lib/crater-agent-workspace/cargo-home:/opt/rustwide/cargo-home:ro,Z" "-v" "/var/lib/crater-agent-workspace/rustup-home:/opt/rustwide/rustup-home:ro,Z" "-e" "SOURCE_DIR=/opt/rustwide/workdir" "-e" "CARGO_TARGET_DIR=/opt/rustwide/target" "-e" "CARGO_HOME=/opt/rustwide/cargo-home" "-e" "RUSTUP_HOME=/opt/rustwide/rustup-home" "-w" "/opt/rustwide/workdir" "-m" "1610612736" "--user" "0:0" "--network" "none" "ghcr.io/rust-lang/crates-build-env/linux@sha256:5ff2268d62e97bff2cde7d5815dd6ed5b47097566f13b8d0ca110b04b60e07ed" "/opt/rustwide/cargo-home/bin/cargo" "+beta-2023-04-20" "metadata" "--no-deps" "--format-version=1", kill_on_drop: false }`
[INFO] [stdout] 5251814fc12eb174fd62e4ee4ab72a969b8ec0cb7946eae1dfc3ce441e0ed253
[INFO] running `Command { std: "docker" "start" "-a" "5251814fc12eb174fd62e4ee4ab72a969b8ec0cb7946eae1dfc3ce441e0ed253", kill_on_drop: false }`
[INFO] running `Command { std: "docker" "inspect" "5251814fc12eb174fd62e4ee4ab72a969b8ec0cb7946eae1dfc3ce441e0ed253", kill_on_drop: false }`
[INFO] running `Command { std: "docker" "rm" "-f" "5251814fc12eb174fd62e4ee4ab72a969b8ec0cb7946eae1dfc3ce441e0ed253", kill_on_drop: false }`
[INFO] [stdout] 5251814fc12eb174fd62e4ee4ab72a969b8ec0cb7946eae1dfc3ce441e0ed253
[INFO] running `Command { std: "docker" "create" "-v" "/var/lib/crater-agent-workspace/builds/worker-3-tc2/target:/opt/rustwide/target:rw,Z" "-v" "/var/lib/crater-agent-workspace/builds/worker-3-tc2/source:/opt/rustwide/workdir:ro,Z" "-v" "/var/lib/crater-agent-workspace/cargo-home:/opt/rustwide/cargo-home:ro,Z" "-v" "/var/lib/crater-agent-workspace/rustup-home:/opt/rustwide/rustup-home:ro,Z" "-e" "SOURCE_DIR=/opt/rustwide/workdir" "-e" "CARGO_TARGET_DIR=/opt/rustwide/target" "-e" "CARGO_INCREMENTAL=0" "-e" "RUST_BACKTRACE=full" "-e" "RUSTFLAGS=--cap-lints=warn" "-e" "RUSTDOCFLAGS=--cap-lints=warn" "-e" "CARGO_HOME=/opt/rustwide/cargo-home" "-e" "RUSTUP_HOME=/opt/rustwide/rustup-home" "-w" "/opt/rustwide/workdir" "-m" "1610612736" "--user" "0:0" "--network" "none" "ghcr.io/rust-lang/crates-build-env/linux@sha256:5ff2268d62e97bff2cde7d5815dd6ed5b47097566f13b8d0ca110b04b60e07ed" "/opt/rustwide/cargo-home/bin/cargo" "+beta-2023-04-20" "build" "--frozen" "--message-format=json", kill_on_drop: false }`
[INFO] [stdout] 645fdecdfe497d08647d12e42c03b68340202dd7be4cfc3acec643f8bc5f799a
[INFO] running `Command { std: "docker" "start" "-a" "645fdecdfe497d08647d12e42c03b68340202dd7be4cfc3acec643f8bc5f799a", kill_on_drop: false }`
[INFO] [stderr]    Compiling navigator v0.3.0 (/opt/rustwide/workdir)
[INFO] [stderr]     Finished dev [unoptimized + debuginfo] target(s) in 0.23s
[INFO] running `Command { std: "docker" "inspect" "645fdecdfe497d08647d12e42c03b68340202dd7be4cfc3acec643f8bc5f799a", kill_on_drop: false }`
[INFO] running `Command { std: "docker" "rm" "-f" "645fdecdfe497d08647d12e42c03b68340202dd7be4cfc3acec643f8bc5f799a", kill_on_drop: false }`
[INFO] [stdout] 645fdecdfe497d08647d12e42c03b68340202dd7be4cfc3acec643f8bc5f799a
[INFO] running `Command { std: "docker" "create" "-v" "/var/lib/crater-agent-workspace/builds/worker-3-tc2/target:/opt/rustwide/target:rw,Z" "-v" "/var/lib/crater-agent-workspace/builds/worker-3-tc2/source:/opt/rustwide/workdir:ro,Z" "-v" "/var/lib/crater-agent-workspace/cargo-home:/opt/rustwide/cargo-home:ro,Z" "-v" "/var/lib/crater-agent-workspace/rustup-home:/opt/rustwide/rustup-home:ro,Z" "-e" "SOURCE_DIR=/opt/rustwide/workdir" "-e" "CARGO_TARGET_DIR=/opt/rustwide/target" "-e" "CARGO_INCREMENTAL=0" "-e" "RUST_BACKTRACE=full" "-e" "RUSTFLAGS=--cap-lints=warn" "-e" "RUSTDOCFLAGS=--cap-lints=warn" "-e" "CARGO_HOME=/opt/rustwide/cargo-home" "-e" "RUSTUP_HOME=/opt/rustwide/rustup-home" "-w" "/opt/rustwide/workdir" "-m" "1610612736" "--user" "0:0" "--network" "none" "ghcr.io/rust-lang/crates-build-env/linux@sha256:5ff2268d62e97bff2cde7d5815dd6ed5b47097566f13b8d0ca110b04b60e07ed" "/opt/rustwide/cargo-home/bin/cargo" "+beta-2023-04-20" "test" "--frozen" "--no-run" "--message-format=json", kill_on_drop: false }`
[INFO] [stdout] 2418d18659d324797e0f0e90b7012c67093e9bda66a8a8fa3f8d263cb882b497
[INFO] running `Command { std: "docker" "start" "-a" "2418d18659d324797e0f0e90b7012c67093e9bda66a8a8fa3f8d263cb882b497", kill_on_drop: false }`
[INFO] [stderr]    Compiling navigator v0.3.0 (/opt/rustwide/workdir)
[INFO] [stderr]     Finished test [unoptimized + debuginfo] target(s) in 0.79s
[INFO] running `Command { std: "docker" "inspect" "2418d18659d324797e0f0e90b7012c67093e9bda66a8a8fa3f8d263cb882b497", kill_on_drop: false }`
[INFO] running `Command { std: "docker" "rm" "-f" "2418d18659d324797e0f0e90b7012c67093e9bda66a8a8fa3f8d263cb882b497", kill_on_drop: false }`
[INFO] [stdout] 2418d18659d324797e0f0e90b7012c67093e9bda66a8a8fa3f8d263cb882b497
[INFO] running `Command { std: "docker" "create" "-v" "/var/lib/crater-agent-workspace/builds/worker-3-tc2/target:/opt/rustwide/target:rw,Z" "-v" "/var/lib/crater-agent-workspace/builds/worker-3-tc2/source:/opt/rustwide/workdir:ro,Z" "-v" "/var/lib/crater-agent-workspace/cargo-home:/opt/rustwide/cargo-home:ro,Z" "-v" "/var/lib/crater-agent-workspace/rustup-home:/opt/rustwide/rustup-home:ro,Z" "-e" "SOURCE_DIR=/opt/rustwide/workdir" "-e" "CARGO_TARGET_DIR=/opt/rustwide/target" "-e" "CARGO_INCREMENTAL=0" "-e" "RUST_BACKTRACE=full" "-e" "RUSTFLAGS=--cap-lints=warn" "-e" "RUSTDOCFLAGS=--cap-lints=warn" "-e" "CARGO_HOME=/opt/rustwide/cargo-home" "-e" "RUSTUP_HOME=/opt/rustwide/rustup-home" "-w" "/opt/rustwide/workdir" "-m" "1610612736" "--user" "0:0" "--network" "none" "ghcr.io/rust-lang/crates-build-env/linux@sha256:5ff2268d62e97bff2cde7d5815dd6ed5b47097566f13b8d0ca110b04b60e07ed" "/opt/rustwide/cargo-home/bin/cargo" "+beta-2023-04-20" "test" "--frozen", kill_on_drop: false }`
[INFO] [stdout] 56104b80d3cd52e6f911eb19c0def17c23558e9f5dceffe40dd943ba1540bfca
[INFO] running `Command { std: "docker" "start" "-a" "56104b80d3cd52e6f911eb19c0def17c23558e9f5dceffe40dd943ba1540bfca", kill_on_drop: false }`
[INFO] [stderr]     Finished test [unoptimized + debuginfo] target(s) in 0.00s
[INFO] [stderr]      Running unittests src/lib.rs (/opt/rustwide/target/debug/deps/navigator-b1a022f3dd8bb7b8)
[INFO] [stdout] 
[INFO] [stdout] running 0 tests
[INFO] [stdout] 
[INFO] [stdout] test result: ok. 0 passed; 0 failed; 0 ignored; 0 measured; 0 filtered out; finished in 0.00s
[INFO] [stdout] 
[INFO] [stderr]    Doc-tests navigator
[INFO] [stdout] 
[INFO] [stdout] running 2 tests
[INFO] [stdout] test src/nav.rs - nav::navigator (line 7) ... FAILED
[INFO] [stdout] test src/nav.rs - nav::navigator (line 19) ... FAILED
[INFO] [stdout] 
[INFO] [stdout] failures:
[INFO] [stdout] 
[INFO] [stdout] ---- src/nav.rs - nav::navigator (line 7) stdout ----
[INFO] [stdout] error: cannot find macro `navigator` in this scope
[INFO] [stdout]  --> src/nav.rs:8:1
[INFO] [stdout]   |
[INFO] [stdout] 4 | navigator!(ctx => {
[INFO] [stdout]   | ^^^^^^^^^
[INFO] [stdout]   |
[INFO] [stdout]   = help: consider importing this macro:
[INFO] [stdout]           navigator::navigator
[INFO] [stdout] note: `navigator` is imported here, but it is a crate, not a macro
[INFO] [stdout]  --> src/nav.rs:6:1
[INFO] [stdout]   |
[INFO] [stdout] 2 | extern crate r#navigator;
[INFO] [stdout]   | ^^^^^^^^^^^^^^^^^^^^^^^^^
[INFO] [stdout] 
[INFO] [stdout] error: aborting due to previous error
[INFO] [stdout] 
[INFO] [stdout] Couldn't compile the test.
[INFO] [stdout] ---- src/nav.rs - nav::navigator (line 19) stdout ----
[INFO] [stdout] error: cannot find macro `navigator` in this scope
[INFO] [stdout]  --> src/nav.rs:20:1
[INFO] [stdout]   |
[INFO] [stdout] 4 | navigator!(ctx => {
[INFO] [stdout]   | ^^^^^^^^^
[INFO] [stdout]   |
[INFO] [stdout]   = help: consider importing this macro:
[INFO] [stdout]           navigator::navigator
[INFO] [stdout] note: `navigator` is imported here, but it is a crate, not a macro
[INFO] [stdout]  --> src/nav.rs:18:1
[INFO] [stdout]   |
[INFO] [stdout] 2 | extern crate r#navigator;
[INFO] [stdout]   | ^^^^^^^^^^^^^^^^^^^^^^^^^
[INFO] [stdout] 
[INFO] [stdout] error: aborting due to previous error
[INFO] [stdout] 
[INFO] [stdout] Couldn't compile the test.
[INFO] [stdout] 
[INFO] [stdout] failures:
[INFO] [stdout]     src/nav.rs - nav::navigator (line 19)
[INFO] [stdout]     src/nav.rs - nav::navigator (line 7)
[INFO] [stdout] 
[INFO] [stdout] test result: FAILED. 0 passed; 2 failed; 0 ignored; 0 measured; 0 filtered out; finished in 0.04s
[INFO] [stdout] 
[INFO] [stderr] error: doctest failed, to rerun pass `--doc`
[INFO] running `Command { std: "docker" "inspect" "56104b80d3cd52e6f911eb19c0def17c23558e9f5dceffe40dd943ba1540bfca", kill_on_drop: false }`
[INFO] running `Command { std: "docker" "rm" "-f" "56104b80d3cd52e6f911eb19c0def17c23558e9f5dceffe40dd943ba1540bfca", kill_on_drop: false }`
[INFO] [stdout] 56104b80d3cd52e6f911eb19c0def17c23558e9f5dceffe40dd943ba1540bfca
