[INFO] fetching crate nanoem 0.1.2...
[INFO] testing nanoem-0.1.2 against 1.69.0 for beta-1.70-1
[INFO] extracting crate nanoem 0.1.2 into /workspace/builds/worker-5-tc1/source
[INFO] validating manifest of crates.io crate nanoem 0.1.2 on toolchain 1.69.0
[INFO] running `Command { std: CARGO_HOME="/workspace/cargo-home" RUSTUP_HOME="/workspace/rustup-home" "/workspace/cargo-home/bin/cargo" "+1.69.0" "metadata" "--manifest-path" "Cargo.toml" "--no-deps", kill_on_drop: false }`
[INFO] started tweaking crates.io crate nanoem 0.1.2
[INFO] finished tweaking crates.io crate nanoem 0.1.2
[INFO] tweaked toml for crates.io crate nanoem 0.1.2 written to /workspace/builds/worker-5-tc1/source/Cargo.toml
[INFO] running `Command { std: CARGO_HOME="/workspace/cargo-home" RUSTUP_HOME="/workspace/rustup-home" __CARGO_TEST_CHANNEL_OVERRIDE_DO_NOT_USE_THIS="nightly" "/workspace/cargo-home/bin/cargo" "+1.69.0" "generate-lockfile" "--manifest-path" "Cargo.toml" "-Zno-index-update", kill_on_drop: false }`
[INFO] running `Command { std: CARGO_HOME="/workspace/cargo-home" RUSTUP_HOME="/workspace/rustup-home" "/workspace/cargo-home/bin/cargo" "+1.69.0" "fetch" "--manifest-path" "Cargo.toml", kill_on_drop: false }`
[INFO] running `Command { std: "docker" "create" "-v" "/var/lib/crater-agent-workspace/builds/worker-5-tc1/target:/opt/rustwide/target:rw,Z" "-v" "/var/lib/crater-agent-workspace/builds/worker-5-tc1/source:/opt/rustwide/workdir:ro,Z" "-v" "/var/lib/crater-agent-workspace/cargo-home:/opt/rustwide/cargo-home:ro,Z" "-v" "/var/lib/crater-agent-workspace/rustup-home:/opt/rustwide/rustup-home:ro,Z" "-e" "SOURCE_DIR=/opt/rustwide/workdir" "-e" "CARGO_TARGET_DIR=/opt/rustwide/target" "-e" "CARGO_HOME=/opt/rustwide/cargo-home" "-e" "RUSTUP_HOME=/opt/rustwide/rustup-home" "-w" "/opt/rustwide/workdir" "-m" "1610612736" "--user" "0:0" "--network" "none" "ghcr.io/rust-lang/crates-build-env/linux@sha256:5ff2268d62e97bff2cde7d5815dd6ed5b47097566f13b8d0ca110b04b60e07ed" "/opt/rustwide/cargo-home/bin/cargo" "+1.69.0" "metadata" "--no-deps" "--format-version=1", kill_on_drop: false }`
[INFO] [stdout] e5ad0585871b2a0c658668aca3a5e27e179777b91d406cb5de9f0763b0554e43
[INFO] running `Command { std: "docker" "start" "-a" "e5ad0585871b2a0c658668aca3a5e27e179777b91d406cb5de9f0763b0554e43", kill_on_drop: false }`
[INFO] running `Command { std: "docker" "inspect" "e5ad0585871b2a0c658668aca3a5e27e179777b91d406cb5de9f0763b0554e43", kill_on_drop: false }`
[INFO] running `Command { std: "docker" "rm" "-f" "e5ad0585871b2a0c658668aca3a5e27e179777b91d406cb5de9f0763b0554e43", kill_on_drop: false }`
[INFO] [stdout] e5ad0585871b2a0c658668aca3a5e27e179777b91d406cb5de9f0763b0554e43
[INFO] running `Command { std: "docker" "create" "-v" "/var/lib/crater-agent-workspace/builds/worker-5-tc1/target:/opt/rustwide/target:rw,Z" "-v" "/var/lib/crater-agent-workspace/builds/worker-5-tc1/source:/opt/rustwide/workdir:ro,Z" "-v" "/var/lib/crater-agent-workspace/cargo-home:/opt/rustwide/cargo-home:ro,Z" "-v" "/var/lib/crater-agent-workspace/rustup-home:/opt/rustwide/rustup-home:ro,Z" "-e" "SOURCE_DIR=/opt/rustwide/workdir" "-e" "CARGO_TARGET_DIR=/opt/rustwide/target" "-e" "CARGO_INCREMENTAL=0" "-e" "RUST_BACKTRACE=full" "-e" "RUSTFLAGS=--cap-lints=warn" "-e" "RUSTDOCFLAGS=--cap-lints=warn" "-e" "CARGO_HOME=/opt/rustwide/cargo-home" "-e" "RUSTUP_HOME=/opt/rustwide/rustup-home" "-w" "/opt/rustwide/workdir" "-m" "1610612736" "--user" "0:0" "--network" "none" "ghcr.io/rust-lang/crates-build-env/linux@sha256:5ff2268d62e97bff2cde7d5815dd6ed5b47097566f13b8d0ca110b04b60e07ed" "/opt/rustwide/cargo-home/bin/cargo" "+1.69.0" "build" "--frozen" "--message-format=json", kill_on_drop: false }`
[INFO] [stdout] 9137fa32477585d6c4419716b78000376e269a96e0bfda68ad9ac1ac1ddc7e12
[INFO] running `Command { std: "docker" "start" "-a" "9137fa32477585d6c4419716b78000376e269a96e0bfda68ad9ac1ac1ddc7e12", kill_on_drop: false }`
[INFO] [stderr]    Compiling encoding_rs v0.8.32
[INFO] [stderr]    Compiling nanoem v0.1.2 (/opt/rustwide/workdir)
[INFO] [stderr]     Finished dev [unoptimized + debuginfo] target(s) in 2.76s
[INFO] running `Command { std: "docker" "inspect" "9137fa32477585d6c4419716b78000376e269a96e0bfda68ad9ac1ac1ddc7e12", kill_on_drop: false }`
[INFO] running `Command { std: "docker" "rm" "-f" "9137fa32477585d6c4419716b78000376e269a96e0bfda68ad9ac1ac1ddc7e12", kill_on_drop: false }`
[INFO] [stdout] 9137fa32477585d6c4419716b78000376e269a96e0bfda68ad9ac1ac1ddc7e12
[INFO] running `Command { std: "docker" "create" "-v" "/var/lib/crater-agent-workspace/builds/worker-5-tc1/target:/opt/rustwide/target:rw,Z" "-v" "/var/lib/crater-agent-workspace/builds/worker-5-tc1/source:/opt/rustwide/workdir:ro,Z" "-v" "/var/lib/crater-agent-workspace/cargo-home:/opt/rustwide/cargo-home:ro,Z" "-v" "/var/lib/crater-agent-workspace/rustup-home:/opt/rustwide/rustup-home:ro,Z" "-e" "SOURCE_DIR=/opt/rustwide/workdir" "-e" "CARGO_TARGET_DIR=/opt/rustwide/target" "-e" "CARGO_INCREMENTAL=0" "-e" "RUST_BACKTRACE=full" "-e" "RUSTFLAGS=--cap-lints=warn" "-e" "RUSTDOCFLAGS=--cap-lints=warn" "-e" "CARGO_HOME=/opt/rustwide/cargo-home" "-e" "RUSTUP_HOME=/opt/rustwide/rustup-home" "-w" "/opt/rustwide/workdir" "-m" "1610612736" "--user" "0:0" "--network" "none" "ghcr.io/rust-lang/crates-build-env/linux@sha256:5ff2268d62e97bff2cde7d5815dd6ed5b47097566f13b8d0ca110b04b60e07ed" "/opt/rustwide/cargo-home/bin/cargo" "+1.69.0" "test" "--frozen" "--no-run" "--message-format=json", kill_on_drop: false }`
[INFO] [stdout] 233c56f8c49ecacf87f1ea4ec10ae463032e76d0525039139cd392beac152ce8
[INFO] running `Command { std: "docker" "start" "-a" "233c56f8c49ecacf87f1ea4ec10ae463032e76d0525039139cd392beac152ce8", kill_on_drop: false }`
[INFO] [stderr]    Compiling nanoem v0.1.2 (/opt/rustwide/workdir)
[INFO] [stderr]     Finished test [unoptimized + debuginfo] target(s) in 1.52s
[INFO] running `Command { std: "docker" "inspect" "233c56f8c49ecacf87f1ea4ec10ae463032e76d0525039139cd392beac152ce8", kill_on_drop: false }`
[INFO] running `Command { std: "docker" "rm" "-f" "233c56f8c49ecacf87f1ea4ec10ae463032e76d0525039139cd392beac152ce8", kill_on_drop: false }`
[INFO] [stdout] 233c56f8c49ecacf87f1ea4ec10ae463032e76d0525039139cd392beac152ce8
[INFO] running `Command { std: "docker" "create" "-v" "/var/lib/crater-agent-workspace/builds/worker-5-tc1/target:/opt/rustwide/target:rw,Z" "-v" "/var/lib/crater-agent-workspace/builds/worker-5-tc1/source:/opt/rustwide/workdir:ro,Z" "-v" "/var/lib/crater-agent-workspace/cargo-home:/opt/rustwide/cargo-home:ro,Z" "-v" "/var/lib/crater-agent-workspace/rustup-home:/opt/rustwide/rustup-home:ro,Z" "-e" "SOURCE_DIR=/opt/rustwide/workdir" "-e" "CARGO_TARGET_DIR=/opt/rustwide/target" "-e" "CARGO_INCREMENTAL=0" "-e" "RUST_BACKTRACE=full" "-e" "RUSTFLAGS=--cap-lints=warn" "-e" "RUSTDOCFLAGS=--cap-lints=warn" "-e" "CARGO_HOME=/opt/rustwide/cargo-home" "-e" "RUSTUP_HOME=/opt/rustwide/rustup-home" "-w" "/opt/rustwide/workdir" "-m" "1610612736" "--user" "0:0" "--network" "none" "ghcr.io/rust-lang/crates-build-env/linux@sha256:5ff2268d62e97bff2cde7d5815dd6ed5b47097566f13b8d0ca110b04b60e07ed" "/opt/rustwide/cargo-home/bin/cargo" "+1.69.0" "test" "--frozen", kill_on_drop: false }`
[INFO] [stdout] 760bbff3e8ff5d50c19092e2900845e9a3bbff5e9cec2d443e3fbacf9eb7c7fd
[INFO] running `Command { std: "docker" "start" "-a" "760bbff3e8ff5d50c19092e2900845e9a3bbff5e9cec2d443e3fbacf9eb7c7fd", kill_on_drop: false }`
[INFO] [stderr]     Finished test [unoptimized + debuginfo] target(s) in 0.00s
[INFO] [stderr]      Running unittests src/lib.rs (/opt/rustwide/target/debug/deps/nanoem-44b12b8f0bb34e37)
[INFO] [stdout] 
[INFO] [stdout] running 12 tests
[INFO] [stdout] test common::test_buffer_read_primitive ... ok
[INFO] [stdout] test model::test_model_bone_flags_from_value ... ok
[INFO] [stdout] test model::test_read_pmx_resource ... FAILED
[INFO] [stdout] test common::test_from_le_to_u16 ... ok
[INFO] [stdout] test common::test_u8_to_string_len0 ... ok
[INFO] [stdout] test common::test_u8_to_string_too_short ... ok
[INFO] [stdout] test model::test_save_pmx_resource ... FAILED
[INFO] [stdout] test motion::test_bool_to_u8 ... ok
[INFO] [stdout] test motion::test_load_from_buffer ... FAILED
[INFO] [stdout] test motion::test_save_into_buffer ... FAILED
[INFO] [stdout] test motion::test_sig_len ... ok
[INFO] [stdout] test utils::test_fourcc ... ok
[INFO] [stdout] 
[INFO] [stdout] failures:
[INFO] [stdout] 
[INFO] [stdout] ---- model::test_read_pmx_resource stdout ----
[INFO] [stdout] Error: Os { code: 2, kind: NotFound, message: "No such file or directory" }
[INFO] [stdout] 
[INFO] [stdout] ---- model::test_save_pmx_resource stdout ----
[INFO] [stdout] Error: Os { code: 2, kind: NotFound, message: "No such file or directory" }
[INFO] [stdout] 
[INFO] [stdout] ---- motion::test_load_from_buffer stdout ----
[INFO] [stdout] Error: Os { code: 2, kind: NotFound, message: "No such file or directory" }
[INFO] [stdout] 
[INFO] [stdout] ---- motion::test_save_into_buffer stdout ----
[INFO] [stdout] Error: Os { code: 2, kind: NotFound, message: "No such file or directory" }
[INFO] [stdout] 
[INFO] [stdout] 
[INFO] [stdout] failures:
[INFO] [stdout]     model::test_read_pmx_resource
[INFO] [stdout]     model::test_save_pmx_resource
[INFO] [stdout]     motion::test_load_from_buffer
[INFO] [stdout]     motion::test_save_into_buffer
[INFO] [stdout] 
[INFO] [stdout] test result: FAILED. 8 passed; 4 failed; 0 ignored; 0 measured; 0 filtered out; finished in 0.00s
[INFO] [stdout] 
[INFO] [stderr] error: test failed, to rerun pass `--lib`
[INFO] running `Command { std: "docker" "inspect" "760bbff3e8ff5d50c19092e2900845e9a3bbff5e9cec2d443e3fbacf9eb7c7fd", kill_on_drop: false }`
[INFO] running `Command { std: "docker" "rm" "-f" "760bbff3e8ff5d50c19092e2900845e9a3bbff5e9cec2d443e3fbacf9eb7c7fd", kill_on_drop: false }`
[INFO] [stdout] 760bbff3e8ff5d50c19092e2900845e9a3bbff5e9cec2d443e3fbacf9eb7c7fd
