[INFO] fetching crate naked-function-macro 0.1.5...
[INFO] testing naked-function-macro-0.1.5 against 1.69.0 for beta-1.70-1
[INFO] extracting crate naked-function-macro 0.1.5 into /workspace/builds/worker-5-tc1/source
[INFO] validating manifest of crates.io crate naked-function-macro 0.1.5 on toolchain 1.69.0
[INFO] running `Command { std: CARGO_HOME="/workspace/cargo-home" RUSTUP_HOME="/workspace/rustup-home" "/workspace/cargo-home/bin/cargo" "+1.69.0" "metadata" "--manifest-path" "Cargo.toml" "--no-deps", kill_on_drop: false }`
[INFO] started tweaking crates.io crate naked-function-macro 0.1.5
[INFO] finished tweaking crates.io crate naked-function-macro 0.1.5
[INFO] tweaked toml for crates.io crate naked-function-macro 0.1.5 written to /workspace/builds/worker-5-tc1/source/Cargo.toml
[INFO] running `Command { std: CARGO_HOME="/workspace/cargo-home" RUSTUP_HOME="/workspace/rustup-home" __CARGO_TEST_CHANNEL_OVERRIDE_DO_NOT_USE_THIS="nightly" "/workspace/cargo-home/bin/cargo" "+1.69.0" "generate-lockfile" "--manifest-path" "Cargo.toml" "-Zno-index-update", kill_on_drop: false }`
[INFO] running `Command { std: CARGO_HOME="/workspace/cargo-home" RUSTUP_HOME="/workspace/rustup-home" "/workspace/cargo-home/bin/cargo" "+1.69.0" "fetch" "--manifest-path" "Cargo.toml", kill_on_drop: false }`
[INFO] running `Command { std: "docker" "create" "-v" "/var/lib/crater-agent-workspace/builds/worker-5-tc1/target:/opt/rustwide/target:rw,Z" "-v" "/var/lib/crater-agent-workspace/builds/worker-5-tc1/source:/opt/rustwide/workdir:ro,Z" "-v" "/var/lib/crater-agent-workspace/cargo-home:/opt/rustwide/cargo-home:ro,Z" "-v" "/var/lib/crater-agent-workspace/rustup-home:/opt/rustwide/rustup-home:ro,Z" "-e" "SOURCE_DIR=/opt/rustwide/workdir" "-e" "CARGO_TARGET_DIR=/opt/rustwide/target" "-e" "CARGO_HOME=/opt/rustwide/cargo-home" "-e" "RUSTUP_HOME=/opt/rustwide/rustup-home" "-w" "/opt/rustwide/workdir" "-m" "1610612736" "--user" "0:0" "--network" "none" "ghcr.io/rust-lang/crates-build-env/linux@sha256:5ff2268d62e97bff2cde7d5815dd6ed5b47097566f13b8d0ca110b04b60e07ed" "/opt/rustwide/cargo-home/bin/cargo" "+1.69.0" "metadata" "--no-deps" "--format-version=1", kill_on_drop: false }`
[INFO] [stdout] d490be953de829514abc9a1bed74e36f0b10fb02c829fd1e40b1e648e9d2efb3
[INFO] running `Command { std: "docker" "start" "-a" "d490be953de829514abc9a1bed74e36f0b10fb02c829fd1e40b1e648e9d2efb3", kill_on_drop: false }`
[INFO] running `Command { std: "docker" "inspect" "d490be953de829514abc9a1bed74e36f0b10fb02c829fd1e40b1e648e9d2efb3", kill_on_drop: false }`
[INFO] running `Command { std: "docker" "rm" "-f" "d490be953de829514abc9a1bed74e36f0b10fb02c829fd1e40b1e648e9d2efb3", kill_on_drop: false }`
[INFO] [stdout] d490be953de829514abc9a1bed74e36f0b10fb02c829fd1e40b1e648e9d2efb3
[INFO] running `Command { std: "docker" "create" "-v" "/var/lib/crater-agent-workspace/builds/worker-5-tc1/target:/opt/rustwide/target:rw,Z" "-v" "/var/lib/crater-agent-workspace/builds/worker-5-tc1/source:/opt/rustwide/workdir:ro,Z" "-v" "/var/lib/crater-agent-workspace/cargo-home:/opt/rustwide/cargo-home:ro,Z" "-v" "/var/lib/crater-agent-workspace/rustup-home:/opt/rustwide/rustup-home:ro,Z" "-e" "SOURCE_DIR=/opt/rustwide/workdir" "-e" "CARGO_TARGET_DIR=/opt/rustwide/target" "-e" "CARGO_INCREMENTAL=0" "-e" "RUST_BACKTRACE=full" "-e" "RUSTFLAGS=--cap-lints=warn" "-e" "RUSTDOCFLAGS=--cap-lints=warn" "-e" "CARGO_HOME=/opt/rustwide/cargo-home" "-e" "RUSTUP_HOME=/opt/rustwide/rustup-home" "-w" "/opt/rustwide/workdir" "-m" "1610612736" "--user" "0:0" "--network" "none" "ghcr.io/rust-lang/crates-build-env/linux@sha256:5ff2268d62e97bff2cde7d5815dd6ed5b47097566f13b8d0ca110b04b60e07ed" "/opt/rustwide/cargo-home/bin/cargo" "+1.69.0" "build" "--frozen" "--message-format=json", kill_on_drop: false }`
[INFO] [stdout] 2b3ce84157cc5d6194f5def78ddbdefafcedeb1234b1119e4ee64862be15a608
[INFO] running `Command { std: "docker" "start" "-a" "2b3ce84157cc5d6194f5def78ddbdefafcedeb1234b1119e4ee64862be15a608", kill_on_drop: false }`
[INFO] [stderr]    Compiling syn v2.0.15
[INFO] [stderr]    Compiling naked-function-macro v0.1.5 (/opt/rustwide/workdir)
[INFO] [stderr]     Finished dev [unoptimized + debuginfo] target(s) in 3.03s
[INFO] running `Command { std: "docker" "inspect" "2b3ce84157cc5d6194f5def78ddbdefafcedeb1234b1119e4ee64862be15a608", kill_on_drop: false }`
[INFO] running `Command { std: "docker" "rm" "-f" "2b3ce84157cc5d6194f5def78ddbdefafcedeb1234b1119e4ee64862be15a608", kill_on_drop: false }`
[INFO] [stdout] 2b3ce84157cc5d6194f5def78ddbdefafcedeb1234b1119e4ee64862be15a608
[INFO] running `Command { std: "docker" "create" "-v" "/var/lib/crater-agent-workspace/builds/worker-5-tc1/target:/opt/rustwide/target:rw,Z" "-v" "/var/lib/crater-agent-workspace/builds/worker-5-tc1/source:/opt/rustwide/workdir:ro,Z" "-v" "/var/lib/crater-agent-workspace/cargo-home:/opt/rustwide/cargo-home:ro,Z" "-v" "/var/lib/crater-agent-workspace/rustup-home:/opt/rustwide/rustup-home:ro,Z" "-e" "SOURCE_DIR=/opt/rustwide/workdir" "-e" "CARGO_TARGET_DIR=/opt/rustwide/target" "-e" "CARGO_INCREMENTAL=0" "-e" "RUST_BACKTRACE=full" "-e" "RUSTFLAGS=--cap-lints=warn" "-e" "RUSTDOCFLAGS=--cap-lints=warn" "-e" "CARGO_HOME=/opt/rustwide/cargo-home" "-e" "RUSTUP_HOME=/opt/rustwide/rustup-home" "-w" "/opt/rustwide/workdir" "-m" "1610612736" "--user" "0:0" "--network" "none" "ghcr.io/rust-lang/crates-build-env/linux@sha256:5ff2268d62e97bff2cde7d5815dd6ed5b47097566f13b8d0ca110b04b60e07ed" "/opt/rustwide/cargo-home/bin/cargo" "+1.69.0" "test" "--frozen" "--no-run" "--message-format=json", kill_on_drop: false }`
[INFO] [stdout] ec25228480a3cd96eec561de914bcf28cfd9ac570bbb3e2d606f91443b73d727
[INFO] running `Command { std: "docker" "start" "-a" "ec25228480a3cd96eec561de914bcf28cfd9ac570bbb3e2d606f91443b73d727", kill_on_drop: false }`
[INFO] [stderr]    Compiling naked-function-macro v0.1.5 (/opt/rustwide/workdir)
[INFO] [stderr]     Finished test [unoptimized + debuginfo] target(s) in 0.48s
[INFO] running `Command { std: "docker" "inspect" "ec25228480a3cd96eec561de914bcf28cfd9ac570bbb3e2d606f91443b73d727", kill_on_drop: false }`
[INFO] running `Command { std: "docker" "rm" "-f" "ec25228480a3cd96eec561de914bcf28cfd9ac570bbb3e2d606f91443b73d727", kill_on_drop: false }`
[INFO] [stdout] ec25228480a3cd96eec561de914bcf28cfd9ac570bbb3e2d606f91443b73d727
[INFO] running `Command { std: "docker" "create" "-v" "/var/lib/crater-agent-workspace/builds/worker-5-tc1/target:/opt/rustwide/target:rw,Z" "-v" "/var/lib/crater-agent-workspace/builds/worker-5-tc1/source:/opt/rustwide/workdir:ro,Z" "-v" "/var/lib/crater-agent-workspace/cargo-home:/opt/rustwide/cargo-home:ro,Z" "-v" "/var/lib/crater-agent-workspace/rustup-home:/opt/rustwide/rustup-home:ro,Z" "-e" "SOURCE_DIR=/opt/rustwide/workdir" "-e" "CARGO_TARGET_DIR=/opt/rustwide/target" "-e" "CARGO_INCREMENTAL=0" "-e" "RUST_BACKTRACE=full" "-e" "RUSTFLAGS=--cap-lints=warn" "-e" "RUSTDOCFLAGS=--cap-lints=warn" "-e" "CARGO_HOME=/opt/rustwide/cargo-home" "-e" "RUSTUP_HOME=/opt/rustwide/rustup-home" "-w" "/opt/rustwide/workdir" "-m" "1610612736" "--user" "0:0" "--network" "none" "ghcr.io/rust-lang/crates-build-env/linux@sha256:5ff2268d62e97bff2cde7d5815dd6ed5b47097566f13b8d0ca110b04b60e07ed" "/opt/rustwide/cargo-home/bin/cargo" "+1.69.0" "test" "--frozen", kill_on_drop: false }`
[INFO] [stdout] 035ae3b0f69b1486a5bfcff2a50298d0fb615cc8d2fdd7c42c87ae1d542b5737
[INFO] running `Command { std: "docker" "start" "-a" "035ae3b0f69b1486a5bfcff2a50298d0fb615cc8d2fdd7c42c87ae1d542b5737", kill_on_drop: false }`
[INFO] [stderr]     Finished test [unoptimized + debuginfo] target(s) in 0.00s
[INFO] [stderr]      Running unittests src/lib.rs (/opt/rustwide/target/debug/deps/naked_function_macro-64c9a565d71346fc)
[INFO] [stdout] 
[INFO] [stdout] running 0 tests
[INFO] [stdout] 
[INFO] [stdout] test result: ok. 0 passed; 0 failed; 0 ignored; 0 measured; 0 filtered out; finished in 0.00s
[INFO] [stdout] 
[INFO] [stderr]    Doc-tests naked-function-macro
[INFO] [stdout] 
[INFO] [stdout] running 1 test
[INFO] [stdout] test src/lib.rs - naked (line 34) ... FAILED
[INFO] [stdout] 
[INFO] [stdout] failures:
[INFO] [stdout] 
[INFO] [stdout] ---- src/lib.rs - naked (line 34) stdout ----
[INFO] [stdout] error[E0433]: failed to resolve: use of undeclared crate or module `naked_function`
[INFO] [stdout]  --> src/lib.rs:38:3
[INFO] [stdout]   |
[INFO] [stdout] 5 | #[naked_function::naked]
[INFO] [stdout]   |   ^^^^^^^^^^^^^^ use of undeclared crate or module `naked_function`
[INFO] [stdout] 
[INFO] [stdout] error: cannot find macro `asm` in this scope
[INFO] [stdout]  --> src/lib.rs:40:5
[INFO] [stdout]   |
[INFO] [stdout] 7 |     asm!(
[INFO] [stdout]   |     ^^^
[INFO] [stdout]   |
[INFO] [stdout]   = help: consider importing one of these items:
[INFO] [stdout]           std::arch::asm
[INFO] [stdout]           core::arch::asm
[INFO] [stdout] 
[INFO] [stdout] error[E0601]: `main` function not found in crate `rust_out`
[INFO] [stdout]   --> src/lib.rs:50:2
[INFO] [stdout]    |
[INFO] [stdout] 17 | }
[INFO] [stdout]    |  ^ consider adding a `main` function to `src/lib.rs`
[INFO] [stdout] 
[INFO] [stdout] error[E0308]: mismatched types
[INFO] [stdout]  --> src/lib.rs:39:49
[INFO] [stdout]   |
[INFO] [stdout] 6 | pub unsafe extern "C" fn add(a: i32, b: i32) -> i32 {
[INFO] [stdout]   |                          ---                    ^^^ expected `i32`, found `()`
[INFO] [stdout]   |                          |
[INFO] [stdout]   |                          implicitly returns `()` as its body has no tail or `return` expression
[INFO] [stdout]   |
[INFO] [stdout] note: consider returning one of these bindings
[INFO] [stdout]  --> src/lib.rs:39:30
[INFO] [stdout]   |
[INFO] [stdout] 6 | pub unsafe extern "C" fn add(a: i32, b: i32) -> i32 {
[INFO] [stdout]   |                              ^       ^
[INFO] [stdout] 
[INFO] [stdout] error: aborting due to 4 previous errors
[INFO] [stdout] 
[INFO] [stdout] Some errors have detailed explanations: E0308, E0433, E0601.
[INFO] [stdout] For more information about an error, try `rustc --explain E0308`.
[INFO] [stdout] Couldn't compile the test.
[INFO] [stdout] 
[INFO] [stdout] failures:
[INFO] [stdout]     src/lib.rs - naked (line 34)
[INFO] [stdout] 
[INFO] [stdout] test result: FAILED. 0 passed; 1 failed; 0 ignored; 0 measured; 0 filtered out; finished in 0.05s
[INFO] [stdout] 
[INFO] [stderr] error: doctest failed, to rerun pass `--doc`
[INFO] running `Command { std: "docker" "inspect" "035ae3b0f69b1486a5bfcff2a50298d0fb615cc8d2fdd7c42c87ae1d542b5737", kill_on_drop: false }`
[INFO] running `Command { std: "docker" "rm" "-f" "035ae3b0f69b1486a5bfcff2a50298d0fb615cc8d2fdd7c42c87ae1d542b5737", kill_on_drop: false }`
[INFO] [stdout] 035ae3b0f69b1486a5bfcff2a50298d0fb615cc8d2fdd7c42c87ae1d542b5737
