[INFO] fetching crate mystem 0.2.2...
[INFO] testing mystem-0.2.2 against 1.69.0 for beta-1.70-1
[INFO] extracting crate mystem 0.2.2 into /workspace/builds/worker-3-tc1/source
[INFO] validating manifest of crates.io crate mystem 0.2.2 on toolchain 1.69.0
[INFO] running `Command { std: CARGO_HOME="/workspace/cargo-home" RUSTUP_HOME="/workspace/rustup-home" "/workspace/cargo-home/bin/cargo" "+1.69.0" "metadata" "--manifest-path" "Cargo.toml" "--no-deps", kill_on_drop: false }`
[INFO] started tweaking crates.io crate mystem 0.2.2
[INFO] finished tweaking crates.io crate mystem 0.2.2
[INFO] tweaked toml for crates.io crate mystem 0.2.2 written to /workspace/builds/worker-3-tc1/source/Cargo.toml
[INFO] crate crates.io crate mystem 0.2.2 already has a lockfile, it will not be regenerated
[INFO] running `Command { std: CARGO_HOME="/workspace/cargo-home" RUSTUP_HOME="/workspace/rustup-home" "/workspace/cargo-home/bin/cargo" "+1.69.0" "fetch" "--manifest-path" "Cargo.toml", kill_on_drop: false }`
[INFO] [stderr]  Downloading crates ...
[INFO] [stderr]   Downloaded serde_json v1.0.60
[INFO] [stderr]   Downloaded subprocess v0.2.6
[INFO] running `Command { std: "docker" "create" "-v" "/var/lib/crater-agent-workspace/builds/worker-3-tc1/target:/opt/rustwide/target:rw,Z" "-v" "/var/lib/crater-agent-workspace/builds/worker-3-tc1/source:/opt/rustwide/workdir:ro,Z" "-v" "/var/lib/crater-agent-workspace/cargo-home:/opt/rustwide/cargo-home:ro,Z" "-v" "/var/lib/crater-agent-workspace/rustup-home:/opt/rustwide/rustup-home:ro,Z" "-e" "SOURCE_DIR=/opt/rustwide/workdir" "-e" "CARGO_TARGET_DIR=/opt/rustwide/target" "-e" "CARGO_HOME=/opt/rustwide/cargo-home" "-e" "RUSTUP_HOME=/opt/rustwide/rustup-home" "-w" "/opt/rustwide/workdir" "-m" "1610612736" "--user" "0:0" "--network" "none" "ghcr.io/rust-lang/crates-build-env/linux@sha256:97d61d7686bf65f8ecb15491ab51835e82dc9176a96a831f143a431b191fc501" "/opt/rustwide/cargo-home/bin/cargo" "+1.69.0" "metadata" "--no-deps" "--format-version=1", kill_on_drop: false }`
[INFO] [stdout] fc1e1e9e09a82a515568061a1218d9bfd1fb44f84c473aa3d9ddd5e03b7cbe4e
[INFO] running `Command { std: "docker" "start" "-a" "fc1e1e9e09a82a515568061a1218d9bfd1fb44f84c473aa3d9ddd5e03b7cbe4e", kill_on_drop: false }`
[INFO] running `Command { std: "docker" "inspect" "fc1e1e9e09a82a515568061a1218d9bfd1fb44f84c473aa3d9ddd5e03b7cbe4e", kill_on_drop: false }`
[INFO] running `Command { std: "docker" "rm" "-f" "fc1e1e9e09a82a515568061a1218d9bfd1fb44f84c473aa3d9ddd5e03b7cbe4e", kill_on_drop: false }`
[INFO] [stdout] fc1e1e9e09a82a515568061a1218d9bfd1fb44f84c473aa3d9ddd5e03b7cbe4e
[INFO] running `Command { std: "docker" "create" "-v" "/var/lib/crater-agent-workspace/builds/worker-3-tc1/target:/opt/rustwide/target:rw,Z" "-v" "/var/lib/crater-agent-workspace/builds/worker-3-tc1/source:/opt/rustwide/workdir:ro,Z" "-v" "/var/lib/crater-agent-workspace/cargo-home:/opt/rustwide/cargo-home:ro,Z" "-v" "/var/lib/crater-agent-workspace/rustup-home:/opt/rustwide/rustup-home:ro,Z" "-e" "SOURCE_DIR=/opt/rustwide/workdir" "-e" "CARGO_TARGET_DIR=/opt/rustwide/target" "-e" "CARGO_INCREMENTAL=0" "-e" "RUST_BACKTRACE=full" "-e" "RUSTFLAGS=--cap-lints=warn" "-e" "RUSTDOCFLAGS=--cap-lints=warn" "-e" "CARGO_HOME=/opt/rustwide/cargo-home" "-e" "RUSTUP_HOME=/opt/rustwide/rustup-home" "-w" "/opt/rustwide/workdir" "-m" "1610612736" "--user" "0:0" "--network" "none" "ghcr.io/rust-lang/crates-build-env/linux@sha256:97d61d7686bf65f8ecb15491ab51835e82dc9176a96a831f143a431b191fc501" "/opt/rustwide/cargo-home/bin/cargo" "+1.69.0" "build" "--frozen" "--message-format=json", kill_on_drop: false }`
[INFO] [stdout] c11cc55f05a0635a226890fe5f61e2640d372f233d272334db34182b89528e56
[INFO] running `Command { std: "docker" "start" "-a" "c11cc55f05a0635a226890fe5f61e2640d372f233d272334db34182b89528e56", kill_on_drop: false }`
[INFO] [stderr]    Compiling libc v0.2.81
[INFO] [stderr]    Compiling serde v1.0.118
[INFO] [stderr]    Compiling ryu v1.0.5
[INFO] [stderr]    Compiling log v0.4.11
[INFO] [stderr]    Compiling serde_json v1.0.60
[INFO] [stderr]    Compiling itoa v0.4.6
[INFO] [stderr]    Compiling cfg-if v0.1.10
[INFO] [stderr]    Compiling subprocess v0.2.6
[INFO] [stderr]    Compiling mystem v0.2.2 (/opt/rustwide/workdir)
[INFO] [stderr]     Finished dev [unoptimized + debuginfo] target(s) in 10.90s
[INFO] running `Command { std: "docker" "inspect" "c11cc55f05a0635a226890fe5f61e2640d372f233d272334db34182b89528e56", kill_on_drop: false }`
[INFO] running `Command { std: "docker" "rm" "-f" "c11cc55f05a0635a226890fe5f61e2640d372f233d272334db34182b89528e56", kill_on_drop: false }`
[INFO] [stdout] c11cc55f05a0635a226890fe5f61e2640d372f233d272334db34182b89528e56
[INFO] running `Command { std: "docker" "create" "-v" "/var/lib/crater-agent-workspace/builds/worker-3-tc1/target:/opt/rustwide/target:rw,Z" "-v" "/var/lib/crater-agent-workspace/builds/worker-3-tc1/source:/opt/rustwide/workdir:ro,Z" "-v" "/var/lib/crater-agent-workspace/cargo-home:/opt/rustwide/cargo-home:ro,Z" "-v" "/var/lib/crater-agent-workspace/rustup-home:/opt/rustwide/rustup-home:ro,Z" "-e" "SOURCE_DIR=/opt/rustwide/workdir" "-e" "CARGO_TARGET_DIR=/opt/rustwide/target" "-e" "CARGO_INCREMENTAL=0" "-e" "RUST_BACKTRACE=full" "-e" "RUSTFLAGS=--cap-lints=warn" "-e" "RUSTDOCFLAGS=--cap-lints=warn" "-e" "CARGO_HOME=/opt/rustwide/cargo-home" "-e" "RUSTUP_HOME=/opt/rustwide/rustup-home" "-w" "/opt/rustwide/workdir" "-m" "1610612736" "--user" "0:0" "--network" "none" "ghcr.io/rust-lang/crates-build-env/linux@sha256:97d61d7686bf65f8ecb15491ab51835e82dc9176a96a831f143a431b191fc501" "/opt/rustwide/cargo-home/bin/cargo" "+1.69.0" "test" "--frozen" "--no-run" "--message-format=json", kill_on_drop: false }`
[INFO] [stdout] 90a49ff42827f9a8588797489b0cbe4baf3e2ca7c2e2eaca74d23846a0b50bcb
[INFO] running `Command { std: "docker" "start" "-a" "90a49ff42827f9a8588797489b0cbe4baf3e2ca7c2e2eaca74d23846a0b50bcb", kill_on_drop: false }`
[INFO] [stderr]     Blocking waiting for file lock on package cache
[INFO] [stderr]    Compiling mystem v0.2.2 (/opt/rustwide/workdir)
[INFO] [stderr]     Finished test [unoptimized + debuginfo] target(s) in 1.30s
[INFO] running `Command { std: "docker" "inspect" "90a49ff42827f9a8588797489b0cbe4baf3e2ca7c2e2eaca74d23846a0b50bcb", kill_on_drop: false }`
[INFO] running `Command { std: "docker" "rm" "-f" "90a49ff42827f9a8588797489b0cbe4baf3e2ca7c2e2eaca74d23846a0b50bcb", kill_on_drop: false }`
[INFO] [stdout] 90a49ff42827f9a8588797489b0cbe4baf3e2ca7c2e2eaca74d23846a0b50bcb
[INFO] running `Command { std: "docker" "create" "-v" "/var/lib/crater-agent-workspace/builds/worker-3-tc1/target:/opt/rustwide/target:rw,Z" "-v" "/var/lib/crater-agent-workspace/builds/worker-3-tc1/source:/opt/rustwide/workdir:ro,Z" "-v" "/var/lib/crater-agent-workspace/cargo-home:/opt/rustwide/cargo-home:ro,Z" "-v" "/var/lib/crater-agent-workspace/rustup-home:/opt/rustwide/rustup-home:ro,Z" "-e" "SOURCE_DIR=/opt/rustwide/workdir" "-e" "CARGO_TARGET_DIR=/opt/rustwide/target" "-e" "CARGO_INCREMENTAL=0" "-e" "RUST_BACKTRACE=full" "-e" "RUSTFLAGS=--cap-lints=warn" "-e" "RUSTDOCFLAGS=--cap-lints=warn" "-e" "CARGO_HOME=/opt/rustwide/cargo-home" "-e" "RUSTUP_HOME=/opt/rustwide/rustup-home" "-w" "/opt/rustwide/workdir" "-m" "1610612736" "--user" "0:0" "--network" "none" "ghcr.io/rust-lang/crates-build-env/linux@sha256:97d61d7686bf65f8ecb15491ab51835e82dc9176a96a831f143a431b191fc501" "/opt/rustwide/cargo-home/bin/cargo" "+1.69.0" "test" "--frozen", kill_on_drop: false }`
[INFO] [stdout] 745cca37abfb84ed22cf558f3225165994a8f17eb093d2a40fa4306a0c941e15
[INFO] running `Command { std: "docker" "start" "-a" "745cca37abfb84ed22cf558f3225165994a8f17eb093d2a40fa4306a0c941e15", kill_on_drop: false }`
[INFO] [stderr]     Finished test [unoptimized + debuginfo] target(s) in 0.02s
[INFO] [stderr]      Running unittests src/lib.rs (/opt/rustwide/target/debug/deps/mystem-e01413a15ad4f50b)
[INFO] [stderr]    Doc-tests mystem
[INFO] [stdout] 
[INFO] [stdout] running 0 tests
[INFO] [stdout] 
[INFO] [stdout] test result: ok. 0 passed; 0 failed; 0 ignored; 0 measured; 0 filtered out; finished in 0.00s
[INFO] [stdout] 
[INFO] [stdout] 
[INFO] [stdout] running 1 test
[INFO] [stdout] test src/lib.rs - MyStem::stemming (line 89) ... FAILED
[INFO] [stdout] 
[INFO] [stdout] failures:
[INFO] [stdout] 
[INFO] [stdout] ---- src/lib.rs - MyStem::stemming (line 89) stdout ----
[INFO] [stdout] error[E0277]: the `?` operator can only be used in a function that returns `Result` or `Option` (or another type that implements `FromResidual`)
[INFO] [stdout]  --> src/lib.rs:90:41
[INFO] [stdout]   |
[INFO] [stdout] 3 | fn main() { #[allow(non_snake_case)] fn _doctest_main_src_lib_rs_89_0() {
[INFO] [stdout]   |                                      ---------------------------------- this function should return `Result` or `Option` to accept `?`
[INFO] [stdout] 4 | let mut instance = mystem::MyStem::new()?;
[INFO] [stdout]   |                                         ^ cannot use the `?` operator in a function that returns `()`
[INFO] [stdout]   |
[INFO] [stdout]   = help: the trait `FromResidual<Result<Infallible, AppError>>` is not implemented for `()`
[INFO] [stdout] 
[INFO] [stdout] error[E0277]: the `?` operator can only be used in a function that returns `Result` or `Option` (or another type that implements `FromResidual`)
[INFO] [stdout]  --> src/lib.rs:91:81
[INFO] [stdout]   |
[INFO] [stdout] 3 | fn main() { #[allow(non_snake_case)] fn _doctest_main_src_lib_rs_89_0() {
[INFO] [stdout]   |                                      ---------------------------------- this function should return `Result` or `Option` to accept `?`
[INFO] [stdout] 4 | let mut instance = mystem::MyStem::new()?;
[INFO] [stdout] 5 |     for stem in instance.stemming("Связался с лучшим - подохни как все.".into())? {
[INFO] [stdout]   |                                                                                 ^ cannot use the `?` operator in a function that returns `()`
[INFO] [stdout]   |
[INFO] [stdout]   = help: the trait `FromResidual<Result<Infallible, AppError>>` is not implemented for `()`
[INFO] [stdout] 
[INFO] [stdout] error[E0277]: `Vec<Lexeme>` doesn't implement `std::fmt::Display`
[INFO] [stdout]  --> src/lib.rs:92:42
[INFO] [stdout]   |
[INFO] [stdout] 6 |         println!("{} is a lexeme of {}", stem.lex, stem.text)
[INFO] [stdout]   |                                          ^^^^^^^^ `Vec<Lexeme>` cannot be formatted with the default formatter
[INFO] [stdout]   |
[INFO] [stdout]   = help: the trait `std::fmt::Display` is not implemented for `Vec<Lexeme>`
[INFO] [stdout]   = note: in format strings you may be able to use `{:?}` (or {:#?} for pretty-print) instead
[INFO] [stdout]   = note: this error originates in the macro `$crate::format_args_nl` which comes from the expansion of the macro `println` (in Nightly builds, run with -Z macro-backtrace for more info)
[INFO] [stdout] 
[INFO] [stdout] error: aborting due to 3 previous errors
[INFO] [stdout] 
[INFO] [stdout] For more information about this error, try `rustc --explain E0277`.
[INFO] [stdout] Couldn't compile the test.
[INFO] [stdout] 
[INFO] [stdout] failures:
[INFO] [stdout]     src/lib.rs - MyStem::stemming (line 89)
[INFO] [stdout] 
[INFO] [stdout] test result: FAILED. 0 passed; 1 failed; 0 ignored; 0 measured; 0 filtered out; finished in 0.09s
[INFO] [stdout] 
[INFO] [stderr] error: doctest failed, to rerun pass `--doc`
[INFO] running `Command { std: "docker" "inspect" "745cca37abfb84ed22cf558f3225165994a8f17eb093d2a40fa4306a0c941e15", kill_on_drop: false }`
[INFO] running `Command { std: "docker" "rm" "-f" "745cca37abfb84ed22cf558f3225165994a8f17eb093d2a40fa4306a0c941e15", kill_on_drop: false }`
[INFO] [stdout] 745cca37abfb84ed22cf558f3225165994a8f17eb093d2a40fa4306a0c941e15
