[INFO] fetching crate mylibrary_ 1.1.3...
[INFO] testing mylibrary_-1.1.3 against 1.69.0 for beta-1.70-1
[INFO] extracting crate mylibrary_ 1.1.3 into /workspace/builds/worker-0-tc1/source
[INFO] validating manifest of crates.io crate mylibrary_ 1.1.3 on toolchain 1.69.0
[INFO] running `Command { std: CARGO_HOME="/workspace/cargo-home" RUSTUP_HOME="/workspace/rustup-home" "/workspace/cargo-home/bin/cargo" "+1.69.0" "metadata" "--manifest-path" "Cargo.toml" "--no-deps", kill_on_drop: false }`
[INFO] started tweaking crates.io crate mylibrary_ 1.1.3
[INFO] finished tweaking crates.io crate mylibrary_ 1.1.3
[INFO] tweaked toml for crates.io crate mylibrary_ 1.1.3 written to /workspace/builds/worker-0-tc1/source/Cargo.toml
[INFO] running `Command { std: CARGO_HOME="/workspace/cargo-home" RUSTUP_HOME="/workspace/rustup-home" __CARGO_TEST_CHANNEL_OVERRIDE_DO_NOT_USE_THIS="nightly" "/workspace/cargo-home/bin/cargo" "+1.69.0" "generate-lockfile" "--manifest-path" "Cargo.toml" "-Zno-index-update", kill_on_drop: false }`
[INFO] running `Command { std: CARGO_HOME="/workspace/cargo-home" RUSTUP_HOME="/workspace/rustup-home" "/workspace/cargo-home/bin/cargo" "+1.69.0" "fetch" "--manifest-path" "Cargo.toml", kill_on_drop: false }`
[INFO] running `Command { std: "docker" "create" "-v" "/var/lib/crater-agent-workspace/builds/worker-0-tc1/target:/opt/rustwide/target:rw,Z" "-v" "/var/lib/crater-agent-workspace/builds/worker-0-tc1/source:/opt/rustwide/workdir:ro,Z" "-v" "/var/lib/crater-agent-workspace/cargo-home:/opt/rustwide/cargo-home:ro,Z" "-v" "/var/lib/crater-agent-workspace/rustup-home:/opt/rustwide/rustup-home:ro,Z" "-e" "SOURCE_DIR=/opt/rustwide/workdir" "-e" "CARGO_TARGET_DIR=/opt/rustwide/target" "-e" "CARGO_HOME=/opt/rustwide/cargo-home" "-e" "RUSTUP_HOME=/opt/rustwide/rustup-home" "-w" "/opt/rustwide/workdir" "-m" "1610612736" "--user" "0:0" "--network" "none" "ghcr.io/rust-lang/crates-build-env/linux@sha256:5ff2268d62e97bff2cde7d5815dd6ed5b47097566f13b8d0ca110b04b60e07ed" "/opt/rustwide/cargo-home/bin/cargo" "+1.69.0" "metadata" "--no-deps" "--format-version=1", kill_on_drop: false }`
[INFO] [stdout] 6cfd5dbdf1b8c3a4a720c86073d1b598220b5c7f4a526fa15871021a6a342db3
[INFO] running `Command { std: "docker" "start" "-a" "6cfd5dbdf1b8c3a4a720c86073d1b598220b5c7f4a526fa15871021a6a342db3", kill_on_drop: false }`
[INFO] running `Command { std: "docker" "inspect" "6cfd5dbdf1b8c3a4a720c86073d1b598220b5c7f4a526fa15871021a6a342db3", kill_on_drop: false }`
[INFO] running `Command { std: "docker" "rm" "-f" "6cfd5dbdf1b8c3a4a720c86073d1b598220b5c7f4a526fa15871021a6a342db3", kill_on_drop: false }`
[INFO] [stdout] 6cfd5dbdf1b8c3a4a720c86073d1b598220b5c7f4a526fa15871021a6a342db3
[INFO] running `Command { std: "docker" "create" "-v" "/var/lib/crater-agent-workspace/builds/worker-0-tc1/target:/opt/rustwide/target:rw,Z" "-v" "/var/lib/crater-agent-workspace/builds/worker-0-tc1/source:/opt/rustwide/workdir:ro,Z" "-v" "/var/lib/crater-agent-workspace/cargo-home:/opt/rustwide/cargo-home:ro,Z" "-v" "/var/lib/crater-agent-workspace/rustup-home:/opt/rustwide/rustup-home:ro,Z" "-e" "SOURCE_DIR=/opt/rustwide/workdir" "-e" "CARGO_TARGET_DIR=/opt/rustwide/target" "-e" "CARGO_INCREMENTAL=0" "-e" "RUST_BACKTRACE=full" "-e" "RUSTFLAGS=--cap-lints=warn" "-e" "RUSTDOCFLAGS=--cap-lints=warn" "-e" "CARGO_HOME=/opt/rustwide/cargo-home" "-e" "RUSTUP_HOME=/opt/rustwide/rustup-home" "-w" "/opt/rustwide/workdir" "-m" "1610612736" "--user" "0:0" "--network" "none" "ghcr.io/rust-lang/crates-build-env/linux@sha256:5ff2268d62e97bff2cde7d5815dd6ed5b47097566f13b8d0ca110b04b60e07ed" "/opt/rustwide/cargo-home/bin/cargo" "+1.69.0" "build" "--frozen" "--message-format=json", kill_on_drop: false }`
[INFO] [stdout] 87c028fe53a60092e79d11a4b94db12063a170188e5dd68cad14ab92b3bf2c21
[INFO] running `Command { std: "docker" "start" "-a" "87c028fe53a60092e79d11a4b94db12063a170188e5dd68cad14ab92b3bf2c21", kill_on_drop: false }`
[INFO] [stderr]    Compiling anyhow v1.0.71
[INFO] [stderr]    Compiling mylibrary_ v1.1.3 (/opt/rustwide/workdir)
[INFO] [stderr]     Finished dev [unoptimized + debuginfo] target(s) in 1.22s
[INFO] running `Command { std: "docker" "inspect" "87c028fe53a60092e79d11a4b94db12063a170188e5dd68cad14ab92b3bf2c21", kill_on_drop: false }`
[INFO] running `Command { std: "docker" "rm" "-f" "87c028fe53a60092e79d11a4b94db12063a170188e5dd68cad14ab92b3bf2c21", kill_on_drop: false }`
[INFO] [stdout] 87c028fe53a60092e79d11a4b94db12063a170188e5dd68cad14ab92b3bf2c21
[INFO] running `Command { std: "docker" "create" "-v" "/var/lib/crater-agent-workspace/builds/worker-0-tc1/target:/opt/rustwide/target:rw,Z" "-v" "/var/lib/crater-agent-workspace/builds/worker-0-tc1/source:/opt/rustwide/workdir:ro,Z" "-v" "/var/lib/crater-agent-workspace/cargo-home:/opt/rustwide/cargo-home:ro,Z" "-v" "/var/lib/crater-agent-workspace/rustup-home:/opt/rustwide/rustup-home:ro,Z" "-e" "SOURCE_DIR=/opt/rustwide/workdir" "-e" "CARGO_TARGET_DIR=/opt/rustwide/target" "-e" "CARGO_INCREMENTAL=0" "-e" "RUST_BACKTRACE=full" "-e" "RUSTFLAGS=--cap-lints=warn" "-e" "RUSTDOCFLAGS=--cap-lints=warn" "-e" "CARGO_HOME=/opt/rustwide/cargo-home" "-e" "RUSTUP_HOME=/opt/rustwide/rustup-home" "-w" "/opt/rustwide/workdir" "-m" "1610612736" "--user" "0:0" "--network" "none" "ghcr.io/rust-lang/crates-build-env/linux@sha256:5ff2268d62e97bff2cde7d5815dd6ed5b47097566f13b8d0ca110b04b60e07ed" "/opt/rustwide/cargo-home/bin/cargo" "+1.69.0" "test" "--frozen" "--no-run" "--message-format=json", kill_on_drop: false }`
[INFO] [stdout] 23dce52808e0aeb6337e354d729533cc2fa5b138b7e46ad9d05940adb0d8b466
[INFO] running `Command { std: "docker" "start" "-a" "23dce52808e0aeb6337e354d729533cc2fa5b138b7e46ad9d05940adb0d8b466", kill_on_drop: false }`
[INFO] [stderr]    Compiling mylibrary_ v1.1.3 (/opt/rustwide/workdir)
[INFO] [stdout] warning: unused import: `super::*`
[INFO] [stdout]   --> src/macros.rs:63:6
[INFO] [stdout]    |
[INFO] [stdout] 63 |     use super::*;
[INFO] [stdout]    |         ^^^^^^^^
[INFO] [stdout]    |
[INFO] [stdout]    = note: `#[warn(unused_imports)]` on by default
[INFO] [stdout] 
[INFO] [stdout] 
[INFO] [stdout] warning: unused variable: `a`
[INFO] [stdout]   --> src/macros.rs:66:21
[INFO] [stdout]    |
[INFO] [stdout] 66 |     fn cin_tes() { let a = cin!(); }
[INFO] [stdout]    |                        ^ help: if this is intentional, prefix it with an underscore: `_a`
[INFO] [stdout]    |
[INFO] [stdout]    = note: `#[warn(unused_variables)]` on by default
[INFO] [stdout] 
[INFO] [stdout] 
[INFO] [stdout] warning: 2 warnings emitted
[INFO] [stdout] 
[INFO] [stdout] 
[INFO] [stderr]     Finished test [unoptimized + debuginfo] target(s) in 0.69s
[INFO] running `Command { std: "docker" "inspect" "23dce52808e0aeb6337e354d729533cc2fa5b138b7e46ad9d05940adb0d8b466", kill_on_drop: false }`
[INFO] running `Command { std: "docker" "rm" "-f" "23dce52808e0aeb6337e354d729533cc2fa5b138b7e46ad9d05940adb0d8b466", kill_on_drop: false }`
[INFO] [stdout] 23dce52808e0aeb6337e354d729533cc2fa5b138b7e46ad9d05940adb0d8b466
[INFO] running `Command { std: "docker" "create" "-v" "/var/lib/crater-agent-workspace/builds/worker-0-tc1/target:/opt/rustwide/target:rw,Z" "-v" "/var/lib/crater-agent-workspace/builds/worker-0-tc1/source:/opt/rustwide/workdir:ro,Z" "-v" "/var/lib/crater-agent-workspace/cargo-home:/opt/rustwide/cargo-home:ro,Z" "-v" "/var/lib/crater-agent-workspace/rustup-home:/opt/rustwide/rustup-home:ro,Z" "-e" "SOURCE_DIR=/opt/rustwide/workdir" "-e" "CARGO_TARGET_DIR=/opt/rustwide/target" "-e" "CARGO_INCREMENTAL=0" "-e" "RUST_BACKTRACE=full" "-e" "RUSTFLAGS=--cap-lints=warn" "-e" "RUSTDOCFLAGS=--cap-lints=warn" "-e" "CARGO_HOME=/opt/rustwide/cargo-home" "-e" "RUSTUP_HOME=/opt/rustwide/rustup-home" "-w" "/opt/rustwide/workdir" "-m" "1610612736" "--user" "0:0" "--network" "none" "ghcr.io/rust-lang/crates-build-env/linux@sha256:5ff2268d62e97bff2cde7d5815dd6ed5b47097566f13b8d0ca110b04b60e07ed" "/opt/rustwide/cargo-home/bin/cargo" "+1.69.0" "test" "--frozen", kill_on_drop: false }`
[INFO] [stdout] a4f76aa138758af9d31860c80c92883fd87aa552de3e20f9be9f263f7eab7829
[INFO] running `Command { std: "docker" "start" "-a" "a4f76aa138758af9d31860c80c92883fd87aa552de3e20f9be9f263f7eab7829", kill_on_drop: false }`
[INFO] [stderr] warning: unused import: `super::*`
[INFO] [stderr]   --> src/macros.rs:63:6
[INFO] [stderr]    |
[INFO] [stderr] 63 |     use super::*;
[INFO] [stderr]    |         ^^^^^^^^
[INFO] [stderr]    |
[INFO] [stderr]    = note: `#[warn(unused_imports)]` on by default
[INFO] [stderr] 
[INFO] [stderr] warning: unused variable: `a`
[INFO] [stderr]   --> src/macros.rs:66:21
[INFO] [stderr]    |
[INFO] [stderr] 66 |     fn cin_tes() { let a = cin!(); }
[INFO] [stderr]    |                        ^ help: if this is intentional, prefix it with an underscore: `_a`
[INFO] [stderr]    |
[INFO] [stderr]    = note: `#[warn(unused_variables)]` on by default
[INFO] [stderr] 
[INFO] [stdout] 
[INFO] [stderr] warning: `mylibrary_` (lib test) generated 2 warnings (run `cargo fix --lib -p mylibrary_ --tests` to apply 2 suggestions)
[INFO] [stdout] running 3 tests
[INFO] [stderr]     Finished test [unoptimized + debuginfo] target(s) in 0.01s
[INFO] [stderr]      Running unittests src/lib.rs (/opt/rustwide/target/debug/deps/mylibrary_-9fa0fe97deb96a26)
[INFO] [stdout] test macros::tests::cin_tes ... ok
[INFO] [stdout] test tests::algo_palindrome ... ok
[INFO] [stdout] test tests::macros_sh_cmd ... ok
[INFO] [stdout] 
[INFO] [stdout] test result: ok. 3 passed; 0 failed; 0 ignored; 0 measured; 0 filtered out; finished in 0.01s
[INFO] [stdout] 
[INFO] [stderr]    Doc-tests mylibrary_
[INFO] [stdout] 
[INFO] [stdout] running 1 test
[INFO] [stdout] test src/algorithm.rs - algorithm::regex_match (line 61) ... FAILED
[INFO] [stdout] 
[INFO] [stdout] failures:
[INFO] [stdout] 
[INFO] [stdout] ---- src/algorithm.rs - algorithm::regex_match (line 61) stdout ----
[INFO] [stdout] error[E0433]: failed to resolve: use of undeclared crate or module `sugiura_hiromichi_mylibrary`
[INFO] [stdout]  --> src/algorithm.rs:62:5
[INFO] [stdout]   |
[INFO] [stdout] 3 | use sugiura_hiromichi_mylibrary::algorithm::regex_match;
[INFO] [stdout]   |     ^^^^^^^^^^^^^^^^^^^^^^^^^^^ use of undeclared crate or module `sugiura_hiromichi_mylibrary`
[INFO] [stdout] 
[INFO] [stdout] error: aborting due to previous error
[INFO] [stdout] 
[INFO] [stdout] For more information about this error, try `rustc --explain E0433`.
[INFO] [stdout] Couldn't compile the test.
[INFO] [stdout] 
[INFO] [stdout] failures:
[INFO] [stdout]     src/algorithm.rs - algorithm::regex_match (line 61)
[INFO] [stdout] 
[INFO] [stdout] test result: FAILED. 0 passed; 1 failed; 0 ignored; 0 measured; 0 filtered out; finished in 0.06s
[INFO] [stdout] 
[INFO] [stderr] error: doctest failed, to rerun pass `--doc`
[INFO] running `Command { std: "docker" "inspect" "a4f76aa138758af9d31860c80c92883fd87aa552de3e20f9be9f263f7eab7829", kill_on_drop: false }`
[INFO] running `Command { std: "docker" "rm" "-f" "a4f76aa138758af9d31860c80c92883fd87aa552de3e20f9be9f263f7eab7829", kill_on_drop: false }`
[INFO] [stdout] a4f76aa138758af9d31860c80c92883fd87aa552de3e20f9be9f263f7eab7829
