[INFO] fetching crate musty-proc-macro 0.3.0...
[INFO] testing musty-proc-macro-0.3.0 against beta-2023-04-20 for beta-1.70-1
[INFO] extracting crate musty-proc-macro 0.3.0 into /workspace/builds/worker-1-tc2/source
[INFO] validating manifest of crates.io crate musty-proc-macro 0.3.0 on toolchain beta-2023-04-20
[INFO] running `Command { std: CARGO_HOME="/workspace/cargo-home" RUSTUP_HOME="/workspace/rustup-home" "/workspace/cargo-home/bin/cargo" "+beta-2023-04-20" "metadata" "--manifest-path" "Cargo.toml" "--no-deps", kill_on_drop: false }`
[INFO] started tweaking crates.io crate musty-proc-macro 0.3.0
[INFO] finished tweaking crates.io crate musty-proc-macro 0.3.0
[INFO] tweaked toml for crates.io crate musty-proc-macro 0.3.0 written to /workspace/builds/worker-1-tc2/source/Cargo.toml
[INFO] running `Command { std: CARGO_HOME="/workspace/cargo-home" RUSTUP_HOME="/workspace/rustup-home" __CARGO_TEST_CHANNEL_OVERRIDE_DO_NOT_USE_THIS="nightly" "/workspace/cargo-home/bin/cargo" "+beta-2023-04-20" "generate-lockfile" "--manifest-path" "Cargo.toml" "-Zno-index-update", kill_on_drop: false }`
[INFO] running `Command { std: CARGO_HOME="/workspace/cargo-home" RUSTUP_HOME="/workspace/rustup-home" "/workspace/cargo-home/bin/cargo" "+beta-2023-04-20" "fetch" "--manifest-path" "Cargo.toml", kill_on_drop: false }`
[INFO] running `Command { std: "docker" "create" "-v" "/var/lib/crater-agent-workspace/builds/worker-1-tc2/target:/opt/rustwide/target:rw,Z" "-v" "/var/lib/crater-agent-workspace/builds/worker-1-tc2/source:/opt/rustwide/workdir:ro,Z" "-v" "/var/lib/crater-agent-workspace/cargo-home:/opt/rustwide/cargo-home:ro,Z" "-v" "/var/lib/crater-agent-workspace/rustup-home:/opt/rustwide/rustup-home:ro,Z" "-e" "SOURCE_DIR=/opt/rustwide/workdir" "-e" "CARGO_TARGET_DIR=/opt/rustwide/target" "-e" "CARGO_HOME=/opt/rustwide/cargo-home" "-e" "RUSTUP_HOME=/opt/rustwide/rustup-home" "-w" "/opt/rustwide/workdir" "-m" "1610612736" "--user" "0:0" "--network" "none" "ghcr.io/rust-lang/crates-build-env/linux@sha256:5ff2268d62e97bff2cde7d5815dd6ed5b47097566f13b8d0ca110b04b60e07ed" "/opt/rustwide/cargo-home/bin/cargo" "+beta-2023-04-20" "metadata" "--no-deps" "--format-version=1", kill_on_drop: false }`
[INFO] [stdout] 56bc63ea7eb7d416f42e303e8b4776cb285e737e383f43bd241109e15a23e545
[INFO] running `Command { std: "docker" "start" "-a" "56bc63ea7eb7d416f42e303e8b4776cb285e737e383f43bd241109e15a23e545", kill_on_drop: false }`
[INFO] running `Command { std: "docker" "inspect" "56bc63ea7eb7d416f42e303e8b4776cb285e737e383f43bd241109e15a23e545", kill_on_drop: false }`
[INFO] running `Command { std: "docker" "rm" "-f" "56bc63ea7eb7d416f42e303e8b4776cb285e737e383f43bd241109e15a23e545", kill_on_drop: false }`
[INFO] [stdout] 56bc63ea7eb7d416f42e303e8b4776cb285e737e383f43bd241109e15a23e545
[INFO] running `Command { std: "docker" "create" "-v" "/var/lib/crater-agent-workspace/builds/worker-1-tc2/target:/opt/rustwide/target:rw,Z" "-v" "/var/lib/crater-agent-workspace/builds/worker-1-tc2/source:/opt/rustwide/workdir:ro,Z" "-v" "/var/lib/crater-agent-workspace/cargo-home:/opt/rustwide/cargo-home:ro,Z" "-v" "/var/lib/crater-agent-workspace/rustup-home:/opt/rustwide/rustup-home:ro,Z" "-e" "SOURCE_DIR=/opt/rustwide/workdir" "-e" "CARGO_TARGET_DIR=/opt/rustwide/target" "-e" "CARGO_INCREMENTAL=0" "-e" "RUST_BACKTRACE=full" "-e" "RUSTFLAGS=--cap-lints=warn" "-e" "RUSTDOCFLAGS=--cap-lints=warn" "-e" "CARGO_HOME=/opt/rustwide/cargo-home" "-e" "RUSTUP_HOME=/opt/rustwide/rustup-home" "-w" "/opt/rustwide/workdir" "-m" "1610612736" "--user" "0:0" "--network" "none" "ghcr.io/rust-lang/crates-build-env/linux@sha256:5ff2268d62e97bff2cde7d5815dd6ed5b47097566f13b8d0ca110b04b60e07ed" "/opt/rustwide/cargo-home/bin/cargo" "+beta-2023-04-20" "build" "--frozen" "--message-format=json", kill_on_drop: false }`
[INFO] [stdout] 52de619326c3c7564033ed19994797a46f328eca7d77d83156960449332903da
[INFO] running `Command { std: "docker" "start" "-a" "52de619326c3c7564033ed19994797a46f328eca7d77d83156960449332903da", kill_on_drop: false }`
[INFO] [stderr]    Compiling proc-macro2 v1.0.56
[INFO] [stderr]    Compiling unicode-ident v1.0.8
[INFO] [stderr]    Compiling quote v1.0.26
[INFO] [stderr]    Compiling syn v1.0.109
[INFO] [stderr]    Compiling version_check v0.9.4
[INFO] [stderr]    Compiling fnv v1.0.7
[INFO] [stderr]    Compiling strsim v0.10.0
[INFO] [stderr]    Compiling ident_case v1.0.1
[INFO] [stderr]    Compiling proc-macro-error-attr v1.0.4
[INFO] [stderr]    Compiling proc-macro-error v1.0.4
[INFO] [stderr]    Compiling darling_core v0.14.4
[INFO] [stderr]    Compiling darling_macro v0.14.4
[INFO] [stderr]    Compiling darling v0.14.4
[INFO] [stderr]    Compiling musty-proc-macro v0.3.0 (/opt/rustwide/workdir)
[INFO] [stderr]     Finished dev [unoptimized + debuginfo] target(s) in 8.74s
[INFO] running `Command { std: "docker" "inspect" "52de619326c3c7564033ed19994797a46f328eca7d77d83156960449332903da", kill_on_drop: false }`
[INFO] running `Command { std: "docker" "rm" "-f" "52de619326c3c7564033ed19994797a46f328eca7d77d83156960449332903da", kill_on_drop: false }`
[INFO] [stdout] 52de619326c3c7564033ed19994797a46f328eca7d77d83156960449332903da
[INFO] running `Command { std: "docker" "create" "-v" "/var/lib/crater-agent-workspace/builds/worker-1-tc2/target:/opt/rustwide/target:rw,Z" "-v" "/var/lib/crater-agent-workspace/builds/worker-1-tc2/source:/opt/rustwide/workdir:ro,Z" "-v" "/var/lib/crater-agent-workspace/cargo-home:/opt/rustwide/cargo-home:ro,Z" "-v" "/var/lib/crater-agent-workspace/rustup-home:/opt/rustwide/rustup-home:ro,Z" "-e" "SOURCE_DIR=/opt/rustwide/workdir" "-e" "CARGO_TARGET_DIR=/opt/rustwide/target" "-e" "CARGO_INCREMENTAL=0" "-e" "RUST_BACKTRACE=full" "-e" "RUSTFLAGS=--cap-lints=warn" "-e" "RUSTDOCFLAGS=--cap-lints=warn" "-e" "CARGO_HOME=/opt/rustwide/cargo-home" "-e" "RUSTUP_HOME=/opt/rustwide/rustup-home" "-w" "/opt/rustwide/workdir" "-m" "1610612736" "--user" "0:0" "--network" "none" "ghcr.io/rust-lang/crates-build-env/linux@sha256:5ff2268d62e97bff2cde7d5815dd6ed5b47097566f13b8d0ca110b04b60e07ed" "/opt/rustwide/cargo-home/bin/cargo" "+beta-2023-04-20" "test" "--frozen" "--no-run" "--message-format=json", kill_on_drop: false }`
[INFO] [stdout] 883d81103f8ed403af163f73c320d4de6c3879132ce35a913bc5f08d102c6e30
[INFO] running `Command { std: "docker" "start" "-a" "883d81103f8ed403af163f73c320d4de6c3879132ce35a913bc5f08d102c6e30", kill_on_drop: false }`
[INFO] [stderr]     Blocking waiting for file lock on package cache
[INFO] [stderr]    Compiling musty-proc-macro v0.3.0 (/opt/rustwide/workdir)
[INFO] [stderr]     Finished test [unoptimized + debuginfo] target(s) in 1.47s
[INFO] running `Command { std: "docker" "inspect" "883d81103f8ed403af163f73c320d4de6c3879132ce35a913bc5f08d102c6e30", kill_on_drop: false }`
[INFO] running `Command { std: "docker" "rm" "-f" "883d81103f8ed403af163f73c320d4de6c3879132ce35a913bc5f08d102c6e30", kill_on_drop: false }`
[INFO] [stdout] 883d81103f8ed403af163f73c320d4de6c3879132ce35a913bc5f08d102c6e30
[INFO] running `Command { std: "docker" "create" "-v" "/var/lib/crater-agent-workspace/builds/worker-1-tc2/target:/opt/rustwide/target:rw,Z" "-v" "/var/lib/crater-agent-workspace/builds/worker-1-tc2/source:/opt/rustwide/workdir:ro,Z" "-v" "/var/lib/crater-agent-workspace/cargo-home:/opt/rustwide/cargo-home:ro,Z" "-v" "/var/lib/crater-agent-workspace/rustup-home:/opt/rustwide/rustup-home:ro,Z" "-e" "SOURCE_DIR=/opt/rustwide/workdir" "-e" "CARGO_TARGET_DIR=/opt/rustwide/target" "-e" "CARGO_INCREMENTAL=0" "-e" "RUST_BACKTRACE=full" "-e" "RUSTFLAGS=--cap-lints=warn" "-e" "RUSTDOCFLAGS=--cap-lints=warn" "-e" "CARGO_HOME=/opt/rustwide/cargo-home" "-e" "RUSTUP_HOME=/opt/rustwide/rustup-home" "-w" "/opt/rustwide/workdir" "-m" "1610612736" "--user" "0:0" "--network" "none" "ghcr.io/rust-lang/crates-build-env/linux@sha256:5ff2268d62e97bff2cde7d5815dd6ed5b47097566f13b8d0ca110b04b60e07ed" "/opt/rustwide/cargo-home/bin/cargo" "+beta-2023-04-20" "test" "--frozen", kill_on_drop: false }`
[INFO] [stdout] 9a9fd28bd4782452e362f65bdbc26363f0a25891b9366c881b4644ddf3757f5a
[INFO] running `Command { std: "docker" "start" "-a" "9a9fd28bd4782452e362f65bdbc26363f0a25891b9366c881b4644ddf3757f5a", kill_on_drop: false }`
[INFO] [stderr]     Finished test [unoptimized + debuginfo] target(s) in 0.04s
[INFO] [stderr]      Running unittests src/lib.rs (/opt/rustwide/target/debug/deps/musty_proc_macro-115f445b496b0525)
[INFO] [stdout] 
[INFO] [stdout] running 0 tests
[INFO] [stdout] 
[INFO] [stdout] test result: ok. 0 passed; 0 failed; 0 ignored; 0 measured; 0 filtered out; finished in 0.00s
[INFO] [stdout] 
[INFO] [stderr]    Doc-tests musty-proc-macro
[INFO] [stdout] 
[INFO] [stdout] running 1 test
[INFO] [stdout] test src/lib.rs - model (line 13) ... FAILED
[INFO] [stdout] 
[INFO] [stdout] failures:
[INFO] [stdout] 
[INFO] [stdout] ---- src/lib.rs - model (line 13) stdout ----
[INFO] [stdout] error[E0433]: failed to resolve: use of undeclared crate or module `musty`
[INFO] [stdout]  --> src/lib.rs:14:5
[INFO] [stdout]   |
[INFO] [stdout] 3 | use musty::prelude::*;
[INFO] [stdout]   |     ^^^^^ use of undeclared crate or module `musty`
[INFO] [stdout] 
[INFO] [stdout] error: cannot find attribute `model` in this scope
[INFO] [stdout]  --> src/lib.rs:15:3
[INFO] [stdout]   |
[INFO] [stdout] 4 | #[model(mongo(collection = "users"))]
[INFO] [stdout]   |   ^^^^^
[INFO] [stdout]   |
[INFO] [stdout]   = help: consider importing this attribute macro:
[INFO] [stdout]           musty_proc_macro::model
[INFO] [stdout] 
[INFO] [stdout] error: cannot find attribute `musty` in this scope
[INFO] [stdout]  --> src/lib.rs:17:7
[INFO] [stdout]   |
[INFO] [stdout] 6 |     #[musty(id)] // this is optional, the macro looks for a field with this attribute or named "id"
[INFO] [stdout]   |       ^^^^^
[INFO] [stdout] 
[INFO] [stdout] error[E0412]: cannot find type `ObjectId` in this scope
[INFO] [stdout]  --> src/lib.rs:18:9
[INFO] [stdout]   |
[INFO] [stdout] 7 |     id: ObjectId,
[INFO] [stdout]   |         ^^^^^^^^ not found in this scope
[INFO] [stdout] 
[INFO] [stdout] error: aborting due to 4 previous errors
[INFO] [stdout] 
[INFO] [stdout] Some errors have detailed explanations: E0412, E0433.
[INFO] [stdout] For more information about an error, try `rustc --explain E0412`.
[INFO] [stdout] Couldn't compile the test.
[INFO] [stdout] 
[INFO] [stdout] failures:
[INFO] [stdout]     src/lib.rs - model (line 13)
[INFO] [stdout] 
[INFO] [stdout] test result: FAILED. 0 passed; 1 failed; 0 ignored; 0 measured; 0 filtered out; finished in 0.07s
[INFO] [stdout] 
[INFO] [stderr] error: doctest failed, to rerun pass `--doc`
[INFO] running `Command { std: "docker" "inspect" "9a9fd28bd4782452e362f65bdbc26363f0a25891b9366c881b4644ddf3757f5a", kill_on_drop: false }`
[INFO] running `Command { std: "docker" "rm" "-f" "9a9fd28bd4782452e362f65bdbc26363f0a25891b9366c881b4644ddf3757f5a", kill_on_drop: false }`
[INFO] [stdout] 9a9fd28bd4782452e362f65bdbc26363f0a25891b9366c881b4644ddf3757f5a
