[INFO] fetching crate mupen64plus-sys 0.1.0...
[INFO] testing mupen64plus-sys-0.1.0 against 1.69.0 for beta-1.70-1
[INFO] extracting crate mupen64plus-sys 0.1.0 into /workspace/builds/worker-7-tc1/source
[INFO] validating manifest of crates.io crate mupen64plus-sys 0.1.0 on toolchain 1.69.0
[INFO] running `Command { std: CARGO_HOME="/workspace/cargo-home" RUSTUP_HOME="/workspace/rustup-home" "/workspace/cargo-home/bin/cargo" "+1.69.0" "metadata" "--manifest-path" "Cargo.toml" "--no-deps", kill_on_drop: false }`
[INFO] started tweaking crates.io crate mupen64plus-sys 0.1.0
[INFO] finished tweaking crates.io crate mupen64plus-sys 0.1.0
[INFO] tweaked toml for crates.io crate mupen64plus-sys 0.1.0 written to /workspace/builds/worker-7-tc1/source/Cargo.toml
[INFO] running `Command { std: CARGO_HOME="/workspace/cargo-home" RUSTUP_HOME="/workspace/rustup-home" __CARGO_TEST_CHANNEL_OVERRIDE_DO_NOT_USE_THIS="nightly" "/workspace/cargo-home/bin/cargo" "+1.69.0" "generate-lockfile" "--manifest-path" "Cargo.toml" "-Zno-index-update", kill_on_drop: false }`
[INFO] running `Command { std: CARGO_HOME="/workspace/cargo-home" RUSTUP_HOME="/workspace/rustup-home" "/workspace/cargo-home/bin/cargo" "+1.69.0" "fetch" "--manifest-path" "Cargo.toml", kill_on_drop: false }`
[INFO] running `Command { std: "docker" "create" "-v" "/var/lib/crater-agent-workspace/builds/worker-7-tc1/target:/opt/rustwide/target:rw,Z" "-v" "/var/lib/crater-agent-workspace/builds/worker-7-tc1/source:/opt/rustwide/workdir:ro,Z" "-v" "/var/lib/crater-agent-workspace/cargo-home:/opt/rustwide/cargo-home:ro,Z" "-v" "/var/lib/crater-agent-workspace/rustup-home:/opt/rustwide/rustup-home:ro,Z" "-e" "SOURCE_DIR=/opt/rustwide/workdir" "-e" "CARGO_TARGET_DIR=/opt/rustwide/target" "-e" "CARGO_HOME=/opt/rustwide/cargo-home" "-e" "RUSTUP_HOME=/opt/rustwide/rustup-home" "-w" "/opt/rustwide/workdir" "-m" "1610612736" "--user" "0:0" "--network" "none" "ghcr.io/rust-lang/crates-build-env/linux@sha256:5ff2268d62e97bff2cde7d5815dd6ed5b47097566f13b8d0ca110b04b60e07ed" "/opt/rustwide/cargo-home/bin/cargo" "+1.69.0" "metadata" "--no-deps" "--format-version=1", kill_on_drop: false }`
[INFO] [stdout] b5c8ab1b1f866671c0cf427fd079b37dcdaec7d8d26826e441e0315b8a342db4
[INFO] running `Command { std: "docker" "start" "-a" "b5c8ab1b1f866671c0cf427fd079b37dcdaec7d8d26826e441e0315b8a342db4", kill_on_drop: false }`
[INFO] running `Command { std: "docker" "inspect" "b5c8ab1b1f866671c0cf427fd079b37dcdaec7d8d26826e441e0315b8a342db4", kill_on_drop: false }`
[INFO] running `Command { std: "docker" "rm" "-f" "b5c8ab1b1f866671c0cf427fd079b37dcdaec7d8d26826e441e0315b8a342db4", kill_on_drop: false }`
[INFO] [stdout] b5c8ab1b1f866671c0cf427fd079b37dcdaec7d8d26826e441e0315b8a342db4
[INFO] running `Command { std: "docker" "create" "-v" "/var/lib/crater-agent-workspace/builds/worker-7-tc1/target:/opt/rustwide/target:rw,Z" "-v" "/var/lib/crater-agent-workspace/builds/worker-7-tc1/source:/opt/rustwide/workdir:ro,Z" "-v" "/var/lib/crater-agent-workspace/cargo-home:/opt/rustwide/cargo-home:ro,Z" "-v" "/var/lib/crater-agent-workspace/rustup-home:/opt/rustwide/rustup-home:ro,Z" "-e" "SOURCE_DIR=/opt/rustwide/workdir" "-e" "CARGO_TARGET_DIR=/opt/rustwide/target" "-e" "CARGO_INCREMENTAL=0" "-e" "RUST_BACKTRACE=full" "-e" "RUSTFLAGS=--cap-lints=warn" "-e" "RUSTDOCFLAGS=--cap-lints=warn" "-e" "CARGO_HOME=/opt/rustwide/cargo-home" "-e" "RUSTUP_HOME=/opt/rustwide/rustup-home" "-w" "/opt/rustwide/workdir" "-m" "1610612736" "--user" "0:0" "--network" "none" "ghcr.io/rust-lang/crates-build-env/linux@sha256:5ff2268d62e97bff2cde7d5815dd6ed5b47097566f13b8d0ca110b04b60e07ed" "/opt/rustwide/cargo-home/bin/cargo" "+1.69.0" "build" "--frozen" "--message-format=json", kill_on_drop: false }`
[INFO] [stdout] fa73a876fccd2651a3cbe4be42ddc9c5d06bab97ef6f4fd27f0e6b96b08556e6
[INFO] running `Command { std: "docker" "start" "-a" "fa73a876fccd2651a3cbe4be42ddc9c5d06bab97ef6f4fd27f0e6b96b08556e6", kill_on_drop: false }`
[INFO] [stderr]    Compiling libc v0.2.142
[INFO] [stderr]    Compiling glob v0.3.1
[INFO] [stderr]    Compiling proc-macro2 v1.0.56
[INFO] [stderr]    Compiling minimal-lexical v0.2.1
[INFO] [stderr]    Compiling regex-syntax v0.7.1
[INFO] [stderr]    Compiling memchr v2.5.0
[INFO] [stderr]    Compiling log v0.4.17
[INFO] [stderr]    Compiling unicode-width v0.1.10
[INFO] [stderr]    Compiling quote v1.0.26
[INFO] [stderr]    Compiling textwrap v0.11.0
[INFO] [stderr]    Compiling libloading v0.7.4
[INFO] [stderr]    Compiling clang-sys v1.6.1
[INFO] [stderr]    Compiling strsim v0.8.0
[INFO] [stderr]    Compiling aho-corasick v1.0.1
[INFO] [stderr]    Compiling atty v0.2.14
[INFO] [stderr]    Compiling nom v7.1.3
[INFO] [stderr]    Compiling bindgen v0.59.2
[INFO] [stderr]    Compiling humantime v2.1.0
[INFO] [stderr]    Compiling vec_map v0.8.2
[INFO] [stderr]    Compiling either v1.8.1
[INFO] [stderr]    Compiling termcolor v1.2.0
[INFO] [stderr]    Compiling bitflags v1.3.2
[INFO] [stderr]    Compiling ansi_term v0.12.1
[INFO] [stderr]    Compiling which v4.4.0
[INFO] [stderr]    Compiling clap v2.34.0
[INFO] [stderr]    Compiling rustc-hash v1.1.0
[INFO] [stderr]    Compiling shlex v1.1.0
[INFO] [stderr]    Compiling lazy_static v1.4.0
[INFO] [stderr]    Compiling peeking_take_while v0.1.2
[INFO] [stderr]    Compiling lazycell v1.3.0
[INFO] [stderr]    Compiling regex v1.8.1
[INFO] [stderr]    Compiling cexpr v0.6.0
[INFO] [stderr]    Compiling env_logger v0.9.3
[INFO] [stderr]    Compiling mupen64plus-sys v0.1.0 (/opt/rustwide/workdir)
[INFO] [stderr]     Finished dev [unoptimized + debuginfo] target(s) in 27.16s
[INFO] running `Command { std: "docker" "inspect" "fa73a876fccd2651a3cbe4be42ddc9c5d06bab97ef6f4fd27f0e6b96b08556e6", kill_on_drop: false }`
[INFO] running `Command { std: "docker" "rm" "-f" "fa73a876fccd2651a3cbe4be42ddc9c5d06bab97ef6f4fd27f0e6b96b08556e6", kill_on_drop: false }`
[INFO] [stdout] fa73a876fccd2651a3cbe4be42ddc9c5d06bab97ef6f4fd27f0e6b96b08556e6
[INFO] running `Command { std: "docker" "create" "-v" "/var/lib/crater-agent-workspace/builds/worker-7-tc1/target:/opt/rustwide/target:rw,Z" "-v" "/var/lib/crater-agent-workspace/builds/worker-7-tc1/source:/opt/rustwide/workdir:ro,Z" "-v" "/var/lib/crater-agent-workspace/cargo-home:/opt/rustwide/cargo-home:ro,Z" "-v" "/var/lib/crater-agent-workspace/rustup-home:/opt/rustwide/rustup-home:ro,Z" "-e" "SOURCE_DIR=/opt/rustwide/workdir" "-e" "CARGO_TARGET_DIR=/opt/rustwide/target" "-e" "CARGO_INCREMENTAL=0" "-e" "RUST_BACKTRACE=full" "-e" "RUSTFLAGS=--cap-lints=warn" "-e" "RUSTDOCFLAGS=--cap-lints=warn" "-e" "CARGO_HOME=/opt/rustwide/cargo-home" "-e" "RUSTUP_HOME=/opt/rustwide/rustup-home" "-w" "/opt/rustwide/workdir" "-m" "1610612736" "--user" "0:0" "--network" "none" "ghcr.io/rust-lang/crates-build-env/linux@sha256:5ff2268d62e97bff2cde7d5815dd6ed5b47097566f13b8d0ca110b04b60e07ed" "/opt/rustwide/cargo-home/bin/cargo" "+1.69.0" "test" "--frozen" "--no-run" "--message-format=json", kill_on_drop: false }`
[INFO] [stdout] 7feac27262d999e934c7af53fa7477201190e58a489c270860c668b54c7a26a3
[INFO] running `Command { std: "docker" "start" "-a" "7feac27262d999e934c7af53fa7477201190e58a489c270860c668b54c7a26a3", kill_on_drop: false }`
[INFO] [stderr]    Compiling mupen64plus-sys v0.1.0 (/opt/rustwide/workdir)
[INFO] [stdout] warning: dereferencing a null pointer
[INFO] [stdout]  --> /opt/rustwide/target/debug/build/mupen64plus-sys-40cc069ca6fafd02/out/libmupen64plus.rs:3:8701
[INFO] [stdout]   |
[INFO] [stdout] 3 | ...t_eq ! (unsafe { & (* (:: std :: ptr :: null :: < __fsid_t > ())) . __val as * const _ as usize } , 0usize , concat ! ("Offset of fiel...
[INFO] [stdout]   |                       ^^^^^^^^^^^^^^^^^^^^^^^^^^^^^^^^^^^^^^^^^^^^^^ this code causes undefined behavior when executed
[INFO] [stdout]   |
[INFO] [stdout]   = note: `#[warn(deref_nullptr)]` on by default
[INFO] [stdout] 
[INFO] [stdout] 
[INFO] [stdout] warning: dereferencing a null pointer
[INFO] [stdout]  --> /opt/rustwide/target/debug/build/mupen64plus-sys-40cc069ca6fafd02/out/libmupen64plus.rs:3:18026
[INFO] [stdout]   |
[INFO] [stdout] 3 | ... ! (unsafe { & (* (:: std :: ptr :: null :: < m64p_cheat_code > ())) . address as * const _ as usize } , 0usize , concat ! ("Offset of...
[INFO] [stdout]   |                   ^^^^^^^^^^^^^^^^^^^^^^^^^^^^^^^^^^^^^^^^^^^^^^^^^^^^^ this code causes undefined behavior when executed
[INFO] [stdout] 
[INFO] [stdout] 
[INFO] [stdout] warning: dereferencing a null pointer
[INFO] [stdout]  --> /opt/rustwide/target/debug/build/mupen64plus-sys-40cc069ca6fafd02/out/libmupen64plus.rs:3:18246
[INFO] [stdout]   |
[INFO] [stdout] 3 | ... ! (unsafe { & (* (:: std :: ptr :: null :: < m64p_cheat_code > ())) . value as * const _ as usize } , 4usize , concat ! ("Offset of f...
[INFO] [stdout]   |                   ^^^^^^^^^^^^^^^^^^^^^^^^^^^^^^^^^^^^^^^^^^^^^^^^^^^^^ this code causes undefined behavior when executed
[INFO] [stdout] 
[INFO] [stdout] 
[INFO] [stdout] warning: dereferencing a null pointer
[INFO] [stdout]  --> /opt/rustwide/target/debug/build/mupen64plus-sys-40cc069ca6fafd02/out/libmupen64plus.rs:3:19670
[INFO] [stdout]   |
[INFO] [stdout] 3 | ...! (unsafe { & (* (:: std :: ptr :: null :: < m64p_media_loader > ())) . cb_data as * const _ as usize } , 0usize , concat ! ("Offset o...
[INFO] [stdout]   |                  ^^^^^^^^^^^^^^^^^^^^^^^^^^^^^^^^^^^^^^^^^^^^^^^^^^^^^^^ this code causes undefined behavior when executed
[INFO] [stdout] 
[INFO] [stdout] 
[INFO] [stdout] warning: dereferencing a null pointer
[INFO] [stdout]  --> /opt/rustwide/target/debug/build/mupen64plus-sys-40cc069ca6fafd02/out/libmupen64plus.rs:3:19894
[INFO] [stdout]   |
[INFO] [stdout] 3 | ...! (unsafe { & (* (:: std :: ptr :: null :: < m64p_media_loader > ())) . get_gb_cart_rom as * const _ as usize } , 8usize , concat ! ("...
[INFO] [stdout]   |                  ^^^^^^^^^^^^^^^^^^^^^^^^^^^^^^^^^^^^^^^^^^^^^^^^^^^^^^^ this code causes undefined behavior when executed
[INFO] [stdout] 
[INFO] [stdout] 
[INFO] [stdout] warning: dereferencing a null pointer
[INFO] [stdout]  --> /opt/rustwide/target/debug/build/mupen64plus-sys-40cc069ca6fafd02/out/libmupen64plus.rs:3:20134
[INFO] [stdout]   |
[INFO] [stdout] 3 | ...! (unsafe { & (* (:: std :: ptr :: null :: < m64p_media_loader > ())) . get_gb_cart_ram as * const _ as usize } , 16usize , concat ! (...
[INFO] [stdout]   |                  ^^^^^^^^^^^^^^^^^^^^^^^^^^^^^^^^^^^^^^^^^^^^^^^^^^^^^^^ this code causes undefined behavior when executed
[INFO] [stdout] 
[INFO] [stdout] 
[INFO] [stdout] warning: dereferencing a null pointer
[INFO] [stdout]  --> /opt/rustwide/target/debug/build/mupen64plus-sys-40cc069ca6fafd02/out/libmupen64plus.rs:3:20375
[INFO] [stdout]   |
[INFO] [stdout] 3 | ...! (unsafe { & (* (:: std :: ptr :: null :: < m64p_media_loader > ())) . get_dd_rom as * const _ as usize } , 24usize , concat ! ("Offs...
[INFO] [stdout]   |                  ^^^^^^^^^^^^^^^^^^^^^^^^^^^^^^^^^^^^^^^^^^^^^^^^^^^^^^^ this code causes undefined behavior when executed
[INFO] [stdout] 
[INFO] [stdout] 
[INFO] [stdout] warning: dereferencing a null pointer
[INFO] [stdout]  --> /opt/rustwide/target/debug/build/mupen64plus-sys-40cc069ca6fafd02/out/libmupen64plus.rs:3:20606
[INFO] [stdout]   |
[INFO] [stdout] 3 | ...! (unsafe { & (* (:: std :: ptr :: null :: < m64p_media_loader > ())) . get_dd_disk as * const _ as usize } , 32usize , concat ! ("Off...
[INFO] [stdout]   |                  ^^^^^^^^^^^^^^^^^^^^^^^^^^^^^^^^^^^^^^^^^^^^^^^^^^^^^^^ this code causes undefined behavior when executed
[INFO] [stdout] 
[INFO] [stdout] 
[INFO] [stdout] warning: dereferencing a null pointer
[INFO] [stdout]  --> /opt/rustwide/target/debug/build/mupen64plus-sys-40cc069ca6fafd02/out/libmupen64plus.rs:3:22630
[INFO] [stdout]   |
[INFO] [stdout] 3 | ... ! (unsafe { & (* (:: std :: ptr :: null :: < m64p_rom_header > ())) . init_PI_BSB_DOM1_LAT_REG as * const _ as usize } , 0usize , con...
[INFO] [stdout]   |                   ^^^^^^^^^^^^^^^^^^^^^^^^^^^^^^^^^^^^^^^^^^^^^^^^^^^^^ this code causes undefined behavior when executed
[INFO] [stdout] 
[INFO] [stdout] 
[INFO] [stdout] warning: dereferencing a null pointer
[INFO] [stdout]  --> /opt/rustwide/target/debug/build/mupen64plus-sys-40cc069ca6fafd02/out/libmupen64plus.rs:3:22884
[INFO] [stdout]   |
[INFO] [stdout] 3 | ... ! (unsafe { & (* (:: std :: ptr :: null :: < m64p_rom_header > ())) . init_PI_BSB_DOM1_PGS_REG as * const _ as usize } , 1usize , con...
[INFO] [stdout]   |                   ^^^^^^^^^^^^^^^^^^^^^^^^^^^^^^^^^^^^^^^^^^^^^^^^^^^^^ this code causes undefined behavior when executed
[INFO] [stdout] 
[INFO] [stdout] 
[INFO] [stdout] warning: dereferencing a null pointer
[INFO] [stdout]  --> /opt/rustwide/target/debug/build/mupen64plus-sys-40cc069ca6fafd02/out/libmupen64plus.rs:3:23138
[INFO] [stdout]   |
[INFO] [stdout] 3 | ... ! (unsafe { & (* (:: std :: ptr :: null :: < m64p_rom_header > ())) . init_PI_BSB_DOM1_PWD_REG as * const _ as usize } , 2usize , con...
[INFO] [stdout]   |                   ^^^^^^^^^^^^^^^^^^^^^^^^^^^^^^^^^^^^^^^^^^^^^^^^^^^^^ this code causes undefined behavior when executed
[INFO] [stdout] 
[INFO] [stdout] 
[INFO] [stdout] warning: dereferencing a null pointer
[INFO] [stdout]  --> /opt/rustwide/target/debug/build/mupen64plus-sys-40cc069ca6fafd02/out/libmupen64plus.rs:3:23392
[INFO] [stdout]   |
[INFO] [stdout] 3 | ... ! (unsafe { & (* (:: std :: ptr :: null :: < m64p_rom_header > ())) . init_PI_BSB_DOM1_PGS_REG2 as * const _ as usize } , 3usize , co...
[INFO] [stdout]   |                   ^^^^^^^^^^^^^^^^^^^^^^^^^^^^^^^^^^^^^^^^^^^^^^^^^^^^^ this code causes undefined behavior when executed
[INFO] [stdout] 
[INFO] [stdout] 
[INFO] [stdout] warning: dereferencing a null pointer
[INFO] [stdout]  --> /opt/rustwide/target/debug/build/mupen64plus-sys-40cc069ca6fafd02/out/libmupen64plus.rs:3:23648
[INFO] [stdout]   |
[INFO] [stdout] 3 | ... ! (unsafe { & (* (:: std :: ptr :: null :: < m64p_rom_header > ())) . ClockRate as * const _ as usize } , 4usize , concat ! ("Offset ...
[INFO] [stdout]   |                   ^^^^^^^^^^^^^^^^^^^^^^^^^^^^^^^^^^^^^^^^^^^^^^^^^^^^^ this code causes undefined behavior when executed
[INFO] [stdout] 
[INFO] [stdout] 
[INFO] [stdout] warning: dereferencing a null pointer
[INFO] [stdout]  --> /opt/rustwide/target/debug/build/mupen64plus-sys-40cc069ca6fafd02/out/libmupen64plus.rs:3:23872
[INFO] [stdout]   |
[INFO] [stdout] 3 | ... ! (unsafe { & (* (:: std :: ptr :: null :: < m64p_rom_header > ())) . PC as * const _ as usize } , 8usize , concat ! ("Offset of fiel...
[INFO] [stdout]   |                   ^^^^^^^^^^^^^^^^^^^^^^^^^^^^^^^^^^^^^^^^^^^^^^^^^^^^^ this code causes undefined behavior when executed
[INFO] [stdout] 
[INFO] [stdout] 
[INFO] [stdout] warning: dereferencing a null pointer
[INFO] [stdout]  --> /opt/rustwide/target/debug/build/mupen64plus-sys-40cc069ca6fafd02/out/libmupen64plus.rs:3:24082
[INFO] [stdout]   |
[INFO] [stdout] 3 | ... ! (unsafe { & (* (:: std :: ptr :: null :: < m64p_rom_header > ())) . Release as * const _ as usize } , 12usize , concat ! ("Offset o...
[INFO] [stdout]   |                   ^^^^^^^^^^^^^^^^^^^^^^^^^^^^^^^^^^^^^^^^^^^^^^^^^^^^^ this code causes undefined behavior when executed
[INFO] [stdout] 
[INFO] [stdout] 
[INFO] [stdout] warning: dereferencing a null pointer
[INFO] [stdout]  --> /opt/rustwide/target/debug/build/mupen64plus-sys-40cc069ca6fafd02/out/libmupen64plus.rs:3:24303
[INFO] [stdout]   |
[INFO] [stdout] 3 | ... ! (unsafe { & (* (:: std :: ptr :: null :: < m64p_rom_header > ())) . CRC1 as * const _ as usize } , 16usize , concat ! ("Offset of f...
[INFO] [stdout]   |                   ^^^^^^^^^^^^^^^^^^^^^^^^^^^^^^^^^^^^^^^^^^^^^^^^^^^^^ this code causes undefined behavior when executed
[INFO] [stdout] 
[INFO] [stdout] 
[INFO] [stdout] warning: dereferencing a null pointer
[INFO] [stdout]  --> /opt/rustwide/target/debug/build/mupen64plus-sys-40cc069ca6fafd02/out/libmupen64plus.rs:3:24518
[INFO] [stdout]   |
[INFO] [stdout] 3 | ... ! (unsafe { & (* (:: std :: ptr :: null :: < m64p_rom_header > ())) . CRC2 as * const _ as usize } , 20usize , concat ! ("Offset of f...
[INFO] [stdout]   |                   ^^^^^^^^^^^^^^^^^^^^^^^^^^^^^^^^^^^^^^^^^^^^^^^^^^^^^ this code causes undefined behavior when executed
[INFO] [stdout] 
[INFO] [stdout] 
[INFO] [stdout] warning: dereferencing a null pointer
[INFO] [stdout]  --> /opt/rustwide/target/debug/build/mupen64plus-sys-40cc069ca6fafd02/out/libmupen64plus.rs:3:24733
[INFO] [stdout]   |
[INFO] [stdout] 3 | ... ! (unsafe { & (* (:: std :: ptr :: null :: < m64p_rom_header > ())) . Unknown as * const _ as usize } , 24usize , concat ! ("Offset o...
[INFO] [stdout]   |                   ^^^^^^^^^^^^^^^^^^^^^^^^^^^^^^^^^^^^^^^^^^^^^^^^^^^^^ this code causes undefined behavior when executed
[INFO] [stdout] 
[INFO] [stdout] 
[INFO] [stdout] warning: dereferencing a null pointer
[INFO] [stdout]  --> /opt/rustwide/target/debug/build/mupen64plus-sys-40cc069ca6fafd02/out/libmupen64plus.rs:3:24954
[INFO] [stdout]   |
[INFO] [stdout] 3 | ... ! (unsafe { & (* (:: std :: ptr :: null :: < m64p_rom_header > ())) . Name as * const _ as usize } , 32usize , concat ! ("Offset of f...
[INFO] [stdout]   |                   ^^^^^^^^^^^^^^^^^^^^^^^^^^^^^^^^^^^^^^^^^^^^^^^^^^^^^ this code causes undefined behavior when executed
[INFO] [stdout] 
[INFO] [stdout] 
[INFO] [stdout] warning: dereferencing a null pointer
[INFO] [stdout]  --> /opt/rustwide/target/debug/build/mupen64plus-sys-40cc069ca6fafd02/out/libmupen64plus.rs:3:25169
[INFO] [stdout]   |
[INFO] [stdout] 3 | ... ! (unsafe { & (* (:: std :: ptr :: null :: < m64p_rom_header > ())) . unknown as * const _ as usize } , 52usize , concat ! ("Offset o...
[INFO] [stdout]   |                   ^^^^^^^^^^^^^^^^^^^^^^^^^^^^^^^^^^^^^^^^^^^^^^^^^^^^^ this code causes undefined behavior when executed
[INFO] [stdout] 
[INFO] [stdout] 
[INFO] [stdout] warning: dereferencing a null pointer
[INFO] [stdout]  --> /opt/rustwide/target/debug/build/mupen64plus-sys-40cc069ca6fafd02/out/libmupen64plus.rs:3:25390
[INFO] [stdout]   |
[INFO] [stdout] 3 | ... ! (unsafe { & (* (:: std :: ptr :: null :: < m64p_rom_header > ())) . Manufacturer_ID as * const _ as usize } , 56usize , concat ! ("...
[INFO] [stdout]   |                   ^^^^^^^^^^^^^^^^^^^^^^^^^^^^^^^^^^^^^^^^^^^^^^^^^^^^^ this code causes undefined behavior when executed
[INFO] [stdout] 
[INFO] [stdout] 
[INFO] [stdout] warning: dereferencing a null pointer
[INFO] [stdout]  --> /opt/rustwide/target/debug/build/mupen64plus-sys-40cc069ca6fafd02/out/libmupen64plus.rs:3:25627
[INFO] [stdout]   |
[INFO] [stdout] 3 | ... ! (unsafe { & (* (:: std :: ptr :: null :: < m64p_rom_header > ())) . Cartridge_ID as * const _ as usize } , 60usize , concat ! ("Off...
[INFO] [stdout]   |                   ^^^^^^^^^^^^^^^^^^^^^^^^^^^^^^^^^^^^^^^^^^^^^^^^^^^^^ this code causes undefined behavior when executed
[INFO] [stdout] 
[INFO] [stdout] 
[INFO] [stdout] warning: dereferencing a null pointer
[INFO] [stdout]  --> /opt/rustwide/target/debug/build/mupen64plus-sys-40cc069ca6fafd02/out/libmupen64plus.rs:3:25858
[INFO] [stdout]   |
[INFO] [stdout] 3 | ... ! (unsafe { & (* (:: std :: ptr :: null :: < m64p_rom_header > ())) . Country_code as * const _ as usize } , 62usize , concat ! ("Off...
[INFO] [stdout]   |                   ^^^^^^^^^^^^^^^^^^^^^^^^^^^^^^^^^^^^^^^^^^^^^^^^^^^^^ this code causes undefined behavior when executed
[INFO] [stdout] 
[INFO] [stdout] 
[INFO] [stdout] warning: dereferencing a null pointer
[INFO] [stdout]  --> /opt/rustwide/target/debug/build/mupen64plus-sys-40cc069ca6fafd02/out/libmupen64plus.rs:3:27107
[INFO] [stdout]   |
[INFO] [stdout] 3 | ...! (unsafe { & (* (:: std :: ptr :: null :: < m64p_rom_settings > ())) . goodname as * const _ as usize } , 0usize , concat ! ("Offset ...
[INFO] [stdout]   |                  ^^^^^^^^^^^^^^^^^^^^^^^^^^^^^^^^^^^^^^^^^^^^^^^^^^^^^^^ this code causes undefined behavior when executed
[INFO] [stdout] 
[INFO] [stdout] 
[INFO] [stdout] warning: dereferencing a null pointer
[INFO] [stdout]  --> /opt/rustwide/target/debug/build/mupen64plus-sys-40cc069ca6fafd02/out/libmupen64plus.rs:3:27333
[INFO] [stdout]   |
[INFO] [stdout] 3 | ...! (unsafe { & (* (:: std :: ptr :: null :: < m64p_rom_settings > ())) . MD5 as * const _ as usize } , 256usize , concat ! ("Offset of ...
[INFO] [stdout]   |                  ^^^^^^^^^^^^^^^^^^^^^^^^^^^^^^^^^^^^^^^^^^^^^^^^^^^^^^^ this code causes undefined behavior when executed
[INFO] [stdout] 
[INFO] [stdout] 
[INFO] [stdout] warning: dereferencing a null pointer
[INFO] [stdout]  --> /opt/rustwide/target/debug/build/mupen64plus-sys-40cc069ca6fafd02/out/libmupen64plus.rs:3:27551
[INFO] [stdout]   |
[INFO] [stdout] 3 | ...! (unsafe { & (* (:: std :: ptr :: null :: < m64p_rom_settings > ())) . savetype as * const _ as usize } , 289usize , concat ! ("Offse...
[INFO] [stdout]   |                  ^^^^^^^^^^^^^^^^^^^^^^^^^^^^^^^^^^^^^^^^^^^^^^^^^^^^^^^ this code causes undefined behavior when executed
[INFO] [stdout] 
[INFO] [stdout] 
[INFO] [stdout] warning: dereferencing a null pointer
[INFO] [stdout]  --> /opt/rustwide/target/debug/build/mupen64plus-sys-40cc069ca6fafd02/out/libmupen64plus.rs:3:27779
[INFO] [stdout]   |
[INFO] [stdout] 3 | ...! (unsafe { & (* (:: std :: ptr :: null :: < m64p_rom_settings > ())) . status as * const _ as usize } , 290usize , concat ! ("Offset ...
[INFO] [stdout]   |                  ^^^^^^^^^^^^^^^^^^^^^^^^^^^^^^^^^^^^^^^^^^^^^^^^^^^^^^^ this code causes undefined behavior when executed
[INFO] [stdout] 
[INFO] [stdout] 
[INFO] [stdout] warning: dereferencing a null pointer
[INFO] [stdout]  --> /opt/rustwide/target/debug/build/mupen64plus-sys-40cc069ca6fafd02/out/libmupen64plus.rs:3:28003
[INFO] [stdout]   |
[INFO] [stdout] 3 | ...! (unsafe { & (* (:: std :: ptr :: null :: < m64p_rom_settings > ())) . players as * const _ as usize } , 291usize , concat ! ("Offset...
[INFO] [stdout]   |                  ^^^^^^^^^^^^^^^^^^^^^^^^^^^^^^^^^^^^^^^^^^^^^^^^^^^^^^^ this code causes undefined behavior when executed
[INFO] [stdout] 
[INFO] [stdout] 
[INFO] [stdout] warning: dereferencing a null pointer
[INFO] [stdout]  --> /opt/rustwide/target/debug/build/mupen64plus-sys-40cc069ca6fafd02/out/libmupen64plus.rs:3:28229
[INFO] [stdout]   |
[INFO] [stdout] 3 | ...! (unsafe { & (* (:: std :: ptr :: null :: < m64p_rom_settings > ())) . rumble as * const _ as usize } , 292usize , concat ! ("Offset ...
[INFO] [stdout]   |                  ^^^^^^^^^^^^^^^^^^^^^^^^^^^^^^^^^^^^^^^^^^^^^^^^^^^^^^^ this code causes undefined behavior when executed
[INFO] [stdout] 
[INFO] [stdout] 
[INFO] [stdout] warning: dereferencing a null pointer
[INFO] [stdout]  --> /opt/rustwide/target/debug/build/mupen64plus-sys-40cc069ca6fafd02/out/libmupen64plus.rs:3:28453
[INFO] [stdout]   |
[INFO] [stdout] 3 | ...! (unsafe { & (* (:: std :: ptr :: null :: < m64p_rom_settings > ())) . transferpak as * const _ as usize } , 293usize , concat ! ("Of...
[INFO] [stdout]   |                  ^^^^^^^^^^^^^^^^^^^^^^^^^^^^^^^^^^^^^^^^^^^^^^^^^^^^^^^ this code causes undefined behavior when executed
[INFO] [stdout] 
[INFO] [stdout] 
[INFO] [stdout] warning: dereferencing a null pointer
[INFO] [stdout]  --> /opt/rustwide/target/debug/build/mupen64plus-sys-40cc069ca6fafd02/out/libmupen64plus.rs:3:28687
[INFO] [stdout]   |
[INFO] [stdout] 3 | ...! (unsafe { & (* (:: std :: ptr :: null :: < m64p_rom_settings > ())) . mempak as * const _ as usize } , 294usize , concat ! ("Offset ...
[INFO] [stdout]   |                  ^^^^^^^^^^^^^^^^^^^^^^^^^^^^^^^^^^^^^^^^^^^^^^^^^^^^^^^ this code causes undefined behavior when executed
[INFO] [stdout] 
[INFO] [stdout] 
[INFO] [stdout] warning: dereferencing a null pointer
[INFO] [stdout]  --> /opt/rustwide/target/debug/build/mupen64plus-sys-40cc069ca6fafd02/out/libmupen64plus.rs:3:28911
[INFO] [stdout]   |
[INFO] [stdout] 3 | ...! (unsafe { & (* (:: std :: ptr :: null :: < m64p_rom_settings > ())) . biopak as * const _ as usize } , 295usize , concat ! ("Offset ...
[INFO] [stdout]   |                  ^^^^^^^^^^^^^^^^^^^^^^^^^^^^^^^^^^^^^^^^^^^^^^^^^^^^^^^ this code causes undefined behavior when executed
[INFO] [stdout] 
[INFO] [stdout] 
[INFO] [stdout] warning: dereferencing a null pointer
[INFO] [stdout]  --> /opt/rustwide/target/debug/build/mupen64plus-sys-40cc069ca6fafd02/out/libmupen64plus.rs:3:29135
[INFO] [stdout]   |
[INFO] [stdout] 3 | ...! (unsafe { & (* (:: std :: ptr :: null :: < m64p_rom_settings > ())) . disableextramem as * const _ as usize } , 296usize , concat ! ...
[INFO] [stdout]   |                  ^^^^^^^^^^^^^^^^^^^^^^^^^^^^^^^^^^^^^^^^^^^^^^^^^^^^^^^ this code causes undefined behavior when executed
[INFO] [stdout] 
[INFO] [stdout] 
[INFO] [stdout] warning: dereferencing a null pointer
[INFO] [stdout]  --> /opt/rustwide/target/debug/build/mupen64plus-sys-40cc069ca6fafd02/out/libmupen64plus.rs:3:29377
[INFO] [stdout]   |
[INFO] [stdout] 3 | ...! (unsafe { & (* (:: std :: ptr :: null :: < m64p_rom_settings > ())) . countperop as * const _ as usize } , 300usize , concat ! ("Off...
[INFO] [stdout]   |                  ^^^^^^^^^^^^^^^^^^^^^^^^^^^^^^^^^^^^^^^^^^^^^^^^^^^^^^^ this code causes undefined behavior when executed
[INFO] [stdout] 
[INFO] [stdout] 
[INFO] [stdout] warning: dereferencing a null pointer
[INFO] [stdout]  --> /opt/rustwide/target/debug/build/mupen64plus-sys-40cc069ca6fafd02/out/libmupen64plus.rs:3:29609
[INFO] [stdout]   |
[INFO] [stdout] 3 | ...! (unsafe { & (* (:: std :: ptr :: null :: < m64p_rom_settings > ())) . sidmaduration as * const _ as usize } , 304usize , concat ! ("...
[INFO] [stdout]   |                  ^^^^^^^^^^^^^^^^^^^^^^^^^^^^^^^^^^^^^^^^^^^^^^^^^^^^^^^ this code causes undefined behavior when executed
[INFO] [stdout] 
[INFO] [stdout] 
[INFO] [stdout] warning: dereferencing a null pointer
[INFO] [stdout]  --> /opt/rustwide/target/debug/build/mupen64plus-sys-40cc069ca6fafd02/out/libmupen64plus.rs:3:35841
[INFO] [stdout]   |
[INFO] [stdout] 3 | ... ! (unsafe { & (* (:: std :: ptr :: null :: < m64p_breakpoint > ())) . address as * const _ as usize } , 0usize , concat ! ("Offset of...
[INFO] [stdout]   |                   ^^^^^^^^^^^^^^^^^^^^^^^^^^^^^^^^^^^^^^^^^^^^^^^^^^^^^ this code causes undefined behavior when executed
[INFO] [stdout] 
[INFO] [stdout] 
[INFO] [stdout] warning: dereferencing a null pointer
[INFO] [stdout]  --> /opt/rustwide/target/debug/build/mupen64plus-sys-40cc069ca6fafd02/out/libmupen64plus.rs:3:36061
[INFO] [stdout]   |
[INFO] [stdout] 3 | ... ! (unsafe { & (* (:: std :: ptr :: null :: < m64p_breakpoint > ())) . endaddr as * const _ as usize } , 4usize , concat ! ("Offset of...
[INFO] [stdout]   |                   ^^^^^^^^^^^^^^^^^^^^^^^^^^^^^^^^^^^^^^^^^^^^^^^^^^^^^ this code causes undefined behavior when executed
[INFO] [stdout] 
[INFO] [stdout] 
[INFO] [stdout] warning: dereferencing a null pointer
[INFO] [stdout]  --> /opt/rustwide/target/debug/build/mupen64plus-sys-40cc069ca6fafd02/out/libmupen64plus.rs:3:36281
[INFO] [stdout]   |
[INFO] [stdout] 3 | ... ! (unsafe { & (* (:: std :: ptr :: null :: < m64p_breakpoint > ())) . flags as * const _ as usize } , 8usize , concat ! ("Offset of f...
[INFO] [stdout]   |                   ^^^^^^^^^^^^^^^^^^^^^^^^^^^^^^^^^^^^^^^^^^^^^^^^^^^^^ this code causes undefined behavior when executed
[INFO] [stdout] 
[INFO] [stdout] 
[INFO] [stdout] warning: dereferencing a null pointer
[INFO] [stdout]  --> /opt/rustwide/target/debug/build/mupen64plus-sys-40cc069ca6fafd02/out/libmupen64plus.rs:3:36976
[INFO] [stdout]   |
[INFO] [stdout] 3 | ...eq ! (unsafe { & (* (:: std :: ptr :: null :: < m64p_2d_size > ())) . uiWidth as * const _ as usize } , 0usize , concat ! ("Offset of ...
[INFO] [stdout]   |                     ^^^^^^^^^^^^^^^^^^^^^^^^^^^^^^^^^^^^^^^^^^^^^^^^^^ this code causes undefined behavior when executed
[INFO] [stdout] 
[INFO] [stdout] 
[INFO] [stdout] warning: dereferencing a null pointer
[INFO] [stdout]  --> /opt/rustwide/target/debug/build/mupen64plus-sys-40cc069ca6fafd02/out/libmupen64plus.rs:3:37190
[INFO] [stdout]   |
[INFO] [stdout] 3 | ...eq ! (unsafe { & (* (:: std :: ptr :: null :: < m64p_2d_size > ())) . uiHeight as * const _ as usize } , 4usize , concat ! ("Offset of...
[INFO] [stdout]   |                     ^^^^^^^^^^^^^^^^^^^^^^^^^^^^^^^^^^^^^^^^^^^^^^^^^^ this code causes undefined behavior when executed
[INFO] [stdout] 
[INFO] [stdout] 
[INFO] [stdout] warning: dereferencing a null pointer
[INFO] [stdout]  --> /opt/rustwide/target/debug/build/mupen64plus-sys-40cc069ca6fafd02/out/libmupen64plus.rs:3:41408
[INFO] [stdout]   |
[INFO] [stdout] 3 | ...afe { & (* (:: std :: ptr :: null :: < m64p_video_extension_functions > ())) . Functions as * const _ as usize } , 0usize , concat ! (...
[INFO] [stdout]   |            ^^^^^^^^^^^^^^^^^^^^^^^^^^^^^^^^^^^^^^^^^^^^^^^^^^^^^^^^^^^^^^^^^^^^ this code causes undefined behavior when executed
[INFO] [stdout] 
[INFO] [stdout] 
[INFO] [stdout] warning: dereferencing a null pointer
[INFO] [stdout]  --> /opt/rustwide/target/debug/build/mupen64plus-sys-40cc069ca6fafd02/out/libmupen64plus.rs:3:41662
[INFO] [stdout]   |
[INFO] [stdout] 3 | ...afe { & (* (:: std :: ptr :: null :: < m64p_video_extension_functions > ())) . VidExtFuncInit as * const _ as usize } , 8usize , conca...
[INFO] [stdout]   |            ^^^^^^^^^^^^^^^^^^^^^^^^^^^^^^^^^^^^^^^^^^^^^^^^^^^^^^^^^^^^^^^^^^^^ this code causes undefined behavior when executed
[INFO] [stdout] 
[INFO] [stdout] 
[INFO] [stdout] warning: dereferencing a null pointer
[INFO] [stdout]  --> /opt/rustwide/target/debug/build/mupen64plus-sys-40cc069ca6fafd02/out/libmupen64plus.rs:3:41926
[INFO] [stdout]   |
[INFO] [stdout] 3 | ...afe { & (* (:: std :: ptr :: null :: < m64p_video_extension_functions > ())) . VidExtFuncQuit as * const _ as usize } , 16usize , conc...
[INFO] [stdout]   |            ^^^^^^^^^^^^^^^^^^^^^^^^^^^^^^^^^^^^^^^^^^^^^^^^^^^^^^^^^^^^^^^^^^^^ this code causes undefined behavior when executed
[INFO] [stdout] 
[INFO] [stdout] 
[INFO] [stdout] warning: dereferencing a null pointer
[INFO] [stdout]  --> /opt/rustwide/target/debug/build/mupen64plus-sys-40cc069ca6fafd02/out/libmupen64plus.rs:3:42191
[INFO] [stdout]   |
[INFO] [stdout] 3 | ...afe { & (* (:: std :: ptr :: null :: < m64p_video_extension_functions > ())) . VidExtFuncListModes as * const _ as usize } , 24usize ,...
[INFO] [stdout]   |            ^^^^^^^^^^^^^^^^^^^^^^^^^^^^^^^^^^^^^^^^^^^^^^^^^^^^^^^^^^^^^^^^^^^^ this code causes undefined behavior when executed
[INFO] [stdout] 
[INFO] [stdout] 
[INFO] [stdout] warning: dereferencing a null pointer
[INFO] [stdout]  --> /opt/rustwide/target/debug/build/mupen64plus-sys-40cc069ca6fafd02/out/libmupen64plus.rs:3:42466
[INFO] [stdout]   |
[INFO] [stdout] 3 | ...afe { & (* (:: std :: ptr :: null :: < m64p_video_extension_functions > ())) . VidExtFuncListRates as * const _ as usize } , 32usize ,...
[INFO] [stdout]   |            ^^^^^^^^^^^^^^^^^^^^^^^^^^^^^^^^^^^^^^^^^^^^^^^^^^^^^^^^^^^^^^^^^^^^ this code causes undefined behavior when executed
[INFO] [stdout] 
[INFO] [stdout] 
[INFO] [stdout] warning: dereferencing a null pointer
[INFO] [stdout]  --> /opt/rustwide/target/debug/build/mupen64plus-sys-40cc069ca6fafd02/out/libmupen64plus.rs:3:42741
[INFO] [stdout]   |
[INFO] [stdout] 3 | ...afe { & (* (:: std :: ptr :: null :: < m64p_video_extension_functions > ())) . VidExtFuncSetMode as * const _ as usize } , 40usize , c...
[INFO] [stdout]   |            ^^^^^^^^^^^^^^^^^^^^^^^^^^^^^^^^^^^^^^^^^^^^^^^^^^^^^^^^^^^^^^^^^^^^ this code causes undefined behavior when executed
[INFO] [stdout] 
[INFO] [stdout] 
[INFO] [stdout] warning: dereferencing a null pointer
[INFO] [stdout]  --> /opt/rustwide/target/debug/build/mupen64plus-sys-40cc069ca6fafd02/out/libmupen64plus.rs:3:43012
[INFO] [stdout]   |
[INFO] [stdout] 3 | ...afe { & (* (:: std :: ptr :: null :: < m64p_video_extension_functions > ())) . VidExtFuncSetModeWithRate as * const _ as usize } , 48u...
[INFO] [stdout]   |            ^^^^^^^^^^^^^^^^^^^^^^^^^^^^^^^^^^^^^^^^^^^^^^^^^^^^^^^^^^^^^^^^^^^^ this code causes undefined behavior when executed
[INFO] [stdout] 
[INFO] [stdout] 
[INFO] [stdout] warning: dereferencing a null pointer
[INFO] [stdout]  --> /opt/rustwide/target/debug/build/mupen64plus-sys-40cc069ca6fafd02/out/libmupen64plus.rs:3:43299
[INFO] [stdout]   |
[INFO] [stdout] 3 | ...afe { & (* (:: std :: ptr :: null :: < m64p_video_extension_functions > ())) . VidExtFuncGLGetProc as * const _ as usize } , 56usize ,...
[INFO] [stdout]   |            ^^^^^^^^^^^^^^^^^^^^^^^^^^^^^^^^^^^^^^^^^^^^^^^^^^^^^^^^^^^^^^^^^^^^ this code causes undefined behavior when executed
[INFO] [stdout] 
[INFO] [stdout] 
[INFO] [stdout] warning: dereferencing a null pointer
[INFO] [stdout]  --> /opt/rustwide/target/debug/build/mupen64plus-sys-40cc069ca6fafd02/out/libmupen64plus.rs:3:43574
[INFO] [stdout]   |
[INFO] [stdout] 3 | ...afe { & (* (:: std :: ptr :: null :: < m64p_video_extension_functions > ())) . VidExtFuncGLSetAttr as * const _ as usize } , 64usize ,...
[INFO] [stdout]   |            ^^^^^^^^^^^^^^^^^^^^^^^^^^^^^^^^^^^^^^^^^^^^^^^^^^^^^^^^^^^^^^^^^^^^ this code causes undefined behavior when executed
[INFO] [stdout] 
[INFO] [stdout] 
[INFO] [stdout] warning: dereferencing a null pointer
[INFO] [stdout]  --> /opt/rustwide/target/debug/build/mupen64plus-sys-40cc069ca6fafd02/out/libmupen64plus.rs:3:43849
[INFO] [stdout]   |
[INFO] [stdout] 3 | ...afe { & (* (:: std :: ptr :: null :: < m64p_video_extension_functions > ())) . VidExtFuncGLGetAttr as * const _ as usize } , 72usize ,...
[INFO] [stdout]   |            ^^^^^^^^^^^^^^^^^^^^^^^^^^^^^^^^^^^^^^^^^^^^^^^^^^^^^^^^^^^^^^^^^^^^ this code causes undefined behavior when executed
[INFO] [stdout] 
[INFO] [stdout] 
[INFO] [stdout] warning: dereferencing a null pointer
[INFO] [stdout]  --> /opt/rustwide/target/debug/build/mupen64plus-sys-40cc069ca6fafd02/out/libmupen64plus.rs:3:44124
[INFO] [stdout]   |
[INFO] [stdout] 3 | ...afe { & (* (:: std :: ptr :: null :: < m64p_video_extension_functions > ())) . VidExtFuncGLSwapBuf as * const _ as usize } , 80usize ,...
[INFO] [stdout]   |            ^^^^^^^^^^^^^^^^^^^^^^^^^^^^^^^^^^^^^^^^^^^^^^^^^^^^^^^^^^^^^^^^^^^^ this code causes undefined behavior when executed
[INFO] [stdout] 
[INFO] [stdout] 
[INFO] [stdout] warning: dereferencing a null pointer
[INFO] [stdout]  --> /opt/rustwide/target/debug/build/mupen64plus-sys-40cc069ca6fafd02/out/libmupen64plus.rs:3:44399
[INFO] [stdout]   |
[INFO] [stdout] 3 | ...afe { & (* (:: std :: ptr :: null :: < m64p_video_extension_functions > ())) . VidExtFuncSetCaption as * const _ as usize } , 88usize ...
[INFO] [stdout]   |            ^^^^^^^^^^^^^^^^^^^^^^^^^^^^^^^^^^^^^^^^^^^^^^^^^^^^^^^^^^^^^^^^^^^^ this code causes undefined behavior when executed
[INFO] [stdout] 
[INFO] [stdout] 
[INFO] [stdout] warning: dereferencing a null pointer
[INFO] [stdout]  --> /opt/rustwide/target/debug/build/mupen64plus-sys-40cc069ca6fafd02/out/libmupen64plus.rs:3:44676
[INFO] [stdout]   |
[INFO] [stdout] 3 | ...afe { & (* (:: std :: ptr :: null :: < m64p_video_extension_functions > ())) . VidExtFuncToggleFS as * const _ as usize } , 96usize , ...
[INFO] [stdout]   |            ^^^^^^^^^^^^^^^^^^^^^^^^^^^^^^^^^^^^^^^^^^^^^^^^^^^^^^^^^^^^^^^^^^^^ this code causes undefined behavior when executed
[INFO] [stdout] 
[INFO] [stdout] 
[INFO] [stdout] warning: dereferencing a null pointer
[INFO] [stdout]  --> /opt/rustwide/target/debug/build/mupen64plus-sys-40cc069ca6fafd02/out/libmupen64plus.rs:3:44949
[INFO] [stdout]   |
[INFO] [stdout] 3 | ...afe { & (* (:: std :: ptr :: null :: < m64p_video_extension_functions > ())) . VidExtFuncResizeWindow as * const _ as usize } , 104usi...
[INFO] [stdout]   |            ^^^^^^^^^^^^^^^^^^^^^^^^^^^^^^^^^^^^^^^^^^^^^^^^^^^^^^^^^^^^^^^^^^^^ this code causes undefined behavior when executed
[INFO] [stdout] 
[INFO] [stdout] 
[INFO] [stdout] warning: dereferencing a null pointer
[INFO] [stdout]  --> /opt/rustwide/target/debug/build/mupen64plus-sys-40cc069ca6fafd02/out/libmupen64plus.rs:3:45231
[INFO] [stdout]   |
[INFO] [stdout] 3 | ...afe { & (* (:: std :: ptr :: null :: < m64p_video_extension_functions > ())) . VidExtFuncGLGetDefaultFramebuffer as * const _ as usize...
[INFO] [stdout]   |            ^^^^^^^^^^^^^^^^^^^^^^^^^^^^^^^^^^^^^^^^^^^^^^^^^^^^^^^^^^^^^^^^^^^^ this code causes undefined behavior when executed
[INFO] [stdout] 
[INFO] [stdout] 
[INFO] [stdout] warning: dereferencing a null pointer
[INFO] [stdout]  --> /opt/rustwide/target/debug/build/mupen64plus-sys-40cc069ca6fafd02/out/libmupen64plus.rs:3:61129
[INFO] [stdout]   |
[INFO] [stdout] 3 | ...t_eq ! (unsafe { & (* (:: std :: ptr :: null :: < RSP_INFO > ())) . RDRAM as * const _ as usize } , 0usize , concat ! ("Offset of fiel...
[INFO] [stdout]   |                       ^^^^^^^^^^^^^^^^^^^^^^^^^^^^^^^^^^^^^^^^^^^^^^ this code causes undefined behavior when executed
[INFO] [stdout] 
[INFO] [stdout] 
[INFO] [stdout] warning: dereferencing a null pointer
[INFO] [stdout]  --> /opt/rustwide/target/debug/build/mupen64plus-sys-40cc069ca6fafd02/out/libmupen64plus.rs:3:61331
[INFO] [stdout]   |
[INFO] [stdout] 3 | ...t_eq ! (unsafe { & (* (:: std :: ptr :: null :: < RSP_INFO > ())) . DMEM as * const _ as usize } , 8usize , concat ! ("Offset of field...
[INFO] [stdout]   |                       ^^^^^^^^^^^^^^^^^^^^^^^^^^^^^^^^^^^^^^^^^^^^^^ this code causes undefined behavior when executed
[INFO] [stdout] 
[INFO] [stdout] 
[INFO] [stdout] warning: dereferencing a null pointer
[INFO] [stdout]  --> /opt/rustwide/target/debug/build/mupen64plus-sys-40cc069ca6fafd02/out/libmupen64plus.rs:3:61531
[INFO] [stdout]   |
[INFO] [stdout] 3 | ...t_eq ! (unsafe { & (* (:: std :: ptr :: null :: < RSP_INFO > ())) . IMEM as * const _ as usize } , 16usize , concat ! ("Offset of fiel...
[INFO] [stdout]   |                       ^^^^^^^^^^^^^^^^^^^^^^^^^^^^^^^^^^^^^^^^^^^^^^ this code causes undefined behavior when executed
[INFO] [stdout] 
[INFO] [stdout] 
[INFO] [stdout] warning: dereferencing a null pointer
[INFO] [stdout]  --> /opt/rustwide/target/debug/build/mupen64plus-sys-40cc069ca6fafd02/out/libmupen64plus.rs:3:61732
[INFO] [stdout]   |
[INFO] [stdout] 3 | ...t_eq ! (unsafe { & (* (:: std :: ptr :: null :: < RSP_INFO > ())) . MI_INTR_REG as * const _ as usize } , 24usize , concat ! ("Offset ...
[INFO] [stdout]   |                       ^^^^^^^^^^^^^^^^^^^^^^^^^^^^^^^^^^^^^^^^^^^^^^ this code causes undefined behavior when executed
[INFO] [stdout] 
[INFO] [stdout] 
[INFO] [stdout] warning: dereferencing a null pointer
[INFO] [stdout]  --> /opt/rustwide/target/debug/build/mupen64plus-sys-40cc069ca6fafd02/out/libmupen64plus.rs:3:61947
[INFO] [stdout]   |
[INFO] [stdout] 3 | ...t_eq ! (unsafe { & (* (:: std :: ptr :: null :: < RSP_INFO > ())) . SP_MEM_ADDR_REG as * const _ as usize } , 32usize , concat ! ("Off...
[INFO] [stdout]   |                       ^^^^^^^^^^^^^^^^^^^^^^^^^^^^^^^^^^^^^^^^^^^^^^ this code causes undefined behavior when executed
[INFO] [stdout] 
[INFO] [stdout] 
[INFO] [stdout] warning: dereferencing a null pointer
[INFO] [stdout]  --> /opt/rustwide/target/debug/build/mupen64plus-sys-40cc069ca6fafd02/out/libmupen64plus.rs:3:62170
[INFO] [stdout]   |
[INFO] [stdout] 3 | ...t_eq ! (unsafe { & (* (:: std :: ptr :: null :: < RSP_INFO > ())) . SP_DRAM_ADDR_REG as * const _ as usize } , 40usize , concat ! ("Of...
[INFO] [stdout]   |                       ^^^^^^^^^^^^^^^^^^^^^^^^^^^^^^^^^^^^^^^^^^^^^^ this code causes undefined behavior when executed
[INFO] [stdout] 
[INFO] [stdout] 
[INFO] [stdout] warning: dereferencing a null pointer
[INFO] [stdout]  --> /opt/rustwide/target/debug/build/mupen64plus-sys-40cc069ca6fafd02/out/libmupen64plus.rs:3:62395
[INFO] [stdout]   |
[INFO] [stdout] 3 | ...t_eq ! (unsafe { & (* (:: std :: ptr :: null :: < RSP_INFO > ())) . SP_RD_LEN_REG as * const _ as usize } , 48usize , concat ! ("Offse...
[INFO] [stdout]   |                       ^^^^^^^^^^^^^^^^^^^^^^^^^^^^^^^^^^^^^^^^^^^^^^ this code causes undefined behavior when executed
[INFO] [stdout] 
[INFO] [stdout] 
[INFO] [stdout] warning: dereferencing a null pointer
[INFO] [stdout]  --> /opt/rustwide/target/debug/build/mupen64plus-sys-40cc069ca6fafd02/out/libmupen64plus.rs:3:62614
[INFO] [stdout]   |
[INFO] [stdout] 3 | ...t_eq ! (unsafe { & (* (:: std :: ptr :: null :: < RSP_INFO > ())) . SP_WR_LEN_REG as * const _ as usize } , 56usize , concat ! ("Offse...
[INFO] [stdout]   |                       ^^^^^^^^^^^^^^^^^^^^^^^^^^^^^^^^^^^^^^^^^^^^^^ this code causes undefined behavior when executed
[INFO] [stdout] 
[INFO] [stdout] 
[INFO] [stdout] warning: dereferencing a null pointer
[INFO] [stdout]  --> /opt/rustwide/target/debug/build/mupen64plus-sys-40cc069ca6fafd02/out/libmupen64plus.rs:3:62833
[INFO] [stdout]   |
[INFO] [stdout] 3 | ...t_eq ! (unsafe { & (* (:: std :: ptr :: null :: < RSP_INFO > ())) . SP_STATUS_REG as * const _ as usize } , 64usize , concat ! ("Offse...
[INFO] [stdout]   |                       ^^^^^^^^^^^^^^^^^^^^^^^^^^^^^^^^^^^^^^^^^^^^^^ this code causes undefined behavior when executed
[INFO] [stdout] 
[INFO] [stdout] 
[INFO] [stdout] warning: dereferencing a null pointer
[INFO] [stdout]  --> /opt/rustwide/target/debug/build/mupen64plus-sys-40cc069ca6fafd02/out/libmupen64plus.rs:3:63052
[INFO] [stdout]   |
[INFO] [stdout] 3 | ...t_eq ! (unsafe { & (* (:: std :: ptr :: null :: < RSP_INFO > ())) . SP_DMA_FULL_REG as * const _ as usize } , 72usize , concat ! ("Off...
[INFO] [stdout]   |                       ^^^^^^^^^^^^^^^^^^^^^^^^^^^^^^^^^^^^^^^^^^^^^^ this code causes undefined behavior when executed
[INFO] [stdout] 
[INFO] [stdout] 
[INFO] [stdout] warning: dereferencing a null pointer
[INFO] [stdout]  --> /opt/rustwide/target/debug/build/mupen64plus-sys-40cc069ca6fafd02/out/libmupen64plus.rs:3:63275
[INFO] [stdout]   |
[INFO] [stdout] 3 | ...t_eq ! (unsafe { & (* (:: std :: ptr :: null :: < RSP_INFO > ())) . SP_DMA_BUSY_REG as * const _ as usize } , 80usize , concat ! ("Off...
[INFO] [stdout]   |                       ^^^^^^^^^^^^^^^^^^^^^^^^^^^^^^^^^^^^^^^^^^^^^^ this code causes undefined behavior when executed
[INFO] [stdout] 
[INFO] [stdout] 
[INFO] [stdout] warning: dereferencing a null pointer
[INFO] [stdout]  --> /opt/rustwide/target/debug/build/mupen64plus-sys-40cc069ca6fafd02/out/libmupen64plus.rs:3:63498
[INFO] [stdout]   |
[INFO] [stdout] 3 | ...t_eq ! (unsafe { & (* (:: std :: ptr :: null :: < RSP_INFO > ())) . SP_PC_REG as * const _ as usize } , 88usize , concat ! ("Offset of...
[INFO] [stdout]   |                       ^^^^^^^^^^^^^^^^^^^^^^^^^^^^^^^^^^^^^^^^^^^^^^ this code causes undefined behavior when executed
[INFO] [stdout] 
[INFO] [stdout] 
[INFO] [stdout] warning: dereferencing a null pointer
[INFO] [stdout]  --> /opt/rustwide/target/debug/build/mupen64plus-sys-40cc069ca6fafd02/out/libmupen64plus.rs:3:63709
[INFO] [stdout]   |
[INFO] [stdout] 3 | ...t_eq ! (unsafe { & (* (:: std :: ptr :: null :: < RSP_INFO > ())) . SP_SEMAPHORE_REG as * const _ as usize } , 96usize , concat ! ("Of...
[INFO] [stdout]   |                       ^^^^^^^^^^^^^^^^^^^^^^^^^^^^^^^^^^^^^^^^^^^^^^ this code causes undefined behavior when executed
[INFO] [stdout] 
[INFO] [stdout] 
[INFO] [stdout] warning: dereferencing a null pointer
[INFO] [stdout]  --> /opt/rustwide/target/debug/build/mupen64plus-sys-40cc069ca6fafd02/out/libmupen64plus.rs:3:63934
[INFO] [stdout]   |
[INFO] [stdout] 3 | ...t_eq ! (unsafe { & (* (:: std :: ptr :: null :: < RSP_INFO > ())) . DPC_START_REG as * const _ as usize } , 104usize , concat ! ("Offs...
[INFO] [stdout]   |                       ^^^^^^^^^^^^^^^^^^^^^^^^^^^^^^^^^^^^^^^^^^^^^^ this code causes undefined behavior when executed
[INFO] [stdout] 
[INFO] [stdout] 
[INFO] [stdout] warning: dereferencing a null pointer
[INFO] [stdout]  --> /opt/rustwide/target/debug/build/mupen64plus-sys-40cc069ca6fafd02/out/libmupen64plus.rs:3:64154
[INFO] [stdout]   |
[INFO] [stdout] 3 | ...t_eq ! (unsafe { & (* (:: std :: ptr :: null :: < RSP_INFO > ())) . DPC_END_REG as * const _ as usize } , 112usize , concat ! ("Offset...
[INFO] [stdout]   |                       ^^^^^^^^^^^^^^^^^^^^^^^^^^^^^^^^^^^^^^^^^^^^^^ this code causes undefined behavior when executed
[INFO] [stdout] 
[INFO] [stdout] 
[INFO] [stdout] warning: dereferencing a null pointer
[INFO] [stdout]  --> /opt/rustwide/target/debug/build/mupen64plus-sys-40cc069ca6fafd02/out/libmupen64plus.rs:3:64370
[INFO] [stdout]   |
[INFO] [stdout] 3 | ...t_eq ! (unsafe { & (* (:: std :: ptr :: null :: < RSP_INFO > ())) . DPC_CURRENT_REG as * const _ as usize } , 120usize , concat ! ("Of...
[INFO] [stdout]   |                       ^^^^^^^^^^^^^^^^^^^^^^^^^^^^^^^^^^^^^^^^^^^^^^ this code causes undefined behavior when executed
[INFO] [stdout] 
[INFO] [stdout] 
[INFO] [stdout] warning: dereferencing a null pointer
[INFO] [stdout]  --> /opt/rustwide/target/debug/build/mupen64plus-sys-40cc069ca6fafd02/out/libmupen64plus.rs:3:64594
[INFO] [stdout]   |
[INFO] [stdout] 3 | ...t_eq ! (unsafe { & (* (:: std :: ptr :: null :: < RSP_INFO > ())) . DPC_STATUS_REG as * const _ as usize } , 128usize , concat ! ("Off...
[INFO] [stdout]   |                       ^^^^^^^^^^^^^^^^^^^^^^^^^^^^^^^^^^^^^^^^^^^^^^ this code causes undefined behavior when executed
[INFO] [stdout] 
[INFO] [stdout] 
[INFO] [stdout] warning: dereferencing a null pointer
[INFO] [stdout]  --> /opt/rustwide/target/debug/build/mupen64plus-sys-40cc069ca6fafd02/out/libmupen64plus.rs:3:64816
[INFO] [stdout]   |
[INFO] [stdout] 3 | ...t_eq ! (unsafe { & (* (:: std :: ptr :: null :: < RSP_INFO > ())) . DPC_CLOCK_REG as * const _ as usize } , 136usize , concat ! ("Offs...
[INFO] [stdout]   |                       ^^^^^^^^^^^^^^^^^^^^^^^^^^^^^^^^^^^^^^^^^^^^^^ this code causes undefined behavior when executed
[INFO] [stdout] 
[INFO] [stdout] 
[INFO] [stdout] warning: dereferencing a null pointer
[INFO] [stdout]  --> /opt/rustwide/target/debug/build/mupen64plus-sys-40cc069ca6fafd02/out/libmupen64plus.rs:3:65036
[INFO] [stdout]   |
[INFO] [stdout] 3 | ...t_eq ! (unsafe { & (* (:: std :: ptr :: null :: < RSP_INFO > ())) . DPC_BUFBUSY_REG as * const _ as usize } , 144usize , concat ! ("Of...
[INFO] [stdout]   |                       ^^^^^^^^^^^^^^^^^^^^^^^^^^^^^^^^^^^^^^^^^^^^^^ this code causes undefined behavior when executed
[INFO] [stdout] 
[INFO] [stdout] 
[INFO] [stdout] warning: dereferencing a null pointer
[INFO] [stdout]  --> /opt/rustwide/target/debug/build/mupen64plus-sys-40cc069ca6fafd02/out/libmupen64plus.rs:3:65260
[INFO] [stdout]   |
[INFO] [stdout] 3 | ...t_eq ! (unsafe { & (* (:: std :: ptr :: null :: < RSP_INFO > ())) . DPC_PIPEBUSY_REG as * const _ as usize } , 152usize , concat ! ("O...
[INFO] [stdout]   |                       ^^^^^^^^^^^^^^^^^^^^^^^^^^^^^^^^^^^^^^^^^^^^^^ this code causes undefined behavior when executed
[INFO] [stdout] 
[INFO] [stdout] 
[INFO] [stdout] warning: dereferencing a null pointer
[INFO] [stdout]  --> /opt/rustwide/target/debug/build/mupen64plus-sys-40cc069ca6fafd02/out/libmupen64plus.rs:3:65486
[INFO] [stdout]   |
[INFO] [stdout] 3 | ...t_eq ! (unsafe { & (* (:: std :: ptr :: null :: < RSP_INFO > ())) . DPC_TMEM_REG as * const _ as usize } , 160usize , concat ! ("Offse...
[INFO] [stdout]   |                       ^^^^^^^^^^^^^^^^^^^^^^^^^^^^^^^^^^^^^^^^^^^^^^ this code causes undefined behavior when executed
[INFO] [stdout] 
[INFO] [stdout] 
[INFO] [stdout] warning: dereferencing a null pointer
[INFO] [stdout]  --> /opt/rustwide/target/debug/build/mupen64plus-sys-40cc069ca6fafd02/out/libmupen64plus.rs:3:65704
[INFO] [stdout]   |
[INFO] [stdout] 3 | ...t_eq ! (unsafe { & (* (:: std :: ptr :: null :: < RSP_INFO > ())) . CheckInterrupts as * const _ as usize } , 168usize , concat ! ("Of...
[INFO] [stdout]   |                       ^^^^^^^^^^^^^^^^^^^^^^^^^^^^^^^^^^^^^^^^^^^^^^ this code causes undefined behavior when executed
[INFO] [stdout] 
[INFO] [stdout] 
[INFO] [stdout] warning: dereferencing a null pointer
[INFO] [stdout]  --> /opt/rustwide/target/debug/build/mupen64plus-sys-40cc069ca6fafd02/out/libmupen64plus.rs:3:65928
[INFO] [stdout]   |
[INFO] [stdout] 3 | ...t_eq ! (unsafe { & (* (:: std :: ptr :: null :: < RSP_INFO > ())) . ProcessDlistList as * const _ as usize } , 176usize , concat ! ("O...
[INFO] [stdout]   |                       ^^^^^^^^^^^^^^^^^^^^^^^^^^^^^^^^^^^^^^^^^^^^^^ this code causes undefined behavior when executed
[INFO] [stdout] 
[INFO] [stdout] 
[INFO] [stdout] warning: dereferencing a null pointer
[INFO] [stdout]  --> /opt/rustwide/target/debug/build/mupen64plus-sys-40cc069ca6fafd02/out/libmupen64plus.rs:3:66154
[INFO] [stdout]   |
[INFO] [stdout] 3 | ...t_eq ! (unsafe { & (* (:: std :: ptr :: null :: < RSP_INFO > ())) . ProcessAlistList as * const _ as usize } , 184usize , concat ! ("O...
[INFO] [stdout]   |                       ^^^^^^^^^^^^^^^^^^^^^^^^^^^^^^^^^^^^^^^^^^^^^^ this code causes undefined behavior when executed
[INFO] [stdout] 
[INFO] [stdout] 
[INFO] [stdout] warning: dereferencing a null pointer
[INFO] [stdout]  --> /opt/rustwide/target/debug/build/mupen64plus-sys-40cc069ca6fafd02/out/libmupen64plus.rs:3:66380
[INFO] [stdout]   |
[INFO] [stdout] 3 | ...t_eq ! (unsafe { & (* (:: std :: ptr :: null :: < RSP_INFO > ())) . ProcessRdpList as * const _ as usize } , 192usize , concat ! ("Off...
[INFO] [stdout]   |                       ^^^^^^^^^^^^^^^^^^^^^^^^^^^^^^^^^^^^^^^^^^^^^^ this code causes undefined behavior when executed
[INFO] [stdout] 
[INFO] [stdout] 
[INFO] [stdout] warning: dereferencing a null pointer
[INFO] [stdout]  --> /opt/rustwide/target/debug/build/mupen64plus-sys-40cc069ca6fafd02/out/libmupen64plus.rs:3:66602
[INFO] [stdout]   |
[INFO] [stdout] 3 | ...t_eq ! (unsafe { & (* (:: std :: ptr :: null :: < RSP_INFO > ())) . ShowCFB as * const _ as usize } , 200usize , concat ! ("Offset of ...
[INFO] [stdout]   |                       ^^^^^^^^^^^^^^^^^^^^^^^^^^^^^^^^^^^^^^^^^^^^^^ this code causes undefined behavior when executed
[INFO] [stdout] 
[INFO] [stdout] 
[INFO] [stdout] warning: dereferencing a null pointer
[INFO] [stdout]  --> /opt/rustwide/target/debug/build/mupen64plus-sys-40cc069ca6fafd02/out/libmupen64plus.rs:3:68962
[INFO] [stdout]   |
[INFO] [stdout] 3 | ...t_eq ! (unsafe { & (* (:: std :: ptr :: null :: < GFX_INFO > ())) . HEADER as * const _ as usize } , 0usize , concat ! ("Offset of fie...
[INFO] [stdout]   |                       ^^^^^^^^^^^^^^^^^^^^^^^^^^^^^^^^^^^^^^^^^^^^^^ this code causes undefined behavior when executed
[INFO] [stdout] 
[INFO] [stdout] 
[INFO] [stdout] warning: dereferencing a null pointer
[INFO] [stdout]  --> /opt/rustwide/target/debug/build/mupen64plus-sys-40cc069ca6fafd02/out/libmupen64plus.rs:3:69166
[INFO] [stdout]   |
[INFO] [stdout] 3 | ...t_eq ! (unsafe { & (* (:: std :: ptr :: null :: < GFX_INFO > ())) . RDRAM as * const _ as usize } , 8usize , concat ! ("Offset of fiel...
[INFO] [stdout]   |                       ^^^^^^^^^^^^^^^^^^^^^^^^^^^^^^^^^^^^^^^^^^^^^^ this code causes undefined behavior when executed
[INFO] [stdout] 
[INFO] [stdout] 
[INFO] [stdout] warning: dereferencing a null pointer
[INFO] [stdout]  --> /opt/rustwide/target/debug/build/mupen64plus-sys-40cc069ca6fafd02/out/libmupen64plus.rs:3:69368
[INFO] [stdout]   |
[INFO] [stdout] 3 | ...t_eq ! (unsafe { & (* (:: std :: ptr :: null :: < GFX_INFO > ())) . DMEM as * const _ as usize } , 16usize , concat ! ("Offset of fiel...
[INFO] [stdout]   |                       ^^^^^^^^^^^^^^^^^^^^^^^^^^^^^^^^^^^^^^^^^^^^^^ this code causes undefined behavior when executed
[INFO] [stdout] 
[INFO] [stdout] 
[INFO] [stdout] warning: dereferencing a null pointer
[INFO] [stdout]  --> /opt/rustwide/target/debug/build/mupen64plus-sys-40cc069ca6fafd02/out/libmupen64plus.rs:3:69569
[INFO] [stdout]   |
[INFO] [stdout] 3 | ...t_eq ! (unsafe { & (* (:: std :: ptr :: null :: < GFX_INFO > ())) . IMEM as * const _ as usize } , 24usize , concat ! ("Offset of fiel...
[INFO] [stdout]   |                       ^^^^^^^^^^^^^^^^^^^^^^^^^^^^^^^^^^^^^^^^^^^^^^ this code causes undefined behavior when executed
[INFO] [stdout] 
[INFO] [stdout] 
[INFO] [stdout] warning: dereferencing a null pointer
[INFO] [stdout]  --> /opt/rustwide/target/debug/build/mupen64plus-sys-40cc069ca6fafd02/out/libmupen64plus.rs:3:69770
[INFO] [stdout]   |
[INFO] [stdout] 3 | ...t_eq ! (unsafe { & (* (:: std :: ptr :: null :: < GFX_INFO > ())) . MI_INTR_REG as * const _ as usize } , 32usize , concat ! ("Offset ...
[INFO] [stdout]   |                       ^^^^^^^^^^^^^^^^^^^^^^^^^^^^^^^^^^^^^^^^^^^^^^ this code causes undefined behavior when executed
[INFO] [stdout] 
[INFO] [stdout] 
[INFO] [stdout] warning: dereferencing a null pointer
[INFO] [stdout]  --> /opt/rustwide/target/debug/build/mupen64plus-sys-40cc069ca6fafd02/out/libmupen64plus.rs:3:69985
[INFO] [stdout]   |
[INFO] [stdout] 3 | ...t_eq ! (unsafe { & (* (:: std :: ptr :: null :: < GFX_INFO > ())) . DPC_START_REG as * const _ as usize } , 40usize , concat ! ("Offse...
[INFO] [stdout]   |                       ^^^^^^^^^^^^^^^^^^^^^^^^^^^^^^^^^^^^^^^^^^^^^^ this code causes undefined behavior when executed
[INFO] [stdout] 
[INFO] [stdout] 
[INFO] [stdout] warning: dereferencing a null pointer
[INFO] [stdout]  --> /opt/rustwide/target/debug/build/mupen64plus-sys-40cc069ca6fafd02/out/libmupen64plus.rs:3:70204
[INFO] [stdout]   |
[INFO] [stdout] 3 | ...t_eq ! (unsafe { & (* (:: std :: ptr :: null :: < GFX_INFO > ())) . DPC_END_REG as * const _ as usize } , 48usize , concat ! ("Offset ...
[INFO] [stdout]   |                       ^^^^^^^^^^^^^^^^^^^^^^^^^^^^^^^^^^^^^^^^^^^^^^ this code causes undefined behavior when executed
[INFO] [stdout] 
[INFO] [stdout] 
[INFO] [stdout] warning: dereferencing a null pointer
[INFO] [stdout]  --> /opt/rustwide/target/debug/build/mupen64plus-sys-40cc069ca6fafd02/out/libmupen64plus.rs:3:70419
[INFO] [stdout]   |
[INFO] [stdout] 3 | ...t_eq ! (unsafe { & (* (:: std :: ptr :: null :: < GFX_INFO > ())) . DPC_CURRENT_REG as * const _ as usize } , 56usize , concat ! ("Off...
[INFO] [stdout]   |                       ^^^^^^^^^^^^^^^^^^^^^^^^^^^^^^^^^^^^^^^^^^^^^^ this code causes undefined behavior when executed
[INFO] [stdout] 
[INFO] [stdout] 
[INFO] [stdout] warning: dereferencing a null pointer
[INFO] [stdout]  --> /opt/rustwide/target/debug/build/mupen64plus-sys-40cc069ca6fafd02/out/libmupen64plus.rs:3:70642
[INFO] [stdout]   |
[INFO] [stdout] 3 | ...t_eq ! (unsafe { & (* (:: std :: ptr :: null :: < GFX_INFO > ())) . DPC_STATUS_REG as * const _ as usize } , 64usize , concat ! ("Offs...
[INFO] [stdout]   |                       ^^^^^^^^^^^^^^^^^^^^^^^^^^^^^^^^^^^^^^^^^^^^^^ this code causes undefined behavior when executed
[INFO] [stdout] 
[INFO] [stdout] 
[INFO] [stdout] warning: dereferencing a null pointer
[INFO] [stdout]  --> /opt/rustwide/target/debug/build/mupen64plus-sys-40cc069ca6fafd02/out/libmupen64plus.rs:3:70863
[INFO] [stdout]   |
[INFO] [stdout] 3 | ...t_eq ! (unsafe { & (* (:: std :: ptr :: null :: < GFX_INFO > ())) . DPC_CLOCK_REG as * const _ as usize } , 72usize , concat ! ("Offse...
[INFO] [stdout]   |                       ^^^^^^^^^^^^^^^^^^^^^^^^^^^^^^^^^^^^^^^^^^^^^^ this code causes undefined behavior when executed
[INFO] [stdout] 
[INFO] [stdout] 
[INFO] [stdout] warning: dereferencing a null pointer
[INFO] [stdout]  --> /opt/rustwide/target/debug/build/mupen64plus-sys-40cc069ca6fafd02/out/libmupen64plus.rs:3:71082
[INFO] [stdout]   |
[INFO] [stdout] 3 | ...t_eq ! (unsafe { & (* (:: std :: ptr :: null :: < GFX_INFO > ())) . DPC_BUFBUSY_REG as * const _ as usize } , 80usize , concat ! ("Off...
[INFO] [stdout]   |                       ^^^^^^^^^^^^^^^^^^^^^^^^^^^^^^^^^^^^^^^^^^^^^^ this code causes undefined behavior when executed
[INFO] [stdout] 
[INFO] [stdout] 
[INFO] [stdout] warning: dereferencing a null pointer
[INFO] [stdout]  --> /opt/rustwide/target/debug/build/mupen64plus-sys-40cc069ca6fafd02/out/libmupen64plus.rs:3:71305
[INFO] [stdout]   |
[INFO] [stdout] 3 | ...t_eq ! (unsafe { & (* (:: std :: ptr :: null :: < GFX_INFO > ())) . DPC_PIPEBUSY_REG as * const _ as usize } , 88usize , concat ! ("Of...
[INFO] [stdout]   |                       ^^^^^^^^^^^^^^^^^^^^^^^^^^^^^^^^^^^^^^^^^^^^^^ this code causes undefined behavior when executed
[INFO] [stdout] 
[INFO] [stdout] 
[INFO] [stdout] warning: dereferencing a null pointer
[INFO] [stdout]  --> /opt/rustwide/target/debug/build/mupen64plus-sys-40cc069ca6fafd02/out/libmupen64plus.rs:3:71530
[INFO] [stdout]   |
[INFO] [stdout] 3 | ...t_eq ! (unsafe { & (* (:: std :: ptr :: null :: < GFX_INFO > ())) . DPC_TMEM_REG as * const _ as usize } , 96usize , concat ! ("Offset...
[INFO] [stdout]   |                       ^^^^^^^^^^^^^^^^^^^^^^^^^^^^^^^^^^^^^^^^^^^^^^ this code causes undefined behavior when executed
[INFO] [stdout] 
[INFO] [stdout] 
[INFO] [stdout] warning: dereferencing a null pointer
[INFO] [stdout]  --> /opt/rustwide/target/debug/build/mupen64plus-sys-40cc069ca6fafd02/out/libmupen64plus.rs:3:71747
[INFO] [stdout]   |
[INFO] [stdout] 3 | ...t_eq ! (unsafe { & (* (:: std :: ptr :: null :: < GFX_INFO > ())) . VI_STATUS_REG as * const _ as usize } , 104usize , concat ! ("Offs...
[INFO] [stdout]   |                       ^^^^^^^^^^^^^^^^^^^^^^^^^^^^^^^^^^^^^^^^^^^^^^ this code causes undefined behavior when executed
[INFO] [stdout] 
[INFO] [stdout] 
[INFO] [stdout] warning: dereferencing a null pointer
[INFO] [stdout]  --> /opt/rustwide/target/debug/build/mupen64plus-sys-40cc069ca6fafd02/out/libmupen64plus.rs:3:71967
[INFO] [stdout]   |
[INFO] [stdout] 3 | ...t_eq ! (unsafe { & (* (:: std :: ptr :: null :: < GFX_INFO > ())) . VI_ORIGIN_REG as * const _ as usize } , 112usize , concat ! ("Offs...
[INFO] [stdout]   |                       ^^^^^^^^^^^^^^^^^^^^^^^^^^^^^^^^^^^^^^^^^^^^^^ this code causes undefined behavior when executed
[INFO] [stdout] 
[INFO] [stdout] 
[INFO] [stdout] warning: dereferencing a null pointer
[INFO] [stdout]  --> /opt/rustwide/target/debug/build/mupen64plus-sys-40cc069ca6fafd02/out/libmupen64plus.rs:3:72187
[INFO] [stdout]   |
[INFO] [stdout] 3 | ...t_eq ! (unsafe { & (* (:: std :: ptr :: null :: < GFX_INFO > ())) . VI_WIDTH_REG as * const _ as usize } , 120usize , concat ! ("Offse...
[INFO] [stdout]   |                       ^^^^^^^^^^^^^^^^^^^^^^^^^^^^^^^^^^^^^^^^^^^^^^ this code causes undefined behavior when executed
[INFO] [stdout] 
[INFO] [stdout] 
[INFO] [stdout] warning: dereferencing a null pointer
[INFO] [stdout]  --> /opt/rustwide/target/debug/build/mupen64plus-sys-40cc069ca6fafd02/out/libmupen64plus.rs:3:72405
[INFO] [stdout]   |
[INFO] [stdout] 3 | ...t_eq ! (unsafe { & (* (:: std :: ptr :: null :: < GFX_INFO > ())) . VI_INTR_REG as * const _ as usize } , 128usize , concat ! ("Offset...
[INFO] [stdout]   |                       ^^^^^^^^^^^^^^^^^^^^^^^^^^^^^^^^^^^^^^^^^^^^^^ this code causes undefined behavior when executed
[INFO] [stdout] 
[INFO] [stdout] 
[INFO] [stdout] warning: dereferencing a null pointer
[INFO] [stdout]  --> /opt/rustwide/target/debug/build/mupen64plus-sys-40cc069ca6fafd02/out/libmupen64plus.rs:3:72621
[INFO] [stdout]   |
[INFO] [stdout] 3 | ...t_eq ! (unsafe { & (* (:: std :: ptr :: null :: < GFX_INFO > ())) . VI_V_CURRENT_LINE_REG as * const _ as usize } , 136usize , concat ...
[INFO] [stdout]   |                       ^^^^^^^^^^^^^^^^^^^^^^^^^^^^^^^^^^^^^^^^^^^^^^ this code causes undefined behavior when executed
[INFO] [stdout] 
[INFO] [stdout] 
[INFO] [stdout] warning: dereferencing a null pointer
[INFO] [stdout]  --> /opt/rustwide/target/debug/build/mupen64plus-sys-40cc069ca6fafd02/out/libmupen64plus.rs:3:72857
[INFO] [stdout]   |
[INFO] [stdout] 3 | ...t_eq ! (unsafe { & (* (:: std :: ptr :: null :: < GFX_INFO > ())) . VI_TIMING_REG as * const _ as usize } , 144usize , concat ! ("Offs...
[INFO] [stdout]   |                       ^^^^^^^^^^^^^^^^^^^^^^^^^^^^^^^^^^^^^^^^^^^^^^ this code causes undefined behavior when executed
[INFO] [stdout] 
[INFO] [stdout] 
[INFO] [stdout] warning: dereferencing a null pointer
[INFO] [stdout]  --> /opt/rustwide/target/debug/build/mupen64plus-sys-40cc069ca6fafd02/out/libmupen64plus.rs:3:73077
[INFO] [stdout]   |
[INFO] [stdout] 3 | ...t_eq ! (unsafe { & (* (:: std :: ptr :: null :: < GFX_INFO > ())) . VI_V_SYNC_REG as * const _ as usize } , 152usize , concat ! ("Offs...
[INFO] [stdout]   |                       ^^^^^^^^^^^^^^^^^^^^^^^^^^^^^^^^^^^^^^^^^^^^^^ this code causes undefined behavior when executed
[INFO] [stdout] 
[INFO] [stdout] 
[INFO] [stdout] warning: dereferencing a null pointer
[INFO] [stdout]  --> /opt/rustwide/target/debug/build/mupen64plus-sys-40cc069ca6fafd02/out/libmupen64plus.rs:3:73297
[INFO] [stdout]   |
[INFO] [stdout] 3 | ...t_eq ! (unsafe { & (* (:: std :: ptr :: null :: < GFX_INFO > ())) . VI_H_SYNC_REG as * const _ as usize } , 160usize , concat ! ("Offs...
[INFO] [stdout]   |                       ^^^^^^^^^^^^^^^^^^^^^^^^^^^^^^^^^^^^^^^^^^^^^^ this code causes undefined behavior when executed
[INFO] [stdout] 
[INFO] [stdout] 
[INFO] [stdout] warning: dereferencing a null pointer
[INFO] [stdout]  --> /opt/rustwide/target/debug/build/mupen64plus-sys-40cc069ca6fafd02/out/libmupen64plus.rs:3:73517
[INFO] [stdout]   |
[INFO] [stdout] 3 | ...t_eq ! (unsafe { & (* (:: std :: ptr :: null :: < GFX_INFO > ())) . VI_LEAP_REG as * const _ as usize } , 168usize , concat ! ("Offset...
[INFO] [stdout]   |                       ^^^^^^^^^^^^^^^^^^^^^^^^^^^^^^^^^^^^^^^^^^^^^^ this code causes undefined behavior when executed
[INFO] [stdout] 
[INFO] [stdout] 
[INFO] [stdout] warning: dereferencing a null pointer
[INFO] [stdout]  --> /opt/rustwide/target/debug/build/mupen64plus-sys-40cc069ca6fafd02/out/libmupen64plus.rs:3:73733
[INFO] [stdout]   |
[INFO] [stdout] 3 | ...t_eq ! (unsafe { & (* (:: std :: ptr :: null :: < GFX_INFO > ())) . VI_H_START_REG as * const _ as usize } , 176usize , concat ! ("Off...
[INFO] [stdout]   |                       ^^^^^^^^^^^^^^^^^^^^^^^^^^^^^^^^^^^^^^^^^^^^^^ this code causes undefined behavior when executed
[INFO] [stdout] 
[INFO] [stdout] 
[INFO] [stdout] warning: dereferencing a null pointer
[INFO] [stdout]  --> /opt/rustwide/target/debug/build/mupen64plus-sys-40cc069ca6fafd02/out/libmupen64plus.rs:3:73955
[INFO] [stdout]   |
[INFO] [stdout] 3 | ...t_eq ! (unsafe { & (* (:: std :: ptr :: null :: < GFX_INFO > ())) . VI_V_START_REG as * const _ as usize } , 184usize , concat ! ("Off...
[INFO] [stdout]   |                       ^^^^^^^^^^^^^^^^^^^^^^^^^^^^^^^^^^^^^^^^^^^^^^ this code causes undefined behavior when executed
[INFO] [stdout] 
[INFO] [stdout] 
[INFO] [stdout] warning: dereferencing a null pointer
[INFO] [stdout]  --> /opt/rustwide/target/debug/build/mupen64plus-sys-40cc069ca6fafd02/out/libmupen64plus.rs:3:74177
[INFO] [stdout]   |
[INFO] [stdout] 3 | ...t_eq ! (unsafe { & (* (:: std :: ptr :: null :: < GFX_INFO > ())) . VI_V_BURST_REG as * const _ as usize } , 192usize , concat ! ("Off...
[INFO] [stdout]   |                       ^^^^^^^^^^^^^^^^^^^^^^^^^^^^^^^^^^^^^^^^^^^^^^ this code causes undefined behavior when executed
[INFO] [stdout] 
[INFO] [stdout] 
[INFO] [stdout] warning: dereferencing a null pointer
[INFO] [stdout]  --> /opt/rustwide/target/debug/build/mupen64plus-sys-40cc069ca6fafd02/out/libmupen64plus.rs:3:74399
[INFO] [stdout]   |
[INFO] [stdout] 3 | ...t_eq ! (unsafe { & (* (:: std :: ptr :: null :: < GFX_INFO > ())) . VI_X_SCALE_REG as * const _ as usize } , 200usize , concat ! ("Off...
[INFO] [stdout]   |                       ^^^^^^^^^^^^^^^^^^^^^^^^^^^^^^^^^^^^^^^^^^^^^^ this code causes undefined behavior when executed
[INFO] [stdout] 
[INFO] [stdout] 
[INFO] [stdout] warning: dereferencing a null pointer
[INFO] [stdout]  --> /opt/rustwide/target/debug/build/mupen64plus-sys-40cc069ca6fafd02/out/libmupen64plus.rs:3:74621
[INFO] [stdout]   |
[INFO] [stdout] 3 | ...t_eq ! (unsafe { & (* (:: std :: ptr :: null :: < GFX_INFO > ())) . VI_Y_SCALE_REG as * const _ as usize } , 208usize , concat ! ("Off...
[INFO] [stdout]   |                       ^^^^^^^^^^^^^^^^^^^^^^^^^^^^^^^^^^^^^^^^^^^^^^ this code causes undefined behavior when executed
[INFO] [stdout] 
[INFO] [stdout] 
[INFO] [stdout] warning: dereferencing a null pointer
[INFO] [stdout]  --> /opt/rustwide/target/debug/build/mupen64plus-sys-40cc069ca6fafd02/out/libmupen64plus.rs:3:74843
[INFO] [stdout]   |
[INFO] [stdout] 3 | ...t_eq ! (unsafe { & (* (:: std :: ptr :: null :: < GFX_INFO > ())) . CheckInterrupts as * const _ as usize } , 216usize , concat ! ("Of...
[INFO] [stdout]   |                       ^^^^^^^^^^^^^^^^^^^^^^^^^^^^^^^^^^^^^^^^^^^^^^ this code causes undefined behavior when executed
[INFO] [stdout] 
[INFO] [stdout] 
[INFO] [stdout] warning: dereferencing a null pointer
[INFO] [stdout]  --> /opt/rustwide/target/debug/build/mupen64plus-sys-40cc069ca6fafd02/out/libmupen64plus.rs:3:75067
[INFO] [stdout]   |
[INFO] [stdout] 3 | ...t_eq ! (unsafe { & (* (:: std :: ptr :: null :: < GFX_INFO > ())) . version as * const _ as usize } , 224usize , concat ! ("Offset of ...
[INFO] [stdout]   |                       ^^^^^^^^^^^^^^^^^^^^^^^^^^^^^^^^^^^^^^^^^^^^^^ this code causes undefined behavior when executed
[INFO] [stdout] 
[INFO] [stdout] 
[INFO] [stdout] warning: dereferencing a null pointer
[INFO] [stdout]  --> /opt/rustwide/target/debug/build/mupen64plus-sys-40cc069ca6fafd02/out/libmupen64plus.rs:3:75275
[INFO] [stdout]   |
[INFO] [stdout] 3 | ...t_eq ! (unsafe { & (* (:: std :: ptr :: null :: < GFX_INFO > ())) . SP_STATUS_REG as * const _ as usize } , 232usize , concat ! ("Offs...
[INFO] [stdout]   |                       ^^^^^^^^^^^^^^^^^^^^^^^^^^^^^^^^^^^^^^^^^^^^^^ this code causes undefined behavior when executed
[INFO] [stdout] 
[INFO] [stdout] 
[INFO] [stdout] warning: dereferencing a null pointer
[INFO] [stdout]  --> /opt/rustwide/target/debug/build/mupen64plus-sys-40cc069ca6fafd02/out/libmupen64plus.rs:3:75495
[INFO] [stdout]   |
[INFO] [stdout] 3 | ...t_eq ! (unsafe { & (* (:: std :: ptr :: null :: < GFX_INFO > ())) . RDRAM_SIZE as * const _ as usize } , 240usize , concat ! ("Offset ...
[INFO] [stdout]   |                       ^^^^^^^^^^^^^^^^^^^^^^^^^^^^^^^^^^^^^^^^^^^^^^ this code causes undefined behavior when executed
[INFO] [stdout] 
[INFO] [stdout] 
[INFO] [stdout] warning: dereferencing a null pointer
[INFO] [stdout]  --> /opt/rustwide/target/debug/build/mupen64plus-sys-40cc069ca6fafd02/out/libmupen64plus.rs:3:76721
[INFO] [stdout]   |
[INFO] [stdout] 3 | ..._eq ! (unsafe { & (* (:: std :: ptr :: null :: < AUDIO_INFO > ())) . RDRAM as * const _ as usize } , 0usize , concat ! ("Offset of fie...
[INFO] [stdout]   |                      ^^^^^^^^^^^^^^^^^^^^^^^^^^^^^^^^^^^^^^^^^^^^^^^^ this code causes undefined behavior when executed
[INFO] [stdout] 
[INFO] [stdout] 
[INFO] [stdout] warning: dereferencing a null pointer
[INFO] [stdout]  --> /opt/rustwide/target/debug/build/mupen64plus-sys-40cc069ca6fafd02/out/libmupen64plus.rs:3:76927
[INFO] [stdout]   |
[INFO] [stdout] 3 | ..._eq ! (unsafe { & (* (:: std :: ptr :: null :: < AUDIO_INFO > ())) . DMEM as * const _ as usize } , 8usize , concat ! ("Offset of fiel...
[INFO] [stdout]   |                      ^^^^^^^^^^^^^^^^^^^^^^^^^^^^^^^^^^^^^^^^^^^^^^^^ this code causes undefined behavior when executed
[INFO] [stdout] 
[INFO] [stdout] 
[INFO] [stdout] warning: dereferencing a null pointer
[INFO] [stdout]  --> /opt/rustwide/target/debug/build/mupen64plus-sys-40cc069ca6fafd02/out/libmupen64plus.rs:3:77131
[INFO] [stdout]   |
[INFO] [stdout] 3 | ..._eq ! (unsafe { & (* (:: std :: ptr :: null :: < AUDIO_INFO > ())) . IMEM as * const _ as usize } , 16usize , concat ! ("Offset of fie...
[INFO] [stdout]   |                      ^^^^^^^^^^^^^^^^^^^^^^^^^^^^^^^^^^^^^^^^^^^^^^^^ this code causes undefined behavior when executed
[INFO] [stdout] 
[INFO] [stdout] 
[INFO] [stdout] warning: dereferencing a null pointer
[INFO] [stdout]  --> /opt/rustwide/target/debug/build/mupen64plus-sys-40cc069ca6fafd02/out/libmupen64plus.rs:3:77336
[INFO] [stdout]   |
[INFO] [stdout] 3 | ..._eq ! (unsafe { & (* (:: std :: ptr :: null :: < AUDIO_INFO > ())) . MI_INTR_REG as * const _ as usize } , 24usize , concat ! ("Offset...
[INFO] [stdout]   |                      ^^^^^^^^^^^^^^^^^^^^^^^^^^^^^^^^^^^^^^^^^^^^^^^^ this code causes undefined behavior when executed
[INFO] [stdout] 
[INFO] [stdout] 
[INFO] [stdout] warning: dereferencing a null pointer
[INFO] [stdout]  --> /opt/rustwide/target/debug/build/mupen64plus-sys-40cc069ca6fafd02/out/libmupen64plus.rs:3:77555
[INFO] [stdout]   |
[INFO] [stdout] 3 | ..._eq ! (unsafe { & (* (:: std :: ptr :: null :: < AUDIO_INFO > ())) . AI_DRAM_ADDR_REG as * const _ as usize } , 32usize , concat ! ("O...
[INFO] [stdout]   |                      ^^^^^^^^^^^^^^^^^^^^^^^^^^^^^^^^^^^^^^^^^^^^^^^^ this code causes undefined behavior when executed
[INFO] [stdout] 
[INFO] [stdout] 
[INFO] [stdout] warning: dereferencing a null pointer
[INFO] [stdout]  --> /opt/rustwide/target/debug/build/mupen64plus-sys-40cc069ca6fafd02/out/libmupen64plus.rs:3:77784
[INFO] [stdout]   |
[INFO] [stdout] 3 | ..._eq ! (unsafe { & (* (:: std :: ptr :: null :: < AUDIO_INFO > ())) . AI_LEN_REG as * const _ as usize } , 40usize , concat ! ("Offset ...
[INFO] [stdout]   |                      ^^^^^^^^^^^^^^^^^^^^^^^^^^^^^^^^^^^^^^^^^^^^^^^^ this code causes undefined behavior when executed
[INFO] [stdout] 
[INFO] [stdout] 
[INFO] [stdout] warning: dereferencing a null pointer
[INFO] [stdout]  --> /opt/rustwide/target/debug/build/mupen64plus-sys-40cc069ca6fafd02/out/libmupen64plus.rs:3:78001
[INFO] [stdout]   |
[INFO] [stdout] 3 | ..._eq ! (unsafe { & (* (:: std :: ptr :: null :: < AUDIO_INFO > ())) . AI_CONTROL_REG as * const _ as usize } , 48usize , concat ! ("Off...
[INFO] [stdout]   |                      ^^^^^^^^^^^^^^^^^^^^^^^^^^^^^^^^^^^^^^^^^^^^^^^^ this code causes undefined behavior when executed
[INFO] [stdout] 
[INFO] [stdout] 
[INFO] [stdout] warning: dereferencing a null pointer
[INFO] [stdout]  --> /opt/rustwide/target/debug/build/mupen64plus-sys-40cc069ca6fafd02/out/libmupen64plus.rs:3:78226
[INFO] [stdout]   |
[INFO] [stdout] 3 | ..._eq ! (unsafe { & (* (:: std :: ptr :: null :: < AUDIO_INFO > ())) . AI_STATUS_REG as * const _ as usize } , 56usize , concat ! ("Offs...
[INFO] [stdout]   |                      ^^^^^^^^^^^^^^^^^^^^^^^^^^^^^^^^^^^^^^^^^^^^^^^^ this code causes undefined behavior when executed
[INFO] [stdout] 
[INFO] [stdout] 
[INFO] [stdout] warning: dereferencing a null pointer
[INFO] [stdout]  --> /opt/rustwide/target/debug/build/mupen64plus-sys-40cc069ca6fafd02/out/libmupen64plus.rs:3:78449
[INFO] [stdout]   |
[INFO] [stdout] 3 | ..._eq ! (unsafe { & (* (:: std :: ptr :: null :: < AUDIO_INFO > ())) . AI_DACRATE_REG as * const _ as usize } , 64usize , concat ! ("Off...
[INFO] [stdout]   |                      ^^^^^^^^^^^^^^^^^^^^^^^^^^^^^^^^^^^^^^^^^^^^^^^^ this code causes undefined behavior when executed
[INFO] [stdout] 
[INFO] [stdout] 
[INFO] [stdout] warning: dereferencing a null pointer
[INFO] [stdout]  --> /opt/rustwide/target/debug/build/mupen64plus-sys-40cc069ca6fafd02/out/libmupen64plus.rs:3:78674
[INFO] [stdout]   |
[INFO] [stdout] 3 | ..._eq ! (unsafe { & (* (:: std :: ptr :: null :: < AUDIO_INFO > ())) . AI_BITRATE_REG as * const _ as usize } , 72usize , concat ! ("Off...
[INFO] [stdout]   |                      ^^^^^^^^^^^^^^^^^^^^^^^^^^^^^^^^^^^^^^^^^^^^^^^^ this code causes undefined behavior when executed
[INFO] [stdout] 
[INFO] [stdout] 
[INFO] [stdout] warning: dereferencing a null pointer
[INFO] [stdout]  --> /opt/rustwide/target/debug/build/mupen64plus-sys-40cc069ca6fafd02/out/libmupen64plus.rs:3:78899
[INFO] [stdout]   |
[INFO] [stdout] 3 | ..._eq ! (unsafe { & (* (:: std :: ptr :: null :: < AUDIO_INFO > ())) . CheckInterrupts as * const _ as usize } , 80usize , concat ! ("Of...
[INFO] [stdout]   |                      ^^^^^^^^^^^^^^^^^^^^^^^^^^^^^^^^^^^^^^^^^^^^^^^^ this code causes undefined behavior when executed
[INFO] [stdout] 
[INFO] [stdout] 
[INFO] [stdout] warning: dereferencing a null pointer
[INFO] [stdout]  --> /opt/rustwide/target/debug/build/mupen64plus-sys-40cc069ca6fafd02/out/libmupen64plus.rs:3:79617
[INFO] [stdout]   |
[INFO] [stdout] 3 | ...t_eq ! (unsafe { & (* (:: std :: ptr :: null :: < CONTROL > ())) . Present as * const _ as usize } , 0usize , concat ! ("Offset of fie...
[INFO] [stdout]   |                       ^^^^^^^^^^^^^^^^^^^^^^^^^^^^^^^^^^^^^^^^^^^^^ this code causes undefined behavior when executed
[INFO] [stdout] 
[INFO] [stdout] 
[INFO] [stdout] warning: dereferencing a null pointer
[INFO] [stdout]  --> /opt/rustwide/target/debug/build/mupen64plus-sys-40cc069ca6fafd02/out/libmupen64plus.rs:3:79821
[INFO] [stdout]   |
[INFO] [stdout] 3 | ...t_eq ! (unsafe { & (* (:: std :: ptr :: null :: < CONTROL > ())) . RawData as * const _ as usize } , 4usize , concat ! ("Offset of fie...
[INFO] [stdout]   |                       ^^^^^^^^^^^^^^^^^^^^^^^^^^^^^^^^^^^^^^^^^^^^^ this code causes undefined behavior when executed
[INFO] [stdout] 
[INFO] [stdout] 
[INFO] [stdout] warning: dereferencing a null pointer
[INFO] [stdout]  --> /opt/rustwide/target/debug/build/mupen64plus-sys-40cc069ca6fafd02/out/libmupen64plus.rs:3:80025
[INFO] [stdout]   |
[INFO] [stdout] 3 | ...t_eq ! (unsafe { & (* (:: std :: ptr :: null :: < CONTROL > ())) . Plugin as * const _ as usize } , 8usize , concat ! ("Offset of fiel...
[INFO] [stdout]   |                       ^^^^^^^^^^^^^^^^^^^^^^^^^^^^^^^^^^^^^^^^^^^^^ this code causes undefined behavior when executed
[INFO] [stdout] 
[INFO] [stdout] 
[INFO] [stdout] warning: dereferencing a null pointer
[INFO] [stdout]  --> /opt/rustwide/target/debug/build/mupen64plus-sys-40cc069ca6fafd02/out/libmupen64plus.rs:3:91236
[INFO] [stdout]   |
[INFO] [stdout] 3 | ...t_eq ! (unsafe { & (* (:: std :: ptr :: null :: < BUTTONS > ())) . Value as * const _ as usize } , 0usize , concat ! ("Offset of field...
[INFO] [stdout]   |                       ^^^^^^^^^^^^^^^^^^^^^^^^^^^^^^^^^^^^^^^^^^^^^ this code causes undefined behavior when executed
[INFO] [stdout] 
[INFO] [stdout] 
[INFO] [stdout] warning: dereferencing a null pointer
[INFO] [stdout]  --> /opt/rustwide/target/debug/build/mupen64plus-sys-40cc069ca6fafd02/out/libmupen64plus.rs:3:91853
[INFO] [stdout]   |
[INFO] [stdout] 3 | ...eq ! (unsafe { & (* (:: std :: ptr :: null :: < CONTROL_INFO > ())) . Controls as * const _ as usize } , 0usize , concat ! ("Offset of...
[INFO] [stdout]   |                     ^^^^^^^^^^^^^^^^^^^^^^^^^^^^^^^^^^^^^^^^^^^^^^^^^^ this code causes undefined behavior when executed
[INFO] [stdout] 
[INFO] [stdout] 
[INFO] [stdout] warning: dereferencing a null pointer
[INFO] [stdout]  --> /opt/rustwide/target/debug/build/mupen64plus-sys-40cc069ca6fafd02/out/libmupen64plus.rs:3:94340
[INFO] [stdout]   |
[INFO] [stdout] 3 | ... ! (unsafe { & (* (:: std :: ptr :: null :: < FrameBufferInfo > ())) . addr as * const _ as usize } , 0usize , concat ! ("Offset of fi...
[INFO] [stdout]   |                   ^^^^^^^^^^^^^^^^^^^^^^^^^^^^^^^^^^^^^^^^^^^^^^^^^^^^^ this code causes undefined behavior when executed
[INFO] [stdout] 
[INFO] [stdout] 
[INFO] [stdout] warning: dereferencing a null pointer
[INFO] [stdout]  --> /opt/rustwide/target/debug/build/mupen64plus-sys-40cc069ca6fafd02/out/libmupen64plus.rs:3:94554
[INFO] [stdout]   |
[INFO] [stdout] 3 | ... ! (unsafe { & (* (:: std :: ptr :: null :: < FrameBufferInfo > ())) . size as * const _ as usize } , 4usize , concat ! ("Offset of fi...
[INFO] [stdout]   |                   ^^^^^^^^^^^^^^^^^^^^^^^^^^^^^^^^^^^^^^^^^^^^^^^^^^^^^ this code causes undefined behavior when executed
[INFO] [stdout] 
[INFO] [stdout] 
[INFO] [stdout] warning: dereferencing a null pointer
[INFO] [stdout]  --> /opt/rustwide/target/debug/build/mupen64plus-sys-40cc069ca6fafd02/out/libmupen64plus.rs:3:94768
[INFO] [stdout]   |
[INFO] [stdout] 3 | ... ! (unsafe { & (* (:: std :: ptr :: null :: < FrameBufferInfo > ())) . width as * const _ as usize } , 8usize , concat ! ("Offset of f...
[INFO] [stdout]   |                   ^^^^^^^^^^^^^^^^^^^^^^^^^^^^^^^^^^^^^^^^^^^^^^^^^^^^^ this code causes undefined behavior when executed
[INFO] [stdout] 
[INFO] [stdout] 
[INFO] [stdout] warning: dereferencing a null pointer
[INFO] [stdout]  --> /opt/rustwide/target/debug/build/mupen64plus-sys-40cc069ca6fafd02/out/libmupen64plus.rs:3:94984
[INFO] [stdout]   |
[INFO] [stdout] 3 | ... ! (unsafe { & (* (:: std :: ptr :: null :: < FrameBufferInfo > ())) . height as * const _ as usize } , 12usize , concat ! ("Offset of...
[INFO] [stdout]   |                   ^^^^^^^^^^^^^^^^^^^^^^^^^^^^^^^^^^^^^^^^^^^^^^^^^^^^^ this code causes undefined behavior when executed
[INFO] [stdout] 
[INFO] [stdout] 
[INFO] [stdout] warning: 132 warnings emitted
[INFO] [stdout] 
[INFO] [stdout] 
[INFO] [stderr]     Finished test [unoptimized + debuginfo] target(s) in 1.40s
[INFO] running `Command { std: "docker" "inspect" "7feac27262d999e934c7af53fa7477201190e58a489c270860c668b54c7a26a3", kill_on_drop: false }`
[INFO] running `Command { std: "docker" "rm" "-f" "7feac27262d999e934c7af53fa7477201190e58a489c270860c668b54c7a26a3", kill_on_drop: false }`
[INFO] [stdout] 7feac27262d999e934c7af53fa7477201190e58a489c270860c668b54c7a26a3
[INFO] running `Command { std: "docker" "create" "-v" "/var/lib/crater-agent-workspace/builds/worker-7-tc1/target:/opt/rustwide/target:rw,Z" "-v" "/var/lib/crater-agent-workspace/builds/worker-7-tc1/source:/opt/rustwide/workdir:ro,Z" "-v" "/var/lib/crater-agent-workspace/cargo-home:/opt/rustwide/cargo-home:ro,Z" "-v" "/var/lib/crater-agent-workspace/rustup-home:/opt/rustwide/rustup-home:ro,Z" "-e" "SOURCE_DIR=/opt/rustwide/workdir" "-e" "CARGO_TARGET_DIR=/opt/rustwide/target" "-e" "CARGO_INCREMENTAL=0" "-e" "RUST_BACKTRACE=full" "-e" "RUSTFLAGS=--cap-lints=warn" "-e" "RUSTDOCFLAGS=--cap-lints=warn" "-e" "CARGO_HOME=/opt/rustwide/cargo-home" "-e" "RUSTUP_HOME=/opt/rustwide/rustup-home" "-w" "/opt/rustwide/workdir" "-m" "1610612736" "--user" "0:0" "--network" "none" "ghcr.io/rust-lang/crates-build-env/linux@sha256:5ff2268d62e97bff2cde7d5815dd6ed5b47097566f13b8d0ca110b04b60e07ed" "/opt/rustwide/cargo-home/bin/cargo" "+1.69.0" "test" "--frozen", kill_on_drop: false }`
[INFO] [stdout] 31d8ab168bc2a0eb8a52ddb876c3e00bede22086a03e0741364602f2f75f2df1
[INFO] running `Command { std: "docker" "start" "-a" "31d8ab168bc2a0eb8a52ddb876c3e00bede22086a03e0741364602f2f75f2df1", kill_on_drop: false }`
[INFO] [stderr] warning: dereferencing a null pointer
[INFO] [stderr]  --> /opt/rustwide/target/debug/build/mupen64plus-sys-40cc069ca6fafd02/out/libmupen64plus.rs:3:8701
[INFO] [stderr]   |
[INFO] [stderr] 3 | ...t_eq ! (unsafe { & (* (:: std :: ptr :: null :: < __fsid_t > ())) . __val as * const _ as usize } , 0usize , concat ! ("Offset of fiel...
[INFO] [stderr]   |                       ^^^^^^^^^^^^^^^^^^^^^^^^^^^^^^^^^^^^^^^^^^^^^^ this code causes undefined behavior when executed
[INFO] [stderr]   |
[INFO] [stderr]   = note: `#[warn(deref_nullptr)]` on by default
[INFO] [stderr] 
[INFO] [stderr] warning: dereferencing a null pointer
[INFO] [stderr]  --> /opt/rustwide/target/debug/build/mupen64plus-sys-40cc069ca6fafd02/out/libmupen64plus.rs:3:18026
[INFO] [stderr]   |
[INFO] [stderr] 3 | ... ! (unsafe { & (* (:: std :: ptr :: null :: < m64p_cheat_code > ())) . address as * const _ as usize } , 0usize , concat ! ("Offset of...
[INFO] [stderr]   |                   ^^^^^^^^^^^^^^^^^^^^^^^^^^^^^^^^^^^^^^^^^^^^^^^^^^^^^ this code causes undefined behavior when executed
[INFO] [stderr] 
[INFO] [stderr] warning: dereferencing a null pointer
[INFO] [stderr]  --> /opt/rustwide/target/debug/build/mupen64plus-sys-40cc069ca6fafd02/out/libmupen64plus.rs:3:18246
[INFO] [stderr]   |
[INFO] [stderr] 3 | ... ! (unsafe { & (* (:: std :: ptr :: null :: < m64p_cheat_code > ())) . value as * const _ as usize } , 4usize , concat ! ("Offset of f...
[INFO] [stderr]   |                   ^^^^^^^^^^^^^^^^^^^^^^^^^^^^^^^^^^^^^^^^^^^^^^^^^^^^^ this code causes undefined behavior when executed
[INFO] [stderr] 
[INFO] [stderr] warning: dereferencing a null pointer
[INFO] [stderr]  --> /opt/rustwide/target/debug/build/mupen64plus-sys-40cc069ca6fafd02/out/libmupen64plus.rs:3:19670
[INFO] [stderr]   |
[INFO] [stderr] 3 | ...! (unsafe { & (* (:: std :: ptr :: null :: < m64p_media_loader > ())) . cb_data as * const _ as usize } , 0usize , concat ! ("Offset o...
[INFO] [stderr]   |                  ^^^^^^^^^^^^^^^^^^^^^^^^^^^^^^^^^^^^^^^^^^^^^^^^^^^^^^^ this code causes undefined behavior when executed
[INFO] [stderr] 
[INFO] [stderr] warning: dereferencing a null pointer
[INFO] [stderr]  --> /opt/rustwide/target/debug/build/mupen64plus-sys-40cc069ca6fafd02/out/libmupen64plus.rs:3:19894
[INFO] [stderr]   |
[INFO] [stderr] 3 | ...! (unsafe { & (* (:: std :: ptr :: null :: < m64p_media_loader > ())) . get_gb_cart_rom as * const _ as usize } , 8usize , concat ! ("...
[INFO] [stderr]   |                  ^^^^^^^^^^^^^^^^^^^^^^^^^^^^^^^^^^^^^^^^^^^^^^^^^^^^^^^ this code causes undefined behavior when executed
[INFO] [stderr] 
[INFO] [stderr] warning: dereferencing a null pointer
[INFO] [stderr]  --> /opt/rustwide/target/debug/build/mupen64plus-sys-40cc069ca6fafd02/out/libmupen64plus.rs:3:20134
[INFO] [stderr]   |
[INFO] [stderr] 3 | ...! (unsafe { & (* (:: std :: ptr :: null :: < m64p_media_loader > ())) . get_gb_cart_ram as * const _ as usize } , 16usize , concat ! (...
[INFO] [stderr]   |                  ^^^^^^^^^^^^^^^^^^^^^^^^^^^^^^^^^^^^^^^^^^^^^^^^^^^^^^^ this code causes undefined behavior when executed
[INFO] [stderr] 
[INFO] [stderr] warning: dereferencing a null pointer
[INFO] [stderr]  --> /opt/rustwide/target/debug/build/mupen64plus-sys-40cc069ca6fafd02/out/libmupen64plus.rs:3:20375
[INFO] [stderr]   |
[INFO] [stderr] 3 | ...! (unsafe { & (* (:: std :: ptr :: null :: < m64p_media_loader > ())) . get_dd_rom as * const _ as usize } , 24usize , concat ! ("Offs...
[INFO] [stderr]   |                  ^^^^^^^^^^^^^^^^^^^^^^^^^^^^^^^^^^^^^^^^^^^^^^^^^^^^^^^ this code causes undefined behavior when executed
[INFO] [stderr] 
[INFO] [stderr] warning: dereferencing a null pointer
[INFO] [stderr]  --> /opt/rustwide/target/debug/build/mupen64plus-sys-40cc069ca6fafd02/out/libmupen64plus.rs:3:20606
[INFO] [stderr]   |
[INFO] [stderr] 3 | ...! (unsafe { & (* (:: std :: ptr :: null :: < m64p_media_loader > ())) . get_dd_disk as * const _ as usize } , 32usize , concat ! ("Off...
[INFO] [stderr]   |                  ^^^^^^^^^^^^^^^^^^^^^^^^^^^^^^^^^^^^^^^^^^^^^^^^^^^^^^^ this code causes undefined behavior when executed
[INFO] [stderr] 
[INFO] [stderr] warning: dereferencing a null pointer
[INFO] [stderr]  --> /opt/rustwide/target/debug/build/mupen64plus-sys-40cc069ca6fafd02/out/libmupen64plus.rs:3:22630
[INFO] [stderr]   |
[INFO] [stderr] 3 | ... ! (unsafe { & (* (:: std :: ptr :: null :: < m64p_rom_header > ())) . init_PI_BSB_DOM1_LAT_REG as * const _ as usize } , 0usize , con...
[INFO] [stderr]   |                   ^^^^^^^^^^^^^^^^^^^^^^^^^^^^^^^^^^^^^^^^^^^^^^^^^^^^^ this code causes undefined behavior when executed
[INFO] [stderr] 
[INFO] [stderr] warning: dereferencing a null pointer
[INFO] [stderr]  --> /opt/rustwide/target/debug/build/mupen64plus-sys-40cc069ca6fafd02/out/libmupen64plus.rs:3:22884
[INFO] [stderr]   |
[INFO] [stderr] 3 | ... ! (unsafe { & (* (:: std :: ptr :: null :: < m64p_rom_header > ())) . init_PI_BSB_DOM1_PGS_REG as * const _ as usize } , 1usize , con...
[INFO] [stderr]   |                   ^^^^^^^^^^^^^^^^^^^^^^^^^^^^^^^^^^^^^^^^^^^^^^^^^^^^^ this code causes undefined behavior when executed
[INFO] [stderr] 
[INFO] [stderr] warning: dereferencing a null pointer
[INFO] [stderr]  --> /opt/rustwide/target/debug/build/mupen64plus-sys-40cc069ca6fafd02/out/libmupen64plus.rs:3:23138
[INFO] [stderr]   |
[INFO] [stderr] 3 | ... ! (unsafe { & (* (:: std :: ptr :: null :: < m64p_rom_header > ())) . init_PI_BSB_DOM1_PWD_REG as * const _ as usize } , 2usize , con...
[INFO] [stderr]   |                   ^^^^^^^^^^^^^^^^^^^^^^^^^^^^^^^^^^^^^^^^^^^^^^^^^^^^^ this code causes undefined behavior when executed
[INFO] [stderr] 
[INFO] [stderr] warning: dereferencing a null pointer
[INFO] [stderr]  --> /opt/rustwide/target/debug/build/mupen64plus-sys-40cc069ca6fafd02/out/libmupen64plus.rs:3:23392
[INFO] [stderr]   |
[INFO] [stderr] 3 | ... ! (unsafe { & (* (:: std :: ptr :: null :: < m64p_rom_header > ())) . init_PI_BSB_DOM1_PGS_REG2 as * const _ as usize } , 3usize , co...
[INFO] [stderr]   |                   ^^^^^^^^^^^^^^^^^^^^^^^^^^^^^^^^^^^^^^^^^^^^^^^^^^^^^ this code causes undefined behavior when executed
[INFO] [stderr] 
[INFO] [stderr] warning: dereferencing a null pointer
[INFO] [stderr]  --> /opt/rustwide/target/debug/build/mupen64plus-sys-40cc069ca6fafd02/out/libmupen64plus.rs:3:23648
[INFO] [stderr]   |
[INFO] [stderr] 3 | ... ! (unsafe { & (* (:: std :: ptr :: null :: < m64p_rom_header > ())) . ClockRate as * const _ as usize } , 4usize , concat ! ("Offset ...
[INFO] [stderr]   |                   ^^^^^^^^^^^^^^^^^^^^^^^^^^^^^^^^^^^^^^^^^^^^^^^^^^^^^ this code causes undefined behavior when executed
[INFO] [stderr] 
[INFO] [stderr] warning: dereferencing a null pointer
[INFO] [stderr]  --> /opt/rustwide/target/debug/build/mupen64plus-sys-40cc069ca6fafd02/out/libmupen64plus.rs:3:23872
[INFO] [stderr]   |
[INFO] [stderr] 3 | ... ! (unsafe { & (* (:: std :: ptr :: null :: < m64p_rom_header > ())) . PC as * const _ as usize } , 8usize , concat ! ("Offset of fiel...
[INFO] [stderr]   |                   ^^^^^^^^^^^^^^^^^^^^^^^^^^^^^^^^^^^^^^^^^^^^^^^^^^^^^ this code causes undefined behavior when executed
[INFO] [stderr] 
[INFO] [stderr] warning: dereferencing a null pointer
[INFO] [stderr]  --> /opt/rustwide/target/debug/build/mupen64plus-sys-40cc069ca6fafd02/out/libmupen64plus.rs:3:24082
[INFO] [stderr]   |
[INFO] [stderr] 3 | ... ! (unsafe { & (* (:: std :: ptr :: null :: < m64p_rom_header > ())) . Release as * const _ as usize } , 12usize , concat ! ("Offset o...
[INFO] [stderr]   |                   ^^^^^^^^^^^^^^^^^^^^^^^^^^^^^^^^^^^^^^^^^^^^^^^^^^^^^ this code causes undefined behavior when executed
[INFO] [stderr] 
[INFO] [stderr] warning: dereferencing a null pointer
[INFO] [stderr]  --> /opt/rustwide/target/debug/build/mupen64plus-sys-40cc069ca6fafd02/out/libmupen64plus.rs:3:24303
[INFO] [stderr]   |
[INFO] [stderr] 3 | ... ! (unsafe { & (* (:: std :: ptr :: null :: < m64p_rom_header > ())) . CRC1 as * const _ as usize } , 16usize , concat ! ("Offset of f...
[INFO] [stderr]   |                   ^^^^^^^^^^^^^^^^^^^^^^^^^^^^^^^^^^^^^^^^^^^^^^^^^^^^^ this code causes undefined behavior when executed
[INFO] [stderr] 
[INFO] [stderr] warning: dereferencing a null pointer
[INFO] [stderr]  --> /opt/rustwide/target/debug/build/mupen64plus-sys-40cc069ca6fafd02/out/libmupen64plus.rs:3:24518
[INFO] [stderr]   |
[INFO] [stderr] 3 | ... ! (unsafe { & (* (:: std :: ptr :: null :: < m64p_rom_header > ())) . CRC2 as * const _ as usize } , 20usize , concat ! ("Offset of f...
[INFO] [stderr]   |                   ^^^^^^^^^^^^^^^^^^^^^^^^^^^^^^^^^^^^^^^^^^^^^^^^^^^^^ this code causes undefined behavior when executed
[INFO] [stderr] 
[INFO] [stderr] warning: dereferencing a null pointer
[INFO] [stderr]  --> /opt/rustwide/target/debug/build/mupen64plus-sys-40cc069ca6fafd02/out/libmupen64plus.rs:3:24733
[INFO] [stderr]   |
[INFO] [stderr] 3 | ... ! (unsafe { & (* (:: std :: ptr :: null :: < m64p_rom_header > ())) . Unknown as * const _ as usize } , 24usize , concat ! ("Offset o...
[INFO] [stderr]   |                   ^^^^^^^^^^^^^^^^^^^^^^^^^^^^^^^^^^^^^^^^^^^^^^^^^^^^^ this code causes undefined behavior when executed
[INFO] [stderr] 
[INFO] [stderr] warning: dereferencing a null pointer
[INFO] [stderr]  --> /opt/rustwide/target/debug/build/mupen64plus-sys-40cc069ca6fafd02/out/libmupen64plus.rs:3:24954
[INFO] [stderr]   |
[INFO] [stderr] 3 | ... ! (unsafe { & (* (:: std :: ptr :: null :: < m64p_rom_header > ())) . Name as * const _ as usize } , 32usize , concat ! ("Offset of f...
[INFO] [stderr]   |                   ^^^^^^^^^^^^^^^^^^^^^^^^^^^^^^^^^^^^^^^^^^^^^^^^^^^^^ this code causes undefined behavior when executed
[INFO] [stderr] 
[INFO] [stderr] warning: dereferencing a null pointer
[INFO] [stderr]  --> /opt/rustwide/target/debug/build/mupen64plus-sys-40cc069ca6fafd02/out/libmupen64plus.rs:3:25169
[INFO] [stderr]   |
[INFO] [stderr] 3 | ... ! (unsafe { & (* (:: std :: ptr :: null :: < m64p_rom_header > ())) . unknown as * const _ as usize } , 52usize , concat ! ("Offset o...
[INFO] [stderr]   |                   ^^^^^^^^^^^^^^^^^^^^^^^^^^^^^^^^^^^^^^^^^^^^^^^^^^^^^ this code causes undefined behavior when executed
[INFO] [stderr] 
[INFO] [stderr] warning: dereferencing a null pointer
[INFO] [stderr]  --> /opt/rustwide/target/debug/build/mupen64plus-sys-40cc069ca6fafd02/out/libmupen64plus.rs:3:25390
[INFO] [stderr]   |
[INFO] [stderr] 3 | ... ! (unsafe { & (* (:: std :: ptr :: null :: < m64p_rom_header > ())) . Manufacturer_ID as * const _ as usize } , 56usize , concat ! ("...
[INFO] [stderr]   |                   ^^^^^^^^^^^^^^^^^^^^^^^^^^^^^^^^^^^^^^^^^^^^^^^^^^^^^ this code causes undefined behavior when executed
[INFO] [stderr] 
[INFO] [stderr] warning: dereferencing a null pointer
[INFO] [stderr]  --> /opt/rustwide/target/debug/build/mupen64plus-sys-40cc069ca6fafd02/out/libmupen64plus.rs:3:25627
[INFO] [stderr]   |
[INFO] [stderr] 3 | ... ! (unsafe { & (* (:: std :: ptr :: null :: < m64p_rom_header > ())) . Cartridge_ID as * const _ as usize } , 60usize , concat ! ("Off...
[INFO] [stderr]   |                   ^^^^^^^^^^^^^^^^^^^^^^^^^^^^^^^^^^^^^^^^^^^^^^^^^^^^^ this code causes undefined behavior when executed
[INFO] [stderr] 
[INFO] [stderr] warning: dereferencing a null pointer
[INFO] [stderr]  --> /opt/rustwide/target/debug/build/mupen64plus-sys-40cc069ca6fafd02/out/libmupen64plus.rs:3:25858
[INFO] [stderr]   |
[INFO] [stderr] 3 | ... ! (unsafe { & (* (:: std :: ptr :: null :: < m64p_rom_header > ())) . Country_code as * const _ as usize } , 62usize , concat ! ("Off...
[INFO] [stderr]   |                   ^^^^^^^^^^^^^^^^^^^^^^^^^^^^^^^^^^^^^^^^^^^^^^^^^^^^^ this code causes undefined behavior when executed
[INFO] [stderr] 
[INFO] [stderr] warning: dereferencing a null pointer
[INFO] [stderr]  --> /opt/rustwide/target/debug/build/mupen64plus-sys-40cc069ca6fafd02/out/libmupen64plus.rs:3:27107
[INFO] [stderr]   |
[INFO] [stderr] 3 | ...! (unsafe { & (* (:: std :: ptr :: null :: < m64p_rom_settings > ())) . goodname as * const _ as usize } , 0usize , concat ! ("Offset ...
[INFO] [stderr]   |                  ^^^^^^^^^^^^^^^^^^^^^^^^^^^^^^^^^^^^^^^^^^^^^^^^^^^^^^^ this code causes undefined behavior when executed
[INFO] [stderr] 
[INFO] [stderr] warning: dereferencing a null pointer
[INFO] [stderr]  --> /opt/rustwide/target/debug/build/mupen64plus-sys-40cc069ca6fafd02/out/libmupen64plus.rs:3:27333
[INFO] [stderr]   |
[INFO] [stderr] 3 | ...! (unsafe { & (* (:: std :: ptr :: null :: < m64p_rom_settings > ())) . MD5 as * const _ as usize } , 256usize , concat ! ("Offset of ...
[INFO] [stderr]   |                  ^^^^^^^^^^^^^^^^^^^^^^^^^^^^^^^^^^^^^^^^^^^^^^^^^^^^^^^ this code causes undefined behavior when executed
[INFO] [stderr] 
[INFO] [stderr] warning: dereferencing a null pointer
[INFO] [stderr]  --> /opt/rustwide/target/debug/build/mupen64plus-sys-40cc069ca6fafd02/out/libmupen64plus.rs:3:27551
[INFO] [stderr]   |
[INFO] [stderr] 3 | ...! (unsafe { & (* (:: std :: ptr :: null :: < m64p_rom_settings > ())) . savetype as * const _ as usize } , 289usize , concat ! ("Offse...
[INFO] [stderr]   |                  ^^^^^^^^^^^^^^^^^^^^^^^^^^^^^^^^^^^^^^^^^^^^^^^^^^^^^^^ this code causes undefined behavior when executed
[INFO] [stderr] 
[INFO] [stderr] warning: dereferencing a null pointer
[INFO] [stderr]  --> /opt/rustwide/target/debug/build/mupen64plus-sys-40cc069ca6fafd02/out/libmupen64plus.rs:3:27779
[INFO] [stderr]   |
[INFO] [stderr] 3 | ...! (unsafe { & (* (:: std :: ptr :: null :: < m64p_rom_settings > ())) . status as * const _ as usize } , 290usize , concat ! ("Offset ...
[INFO] [stderr]   |                  ^^^^^^^^^^^^^^^^^^^^^^^^^^^^^^^^^^^^^^^^^^^^^^^^^^^^^^^ this code causes undefined behavior when executed
[INFO] [stderr] 
[INFO] [stderr] warning: dereferencing a null pointer
[INFO] [stderr]  --> /opt/rustwide/target/debug/build/mupen64plus-sys-40cc069ca6fafd02/out/libmupen64plus.rs:3:28003
[INFO] [stderr]   |
[INFO] [stderr] 3 | ...! (unsafe { & (* (:: std :: ptr :: null :: < m64p_rom_settings > ())) . players as * const _ as usize } , 291usize , concat ! ("Offset...
[INFO] [stderr]   |                  ^^^^^^^^^^^^^^^^^^^^^^^^^^^^^^^^^^^^^^^^^^^^^^^^^^^^^^^ this code causes undefined behavior when executed
[INFO] [stderr] 
[INFO] [stderr] warning: dereferencing a null pointer
[INFO] [stderr]  --> /opt/rustwide/target/debug/build/mupen64plus-sys-40cc069ca6fafd02/out/libmupen64plus.rs:3:28229
[INFO] [stderr]   |
[INFO] [stderr] 3 | ...! (unsafe { & (* (:: std :: ptr :: null :: < m64p_rom_settings > ())) . rumble as * const _ as usize } , 292usize , concat ! ("Offset ...
[INFO] [stderr]   |                  ^^^^^^^^^^^^^^^^^^^^^^^^^^^^^^^^^^^^^^^^^^^^^^^^^^^^^^^ this code causes undefined behavior when executed
[INFO] [stderr] 
[INFO] [stderr] warning: dereferencing a null pointer
[INFO] [stderr]  --> /opt/rustwide/target/debug/build/mupen64plus-sys-40cc069ca6fafd02/out/libmupen64plus.rs:3:28453
[INFO] [stderr]   |
[INFO] [stderr] 3 | ...! (unsafe { & (* (:: std :: ptr :: null :: < m64p_rom_settings > ())) . transferpak as * const _ as usize } , 293usize , concat ! ("Of...
[INFO] [stderr]   |                  ^^^^^^^^^^^^^^^^^^^^^^^^^^^^^^^^^^^^^^^^^^^^^^^^^^^^^^^ this code causes undefined behavior when executed
[INFO] [stderr] 
[INFO] [stderr] warning: dereferencing a null pointer
[INFO] [stderr]  --> /opt/rustwide/target/debug/build/mupen64plus-sys-40cc069ca6fafd02/out/libmupen64plus.rs:3:28687
[INFO] [stderr]   |
[INFO] [stderr] 3 | ...! (unsafe { & (* (:: std :: ptr :: null :: < m64p_rom_settings > ())) . mempak as * const _ as usize } , 294usize , concat ! ("Offset ...
[INFO] [stderr]   |                  ^^^^^^^^^^^^^^^^^^^^^^^^^^^^^^^^^^^^^^^^^^^^^^^^^^^^^^^ this code causes undefined behavior when executed
[INFO] [stderr] 
[INFO] [stderr] warning: dereferencing a null pointer
[INFO] [stderr]  --> /opt/rustwide/target/debug/build/mupen64plus-sys-40cc069ca6fafd02/out/libmupen64plus.rs:3:28911
[INFO] [stderr]   |
[INFO] [stderr] 3 | ...! (unsafe { & (* (:: std :: ptr :: null :: < m64p_rom_settings > ())) . biopak as * const _ as usize } , 295usize , concat ! ("Offset ...
[INFO] [stderr]   |                  ^^^^^^^^^^^^^^^^^^^^^^^^^^^^^^^^^^^^^^^^^^^^^^^^^^^^^^^ this code causes undefined behavior when executed
[INFO] [stderr] 
[INFO] [stderr] warning: dereferencing a null pointer
[INFO] [stderr]  --> /opt/rustwide/target/debug/build/mupen64plus-sys-40cc069ca6fafd02/out/libmupen64plus.rs:3:29135
[INFO] [stderr]   |
[INFO] [stderr] 3 | ...! (unsafe { & (* (:: std :: ptr :: null :: < m64p_rom_settings > ())) . disableextramem as * const _ as usize } , 296usize , concat ! ...
[INFO] [stderr]   |                  ^^^^^^^^^^^^^^^^^^^^^^^^^^^^^^^^^^^^^^^^^^^^^^^^^^^^^^^ this code causes undefined behavior when executed
[INFO] [stderr] 
[INFO] [stderr] warning: dereferencing a null pointer
[INFO] [stderr]  --> /opt/rustwide/target/debug/build/mupen64plus-sys-40cc069ca6fafd02/out/libmupen64plus.rs:3:29377
[INFO] [stderr]   |
[INFO] [stderr] 3 | ...! (unsafe { & (* (:: std :: ptr :: null :: < m64p_rom_settings > ())) . countperop as * const _ as usize } , 300usize , concat ! ("Off...
[INFO] [stderr]   |                  ^^^^^^^^^^^^^^^^^^^^^^^^^^^^^^^^^^^^^^^^^^^^^^^^^^^^^^^ this code causes undefined behavior when executed
[INFO] [stderr] 
[INFO] [stderr] warning: dereferencing a null pointer
[INFO] [stderr]  --> /opt/rustwide/target/debug/build/mupen64plus-sys-40cc069ca6fafd02/out/libmupen64plus.rs:3:29609
[INFO] [stderr]   |
[INFO] [stderr] 3 | ...! (unsafe { & (* (:: std :: ptr :: null :: < m64p_rom_settings > ())) . sidmaduration as * const _ as usize } , 304usize , concat ! ("...
[INFO] [stderr]   |                  ^^^^^^^^^^^^^^^^^^^^^^^^^^^^^^^^^^^^^^^^^^^^^^^^^^^^^^^ this code causes undefined behavior when executed
[INFO] [stderr] 
[INFO] [stderr] warning: dereferencing a null pointer
[INFO] [stderr]  --> /opt/rustwide/target/debug/build/mupen64plus-sys-40cc069ca6fafd02/out/libmupen64plus.rs:3:35841
[INFO] [stderr]   |
[INFO] [stderr] 3 | ... ! (unsafe { & (* (:: std :: ptr :: null :: < m64p_breakpoint > ())) . address as * const _ as usize } , 0usize , concat ! ("Offset of...
[INFO] [stderr]   |                   ^^^^^^^^^^^^^^^^^^^^^^^^^^^^^^^^^^^^^^^^^^^^^^^^^^^^^ this code causes undefined behavior when executed
[INFO] [stderr] 
[INFO] [stderr] warning: dereferencing a null pointer
[INFO] [stderr]  --> /opt/rustwide/target/debug/build/mupen64plus-sys-40cc069ca6fafd02/out/libmupen64plus.rs:3:36061
[INFO] [stderr]   |
[INFO] [stderr] 3 | ... ! (unsafe { & (* (:: std :: ptr :: null :: < m64p_breakpoint > ())) . endaddr as * const _ as usize } , 4usize , concat ! ("Offset of...
[INFO] [stderr]   |                   ^^^^^^^^^^^^^^^^^^^^^^^^^^^^^^^^^^^^^^^^^^^^^^^^^^^^^ this code causes undefined behavior when executed
[INFO] [stderr] 
[INFO] [stderr] warning: dereferencing a null pointer
[INFO] [stderr]  --> /opt/rustwide/target/debug/build/mupen64plus-sys-40cc069ca6fafd02/out/libmupen64plus.rs:3:36281
[INFO] [stderr]   |
[INFO] [stderr] 3 | ... ! (unsafe { & (* (:: std :: ptr :: null :: < m64p_breakpoint > ())) . flags as * const _ as usize } , 8usize , concat ! ("Offset of f...
[INFO] [stderr]   |                   ^^^^^^^^^^^^^^^^^^^^^^^^^^^^^^^^^^^^^^^^^^^^^^^^^^^^^ this code causes undefined behavior when executed
[INFO] [stderr] 
[INFO] [stderr] warning: dereferencing a null pointer
[INFO] [stderr]  --> /opt/rustwide/target/debug/build/mupen64plus-sys-40cc069ca6fafd02/out/libmupen64plus.rs:3:36976
[INFO] [stderr]   |
[INFO] [stderr] 3 | ...eq ! (unsafe { & (* (:: std :: ptr :: null :: < m64p_2d_size > ())) . uiWidth as * const _ as usize } , 0usize , concat ! ("Offset of ...
[INFO] [stderr]   |                     ^^^^^^^^^^^^^^^^^^^^^^^^^^^^^^^^^^^^^^^^^^^^^^^^^^ this code causes undefined behavior when executed
[INFO] [stderr] 
[INFO] [stderr] warning: dereferencing a null pointer
[INFO] [stderr]  --> /opt/rustwide/target/debug/build/mupen64plus-sys-40cc069ca6fafd02/out/libmupen64plus.rs:3:37190
[INFO] [stderr]   |
[INFO] [stderr] 3 | ...eq ! (unsafe { & (* (:: std :: ptr :: null :: < m64p_2d_size > ())) . uiHeight as * const _ as usize } , 4usize , concat ! ("Offset of...
[INFO] [stderr]   |                     ^^^^^^^^^^^^^^^^^^^^^^^^^^^^^^^^^^^^^^^^^^^^^^^^^^ this code causes undefined behavior when executed
[INFO] [stderr] 
[INFO] [stderr] warning: dereferencing a null pointer
[INFO] [stderr]  --> /opt/rustwide/target/debug/build/mupen64plus-sys-40cc069ca6fafd02/out/libmupen64plus.rs:3:41408
[INFO] [stderr]   |
[INFO] [stderr] 3 | ...afe { & (* (:: std :: ptr :: null :: < m64p_video_extension_functions > ())) . Functions as * const _ as usize } , 0usize , concat ! (...
[INFO] [stderr]   |            ^^^^^^^^^^^^^^^^^^^^^^^^^^^^^^^^^^^^^^^^^^^^^^^^^^^^^^^^^^^^^^^^^^^^ this code causes undefined behavior when executed
[INFO] [stderr] 
[INFO] [stderr] warning: dereferencing a null pointer
[INFO] [stderr]  --> /opt/rustwide/target/debug/build/mupen64plus-sys-40cc069ca6fafd02/out/libmupen64plus.rs:3:41662
[INFO] [stderr]   |
[INFO] [stderr] 3 | ...afe { & (* (:: std :: ptr :: null :: < m64p_video_extension_functions > ())) . VidExtFuncInit as * const _ as usize } , 8usize , conca...
[INFO] [stderr]   |            ^^^^^^^^^^^^^^^^^^^^^^^^^^^^^^^^^^^^^^^^^^^^^^^^^^^^^^^^^^^^^^^^^^^^ this code causes undefined behavior when executed
[INFO] [stderr] 
[INFO] [stderr] warning: dereferencing a null pointer
[INFO] [stderr]  --> /opt/rustwide/target/debug/build/mupen64plus-sys-40cc069ca6fafd02/out/libmupen64plus.rs:3:41926
[INFO] [stderr]   |
[INFO] [stderr] 3 | ...afe { & (* (:: std :: ptr :: null :: < m64p_video_extension_functions > ())) . VidExtFuncQuit as * const _ as usize } , 16usize , conc...
[INFO] [stderr]   |            ^^^^^^^^^^^^^^^^^^^^^^^^^^^^^^^^^^^^^^^^^^^^^^^^^^^^^^^^^^^^^^^^^^^^ this code causes undefined behavior when executed
[INFO] [stderr] 
[INFO] [stderr] warning: dereferencing a null pointer
[INFO] [stderr]  --> /opt/rustwide/target/debug/build/mupen64plus-sys-40cc069ca6fafd02/out/libmupen64plus.rs:3:42191
[INFO] [stderr]   |
[INFO] [stderr] 3 | ...afe { & (* (:: std :: ptr :: null :: < m64p_video_extension_functions > ())) . VidExtFuncListModes as * const _ as usize } , 24usize ,...
[INFO] [stderr]   |            ^^^^^^^^^^^^^^^^^^^^^^^^^^^^^^^^^^^^^^^^^^^^^^^^^^^^^^^^^^^^^^^^^^^^ this code causes undefined behavior when executed
[INFO] [stderr] 
[INFO] [stderr] warning: dereferencing a null pointer
[INFO] [stderr]  --> /opt/rustwide/target/debug/build/mupen64plus-sys-40cc069ca6fafd02/out/libmupen64plus.rs:3:42466
[INFO] [stderr]   |
[INFO] [stderr] 3 | ...afe { & (* (:: std :: ptr :: null :: < m64p_video_extension_functions > ())) . VidExtFuncListRates as * const _ as usize } , 32usize ,...
[INFO] [stderr]   |            ^^^^^^^^^^^^^^^^^^^^^^^^^^^^^^^^^^^^^^^^^^^^^^^^^^^^^^^^^^^^^^^^^^^^ this code causes undefined behavior when executed
[INFO] [stderr] 
[INFO] [stderr] warning: dereferencing a null pointer
[INFO] [stderr]  --> /opt/rustwide/target/debug/build/mupen64plus-sys-40cc069ca6fafd02/out/libmupen64plus.rs:3:42741
[INFO] [stderr]   |
[INFO] [stderr] 3 | ...afe { & (* (:: std :: ptr :: null :: < m64p_video_extension_functions > ())) . VidExtFuncSetMode as * const _ as usize } , 40usize , c...
[INFO] [stderr]   |            ^^^^^^^^^^^^^^^^^^^^^^^^^^^^^^^^^^^^^^^^^^^^^^^^^^^^^^^^^^^^^^^^^^^^ this code causes undefined behavior when executed
[INFO] [stderr] 
[INFO] [stderr] warning: dereferencing a null pointer
[INFO] [stderr]  --> /opt/rustwide/target/debug/build/mupen64plus-sys-40cc069ca6fafd02/out/libmupen64plus.rs:3:43012
[INFO] [stderr]   |
[INFO] [stderr] 3 | ...afe { & (* (:: std :: ptr :: null :: < m64p_video_extension_functions > ())) . VidExtFuncSetModeWithRate as * const _ as usize } , 48u...
[INFO] [stderr]   |            ^^^^^^^^^^^^^^^^^^^^^^^^^^^^^^^^^^^^^^^^^^^^^^^^^^^^^^^^^^^^^^^^^^^^ this code causes undefined behavior when executed
[INFO] [stderr] 
[INFO] [stderr] warning: dereferencing a null pointer
[INFO] [stderr]  --> /opt/rustwide/target/debug/build/mupen64plus-sys-40cc069ca6fafd02/out/libmupen64plus.rs:3:43299
[INFO] [stderr]   |
[INFO] [stderr] 3 | ...afe { & (* (:: std :: ptr :: null :: < m64p_video_extension_functions > ())) . VidExtFuncGLGetProc as * const _ as usize } , 56usize ,...
[INFO] [stderr]   |            ^^^^^^^^^^^^^^^^^^^^^^^^^^^^^^^^^^^^^^^^^^^^^^^^^^^^^^^^^^^^^^^^^^^^ this code causes undefined behavior when executed
[INFO] [stderr] 
[INFO] [stderr] warning: dereferencing a null pointer
[INFO] [stderr]  --> /opt/rustwide/target/debug/build/mupen64plus-sys-40cc069ca6fafd02/out/libmupen64plus.rs:3:43574
[INFO] [stderr]   |
[INFO] [stderr] 3 | ...afe { & (* (:: std :: ptr :: null :: < m64p_video_extension_functions > ())) . VidExtFuncGLSetAttr as * const _ as usize } , 64usize ,...
[INFO] [stderr]   |            ^^^^^^^^^^^^^^^^^^^^^^^^^^^^^^^^^^^^^^^^^^^^^^^^^^^^^^^^^^^^^^^^^^^^ this code causes undefined behavior when executed
[INFO] [stderr] 
[INFO] [stderr] warning: dereferencing a null pointer
[INFO] [stderr]  --> /opt/rustwide/target/debug/build/mupen64plus-sys-40cc069ca6fafd02/out/libmupen64plus.rs:3:43849
[INFO] [stderr]   |
[INFO] [stderr] 3 | ...afe { & (* (:: std :: ptr :: null :: < m64p_video_extension_functions > ())) . VidExtFuncGLGetAttr as * const _ as usize } , 72usize ,...
[INFO] [stderr]   |            ^^^^^^^^^^^^^^^^^^^^^^^^^^^^^^^^^^^^^^^^^^^^^^^^^^^^^^^^^^^^^^^^^^^^ this code causes undefined behavior when executed
[INFO] [stderr] 
[INFO] [stderr] warning: dereferencing a null pointer
[INFO] [stderr]  --> /opt/rustwide/target/debug/build/mupen64plus-sys-40cc069ca6fafd02/out/libmupen64plus.rs:3:44124
[INFO] [stderr]   |
[INFO] [stderr] 3 | ...afe { & (* (:: std :: ptr :: null :: < m64p_video_extension_functions > ())) . VidExtFuncGLSwapBuf as * const _ as usize } , 80usize ,...
[INFO] [stderr]   |            ^^^^^^^^^^^^^^^^^^^^^^^^^^^^^^^^^^^^^^^^^^^^^^^^^^^^^^^^^^^^^^^^^^^^ this code causes undefined behavior when executed
[INFO] [stderr] 
[INFO] [stderr] warning: dereferencing a null pointer
[INFO] [stderr]  --> /opt/rustwide/target/debug/build/mupen64plus-sys-40cc069ca6fafd02/out/libmupen64plus.rs:3:44399
[INFO] [stderr]   |
[INFO] [stderr] 3 | ...afe { & (* (:: std :: ptr :: null :: < m64p_video_extension_functions > ())) . VidExtFuncSetCaption as * const _ as usize } , 88usize ...
[INFO] [stderr]   |            ^^^^^^^^^^^^^^^^^^^^^^^^^^^^^^^^^^^^^^^^^^^^^^^^^^^^^^^^^^^^^^^^^^^^ this code causes undefined behavior when executed
[INFO] [stderr] 
[INFO] [stderr] warning: dereferencing a null pointer
[INFO] [stderr]  --> /opt/rustwide/target/debug/build/mupen64plus-sys-40cc069ca6fafd02/out/libmupen64plus.rs:3:44676
[INFO] [stderr]   |
[INFO] [stderr] 3 | ...afe { & (* (:: std :: ptr :: null :: < m64p_video_extension_functions > ())) . VidExtFuncToggleFS as * const _ as usize } , 96usize , ...
[INFO] [stderr]   |            ^^^^^^^^^^^^^^^^^^^^^^^^^^^^^^^^^^^^^^^^^^^^^^^^^^^^^^^^^^^^^^^^^^^^ this code causes undefined behavior when executed
[INFO] [stderr] 
[INFO] [stderr] warning: dereferencing a null pointer
[INFO] [stderr]  --> /opt/rustwide/target/debug/build/mupen64plus-sys-40cc069ca6fafd02/out/libmupen64plus.rs:3:44949
[INFO] [stderr]   |
[INFO] [stderr] 3 | ...afe { & (* (:: std :: ptr :: null :: < m64p_video_extension_functions > ())) . VidExtFuncResizeWindow as * const _ as usize } , 104usi...
[INFO] [stderr]   |            ^^^^^^^^^^^^^^^^^^^^^^^^^^^^^^^^^^^^^^^^^^^^^^^^^^^^^^^^^^^^^^^^^^^^ this code causes undefined behavior when executed
[INFO] [stderr] 
[INFO] [stderr] warning: dereferencing a null pointer
[INFO] [stderr]  --> /opt/rustwide/target/debug/build/mupen64plus-sys-40cc069ca6fafd02/out/libmupen64plus.rs:3:45231
[INFO] [stderr]   |
[INFO] [stderr] 3 | ...afe { & (* (:: std :: ptr :: null :: < m64p_video_extension_functions > ())) . VidExtFuncGLGetDefaultFramebuffer as * const _ as usize...
[INFO] [stderr]   |            ^^^^^^^^^^^^^^^^^^^^^^^^^^^^^^^^^^^^^^^^^^^^^^^^^^^^^^^^^^^^^^^^^^^^ this code causes undefined behavior when executed
[INFO] [stderr] 
[INFO] [stderr] warning: dereferencing a null pointer
[INFO] [stderr]  --> /opt/rustwide/target/debug/build/mupen64plus-sys-40cc069ca6fafd02/out/libmupen64plus.rs:3:61129
[INFO] [stderr]   |
[INFO] [stderr] 3 | ...t_eq ! (unsafe { & (* (:: std :: ptr :: null :: < RSP_INFO > ())) . RDRAM as * const _ as usize } , 0usize , concat ! ("Offset of fiel...
[INFO] [stderr]   |                       ^^^^^^^^^^^^^^^^^^^^^^^^^^^^^^^^^^^^^^^^^^^^^^ this code causes undefined behavior when executed
[INFO] [stderr] 
[INFO] [stderr] warning: dereferencing a null pointer
[INFO] [stderr]  --> /opt/rustwide/target/debug/build/mupen64plus-sys-40cc069ca6fafd02/out/libmupen64plus.rs:3:61331
[INFO] [stderr]   |
[INFO] [stderr] 3 | ...t_eq ! (unsafe { & (* (:: std :: ptr :: null :: < RSP_INFO > ())) . DMEM as * const _ as usize } , 8usize , concat ! ("Offset of field...
[INFO] [stderr]   |                       ^^^^^^^^^^^^^^^^^^^^^^^^^^^^^^^^^^^^^^^^^^^^^^ this code causes undefined behavior when executed
[INFO] [stderr] 
[INFO] [stderr] warning: dereferencing a null pointer
[INFO] [stderr]  --> /opt/rustwide/target/debug/build/mupen64plus-sys-40cc069ca6fafd02/out/libmupen64plus.rs:3:61531
[INFO] [stderr]   |
[INFO] [stderr] 3 | ...t_eq ! (unsafe { & (* (:: std :: ptr :: null :: < RSP_INFO > ())) . IMEM as * const _ as usize } , 16usize , concat ! ("Offset of fiel...
[INFO] [stderr]   |                       ^^^^^^^^^^^^^^^^^^^^^^^^^^^^^^^^^^^^^^^^^^^^^^ this code causes undefined behavior when executed
[INFO] [stderr] 
[INFO] [stderr] warning: dereferencing a null pointer
[INFO] [stderr]  --> /opt/rustwide/target/debug/build/mupen64plus-sys-40cc069ca6fafd02/out/libmupen64plus.rs:3:61732
[INFO] [stderr]   |
[INFO] [stderr] 3 | ...t_eq ! (unsafe { & (* (:: std :: ptr :: null :: < RSP_INFO > ())) . MI_INTR_REG as * const _ as usize } , 24usize , concat ! ("Offset ...
[INFO] [stderr]   |                       ^^^^^^^^^^^^^^^^^^^^^^^^^^^^^^^^^^^^^^^^^^^^^^ this code causes undefined behavior when executed
[INFO] [stderr] 
[INFO] [stderr] warning: dereferencing a null pointer
[INFO] [stderr]  --> /opt/rustwide/target/debug/build/mupen64plus-sys-40cc069ca6fafd02/out/libmupen64plus.rs:3:61947
[INFO] [stderr]   |
[INFO] [stderr] 3 | ...t_eq ! (unsafe { & (* (:: std :: ptr :: null :: < RSP_INFO > ())) . SP_MEM_ADDR_REG as * const _ as usize } , 32usize , concat ! ("Off...
[INFO] [stderr]   |                       ^^^^^^^^^^^^^^^^^^^^^^^^^^^^^^^^^^^^^^^^^^^^^^ this code causes undefined behavior when executed
[INFO] [stderr] 
[INFO] [stderr] warning: dereferencing a null pointer
[INFO] [stderr]  --> /opt/rustwide/target/debug/build/mupen64plus-sys-40cc069ca6fafd02/out/libmupen64plus.rs:3:62170
[INFO] [stderr]   |
[INFO] [stderr] 3 | ...t_eq ! (unsafe { & (* (:: std :: ptr :: null :: < RSP_INFO > ())) . SP_DRAM_ADDR_REG as * const _ as usize } , 40usize , concat ! ("Of...
[INFO] [stderr]   |                       ^^^^^^^^^^^^^^^^^^^^^^^^^^^^^^^^^^^^^^^^^^^^^^ this code causes undefined behavior when executed
[INFO] [stderr] 
[INFO] [stderr] warning: dereferencing a null pointer
[INFO] [stderr]  --> /opt/rustwide/target/debug/build/mupen64plus-sys-40cc069ca6fafd02/out/libmupen64plus.rs:3:62395
[INFO] [stderr]   |
[INFO] [stderr] 3 | ...t_eq ! (unsafe { & (* (:: std :: ptr :: null :: < RSP_INFO > ())) . SP_RD_LEN_REG as * const _ as usize } , 48usize , concat ! ("Offse...
[INFO] [stderr]   |                       ^^^^^^^^^^^^^^^^^^^^^^^^^^^^^^^^^^^^^^^^^^^^^^ this code causes undefined behavior when executed
[INFO] [stderr] 
[INFO] [stderr] warning: dereferencing a null pointer
[INFO] [stderr]  --> /opt/rustwide/target/debug/build/mupen64plus-sys-40cc069ca6fafd02/out/libmupen64plus.rs:3:62614
[INFO] [stderr]   |
[INFO] [stderr] 3 | ...t_eq ! (unsafe { & (* (:: std :: ptr :: null :: < RSP_INFO > ())) . SP_WR_LEN_REG as * const _ as usize } , 56usize , concat ! ("Offse...
[INFO] [stderr]   |                       ^^^^^^^^^^^^^^^^^^^^^^^^^^^^^^^^^^^^^^^^^^^^^^ this code causes undefined behavior when executed
[INFO] [stderr] 
[INFO] [stderr] warning: dereferencing a null pointer
[INFO] [stderr]  --> /opt/rustwide/target/debug/build/mupen64plus-sys-40cc069ca6fafd02/out/libmupen64plus.rs:3:62833
[INFO] [stderr]   |
[INFO] [stderr] 3 | ...t_eq ! (unsafe { & (* (:: std :: ptr :: null :: < RSP_INFO > ())) . SP_STATUS_REG as * const _ as usize } , 64usize , concat ! ("Offse...
[INFO] [stderr]   |                       ^^^^^^^^^^^^^^^^^^^^^^^^^^^^^^^^^^^^^^^^^^^^^^ this code causes undefined behavior when executed
[INFO] [stderr] 
[INFO] [stderr] warning: dereferencing a null pointer
[INFO] [stderr]  --> /opt/rustwide/target/debug/build/mupen64plus-sys-40cc069ca6fafd02/out/libmupen64plus.rs:3:63052
[INFO] [stderr]   |
[INFO] [stderr] 3 | ...t_eq ! (unsafe { & (* (:: std :: ptr :: null :: < RSP_INFO > ())) . SP_DMA_FULL_REG as * const _ as usize } , 72usize , concat ! ("Off...
[INFO] [stderr]   |                       ^^^^^^^^^^^^^^^^^^^^^^^^^^^^^^^^^^^^^^^^^^^^^^ this code causes undefined behavior when executed
[INFO] [stderr] 
[INFO] [stderr] warning: dereferencing a null pointer
[INFO] [stderr]  --> /opt/rustwide/target/debug/build/mupen64plus-sys-40cc069ca6fafd02/out/libmupen64plus.rs:3:63275
[INFO] [stderr]   |
[INFO] [stderr] 3 | ...t_eq ! (unsafe { & (* (:: std :: ptr :: null :: < RSP_INFO > ())) . SP_DMA_BUSY_REG as * const _ as usize } , 80usize , concat ! ("Off...
[INFO] [stderr]   |                       ^^^^^^^^^^^^^^^^^^^^^^^^^^^^^^^^^^^^^^^^^^^^^^ this code causes undefined behavior when executed
[INFO] [stderr] 
[INFO] [stderr] warning: dereferencing a null pointer
[INFO] [stderr]  --> /opt/rustwide/target/debug/build/mupen64plus-sys-40cc069ca6fafd02/out/libmupen64plus.rs:3:63498
[INFO] [stderr]   |
[INFO] [stderr] 3 | ...t_eq ! (unsafe { & (* (:: std :: ptr :: null :: < RSP_INFO > ())) . SP_PC_REG as * const _ as usize } , 88usize , concat ! ("Offset of...
[INFO] [stderr]   |                       ^^^^^^^^^^^^^^^^^^^^^^^^^^^^^^^^^^^^^^^^^^^^^^ this code causes undefined behavior when executed
[INFO] [stderr] 
[INFO] [stderr] warning: dereferencing a null pointer
[INFO] [stderr]  --> /opt/rustwide/target/debug/build/mupen64plus-sys-40cc069ca6fafd02/out/libmupen64plus.rs:3:63709
[INFO] [stderr]   |
[INFO] [stderr] 3 | ...t_eq ! (unsafe { & (* (:: std :: ptr :: null :: < RSP_INFO > ())) . SP_SEMAPHORE_REG as * const _ as usize } , 96usize , concat ! ("Of...
[INFO] [stderr]   |                       ^^^^^^^^^^^^^^^^^^^^^^^^^^^^^^^^^^^^^^^^^^^^^^ this code causes undefined behavior when executed
[INFO] [stderr] 
[INFO] [stderr] warning: dereferencing a null pointer
[INFO] [stderr]  --> /opt/rustwide/target/debug/build/mupen64plus-sys-40cc069ca6fafd02/out/libmupen64plus.rs:3:63934
[INFO] [stderr]   |
[INFO] [stderr] 3 | ...t_eq ! (unsafe { & (* (:: std :: ptr :: null :: < RSP_INFO > ())) . DPC_START_REG as * const _ as usize } , 104usize , concat ! ("Offs...
[INFO] [stderr]   |                       ^^^^^^^^^^^^^^^^^^^^^^^^^^^^^^^^^^^^^^^^^^^^^^ this code causes undefined behavior when executed
[INFO] [stderr] 
[INFO] [stderr] warning: dereferencing a null pointer
[INFO] [stderr]  --> /opt/rustwide/target/debug/build/mupen64plus-sys-40cc069ca6fafd02/out/libmupen64plus.rs:3:64154
[INFO] [stderr]   |
[INFO] [stderr] 3 | ...t_eq ! (unsafe { & (* (:: std :: ptr :: null :: < RSP_INFO > ())) . DPC_END_REG as * const _ as usize } , 112usize , concat ! ("Offset...
[INFO] [stderr]   |                       ^^^^^^^^^^^^^^^^^^^^^^^^^^^^^^^^^^^^^^^^^^^^^^ this code causes undefined behavior when executed
[INFO] [stderr] 
[INFO] [stderr] warning: dereferencing a null pointer
[INFO] [stderr]  --> /opt/rustwide/target/debug/build/mupen64plus-sys-40cc069ca6fafd02/out/libmupen64plus.rs:3:64370
[INFO] [stderr]   |
[INFO] [stderr] 3 | ...t_eq ! (unsafe { & (* (:: std :: ptr :: null :: < RSP_INFO > ())) . DPC_CURRENT_REG as * const _ as usize } , 120usize , concat ! ("Of...
[INFO] [stderr]   |                       ^^^^^^^^^^^^^^^^^^^^^^^^^^^^^^^^^^^^^^^^^^^^^^ this code causes undefined behavior when executed
[INFO] [stderr] 
[INFO] [stderr] warning: dereferencing a null pointer
[INFO] [stderr]  --> /opt/rustwide/target/debug/build/mupen64plus-sys-40cc069ca6fafd02/out/libmupen64plus.rs:3:64594
[INFO] [stderr]   |
[INFO] [stderr] 3 | ...t_eq ! (unsafe { & (* (:: std :: ptr :: null :: < RSP_INFO > ())) . DPC_STATUS_REG as * const _ as usize } , 128usize , concat ! ("Off...
[INFO] [stderr]   |                       ^^^^^^^^^^^^^^^^^^^^^^^^^^^^^^^^^^^^^^^^^^^^^^ this code causes undefined behavior when executed
[INFO] [stderr] 
[INFO] [stderr] warning: dereferencing a null pointer
[INFO] [stderr]  --> /opt/rustwide/target/debug/build/mupen64plus-sys-40cc069ca6fafd02/out/libmupen64plus.rs:3:64816
[INFO] [stderr]   |
[INFO] [stderr] 3 | ...t_eq ! (unsafe { & (* (:: std :: ptr :: null :: < RSP_INFO > ())) . DPC_CLOCK_REG as * const _ as usize } , 136usize , concat ! ("Offs...
[INFO] [stderr]   |                       ^^^^^^^^^^^^^^^^^^^^^^^^^^^^^^^^^^^^^^^^^^^^^^ this code causes undefined behavior when executed
[INFO] [stderr] 
[INFO] [stderr] warning: dereferencing a null pointer
[INFO] [stderr]  --> /opt/rustwide/target/debug/build/mupen64plus-sys-40cc069ca6fafd02/out/libmupen64plus.rs:3:65036
[INFO] [stderr]   |
[INFO] [stderr] 3 | ...t_eq ! (unsafe { & (* (:: std :: ptr :: null :: < RSP_INFO > ())) . DPC_BUFBUSY_REG as * const _ as usize } , 144usize , concat ! ("Of...
[INFO] [stderr]   |                       ^^^^^^^^^^^^^^^^^^^^^^^^^^^^^^^^^^^^^^^^^^^^^^ this code causes undefined behavior when executed
[INFO] [stderr] 
[INFO] [stderr] warning: dereferencing a null pointer
[INFO] [stderr]  --> /opt/rustwide/target/debug/build/mupen64plus-sys-40cc069ca6fafd02/out/libmupen64plus.rs:3:65260
[INFO] [stderr]   |
[INFO] [stderr] 3 | ...t_eq ! (unsafe { & (* (:: std :: ptr :: null :: < RSP_INFO > ())) . DPC_PIPEBUSY_REG as * const _ as usize } , 152usize , concat ! ("O...
[INFO] [stderr]   |                       ^^^^^^^^^^^^^^^^^^^^^^^^^^^^^^^^^^^^^^^^^^^^^^ this code causes undefined behavior when executed
[INFO] [stderr] 
[INFO] [stderr] warning: dereferencing a null pointer
[INFO] [stderr]  --> /opt/rustwide/target/debug/build/mupen64plus-sys-40cc069ca6fafd02/out/libmupen64plus.rs:3:65486
[INFO] [stderr]   |
[INFO] [stderr] 3 | ...t_eq ! (unsafe { & (* (:: std :: ptr :: null :: < RSP_INFO > ())) . DPC_TMEM_REG as * const _ as usize } , 160usize , concat ! ("Offse...
[INFO] [stderr]   |                       ^^^^^^^^^^^^^^^^^^^^^^^^^^^^^^^^^^^^^^^^^^^^^^ this code causes undefined behavior when executed
[INFO] [stderr] 
[INFO] [stderr] warning: dereferencing a null pointer
[INFO] [stderr]  --> /opt/rustwide/target/debug/build/mupen64plus-sys-40cc069ca6fafd02/out/libmupen64plus.rs:3:65704
[INFO] [stderr]   |
[INFO] [stderr] 3 | ...t_eq ! (unsafe { & (* (:: std :: ptr :: null :: < RSP_INFO > ())) . CheckInterrupts as * const _ as usize } , 168usize , concat ! ("Of...
[INFO] [stderr]   |                       ^^^^^^^^^^^^^^^^^^^^^^^^^^^^^^^^^^^^^^^^^^^^^^ this code causes undefined behavior when executed
[INFO] [stderr] 
[INFO] [stderr] warning: dereferencing a null pointer
[INFO] [stderr]  --> /opt/rustwide/target/debug/build/mupen64plus-sys-40cc069ca6fafd02/out/libmupen64plus.rs:3:65928
[INFO] [stderr]   |
[INFO] [stderr] 3 | ...t_eq ! (unsafe { & (* (:: std :: ptr :: null :: < RSP_INFO > ())) . ProcessDlistList as * const _ as usize } , 176usize , concat ! ("O...
[INFO] [stderr]   |                       ^^^^^^^^^^^^^^^^^^^^^^^^^^^^^^^^^^^^^^^^^^^^^^ this code causes undefined behavior when executed
[INFO] [stderr] 
[INFO] [stderr] warning: dereferencing a null pointer
[INFO] [stderr]  --> /opt/rustwide/target/debug/build/mupen64plus-sys-40cc069ca6fafd02/out/libmupen64plus.rs:3:66154
[INFO] [stderr]   |
[INFO] [stderr] 3 | ...t_eq ! (unsafe { & (* (:: std :: ptr :: null :: < RSP_INFO > ())) . ProcessAlistList as * const _ as usize } , 184usize , concat ! ("O...
[INFO] [stderr]   |                       ^^^^^^^^^^^^^^^^^^^^^^^^^^^^^^^^^^^^^^^^^^^^^^ this code causes undefined behavior when executed
[INFO] [stderr] 
[INFO] [stderr] warning: dereferencing a null pointer
[INFO] [stderr]  --> /opt/rustwide/target/debug/build/mupen64plus-sys-40cc069ca6fafd02/out/libmupen64plus.rs:3:66380
[INFO] [stderr]   |
[INFO] [stderr] 3 | ...t_eq ! (unsafe { & (* (:: std :: ptr :: null :: < RSP_INFO > ())) . ProcessRdpList as * const _ as usize } , 192usize , concat ! ("Off...
[INFO] [stderr]   |                       ^^^^^^^^^^^^^^^^^^^^^^^^^^^^^^^^^^^^^^^^^^^^^^ this code causes undefined behavior when executed
[INFO] [stderr] 
[INFO] [stderr] warning: dereferencing a null pointer
[INFO] [stderr]  --> /opt/rustwide/target/debug/build/mupen64plus-sys-40cc069ca6fafd02/out/libmupen64plus.rs:3:66602
[INFO] [stderr]   |
[INFO] [stderr] 3 | ...t_eq ! (unsafe { & (* (:: std :: ptr :: null :: < RSP_INFO > ())) . ShowCFB as * const _ as usize } , 200usize , concat ! ("Offset of ...
[INFO] [stderr]   |                       ^^^^^^^^^^^^^^^^^^^^^^^^^^^^^^^^^^^^^^^^^^^^^^ this code causes undefined behavior when executed
[INFO] [stderr] 
[INFO] [stderr] warning: dereferencing a null pointer
[INFO] [stderr]  --> /opt/rustwide/target/debug/build/mupen64plus-sys-40cc069ca6fafd02/out/libmupen64plus.rs:3:68962
[INFO] [stderr]   |
[INFO] [stderr] 3 | ...t_eq ! (unsafe { & (* (:: std :: ptr :: null :: < GFX_INFO > ())) . HEADER as * const _ as usize } , 0usize , concat ! ("Offset of fie...
[INFO] [stderr]   |                       ^^^^^^^^^^^^^^^^^^^^^^^^^^^^^^^^^^^^^^^^^^^^^^ this code causes undefined behavior when executed
[INFO] [stderr] 
[INFO] [stderr] warning: dereferencing a null pointer
[INFO] [stderr]  --> /opt/rustwide/target/debug/build/mupen64plus-sys-40cc069ca6fafd02/out/libmupen64plus.rs:3:69166
[INFO] [stderr]   |
[INFO] [stderr] 3 | ...t_eq ! (unsafe { & (* (:: std :: ptr :: null :: < GFX_INFO > ())) . RDRAM as * const _ as usize } , 8usize , concat ! ("Offset of fiel...
[INFO] [stderr]   |                       ^^^^^^^^^^^^^^^^^^^^^^^^^^^^^^^^^^^^^^^^^^^^^^ this code causes undefined behavior when executed
[INFO] [stderr] 
[INFO] [stderr] warning: dereferencing a null pointer
[INFO] [stderr]  --> /opt/rustwide/target/debug/build/mupen64plus-sys-40cc069ca6fafd02/out/libmupen64plus.rs:3:69368
[INFO] [stderr]   |
[INFO] [stderr] 3 | ...t_eq ! (unsafe { & (* (:: std :: ptr :: null :: < GFX_INFO > ())) . DMEM as * const _ as usize } , 16usize , concat ! ("Offset of fiel...
[INFO] [stderr]   |                       ^^^^^^^^^^^^^^^^^^^^^^^^^^^^^^^^^^^^^^^^^^^^^^ this code causes undefined behavior when executed
[INFO] [stderr] 
[INFO] [stderr] warning: dereferencing a null pointer
[INFO] [stderr]  --> /opt/rustwide/target/debug/build/mupen64plus-sys-40cc069ca6fafd02/out/libmupen64plus.rs:3:69569
[INFO] [stderr]   |
[INFO] [stderr] 3 | ...t_eq ! (unsafe { & (* (:: std :: ptr :: null :: < GFX_INFO > ())) . IMEM as * const _ as usize } , 24usize , concat ! ("Offset of fiel...
[INFO] [stderr]   |                       ^^^^^^^^^^^^^^^^^^^^^^^^^^^^^^^^^^^^^^^^^^^^^^ this code causes undefined behavior when executed
[INFO] [stderr] 
[INFO] [stderr] warning: dereferencing a null pointer
[INFO] [stderr]  --> /opt/rustwide/target/debug/build/mupen64plus-sys-40cc069ca6fafd02/out/libmupen64plus.rs:3:69770
[INFO] [stderr]   |
[INFO] [stderr] 3 | ...t_eq ! (unsafe { & (* (:: std :: ptr :: null :: < GFX_INFO > ())) . MI_INTR_REG as * const _ as usize } , 32usize , concat ! ("Offset ...
[INFO] [stderr]   |                       ^^^^^^^^^^^^^^^^^^^^^^^^^^^^^^^^^^^^^^^^^^^^^^ this code causes undefined behavior when executed
[INFO] [stderr] 
[INFO] [stderr] warning: dereferencing a null pointer
[INFO] [stderr]  --> /opt/rustwide/target/debug/build/mupen64plus-sys-40cc069ca6fafd02/out/libmupen64plus.rs:3:69985
[INFO] [stderr]   |
[INFO] [stderr] 3 | ...t_eq ! (unsafe { & (* (:: std :: ptr :: null :: < GFX_INFO > ())) . DPC_START_REG as * const _ as usize } , 40usize , concat ! ("Offse...
[INFO] [stderr]   |                       ^^^^^^^^^^^^^^^^^^^^^^^^^^^^^^^^^^^^^^^^^^^^^^ this code causes undefined behavior when executed
[INFO] [stderr] 
[INFO] [stderr] warning: dereferencing a null pointer
[INFO] [stderr]  --> /opt/rustwide/target/debug/build/mupen64plus-sys-40cc069ca6fafd02/out/libmupen64plus.rs:3:70204
[INFO] [stderr]   |
[INFO] [stderr] 3 | ...t_eq ! (unsafe { & (* (:: std :: ptr :: null :: < GFX_INFO > ())) . DPC_END_REG as * const _ as usize } , 48usize , concat ! ("Offset ...
[INFO] [stderr]   |                       ^^^^^^^^^^^^^^^^^^^^^^^^^^^^^^^^^^^^^^^^^^^^^^ this code causes undefined behavior when executed
[INFO] [stderr] 
[INFO] [stderr] warning: dereferencing a null pointer
[INFO] [stderr]  --> /opt/rustwide/target/debug/build/mupen64plus-sys-40cc069ca6fafd02/out/libmupen64plus.rs:3:70419
[INFO] [stderr]   |
[INFO] [stderr] 3 | ...t_eq ! (unsafe { & (* (:: std :: ptr :: null :: < GFX_INFO > ())) . DPC_CURRENT_REG as * const _ as usize } , 56usize , concat ! ("Off...
[INFO] [stderr]   |                       ^^^^^^^^^^^^^^^^^^^^^^^^^^^^^^^^^^^^^^^^^^^^^^ this code causes undefined behavior when executed
[INFO] [stderr] 
[INFO] [stderr] warning: dereferencing a null pointer
[INFO] [stderr]  --> /opt/rustwide/target/debug/build/mupen64plus-sys-40cc069ca6fafd02/out/libmupen64plus.rs:3:70642
[INFO] [stderr]   |
[INFO] [stderr] 3 | ...t_eq ! (unsafe { & (* (:: std :: ptr :: null :: < GFX_INFO > ())) . DPC_STATUS_REG as * const _ as usize } , 64usize , concat ! ("Offs...
[INFO] [stderr]   |                       ^^^^^^^^^^^^^^^^^^^^^^^^^^^^^^^^^^^^^^^^^^^^^^ this code causes undefined behavior when executed
[INFO] [stderr] 
[INFO] [stderr] warning: dereferencing a null pointer
[INFO] [stderr]  --> /opt/rustwide/target/debug/build/mupen64plus-sys-40cc069ca6fafd02/out/libmupen64plus.rs:3:70863
[INFO] [stderr]   |
[INFO] [stderr] 3 | ...t_eq ! (unsafe { & (* (:: std :: ptr :: null :: < GFX_INFO > ())) . DPC_CLOCK_REG as * const _ as usize } , 72usize , concat ! ("Offse...
[INFO] [stderr]   |                       ^^^^^^^^^^^^^^^^^^^^^^^^^^^^^^^^^^^^^^^^^^^^^^ this code causes undefined behavior when executed
[INFO] [stderr] 
[INFO] [stderr] warning: dereferencing a null pointer
[INFO] [stderr]  --> /opt/rustwide/target/debug/build/mupen64plus-sys-40cc069ca6fafd02/out/libmupen64plus.rs:3:71082
[INFO] [stderr]   |
[INFO] [stderr] 3 | ...t_eq ! (unsafe { & (* (:: std :: ptr :: null :: < GFX_INFO > ())) . DPC_BUFBUSY_REG as * const _ as usize } , 80usize , concat ! ("Off...
[INFO] [stderr]   |                       ^^^^^^^^^^^^^^^^^^^^^^^^^^^^^^^^^^^^^^^^^^^^^^ this code causes undefined behavior when executed
[INFO] [stderr] 
[INFO] [stderr] warning: dereferencing a null pointer
[INFO] [stderr]  --> /opt/rustwide/target/debug/build/mupen64plus-sys-40cc069ca6fafd02/out/libmupen64plus.rs:3:71305
[INFO] [stderr]   |
[INFO] [stderr] 3 | ...t_eq ! (unsafe { & (* (:: std :: ptr :: null :: < GFX_INFO > ())) . DPC_PIPEBUSY_REG as * const _ as usize } , 88usize , concat ! ("Of...
[INFO] [stderr]   |                       ^^^^^^^^^^^^^^^^^^^^^^^^^^^^^^^^^^^^^^^^^^^^^^ this code causes undefined behavior when executed
[INFO] [stderr] 
[INFO] [stderr] warning: dereferencing a null pointer
[INFO] [stderr]  --> /opt/rustwide/target/debug/build/mupen64plus-sys-40cc069ca6fafd02/out/libmupen64plus.rs:3:71530
[INFO] [stderr]   |
[INFO] [stderr] 3 | ...t_eq ! (unsafe { & (* (:: std :: ptr :: null :: < GFX_INFO > ())) . DPC_TMEM_REG as * const _ as usize } , 96usize , concat ! ("Offset...
[INFO] [stderr]   |                       ^^^^^^^^^^^^^^^^^^^^^^^^^^^^^^^^^^^^^^^^^^^^^^ this code causes undefined behavior when executed
[INFO] [stderr] 
[INFO] [stderr] warning: dereferencing a null pointer
[INFO] [stderr]  --> /opt/rustwide/target/debug/build/mupen64plus-sys-40cc069ca6fafd02/out/libmupen64plus.rs:3:71747
[INFO] [stderr]   |
[INFO] [stderr] 3 | ...t_eq ! (unsafe { & (* (:: std :: ptr :: null :: < GFX_INFO > ())) . VI_STATUS_REG as * const _ as usize } , 104usize , concat ! ("Offs...
[INFO] [stderr]   |                       ^^^^^^^^^^^^^^^^^^^^^^^^^^^^^^^^^^^^^^^^^^^^^^ this code causes undefined behavior when executed
[INFO] [stderr] 
[INFO] [stderr] warning: dereferencing a null pointer
[INFO] [stderr]  --> /opt/rustwide/target/debug/build/mupen64plus-sys-40cc069ca6fafd02/out/libmupen64plus.rs:3:71967
[INFO] [stderr]   |
[INFO] [stderr] 3 | ...t_eq ! (unsafe { & (* (:: std :: ptr :: null :: < GFX_INFO > ())) . VI_ORIGIN_REG as * const _ as usize } , 112usize , concat ! ("Offs...
[INFO] [stderr]   |                       ^^^^^^^^^^^^^^^^^^^^^^^^^^^^^^^^^^^^^^^^^^^^^^ this code causes undefined behavior when executed
[INFO] [stderr] 
[INFO] [stderr] warning: dereferencing a null pointer
[INFO] [stderr]  --> /opt/rustwide/target/debug/build/mupen64plus-sys-40cc069ca6fafd02/out/libmupen64plus.rs:3:72187
[INFO] [stderr]   |
[INFO] [stderr] 3 | ...t_eq ! (unsafe { & (* (:: std :: ptr :: null :: < GFX_INFO > ())) . VI_WIDTH_REG as * const _ as usize } , 120usize , concat ! ("Offse...
[INFO] [stderr]   |                       ^^^^^^^^^^^^^^^^^^^^^^^^^^^^^^^^^^^^^^^^^^^^^^ this code causes undefined behavior when executed
[INFO] [stderr] 
[INFO] [stderr] warning: dereferencing a null pointer
[INFO] [stderr]  --> /opt/rustwide/target/debug/build/mupen64plus-sys-40cc069ca6fafd02/out/libmupen64plus.rs:3:72405
[INFO] [stderr]   |
[INFO] [stderr] 3 | ...t_eq ! (unsafe { & (* (:: std :: ptr :: null :: < GFX_INFO > ())) . VI_INTR_REG as * const _ as usize } , 128usize , concat ! ("Offset...
[INFO] [stderr]   |                       ^^^^^^^^^^^^^^^^^^^^^^^^^^^^^^^^^^^^^^^^^^^^^^ this code causes undefined behavior when executed
[INFO] [stderr] 
[INFO] [stderr] warning: dereferencing a null pointer
[INFO] [stderr]  --> /opt/rustwide/target/debug/build/mupen64plus-sys-40cc069ca6fafd02/out/libmupen64plus.rs:3:72621
[INFO] [stderr]   |
[INFO] [stderr] 3 | ...t_eq ! (unsafe { & (* (:: std :: ptr :: null :: < GFX_INFO > ())) . VI_V_CURRENT_LINE_REG as * const _ as usize } , 136usize , concat ...
[INFO] [stderr]   |                       ^^^^^^^^^^^^^^^^^^^^^^^^^^^^^^^^^^^^^^^^^^^^^^ this code causes undefined behavior when executed
[INFO] [stderr] 
[INFO] [stderr] warning: dereferencing a null pointer
[INFO] [stderr]  --> /opt/rustwide/target/debug/build/mupen64plus-sys-40cc069ca6fafd02/out/libmupen64plus.rs:3:72857
[INFO] [stderr]   |
[INFO] [stderr] 3 | ...t_eq ! (unsafe { & (* (:: std :: ptr :: null :: < GFX_INFO > ())) . VI_TIMING_REG as * const _ as usize } , 144usize , concat ! ("Offs...
[INFO] [stderr]   |                       ^^^^^^^^^^^^^^^^^^^^^^^^^^^^^^^^^^^^^^^^^^^^^^ this code causes undefined behavior when executed
[INFO] [stderr] 
[INFO] [stderr] warning: dereferencing a null pointer
[INFO] [stderr]  --> /opt/rustwide/target/debug/build/mupen64plus-sys-40cc069ca6fafd02/out/libmupen64plus.rs:3:73077
[INFO] [stderr]   |
[INFO] [stderr] 3 | ...t_eq ! (unsafe { & (* (:: std :: ptr :: null :: < GFX_INFO > ())) . VI_V_SYNC_REG as * const _ as usize } , 152usize , concat ! ("Offs...
[INFO] [stderr]   |                       ^^^^^^^^^^^^^^^^^^^^^^^^^^^^^^^^^^^^^^^^^^^^^^ this code causes undefined behavior when executed
[INFO] [stderr] 
[INFO] [stderr] warning: dereferencing a null pointer
[INFO] [stderr]  --> /opt/rustwide/target/debug/build/mupen64plus-sys-40cc069ca6fafd02/out/libmupen64plus.rs:3:73297
[INFO] [stderr]   |
[INFO] [stderr] 3 | ...t_eq ! (unsafe { & (* (:: std :: ptr :: null :: < GFX_INFO > ())) . VI_H_SYNC_REG as * const _ as usize } , 160usize , concat ! ("Offs...
[INFO] [stderr]   |                       ^^^^^^^^^^^^^^^^^^^^^^^^^^^^^^^^^^^^^^^^^^^^^^ this code causes undefined behavior when executed
[INFO] [stderr] 
[INFO] [stderr] warning: dereferencing a null pointer
[INFO] [stderr]  --> /opt/rustwide/target/debug/build/mupen64plus-sys-40cc069ca6fafd02/out/libmupen64plus.rs:3:73517
[INFO] [stderr]   |
[INFO] [stderr] 3 | ...t_eq ! (unsafe { & (* (:: std :: ptr :: null :: < GFX_INFO > ())) . VI_LEAP_REG as * const _ as usize } , 168usize , concat ! ("Offset...
[INFO] [stderr]   |                       ^^^^^^^^^^^^^^^^^^^^^^^^^^^^^^^^^^^^^^^^^^^^^^ this code causes undefined behavior when executed
[INFO] [stderr] 
[INFO] [stderr] warning: dereferencing a null pointer
[INFO] [stderr]  --> /opt/rustwide/target/debug/build/mupen64plus-sys-40cc069ca6fafd02/out/libmupen64plus.rs:3:73733
[INFO] [stderr]   |
[INFO] [stderr] 3 | ...t_eq ! (unsafe { & (* (:: std :: ptr :: null :: < GFX_INFO > ())) . VI_H_START_REG as * const _ as usize } , 176usize , concat ! ("Off...
[INFO] [stderr]   |                       ^^^^^^^^^^^^^^^^^^^^^^^^^^^^^^^^^^^^^^^^^^^^^^ this code causes undefined behavior when executed
[INFO] [stderr] 
[INFO] [stderr] warning: dereferencing a null pointer
[INFO] [stderr]  --> /opt/rustwide/target/debug/build/mupen64plus-sys-40cc069ca6fafd02/out/libmupen64plus.rs:3:73955
[INFO] [stderr]   |
[INFO] [stderr] 3 | ...t_eq ! (unsafe { & (* (:: std :: ptr :: null :: < GFX_INFO > ())) . VI_V_START_REG as * const _ as usize } , 184usize , concat ! ("Off...
[INFO] [stderr]   |                       ^^^^^^^^^^^^^^^^^^^^^^^^^^^^^^^^^^^^^^^^^^^^^^ this code causes undefined behavior when executed
[INFO] [stderr] 
[INFO] [stderr] warning: dereferencing a null pointer
[INFO] [stderr]  --> /opt/rustwide/target/debug/build/mupen64plus-sys-40cc069ca6fafd02/out/libmupen64plus.rs:3:74177
[INFO] [stderr]   |
[INFO] [stderr] 3 | ...t_eq ! (unsafe { & (* (:: std :: ptr :: null :: < GFX_INFO > ())) . VI_V_BURST_REG as * const _ as usize } , 192usize , concat ! ("Off...
[INFO] [stderr]   |                       ^^^^^^^^^^^^^^^^^^^^^^^^^^^^^^^^^^^^^^^^^^^^^^ this code causes undefined behavior when executed
[INFO] [stderr] 
[INFO] [stderr] warning: dereferencing a null pointer
[INFO] [stderr]  --> /opt/rustwide/target/debug/build/mupen64plus-sys-40cc069ca6fafd02/out/libmupen64plus.rs:3:74399
[INFO] [stderr]   |
[INFO] [stderr] 3 | ...t_eq ! (unsafe { & (* (:: std :: ptr :: null :: < GFX_INFO > ())) . VI_X_SCALE_REG as * const _ as usize } , 200usize , concat ! ("Off...
[INFO] [stderr]   |                       ^^^^^^^^^^^^^^^^^^^^^^^^^^^^^^^^^^^^^^^^^^^^^^ this code causes undefined behavior when executed
[INFO] [stderr] 
[INFO] [stderr] warning: dereferencing a null pointer
[INFO] [stderr]  --> /opt/rustwide/target/debug/build/mupen64plus-sys-40cc069ca6fafd02/out/libmupen64plus.rs:3:74621
[INFO] [stderr]   |
[INFO] [stderr] 3 | ...t_eq ! (unsafe { & (* (:: std :: ptr :: null :: < GFX_INFO > ())) . VI_Y_SCALE_REG as * const _ as usize } , 208usize , concat ! ("Off...
[INFO] [stderr]   |                       ^^^^^^^^^^^^^^^^^^^^^^^^^^^^^^^^^^^^^^^^^^^^^^ this code causes undefined behavior when executed
[INFO] [stderr] 
[INFO] [stderr] warning: dereferencing a null pointer
[INFO] [stderr]  --> /opt/rustwide/target/debug/build/mupen64plus-sys-40cc069ca6fafd02/out/libmupen64plus.rs:3:74843
[INFO] [stderr]   |
[INFO] [stderr] 3 | ...t_eq ! (unsafe { & (* (:: std :: ptr :: null :: < GFX_INFO > ())) . CheckInterrupts as * const _ as usize } , 216usize , concat ! ("Of...
[INFO] [stderr]   |                       ^^^^^^^^^^^^^^^^^^^^^^^^^^^^^^^^^^^^^^^^^^^^^^ this code causes undefined behavior when executed
[INFO] [stderr] 
[INFO] [stderr] warning: dereferencing a null pointer
[INFO] [stderr]  --> /opt/rustwide/target/debug/build/mupen64plus-sys-40cc069ca6fafd02/out/libmupen64plus.rs:3:75067
[INFO] [stderr]   |
[INFO] [stderr] 3 | ...t_eq ! (unsafe { & (* (:: std :: ptr :: null :: < GFX_INFO > ())) . version as * const _ as usize } , 224usize , concat ! ("Offset of ...
[INFO] [stderr]   |                       ^^^^^^^^^^^^^^^^^^^^^^^^^^^^^^^^^^^^^^^^^^^^^^ this code causes undefined behavior when executed
[INFO] [stderr] 
[INFO] [stderr] warning: dereferencing a null pointer
[INFO] [stderr]  --> /opt/rustwide/target/debug/build/mupen64plus-sys-40cc069ca6fafd02/out/libmupen64plus.rs:3:75275
[INFO] [stderr]   |
[INFO] [stderr] 3 | ...t_eq ! (unsafe { & (* (:: std :: ptr :: null :: < GFX_INFO > ())) . SP_STATUS_REG as * const _ as usize } , 232usize , concat ! ("Offs...
[INFO] [stderr]   |                       ^^^^^^^^^^^^^^^^^^^^^^^^^^^^^^^^^^^^^^^^^^^^^^ this code causes undefined behavior when executed
[INFO] [stderr] 
[INFO] [stderr] warning: dereferencing a null pointer
[INFO] [stderr]  --> /opt/rustwide/target/debug/build/mupen64plus-sys-40cc069ca6fafd02/out/libmupen64plus.rs:3:75495
[INFO] [stderr]   |
[INFO] [stderr] 3 | ...t_eq ! (unsafe { & (* (:: std :: ptr :: null :: < GFX_INFO > ())) . RDRAM_SIZE as * const _ as usize } , 240usize , concat ! ("Offset ...
[INFO] [stderr]   |                       ^^^^^^^^^^^^^^^^^^^^^^^^^^^^^^^^^^^^^^^^^^^^^^ this code causes undefined behavior when executed
[INFO] [stderr] 
[INFO] [stderr] warning: dereferencing a null pointer
[INFO] [stderr]  --> /opt/rustwide/target/debug/build/mupen64plus-sys-40cc069ca6fafd02/out/libmupen64plus.rs:3:76721
[INFO] [stderr]   |
[INFO] [stderr] 3 | ..._eq ! (unsafe { & (* (:: std :: ptr :: null :: < AUDIO_INFO > ())) . RDRAM as * const _ as usize } , 0usize , concat ! ("Offset of fie...
[INFO] [stderr]   |                      ^^^^^^^^^^^^^^^^^^^^^^^^^^^^^^^^^^^^^^^^^^^^^^^^ this code causes undefined behavior when executed
[INFO] [stderr] 
[INFO] [stderr] warning: dereferencing a null pointer
[INFO] [stderr]  --> /opt/rustwide/target/debug/build/mupen64plus-sys-40cc069ca6fafd02/out/libmupen64plus.rs:3:76927
[INFO] [stderr]   |
[INFO] [stderr] 3 | ..._eq ! (unsafe { & (* (:: std :: ptr :: null :: < AUDIO_INFO > ())) . DMEM as * const _ as usize } , 8usize , concat ! ("Offset of fiel...
[INFO] [stderr]   |                      ^^^^^^^^^^^^^^^^^^^^^^^^^^^^^^^^^^^^^^^^^^^^^^^^ this code causes undefined behavior when executed
[INFO] [stderr] 
[INFO] [stderr] warning: dereferencing a null pointer
[INFO] [stderr]  --> /opt/rustwide/target/debug/build/mupen64plus-sys-40cc069ca6fafd02/out/libmupen64plus.rs:3:77131
[INFO] [stderr]   |
[INFO] [stderr] 3 | ..._eq ! (unsafe { & (* (:: std :: ptr :: null :: < AUDIO_INFO > ())) . IMEM as * const _ as usize } , 16usize , concat ! ("Offset of fie...
[INFO] [stderr]   |                      ^^^^^^^^^^^^^^^^^^^^^^^^^^^^^^^^^^^^^^^^^^^^^^^^ this code causes undefined behavior when executed
[INFO] [stderr] 
[INFO] [stderr] warning: dereferencing a null pointer
[INFO] [stderr]  --> /opt/rustwide/target/debug/build/mupen64plus-sys-40cc069ca6fafd02/out/libmupen64plus.rs:3:77336
[INFO] [stderr]   |
[INFO] [stderr] 3 | ..._eq ! (unsafe { & (* (:: std :: ptr :: null :: < AUDIO_INFO > ())) . MI_INTR_REG as * const _ as usize } , 24usize , concat ! ("Offset...
[INFO] [stderr]   |                      ^^^^^^^^^^^^^^^^^^^^^^^^^^^^^^^^^^^^^^^^^^^^^^^^ this code causes undefined behavior when executed
[INFO] [stderr] 
[INFO] [stderr] warning: dereferencing a null pointer
[INFO] [stderr]  --> /opt/rustwide/target/debug/build/mupen64plus-sys-40cc069ca6fafd02/out/libmupen64plus.rs:3:77555
[INFO] [stderr]   |
[INFO] [stderr] 3 | ..._eq ! (unsafe { & (* (:: std :: ptr :: null :: < AUDIO_INFO > ())) . AI_DRAM_ADDR_REG as * const _ as usize } , 32usize , concat ! ("O...
[INFO] [stderr]   |                      ^^^^^^^^^^^^^^^^^^^^^^^^^^^^^^^^^^^^^^^^^^^^^^^^ this code causes undefined behavior when executed
[INFO] [stderr] 
[INFO] [stderr] warning: dereferencing a null pointer
[INFO] [stderr]  --> /opt/rustwide/target/debug/build/mupen64plus-sys-40cc069ca6fafd02/out/libmupen64plus.rs:3:77784
[INFO] [stderr]   |
[INFO] [stderr] 3 | ..._eq ! (unsafe { & (* (:: std :: ptr :: null :: < AUDIO_INFO > ())) . AI_LEN_REG as * const _ as usize } , 40usize , concat ! ("Offset ...
[INFO] [stderr]   |                      ^^^^^^^^^^^^^^^^^^^^^^^^^^^^^^^^^^^^^^^^^^^^^^^^ this code causes undefined behavior when executed
[INFO] [stderr] 
[INFO] [stderr] warning: dereferencing a null pointer
[INFO] [stderr]  --> /opt/rustwide/target/debug/build/mupen64plus-sys-40cc069ca6fafd02/out/libmupen64plus.rs:3:78001
[INFO] [stderr]   |
[INFO] [stderr] 3 | ..._eq ! (unsafe { & (* (:: std :: ptr :: null :: < AUDIO_INFO > ())) . AI_CONTROL_REG as * const _ as usize } , 48usize , concat ! ("Off...
[INFO] [stderr]   |                      ^^^^^^^^^^^^^^^^^^^^^^^^^^^^^^^^^^^^^^^^^^^^^^^^ this code causes undefined behavior when executed
[INFO] [stderr] 
[INFO] [stderr] warning: dereferencing a null pointer
[INFO] [stderr]  --> /opt/rustwide/target/debug/build/mupen64plus-sys-40cc069ca6fafd02/out/libmupen64plus.rs:3:78226
[INFO] [stderr]   |
[INFO] [stderr] 3 | ..._eq ! (unsafe { & (* (:: std :: ptr :: null :: < AUDIO_INFO > ())) . AI_STATUS_REG as * const _ as usize } , 56usize , concat ! ("Offs...
[INFO] [stderr]   |                      ^^^^^^^^^^^^^^^^^^^^^^^^^^^^^^^^^^^^^^^^^^^^^^^^ this code causes undefined behavior when executed
[INFO] [stderr] 
[INFO] [stderr] warning: dereferencing a null pointer
[INFO] [stderr]  --> /opt/rustwide/target/debug/build/mupen64plus-sys-40cc069ca6fafd02/out/libmupen64plus.rs:3:78449
[INFO] [stderr]   |
[INFO] [stderr] 3 | ..._eq ! (unsafe { & (* (:: std :: ptr :: null :: < AUDIO_INFO > ())) . AI_DACRATE_REG as * const _ as usize } , 64usize , concat ! ("Off...
[INFO] [stderr]   |                      ^^^^^^^^^^^^^^^^^^^^^^^^^^^^^^^^^^^^^^^^^^^^^^^^ this code causes undefined behavior when executed
[INFO] [stderr] 
[INFO] [stderr] warning: dereferencing a null pointer
[INFO] [stderr]  --> /opt/rustwide/target/debug/build/mupen64plus-sys-40cc069ca6fafd02/out/libmupen64plus.rs:3:78674
[INFO] [stderr]   |
[INFO] [stderr] 3 | ..._eq ! (unsafe { & (* (:: std :: ptr :: null :: < AUDIO_INFO > ())) . AI_BITRATE_REG as * const _ as usize } , 72usize , concat ! ("Off...
[INFO] [stderr]   |                      ^^^^^^^^^^^^^^^^^^^^^^^^^^^^^^^^^^^^^^^^^^^^^^^^ this code causes undefined behavior when executed
[INFO] [stderr] 
[INFO] [stderr] warning: dereferencing a null pointer
[INFO] [stderr]  --> /opt/rustwide/target/debug/build/mupen64plus-sys-40cc069ca6fafd02/out/libmupen64plus.rs:3:78899
[INFO] [stderr]   |
[INFO] [stderr] 3 | ..._eq ! (unsafe { & (* (:: std :: ptr :: null :: < AUDIO_INFO > ())) . CheckInterrupts as * const _ as usize } , 80usize , concat ! ("Of...
[INFO] [stderr]   |                      ^^^^^^^^^^^^^^^^^^^^^^^^^^^^^^^^^^^^^^^^^^^^^^^^ this code causes undefined behavior when executed
[INFO] [stderr] 
[INFO] [stderr] warning: dereferencing a null pointer
[INFO] [stderr]  --> /opt/rustwide/target/debug/build/mupen64plus-sys-40cc069ca6fafd02/out/libmupen64plus.rs:3:79617
[INFO] [stderr]   |
[INFO] [stderr] 3 | ...t_eq ! (unsafe { & (* (:: std :: ptr :: null :: < CONTROL > ())) . Present as * const _ as usize } , 0usize , concat ! ("Offset of fie...
[INFO] [stderr]   |                       ^^^^^^^^^^^^^^^^^^^^^^^^^^^^^^^^^^^^^^^^^^^^^ this code causes undefined behavior when executed
[INFO] [stderr] 
[INFO] [stderr] warning: dereferencing a null pointer
[INFO] [stderr]  --> /opt/rustwide/target/debug/build/mupen64plus-sys-40cc069ca6fafd02/out/libmupen64plus.rs:3:79821
[INFO] [stderr]   |
[INFO] [stderr] 3 | ...t_eq ! (unsafe { & (* (:: std :: ptr :: null :: < CONTROL > ())) . RawData as * const _ as usize } , 4usize , concat ! ("Offset of fie...
[INFO] [stderr]   |                       ^^^^^^^^^^^^^^^^^^^^^^^^^^^^^^^^^^^^^^^^^^^^^ this code causes undefined behavior when executed
[INFO] [stderr] 
[INFO] [stderr] warning: dereferencing a null pointer
[INFO] [stderr]  --> /opt/rustwide/target/debug/build/mupen64plus-sys-40cc069ca6fafd02/out/libmupen64plus.rs:3:80025
[INFO] [stderr]   |
[INFO] [stderr] 3 | ...t_eq ! (unsafe { & (* (:: std :: ptr :: null :: < CONTROL > ())) . Plugin as * const _ as usize } , 8usize , concat ! ("Offset of fiel...
[INFO] [stderr]   |                       ^^^^^^^^^^^^^^^^^^^^^^^^^^^^^^^^^^^^^^^^^^^^^ this code causes undefined behavior when executed
[INFO] [stderr] 
[INFO] [stderr] warning: dereferencing a null pointer
[INFO] [stderr]  --> /opt/rustwide/target/debug/build/mupen64plus-sys-40cc069ca6fafd02/out/libmupen64plus.rs:3:91236
[INFO] [stderr]   |
[INFO] [stderr] 3 | ...t_eq ! (unsafe { & (* (:: std :: ptr :: null :: < BUTTONS > ())) . Value as * const _ as usize } , 0usize , concat ! ("Offset of field...
[INFO] [stderr]   |                       ^^^^^^^^^^^^^^^^^^^^^^^^^^^^^^^^^^^^^^^^^^^^^ this code causes undefined behavior when executed
[INFO] [stderr] 
[INFO] [stderr] warning: dereferencing a null pointer
[INFO] [stderr]  --> /opt/rustwide/target/debug/build/mupen64plus-sys-40cc069ca6fafd02/out/libmupen64plus.rs:3:91853
[INFO] [stderr]   |
[INFO] [stderr] 3 | ...eq ! (unsafe { & (* (:: std :: ptr :: null :: < CONTROL_INFO > ())) . Controls as * const _ as usize } , 0usize , concat ! ("Offset of...
[INFO] [stderr]   |                     ^^^^^^^^^^^^^^^^^^^^^^^^^^^^^^^^^^^^^^^^^^^^^^^^^^ this code causes undefined behavior when executed
[INFO] [stderr] 
[INFO] [stderr] warning: dereferencing a null pointer
[INFO] [stderr]  --> /opt/rustwide/target/debug/build/mupen64plus-sys-40cc069ca6fafd02/out/libmupen64plus.rs:3:94340
[INFO] [stderr]   |
[INFO] [stderr] 3 | ... ! (unsafe { & (* (:: std :: ptr :: null :: < FrameBufferInfo > ())) . addr as * const _ as usize } , 0usize , concat ! ("Offset of fi...
[INFO] [stderr]   |                   ^^^^^^^^^^^^^^^^^^^^^^^^^^^^^^^^^^^^^^^^^^^^^^^^^^^^^ this code causes undefined behavior when executed
[INFO] [stderr] 
[INFO] [stderr] warning: dereferencing a null pointer
[INFO] [stderr]  --> /opt/rustwide/target/debug/build/mupen64plus-sys-40cc069ca6fafd02/out/libmupen64plus.rs:3:94554
[INFO] [stderr]   |
[INFO] [stderr] 3 | ... ! (unsafe { & (* (:: std :: ptr :: null :: < FrameBufferInfo > ())) . size as * const _ as usize } , 4usize , concat ! ("Offset of fi...
[INFO] [stderr]   |                   ^^^^^^^^^^^^^^^^^^^^^^^^^^^^^^^^^^^^^^^^^^^^^^^^^^^^^ this code causes undefined behavior when executed
[INFO] [stderr] 
[INFO] [stderr] warning: dereferencing a null pointer
[INFO] [stderr]  --> /opt/rustwide/target/debug/build/mupen64plus-sys-40cc069ca6fafd02/out/libmupen64plus.rs:3:94768
[INFO] [stderr]   |
[INFO] [stderr] 3 | ... ! (unsafe { & (* (:: std :: ptr :: null :: < FrameBufferInfo > ())) . width as * const _ as usize } , 8usize , concat ! ("Offset of f...
[INFO] [stderr]   |                   ^^^^^^^^^^^^^^^^^^^^^^^^^^^^^^^^^^^^^^^^^^^^^^^^^^^^^ this code causes undefined behavior when executed
[INFO] [stderr] 
[INFO] [stderr] warning: dereferencing a null pointer
[INFO] [stderr]  --> /opt/rustwide/target/debug/build/mupen64plus-sys-40cc069ca6fafd02/out/libmupen64plus.rs:3:94984
[INFO] [stderr]   |
[INFO] [stderr] 3 | ... ! (unsafe { & (* (:: std :: ptr :: null :: < FrameBufferInfo > ())) . height as * const _ as usize } , 12usize , concat ! ("Offset of...
[INFO] [stderr]   |                   ^^^^^^^^^^^^^^^^^^^^^^^^^^^^^^^^^^^^^^^^^^^^^^^^^^^^^ this code causes undefined behavior when executed
[INFO] [stderr] 
[INFO] [stderr] warning: `mupen64plus-sys` (lib test) generated 132 warnings
[INFO] [stderr]     Finished test [unoptimized + debuginfo] target(s) in 0.11s
[INFO] [stderr]      Running unittests src/lib.rs (/opt/rustwide/target/debug/deps/mupen64plus_sys-a453250982b7c13a)
[INFO] [stdout] 
[INFO] [stdout] running 17 tests
[INFO] [stdout] test bindgen_test_layout_AUDIO_INFO ... ok
[INFO] [stdout] test bindgen_test_layout_BUTTONS__bindgen_ty_1 ... ok
[INFO] [stdout] test bindgen_test_layout_CONTROL ... ok
[INFO] [stdout] test bindgen_test_layout_BUTTONS ... ok
[INFO] [stdout] test bindgen_test_layout_m64p_2d_size ... ok
[INFO] [stdout] test bindgen_test_layout___fsid_t ... ok
[INFO] [stdout] test bindgen_test_layout_m64p_breakpoint ... ok
[INFO] [stdout] test bindgen_test_layout_m64p_media_loader ... ok
[INFO] [stdout] test bindgen_test_layout_m64p_rom_header ... ok
[INFO] [stdout] test bindgen_test_layout_m64p_cheat_code ... ok
[INFO] [stdout] test bindgen_test_layout_m64p_video_extension_functions ... ok
[INFO] [stdout] test bindgen_test_layout_FrameBufferInfo ... ok
[INFO] [stdout] test bindgen_test_layout_GFX_INFO ... ok
[INFO] [stdout] test bindgen_test_layout_RSP_INFO ... ok
[INFO] [stdout] test bindgen_test_layout_m64p_rom_settings ... ok
[INFO] [stdout] test bindgen_test_layout_CONTROL_INFO ... ok
[INFO] [stdout] test tests::load_core_lib ... FAILED
[INFO] [stdout] 
[INFO] [stdout] failures:
[INFO] [stdout] 
[INFO] [stdout] ---- tests::load_core_lib stdout ----
[INFO] [stdout] thread 'tests::load_core_lib' panicked at 'could not load libmupen64plus.so - see README.md for more information', src/lib.rs:26:17
[INFO] [stdout] stack backtrace:
[INFO] [stdout]    0:     0x55639197ee9a - std::backtrace_rs::backtrace::libunwind::trace::ha9053a9a07ca49cb
[INFO] [stdout]                                at /rustc/84c898d65adf2f39a5a98507f1fe0ce10a2b8dbc/library/std/src/../../backtrace/src/backtrace/libunwind.rs:93:5
[INFO] [stdout]    1:     0x55639197ee9a - std::backtrace_rs::backtrace::trace_unsynchronized::h9c2852a457ad564e
[INFO] [stdout]                                at /rustc/84c898d65adf2f39a5a98507f1fe0ce10a2b8dbc/library/std/src/../../backtrace/src/backtrace/mod.rs:66:5
[INFO] [stdout]    2:     0x55639197ee9a - std::sys_common::backtrace::_print_fmt::h457936fbfaa0070f
[INFO] [stdout]                                at /rustc/84c898d65adf2f39a5a98507f1fe0ce10a2b8dbc/library/std/src/sys_common/backtrace.rs:65:5
[INFO] [stdout]    3:     0x55639197ee9a - <std::sys_common::backtrace::_print::DisplayBacktrace as core::fmt::Display>::fmt::h5779d7bf7f70cb0c
[INFO] [stdout]                                at /rustc/84c898d65adf2f39a5a98507f1fe0ce10a2b8dbc/library/std/src/sys_common/backtrace.rs:44:22
[INFO] [stdout]    4:     0x5563919a263e - core::fmt::write::h5a4baaff1bcd3eb5
[INFO] [stdout]                                at /rustc/84c898d65adf2f39a5a98507f1fe0ce10a2b8dbc/library/core/src/fmt/mod.rs:1232:17
[INFO] [stdout]    5:     0x55639197c315 - std::io::Write::write_fmt::h478f79c628ef31d1
[INFO] [stdout]                                at /rustc/84c898d65adf2f39a5a98507f1fe0ce10a2b8dbc/library/std/src/io/mod.rs:1684:15
[INFO] [stdout]    6:     0x55639197ec65 - std::sys_common::backtrace::_print::h5fcdc36060f177e8
[INFO] [stdout]                                at /rustc/84c898d65adf2f39a5a98507f1fe0ce10a2b8dbc/library/std/src/sys_common/backtrace.rs:47:5
[INFO] [stdout]    7:     0x55639197ec65 - std::sys_common::backtrace::print::h54ca9458b876c8bf
[INFO] [stdout]                                at /rustc/84c898d65adf2f39a5a98507f1fe0ce10a2b8dbc/library/std/src/sys_common/backtrace.rs:34:9
[INFO] [stdout]    8:     0x556391980a2f - std::panicking::default_hook::{{closure}}::hbe471161c7664ed6
[INFO] [stdout]                                at /rustc/84c898d65adf2f39a5a98507f1fe0ce10a2b8dbc/library/std/src/panicking.rs:271:22
[INFO] [stdout]    9:     0x5563919806ef - std::panicking::default_hook::ha3500da57aa4ac4f
[INFO] [stdout]                                at /rustc/84c898d65adf2f39a5a98507f1fe0ce10a2b8dbc/library/std/src/panicking.rs:287:9
[INFO] [stdout]   10:     0x556391950747 - <alloc::boxed::Box<F,A> as core::ops::function::Fn<Args>>::call::hdf1b89dd137ece34
[INFO] [stdout]                                at /rustc/84c898d65adf2f39a5a98507f1fe0ce10a2b8dbc/library/alloc/src/boxed.rs:2001:9
[INFO] [stdout]   11:     0x556391950747 - test::test_main::{{closure}}::h9081a79f20e75698
[INFO] [stdout]                                at /rustc/84c898d65adf2f39a5a98507f1fe0ce10a2b8dbc/library/test/src/lib.rs:135:21
[INFO] [stdout]   12:     0x55639198115d - <alloc::boxed::Box<F,A> as core::ops::function::Fn<Args>>::call::h6507bddc3eebb4a5
[INFO] [stdout]                                at /rustc/84c898d65adf2f39a5a98507f1fe0ce10a2b8dbc/library/alloc/src/boxed.rs:2001:9
[INFO] [stdout]   13:     0x55639198115d - std::panicking::rust_panic_with_hook::h50c09d000dc561d2
[INFO] [stdout]                                at /rustc/84c898d65adf2f39a5a98507f1fe0ce10a2b8dbc/library/std/src/panicking.rs:696:13
[INFO] [stdout]   14:     0x556391980ed9 - std::panicking::begin_panic_handler::{{closure}}::h9e2b2176e00e0d9c
[INFO] [stdout]                                at /rustc/84c898d65adf2f39a5a98507f1fe0ce10a2b8dbc/library/std/src/panicking.rs:583:13
[INFO] [stdout]   15:     0x55639197f306 - std::sys_common::backtrace::__rust_end_short_backtrace::h5739b8e512c09d02
[INFO] [stdout]                                at /rustc/84c898d65adf2f39a5a98507f1fe0ce10a2b8dbc/library/std/src/sys_common/backtrace.rs:150:18
[INFO] [stdout]   16:     0x556391980be2 - rust_begin_unwind
[INFO] [stdout]                                at /rustc/84c898d65adf2f39a5a98507f1fe0ce10a2b8dbc/library/std/src/panicking.rs:579:5
[INFO] [stdout]   17:     0x556391912b73 - core::panicking::panic_fmt::hf33a1475b4dc5c3e
[INFO] [stdout]                                at /rustc/84c898d65adf2f39a5a98507f1fe0ce10a2b8dbc/library/core/src/panicking.rs:64:14
[INFO] [stdout]   18:     0x5563919205e2 - mupen64plus_sys::tests::load_core_lib::h3a619c52a6bb4743
[INFO] [stdout]                                at /opt/rustwide/workdir/src/lib.rs:26:17
[INFO] [stdout]   19:     0x556391920367 - mupen64plus_sys::tests::load_core_lib::{{closure}}::h78f0807469df1164
[INFO] [stdout]                                at /opt/rustwide/workdir/src/lib.rs:19:24
[INFO] [stdout]   20:     0x5563919210a5 - core::ops::function::FnOnce::call_once::hd0fc70a585c4b13b
[INFO] [stdout]                                at /rustc/84c898d65adf2f39a5a98507f1fe0ce10a2b8dbc/library/core/src/ops/function.rs:250:5
[INFO] [stdout]   21:     0x556391955b2f - core::ops::function::FnOnce::call_once::h7d969581be7d0075
[INFO] [stdout]                                at /rustc/84c898d65adf2f39a5a98507f1fe0ce10a2b8dbc/library/core/src/ops/function.rs:250:5
[INFO] [stdout]   22:     0x556391955b2f - test::__rust_begin_short_backtrace::hca25a52684e56655
[INFO] [stdout]                                at /rustc/84c898d65adf2f39a5a98507f1fe0ce10a2b8dbc/library/test/src/lib.rs:656:18
[INFO] [stdout]   23:     0x55639192714c - test::run_test::{{closure}}::ha8ac744c4af1a4bb
[INFO] [stdout]                                at /rustc/84c898d65adf2f39a5a98507f1fe0ce10a2b8dbc/library/test/src/lib.rs:647:30
[INFO] [stdout]   24:     0x55639192714c - core::ops::function::FnOnce::call_once{{vtable.shim}}::h7b411a9ed45bdecf
[INFO] [stdout]                                at /rustc/84c898d65adf2f39a5a98507f1fe0ce10a2b8dbc/library/core/src/ops/function.rs:250:5
[INFO] [stdout]   25:     0x556391954af6 - <alloc::boxed::Box<F,A> as core::ops::function::FnOnce<Args>>::call_once::hd05328869a8ed200
[INFO] [stdout]                                at /rustc/84c898d65adf2f39a5a98507f1fe0ce10a2b8dbc/library/alloc/src/boxed.rs:1987:9
[INFO] [stdout]   26:     0x556391954af6 - <core::panic::unwind_safe::AssertUnwindSafe<F> as core::ops::function::FnOnce<()>>::call_once::h0c601ce20bd5b2be
[INFO] [stdout]                                at /rustc/84c898d65adf2f39a5a98507f1fe0ce10a2b8dbc/library/core/src/panic/unwind_safe.rs:271:9
[INFO] [stdout]   27:     0x556391954af6 - std::panicking::try::do_call::ha4be5c164fe30854
[INFO] [stdout]                                at /rustc/84c898d65adf2f39a5a98507f1fe0ce10a2b8dbc/library/std/src/panicking.rs:487:40
[INFO] [stdout]   28:     0x556391954af6 - std::panicking::try::h604546f3609af05f
[INFO] [stdout]                                at /rustc/84c898d65adf2f39a5a98507f1fe0ce10a2b8dbc/library/std/src/panicking.rs:451:19
[INFO] [stdout]   29:     0x556391954af6 - std::panic::catch_unwind::h5bfa8afe44c9c2f9
[INFO] [stdout]                                at /rustc/84c898d65adf2f39a5a98507f1fe0ce10a2b8dbc/library/std/src/panic.rs:140:14
[INFO] [stdout]   30:     0x556391954af6 - test::run_test_in_process::hd50dee55dd63e6aa
[INFO] [stdout]                                at /rustc/84c898d65adf2f39a5a98507f1fe0ce10a2b8dbc/library/test/src/lib.rs:679:27
[INFO] [stdout]   31:     0x556391954af6 - test::run_test::run_test_inner::{{closure}}::h4aa0f433aa85cea8
[INFO] [stdout]                                at /rustc/84c898d65adf2f39a5a98507f1fe0ce10a2b8dbc/library/test/src/lib.rs:573:39
[INFO] [stdout]   32:     0x5563919217c1 - test::run_test::run_test_inner::{{closure}}::had56431adf24b4d6
[INFO] [stdout]                                at /rustc/84c898d65adf2f39a5a98507f1fe0ce10a2b8dbc/library/test/src/lib.rs:600:37
[INFO] [stdout]   33:     0x5563919217c1 - std::sys_common::backtrace::__rust_begin_short_backtrace::ha8d9890e0c73bf13
[INFO] [stdout]                                at /rustc/84c898d65adf2f39a5a98507f1fe0ce10a2b8dbc/library/std/src/sys_common/backtrace.rs:134:18
[INFO] [stdout]   34:     0x5563919271db - std::thread::Builder::spawn_unchecked_::{{closure}}::{{closure}}::h251832bcb4a95327
[INFO] [stdout]                                at /rustc/84c898d65adf2f39a5a98507f1fe0ce10a2b8dbc/library/std/src/thread/mod.rs:560:17
[INFO] [stdout]   35:     0x5563919271db - <core::panic::unwind_safe::AssertUnwindSafe<F> as core::ops::function::FnOnce<()>>::call_once::h8fdff598fa414831
[INFO] [stdout]                                at /rustc/84c898d65adf2f39a5a98507f1fe0ce10a2b8dbc/library/core/src/panic/unwind_safe.rs:271:9
[INFO] [stdout]   36:     0x5563919271db - std::panicking::try::do_call::h455dd2f7764a950f
[INFO] [stdout]                                at /rustc/84c898d65adf2f39a5a98507f1fe0ce10a2b8dbc/library/std/src/panicking.rs:487:40
[INFO] [stdout]   37:     0x5563919271db - std::panicking::try::had6f23b7b73ae72a
[INFO] [stdout]                                at /rustc/84c898d65adf2f39a5a98507f1fe0ce10a2b8dbc/library/std/src/panicking.rs:451:19
[INFO] [stdout]   38:     0x5563919271db - std::panic::catch_unwind::ha6a5ca3915b4dad0
[INFO] [stdout]                                at /rustc/84c898d65adf2f39a5a98507f1fe0ce10a2b8dbc/library/std/src/panic.rs:140:14
[INFO] [stdout]   39:     0x5563919271db - std::thread::Builder::spawn_unchecked_::{{closure}}::h883b72ef75da6231
[INFO] [stdout]                                at /rustc/84c898d65adf2f39a5a98507f1fe0ce10a2b8dbc/library/std/src/thread/mod.rs:559:30
[INFO] [stdout]   40:     0x5563919271db - core::ops::function::FnOnce::call_once{{vtable.shim}}::hb7dff73dc8bd2ccb
[INFO] [stdout]                                at /rustc/84c898d65adf2f39a5a98507f1fe0ce10a2b8dbc/library/core/src/ops/function.rs:250:5
[INFO] [stdout]   41:     0x5563919854c3 - <alloc::boxed::Box<F,A> as core::ops::function::FnOnce<Args>>::call_once::h39990b24eedef2ab
[INFO] [stdout]                                at /rustc/84c898d65adf2f39a5a98507f1fe0ce10a2b8dbc/library/alloc/src/boxed.rs:1987:9
[INFO] [stdout]   42:     0x5563919854c3 - <alloc::boxed::Box<F,A> as core::ops::function::FnOnce<Args>>::call_once::h01a027258444143b
[INFO] [stdout]                                at /rustc/84c898d65adf2f39a5a98507f1fe0ce10a2b8dbc/library/alloc/src/boxed.rs:1987:9
[INFO] [stdout]   43:     0x5563919854c3 - std::sys::unix::thread::Thread::new::thread_start::ha4f1cdd9c25884ba
[INFO] [stdout]                                at /rustc/84c898d65adf2f39a5a98507f1fe0ce10a2b8dbc/library/std/src/sys/unix/thread.rs:108:17
[INFO] [stdout]   44:     0x7ff01fc8eb43 - <unknown>
[INFO] [stdout]   45:     0x7ff01fd1fbb4 - __clone
[INFO] [stdout]   46:                0x0 - <unknown>
[INFO] [stdout] 
[INFO] [stdout] 
[INFO] [stdout] failures:
[INFO] [stdout]     tests::load_core_lib
[INFO] [stdout] 
[INFO] [stdout] test result: FAILED. 16 passed; 1 failed; 0 ignored; 0 measured; 0 filtered out; finished in 0.03s
[INFO] [stdout] 
[INFO] [stderr] error: test failed, to rerun pass `--lib`
[INFO] running `Command { std: "docker" "inspect" "31d8ab168bc2a0eb8a52ddb876c3e00bede22086a03e0741364602f2f75f2df1", kill_on_drop: false }`
[INFO] running `Command { std: "docker" "rm" "-f" "31d8ab168bc2a0eb8a52ddb876c3e00bede22086a03e0741364602f2f75f2df1", kill_on_drop: false }`
[INFO] [stdout] 31d8ab168bc2a0eb8a52ddb876c3e00bede22086a03e0741364602f2f75f2df1
