[INFO] fetching crate msbwt2 0.3.2...
[INFO] testing msbwt2-0.3.2 against 1.69.0 for beta-1.70-1
[INFO] extracting crate msbwt2 0.3.2 into /workspace/builds/worker-3-tc1/source
[INFO] validating manifest of crates.io crate msbwt2 0.3.2 on toolchain 1.69.0
[INFO] running `Command { std: CARGO_HOME="/workspace/cargo-home" RUSTUP_HOME="/workspace/rustup-home" "/workspace/cargo-home/bin/cargo" "+1.69.0" "metadata" "--manifest-path" "Cargo.toml" "--no-deps", kill_on_drop: false }`
[INFO] started tweaking crates.io crate msbwt2 0.3.2
[INFO] finished tweaking crates.io crate msbwt2 0.3.2
[INFO] tweaked toml for crates.io crate msbwt2 0.3.2 written to /workspace/builds/worker-3-tc1/source/Cargo.toml
[INFO] crate crates.io crate msbwt2 0.3.2 already has a lockfile, it will not be regenerated
[INFO] running `Command { std: CARGO_HOME="/workspace/cargo-home" RUSTUP_HOME="/workspace/rustup-home" "/workspace/cargo-home/bin/cargo" "+1.69.0" "fetch" "--manifest-path" "Cargo.toml", kill_on_drop: false }`
[INFO] [stderr]  Downloading crates ...
[INFO] [stderr]   Downloaded mimalloc v0.1.34
[INFO] [stderr]   Downloaded libmimalloc-sys v0.1.30
[INFO] [stderr]   Downloaded needletail v0.4.1
[INFO] running `Command { std: "docker" "create" "-v" "/var/lib/crater-agent-workspace/builds/worker-3-tc1/target:/opt/rustwide/target:rw,Z" "-v" "/var/lib/crater-agent-workspace/builds/worker-3-tc1/source:/opt/rustwide/workdir:ro,Z" "-v" "/var/lib/crater-agent-workspace/cargo-home:/opt/rustwide/cargo-home:ro,Z" "-v" "/var/lib/crater-agent-workspace/rustup-home:/opt/rustwide/rustup-home:ro,Z" "-e" "SOURCE_DIR=/opt/rustwide/workdir" "-e" "CARGO_TARGET_DIR=/opt/rustwide/target" "-e" "CARGO_HOME=/opt/rustwide/cargo-home" "-e" "RUSTUP_HOME=/opt/rustwide/rustup-home" "-w" "/opt/rustwide/workdir" "-m" "1610612736" "--user" "0:0" "--network" "none" "ghcr.io/rust-lang/crates-build-env/linux@sha256:5ff2268d62e97bff2cde7d5815dd6ed5b47097566f13b8d0ca110b04b60e07ed" "/opt/rustwide/cargo-home/bin/cargo" "+1.69.0" "metadata" "--no-deps" "--format-version=1", kill_on_drop: false }`
[INFO] [stdout] 34e6187b4d0f4378cf4ee62085d2557c34d717cdc50006ee2d59f0b1300192fc
[INFO] running `Command { std: "docker" "start" "-a" "34e6187b4d0f4378cf4ee62085d2557c34d717cdc50006ee2d59f0b1300192fc", kill_on_drop: false }`
[INFO] running `Command { std: "docker" "inspect" "34e6187b4d0f4378cf4ee62085d2557c34d717cdc50006ee2d59f0b1300192fc", kill_on_drop: false }`
[INFO] running `Command { std: "docker" "rm" "-f" "34e6187b4d0f4378cf4ee62085d2557c34d717cdc50006ee2d59f0b1300192fc", kill_on_drop: false }`
[INFO] [stdout] 34e6187b4d0f4378cf4ee62085d2557c34d717cdc50006ee2d59f0b1300192fc
[INFO] running `Command { std: "docker" "create" "-v" "/var/lib/crater-agent-workspace/builds/worker-3-tc1/target:/opt/rustwide/target:rw,Z" "-v" "/var/lib/crater-agent-workspace/builds/worker-3-tc1/source:/opt/rustwide/workdir:ro,Z" "-v" "/var/lib/crater-agent-workspace/cargo-home:/opt/rustwide/cargo-home:ro,Z" "-v" "/var/lib/crater-agent-workspace/rustup-home:/opt/rustwide/rustup-home:ro,Z" "-e" "SOURCE_DIR=/opt/rustwide/workdir" "-e" "CARGO_TARGET_DIR=/opt/rustwide/target" "-e" "CARGO_INCREMENTAL=0" "-e" "RUST_BACKTRACE=full" "-e" "RUSTFLAGS=--cap-lints=warn" "-e" "RUSTDOCFLAGS=--cap-lints=warn" "-e" "CARGO_HOME=/opt/rustwide/cargo-home" "-e" "RUSTUP_HOME=/opt/rustwide/rustup-home" "-w" "/opt/rustwide/workdir" "-m" "1610612736" "--user" "0:0" "--network" "none" "ghcr.io/rust-lang/crates-build-env/linux@sha256:5ff2268d62e97bff2cde7d5815dd6ed5b47097566f13b8d0ca110b04b60e07ed" "/opt/rustwide/cargo-home/bin/cargo" "+1.69.0" "build" "--frozen" "--message-format=json", kill_on_drop: false }`
[INFO] [stdout] 473fb1f166297e7b045edeb62abfb32c131dcd5f8170cf4e76be746b5dfe7db6
[INFO] running `Command { std: "docker" "start" "-a" "473fb1f166297e7b045edeb62abfb32c131dcd5f8170cf4e76be746b5dfe7db6", kill_on_drop: false }`
[INFO] [stderr]    Compiling cc v1.0.78
[INFO] [stderr]    Compiling libc v0.2.139
[INFO] [stderr]    Compiling crc32fast v1.3.2
[INFO] [stderr]    Compiling adler v1.0.2
[INFO] [stderr]    Compiling log v0.4.17
[INFO] [stderr]    Compiling serde v1.0.152
[INFO] [stderr]    Compiling radium v0.7.0
[INFO] [stderr]    Compiling hashbrown v0.12.3
[INFO] [stderr]    Compiling tap v1.0.1
[INFO] [stderr]    Compiling safemem v0.3.3
[INFO] [stderr]    Compiling termcolor v1.2.0
[INFO] [stderr]    Compiling regex-syntax v0.6.28
[INFO] [stderr]    Compiling indexmap v1.9.2
[INFO] [stderr]    Compiling serde_json v1.0.91
[INFO] [stderr]    Compiling os_str_bytes v6.4.1
[INFO] [stderr]    Compiling aho-corasick v0.7.20
[INFO] [stderr]    Compiling miniz_oxide v0.6.2
[INFO] [stderr]    Compiling wyz v0.5.1
[INFO] [stderr]    Compiling buf_redux v0.8.4
[INFO] [stderr]    Compiling clap_lex v0.2.4
[INFO] [stderr]    Compiling once_cell v1.17.0
[INFO] [stderr]    Compiling textwrap v0.16.0
[INFO] [stderr]    Compiling either v1.8.0
[INFO] [stderr]    Compiling funty v2.0.0
[INFO] [stderr]    Compiling flate2 v1.0.25
[INFO] [stderr]    Compiling bytecount v0.6.3
[INFO] [stderr]    Compiling ryu v1.0.12
[INFO] [stderr]    Compiling strsim v0.10.0
[INFO] [stderr]    Compiling itoa v1.0.5
[INFO] [stderr]    Compiling humantime v2.1.0
[INFO] [stderr]    Compiling itertools v0.10.5
[INFO] [stderr]    Compiling exitcode v1.1.2
[INFO] [stderr]    Compiling arrayvec v0.7.2
[INFO] [stderr]    Compiling atty v0.2.14
[INFO] [stderr]    Compiling regex v1.7.1
[INFO] [stderr]    Compiling bitvec v1.0.1
[INFO] [stderr]    Compiling bzip2-sys v0.1.11+1.0.8
[INFO] [stderr]    Compiling lzma-sys v0.1.20
[INFO] [stderr]    Compiling libmimalloc-sys v0.1.30
[INFO] [stderr]    Compiling clap v3.2.23
[INFO] [stderr]    Compiling xz2 v0.1.7
[INFO] [stderr]    Compiling mimalloc v0.1.34
[INFO] [stderr]    Compiling env_logger v0.9.3
[INFO] [stderr]    Compiling bzip2 v0.4.4
[INFO] [stderr]    Compiling needletail v0.4.1
[INFO] [stderr]    Compiling msbwt2 v0.3.2 (/opt/rustwide/workdir)
[INFO] [stderr]     Finished dev [unoptimized + debuginfo] target(s) in 8.01s
[INFO] [stderr] warning: the following packages contain code that will be rejected by a future version of Rust: buf_redux v0.8.4
[INFO] [stderr]     Blocking waiting for file lock on package cache
[INFO] [stderr] note: to see what the problems were, use the option `--future-incompat-report`, or run `cargo report future-incompatibilities --id 1`
[INFO] running `Command { std: "docker" "inspect" "473fb1f166297e7b045edeb62abfb32c131dcd5f8170cf4e76be746b5dfe7db6", kill_on_drop: false }`
[INFO] running `Command { std: "docker" "rm" "-f" "473fb1f166297e7b045edeb62abfb32c131dcd5f8170cf4e76be746b5dfe7db6", kill_on_drop: false }`
[INFO] [stdout] 473fb1f166297e7b045edeb62abfb32c131dcd5f8170cf4e76be746b5dfe7db6
[INFO] running `Command { std: "docker" "create" "-v" "/var/lib/crater-agent-workspace/builds/worker-3-tc1/target:/opt/rustwide/target:rw,Z" "-v" "/var/lib/crater-agent-workspace/builds/worker-3-tc1/source:/opt/rustwide/workdir:ro,Z" "-v" "/var/lib/crater-agent-workspace/cargo-home:/opt/rustwide/cargo-home:ro,Z" "-v" "/var/lib/crater-agent-workspace/rustup-home:/opt/rustwide/rustup-home:ro,Z" "-e" "SOURCE_DIR=/opt/rustwide/workdir" "-e" "CARGO_TARGET_DIR=/opt/rustwide/target" "-e" "CARGO_INCREMENTAL=0" "-e" "RUST_BACKTRACE=full" "-e" "RUSTFLAGS=--cap-lints=warn" "-e" "RUSTDOCFLAGS=--cap-lints=warn" "-e" "CARGO_HOME=/opt/rustwide/cargo-home" "-e" "RUSTUP_HOME=/opt/rustwide/rustup-home" "-w" "/opt/rustwide/workdir" "-m" "1610612736" "--user" "0:0" "--network" "none" "ghcr.io/rust-lang/crates-build-env/linux@sha256:5ff2268d62e97bff2cde7d5815dd6ed5b47097566f13b8d0ca110b04b60e07ed" "/opt/rustwide/cargo-home/bin/cargo" "+1.69.0" "test" "--frozen" "--no-run" "--message-format=json", kill_on_drop: false }`
[INFO] [stdout] cbf78aa41ea532aa7388fa0aedd8cc9934f4b9d3a8306be2287cde29ed0b1b90
[INFO] running `Command { std: "docker" "start" "-a" "cbf78aa41ea532aa7388fa0aedd8cc9934f4b9d3a8306be2287cde29ed0b1b90", kill_on_drop: false }`
[INFO] [stderr]    Compiling crossbeam-utils v0.8.14
[INFO] [stderr]    Compiling proc-macro2 v1.0.50
[INFO] [stderr]    Compiling getrandom v0.1.16
[INFO] [stderr]    Compiling unicode-ident v1.0.6
[INFO] [stderr]    Compiling memoffset v0.7.1
[INFO] [stderr]    Compiling crossbeam-epoch v0.9.13
[INFO] [stderr]    Compiling quote v1.0.23
[INFO] [stderr]    Compiling rayon-core v1.10.2
[INFO] [stderr]    Compiling syn v1.0.107
[INFO] [stderr]    Compiling num_cpus v1.15.0
[INFO] [stderr]    Compiling plotters-backend v0.3.4
[INFO] [stderr]    Compiling unicode-width v0.1.10
[INFO] [stderr]    Compiling lazy_static v1.4.0
[INFO] [stderr]    Compiling serde_derive v1.0.152
[INFO] [stderr]    Compiling regex-automata v0.1.10
[INFO] [stderr]    Compiling csv-core v0.1.10
[INFO] [stderr]    Compiling textwrap v0.11.0
[INFO] [stderr]    Compiling cast v0.3.0
[INFO] [stderr]    Compiling same-file v1.0.6
[INFO] [stderr]    Compiling half v1.8.2
[INFO] [stderr]    Compiling plotters-svg v0.3.3
[INFO] [stderr]    Compiling bstr v0.2.17
[INFO] [stderr]    Compiling itoa v0.4.8
[INFO] [stderr]    Compiling criterion-plot v0.4.5
[INFO] [stderr]    Compiling clap v2.34.0
[INFO] [stderr]    Compiling walkdir v2.3.2
[INFO] [stderr]    Compiling tinytemplate v1.2.1
[INFO] [stderr]    Compiling fastrand v1.8.0
[INFO] [stderr]    Compiling rand_core v0.5.1
[INFO] [stderr]    Compiling serde_cbor v0.11.2
[INFO] [stderr]    Compiling plotters v0.3.4
[INFO] [stderr]    Compiling oorandom v11.1.3
[INFO] [stderr]    Compiling remove_dir_all v0.5.3
[INFO] [stderr]    Compiling rand_core v0.6.4
[INFO] [stderr]    Compiling rand_chacha v0.2.2
[INFO] [stderr]    Compiling tempfile v3.3.0
[INFO] [stderr]    Compiling crossbeam-channel v0.5.6
[INFO] [stderr]    Compiling csv v1.1.6
[INFO] [stderr]    Compiling rand v0.7.3
[INFO] [stderr]    Compiling crossbeam-deque v0.8.2
[INFO] [stderr]    Compiling rayon v1.6.1
[INFO] [stderr]    Compiling criterion v0.3.6
[INFO] [stderr]    Compiling msbwt2 v0.3.2 (/opt/rustwide/workdir)
[INFO] [stderr]     Finished test [unoptimized + debuginfo] target(s) in 14.90s
[INFO] [stderr] warning: the following packages contain code that will be rejected by a future version of Rust: buf_redux v0.8.4
[INFO] [stderr] note: to see what the problems were, use the option `--future-incompat-report`, or run `cargo report future-incompatibilities --id 1`
[INFO] running `Command { std: "docker" "inspect" "cbf78aa41ea532aa7388fa0aedd8cc9934f4b9d3a8306be2287cde29ed0b1b90", kill_on_drop: false }`
[INFO] running `Command { std: "docker" "rm" "-f" "cbf78aa41ea532aa7388fa0aedd8cc9934f4b9d3a8306be2287cde29ed0b1b90", kill_on_drop: false }`
[INFO] [stdout] cbf78aa41ea532aa7388fa0aedd8cc9934f4b9d3a8306be2287cde29ed0b1b90
[INFO] running `Command { std: "docker" "create" "-v" "/var/lib/crater-agent-workspace/builds/worker-3-tc1/target:/opt/rustwide/target:rw,Z" "-v" "/var/lib/crater-agent-workspace/builds/worker-3-tc1/source:/opt/rustwide/workdir:ro,Z" "-v" "/var/lib/crater-agent-workspace/cargo-home:/opt/rustwide/cargo-home:ro,Z" "-v" "/var/lib/crater-agent-workspace/rustup-home:/opt/rustwide/rustup-home:ro,Z" "-e" "SOURCE_DIR=/opt/rustwide/workdir" "-e" "CARGO_TARGET_DIR=/opt/rustwide/target" "-e" "CARGO_INCREMENTAL=0" "-e" "RUST_BACKTRACE=full" "-e" "RUSTFLAGS=--cap-lints=warn" "-e" "RUSTDOCFLAGS=--cap-lints=warn" "-e" "CARGO_HOME=/opt/rustwide/cargo-home" "-e" "RUSTUP_HOME=/opt/rustwide/rustup-home" "-w" "/opt/rustwide/workdir" "-m" "1610612736" "--user" "0:0" "--network" "none" "ghcr.io/rust-lang/crates-build-env/linux@sha256:5ff2268d62e97bff2cde7d5815dd6ed5b47097566f13b8d0ca110b04b60e07ed" "/opt/rustwide/cargo-home/bin/cargo" "+1.69.0" "test" "--frozen", kill_on_drop: false }`
[INFO] [stdout] a93d4df9f2cfe2a301e2143477a7b244604a18d178ab2dfcee7038a50e152d78
[INFO] running `Command { std: "docker" "start" "-a" "a93d4df9f2cfe2a301e2143477a7b244604a18d178ab2dfcee7038a50e152d78", kill_on_drop: false }`
[INFO] [stderr]     Finished test [unoptimized + debuginfo] target(s) in 0.07s
[INFO] [stderr] warning: the following packages contain code that will be rejected by a future version of Rust: buf_redux v0.8.4
[INFO] [stderr] note: to see what the problems were, use the option `--future-incompat-report`, or run `cargo report future-incompatibilities --id 1`
[INFO] [stderr]      Running unittests src/lib.rs (/opt/rustwide/target/debug/deps/msbwt2-03089fed775e1586)
[INFO] [stdout] 
[INFO] [stdout] running 47 tests
[INFO] [stdout] test bwt_converter::tests::test_convert_to_vec ... ok
[INFO] [stdout] test bwt_converter::tests::test_bwt_conversion ... ok
[INFO] [stdout] test bwt_converter::tests::test_newline ... ok
[INFO] [stdout] test bwt_util::tests::merging_paper_example_works ... ok
[INFO] [stdout] test bwt_util::tests::merging_samples_of_different_size_example_works ... ok
[INFO] [stdout] test bwt_util::tests::test_basic ... ok
[INFO] [stdout] test bwt_util::tests::test_cycle_breaker ... ok
[INFO] [stdout] test bwt_util::tests::test_diff_len ... ok
[INFO] [stdout] test bwt_converter::tests::test_save_bwt_numpy ... ok
[INFO] [stdout] test dynamic_bwt::tests::test_constrain_range ... ok
[INFO] [stdout] test dynamic_bwt::tests::test_load_dynamicbwt_from_vec ... ok
[INFO] [stdout] test bwt_util::tests::merging_samples_of_high_similarity_works ... ok
[INFO] [stdout] test bwt_converter::tests::test_save_bwt_runs_numpy ... ok
[INFO] [stdout] test dynamic_bwt::tests::test_multi_string_unsorted ... ok
[INFO] [stdout] test dynamic_bwt::tests::test_count_kmer ... ok
[INFO] [stdout] test dynamic_bwt::tests::test_single_string ... ok
[INFO] [stdout] test bwt_converter::tests::test_compression ... ok
[INFO] [stdout] test dynamic_bwt::tests::test_multi_string_sorted ... ok
[INFO] [stdout] test rle_bplus_tree::tests::test_failure_case_003 ... ok
[INFO] [stdout] test dynamic_bwt::tests::test_run_iter ... ok
[INFO] [stdout] test rle_bplus_tree::tests::test_init ... ok
[INFO] [stdout] test rle_bplus_tree::tests::test_failure_case_002 ... ok
[INFO] [stdout] test dynamic_bwt::tests::test_create_from_fastx ... ok
[INFO] [stdout] test dynamic_bwt::tests::test_load_and_add ... ok
[INFO] [stdout] test rle_bplus_tree::tests::test_failure_case_001 ... ok
[INFO] [stdout] test rle_bwt::tests::test_constrain_range ... ok
[INFO] [stdout] test run_block_av_flat::tests::test_block_failure_001 ... ok
[INFO] [stdout] test rle_bplus_tree::tests::test_simple_inserts ... ok
[INFO] [stdout] test dynamic_bwt::tests::test_multi_length ... ok
[INFO] [stdout] test dynamic_bwt::tests::test_load_dynamicbwt_from_npy ... ok
[INFO] [stdout] test run_block_av_flat::tests::test_init ... ok
[INFO] [stdout] test run_block_av_flat::tests::test_increment_run ... ok
[INFO] [stdout] test dynamic_bwt::tests::test_init ... ok
[INFO] [stdout] test run_block_av_flat::tests::test_insert_splitting ... ok
[INFO] [stdout] test rle_bwt::tests::test_load_rlebwt_from_npy ... ok
[INFO] [stdout] test rle_bwt::tests::test_count_kmer ... ok
[INFO] [stdout] test run_block_av_flat::tests::test_to_vec ... ok
[INFO] [stdout] test run_block_av_flat::tests::test_block_splits ... ok
[INFO] [stdout] test run_block_av_flat::tests::test_insert ... ok
[INFO] [stdout] test string_util::tests::test_convert_itos ... ok
[INFO] [stdout] test string_util::tests::test_reverse_complement_i ... ok
[INFO] [stdout] test string_util::tests::test_convert_stoi ... ok
[INFO] [stdout] test string_util::tests::test_simple_index ... ok
[INFO] [stdout] test rle_bwt::tests::test_fmindex ... ok
[INFO] [stdout] test dynamic_bwt::tests::test_sampled_bwt ... ok
[INFO] [stdout] test rle_bplus_tree::tests::test_run_iter ... ok
[INFO] [stdout] test rle_bplus_tree::tests::test_10krandom_insert ... ok
[INFO] [stdout] 
[INFO] [stdout] test result: ok. 47 passed; 0 failed; 0 ignored; 0 measured; 0 filtered out; finished in 13.28s
[INFO] [stdout] 
[INFO] [stderr]      Running unittests src/bin/msbwt2-build.rs (/opt/rustwide/target/debug/deps/msbwt2_build-643b2afe1c4dde6a)
[INFO] [stdout] 
[INFO] [stdout] running 0 tests
[INFO] [stdout] 
[INFO] [stdout] test result: ok. 0 passed; 0 failed; 0 ignored; 0 measured; 0 filtered out; finished in 0.00s
[INFO] [stdout] 
[INFO] [stderr]      Running unittests src/bin/msbwt2-convert.rs (/opt/rustwide/target/debug/deps/msbwt2_convert-7af6d0818882605f)
[INFO] [stdout] 
[INFO] [stdout] running 0 tests
[INFO] [stdout] 
[INFO] [stdout] test result: ok. 0 passed; 0 failed; 0 ignored; 0 measured; 0 filtered out; finished in 0.00s
[INFO] [stdout] 
[INFO] [stderr]    Doc-tests msbwt2
[INFO] [stdout] 
[INFO] [stdout] running 38 tests
[INFO] [stdout] test src/bwt_converter.rs - bwt_converter::save_bwt_numpy (line 89) ... FAILED
[INFO] [stdout] test src/dynamic_bwt.rs - dynamic_bwt::DynamicBWT::new (line 265) ... ok
[INFO] [stdout] test src/dynamic_bwt.rs - dynamic_bwt::DynamicBWT::load_numpy_file (line 124) ... ok
[INFO] [stdout] test src/dynamic_bwt.rs - dynamic_bwt::DynamicBWT::load_vector (line 63) ... ok
[INFO] [stdout] test src/dynamic_bwt.rs - dynamic_bwt::DynamicBWT::get_symbol_count (line 213) ... ok
[INFO] [stdout] test src/dynamic_bwt.rs - dynamic_bwt::DynamicBWT::get_total_size (line 231) ... ok
[INFO] [stdout] test src/dynamic_bwt.rs - dynamic_bwt::DynamicBWT::to_vec (line 385) ... ok
[INFO] [stdout] test src/bwt_util.rs - bwt_util::naive_bwt (line 148) ... ok
[INFO] [stdout] test src/dynamic_bwt.rs - dynamic_bwt::DynamicBWT::insert_string (line 296) ... ok
[INFO] [stdout] test src/bwt_converter.rs - bwt_converter::convert_to_vec (line 19) ... ok
[INFO] [stdout] test src/bwt_util.rs - bwt_util::generate_offset_hashmap (line 64) ... ok
[INFO] [stdout] test src/bwt_converter.rs - bwt_converter::save_bwt_runs_numpy (line 139) ... FAILED
[INFO] [stdout] test src/dynamic_bwt.rs - dynamic_bwt::DynamicBWT::run_iter (line 419) ... ok
[INFO] [stdout] test src/lib.rs - (line 20) ... ok
[INFO] [stdout] test src/bwt_util.rs - bwt_util::pairwise_bwt_merge (line 96) ... ok
[INFO] [stdout] test src/dynamic_bwt.rs - dynamic_bwt::create_from_fastx (line 439) ... ok
[INFO] [stdout] test src/dynamic_bwt.rs - dynamic_bwt::DynamicBWT::iter (line 399) ... ok
[INFO] [stdout] test src/msbwt_core.rs - msbwt_core::BWT::get_symbol_count (line 64) ... ok
[INFO] [stdout] test src/msbwt_core.rs - msbwt_core::BWT::get_total_size (line 79) ... ok
[INFO] [stdout] test src/msbwt_core.rs - msbwt_core::BWT::count_kmer (line 105) ... ok
[INFO] [stdout] test src/rle_bplus_tree.rs - rle_bplus_tree::RLEBPlusTree::insert_and_count (line 196) ... ok
[INFO] [stdout] test src/msbwt_core.rs - msbwt_core::BWT::load_vector (line 33) ... ok
[INFO] [stdout] test src/msbwt_core.rs - msbwt_core::BWT::load_numpy_file (line 49) ... ok
[INFO] [stdout] test src/rle_bwt.rs - rle_bwt::RleBWT::get_symbol_count (line 161) ... ok
[INFO] [stdout] test src/rle_bplus_tree.rs - rle_bplus_tree::RLEBPlusTree::count (line 138) ... ok
[INFO] [stdout] test src/rle_bplus_tree.rs - rle_bplus_tree::RLEBPlusTree::run_iter (line 443) ... ok
[INFO] [stdout] test src/lib.rs - (line 30) ... ok
[INFO] [stdout] test src/rle_bwt.rs - rle_bwt::RleBWT::load_numpy_file (line 72) ... ok
[INFO] [stdout] test src/rle_bwt.rs - rle_bwt::RleBWT::load_vector (line 49) ... ok
[INFO] [stdout] test src/rle_bplus_tree.rs - rle_bplus_tree::RLEBPlusTree::to_vec (line 401) ... ok
[INFO] [stdout] test src/rle_bwt.rs - rle_bwt::RleBWT::new (line 293) ... ok
[INFO] [stdout] test src/rle_bwt.rs - rle_bwt::RleBWT::get_total_size (line 179) ... ok
[INFO] [stdout] test src/string_util.rs - string_util::reverse_complement_i (line 38) ... ok
[INFO] [stdout] test src/string_util.rs - string_util::convert_stoi (line 56) ... ok
[INFO] [stdout] test src/rle_bwt.rs - rle_bwt::RleBWT::with_bin_power (line 305) ... ok
[INFO] [stdout] test src/run_block_av_flat.rs - run_block_av_flat::RLEBlock::insert_and_count (line 133) ... ok
[INFO] [stdout] test src/string_util.rs - string_util::convert_itos (line 73) ... ok
[INFO] [stdout] test src/run_block_av_flat.rs - run_block_av_flat::RLEBlock::count (line 84) ... ok
[INFO] [stdout] 
[INFO] [stdout] failures:
[INFO] [stdout] 
[INFO] [stdout] ---- src/bwt_converter.rs - bwt_converter::save_bwt_numpy (line 89) stdout ----
[INFO] [stdout] Test executable failed (exit status: 101).
[INFO] [stdout] 
[INFO] [stdout] stderr:
[INFO] [stdout] thread 'main' panicked at 'called `Result::unwrap()` on an `Err` value: Os { code: 30, kind: ReadOnlyFilesystem, message: "Read-only file system" }', src/bwt_converter.rs:11:41
[INFO] [stdout] stack backtrace:
[INFO] [stdout]    0:     0x55c5f9efe17a - std::backtrace_rs::backtrace::libunwind::trace::ha9053a9a07ca49cb
[INFO] [stdout]                                at /rustc/84c898d65adf2f39a5a98507f1fe0ce10a2b8dbc/library/std/src/../../backtrace/src/backtrace/libunwind.rs:93:5
[INFO] [stdout]    1:     0x55c5f9efe17a - std::backtrace_rs::backtrace::trace_unsynchronized::h9c2852a457ad564e
[INFO] [stdout]                                at /rustc/84c898d65adf2f39a5a98507f1fe0ce10a2b8dbc/library/std/src/../../backtrace/src/backtrace/mod.rs:66:5
[INFO] [stdout]    2:     0x55c5f9efe17a - std::sys_common::backtrace::_print_fmt::h457936fbfaa0070f
[INFO] [stdout]                                at /rustc/84c898d65adf2f39a5a98507f1fe0ce10a2b8dbc/library/std/src/sys_common/backtrace.rs:65:5
[INFO] [stdout]    3:     0x55c5f9efe17a - <std::sys_common::backtrace::_print::DisplayBacktrace as core::fmt::Display>::fmt::h5779d7bf7f70cb0c
[INFO] [stdout]                                at /rustc/84c898d65adf2f39a5a98507f1fe0ce10a2b8dbc/library/std/src/sys_common/backtrace.rs:44:22
[INFO] [stdout]    4:     0x55c5f9f183de - core::fmt::write::h5a4baaff1bcd3eb5
[INFO] [stdout]                                at /rustc/84c898d65adf2f39a5a98507f1fe0ce10a2b8dbc/library/core/src/fmt/mod.rs:1232:17
[INFO] [stdout]    5:     0x55c5f9efc2a5 - std::io::Write::write_fmt::h4bc1f301cb9e9cce
[INFO] [stdout]                                at /rustc/84c898d65adf2f39a5a98507f1fe0ce10a2b8dbc/library/std/src/io/mod.rs:1684:15
[INFO] [stdout]    6:     0x55c5f9efdf45 - std::sys_common::backtrace::_print::h5fcdc36060f177e8
[INFO] [stdout]                                at /rustc/84c898d65adf2f39a5a98507f1fe0ce10a2b8dbc/library/std/src/sys_common/backtrace.rs:47:5
[INFO] [stdout]    7:     0x55c5f9efdf45 - std::sys_common::backtrace::print::h54ca9458b876c8bf
[INFO] [stdout]                                at /rustc/84c898d65adf2f39a5a98507f1fe0ce10a2b8dbc/library/std/src/sys_common/backtrace.rs:34:9
[INFO] [stdout]    8:     0x55c5f9eff59f - std::panicking::default_hook::{{closure}}::hbe471161c7664ed6
[INFO] [stdout]                                at /rustc/84c898d65adf2f39a5a98507f1fe0ce10a2b8dbc/library/std/src/panicking.rs:271:22
[INFO] [stdout]    9:     0x55c5f9eff2db - std::panicking::default_hook::ha3500da57aa4ac4f
[INFO] [stdout]                                at /rustc/84c898d65adf2f39a5a98507f1fe0ce10a2b8dbc/library/std/src/panicking.rs:290:9
[INFO] [stdout]   10:     0x55c5f9effb48 - std::panicking::rust_panic_with_hook::h50c09d000dc561d2
[INFO] [stdout]                                at /rustc/84c898d65adf2f39a5a98507f1fe0ce10a2b8dbc/library/std/src/panicking.rs:692:13
[INFO] [stdout]   11:     0x55c5f9effa49 - std::panicking::begin_panic_handler::{{closure}}::h9e2b2176e00e0d9c
[INFO] [stdout]                                at /rustc/84c898d65adf2f39a5a98507f1fe0ce10a2b8dbc/library/std/src/panicking.rs:583:13
[INFO] [stdout]   12:     0x55c5f9efe5e6 - std::sys_common::backtrace::__rust_end_short_backtrace::h5739b8e512c09d02
[INFO] [stdout]                                at /rustc/84c898d65adf2f39a5a98507f1fe0ce10a2b8dbc/library/std/src/sys_common/backtrace.rs:150:18
[INFO] [stdout]   13:     0x55c5f9eff752 - rust_begin_unwind
[INFO] [stdout]                                at /rustc/84c898d65adf2f39a5a98507f1fe0ce10a2b8dbc/library/std/src/panicking.rs:579:5
[INFO] [stdout]   14:     0x55c5f9ea4ef3 - core::panicking::panic_fmt::hf33a1475b4dc5c3e
[INFO] [stdout]                                at /rustc/84c898d65adf2f39a5a98507f1fe0ce10a2b8dbc/library/core/src/panicking.rs:64:14
[INFO] [stdout]   15:     0x55c5f9ea52e3 - core::result::unwrap_failed::hdff5465d74574b44
[INFO] [stdout]                                at /rustc/84c898d65adf2f39a5a98507f1fe0ce10a2b8dbc/library/core/src/result.rs:1750:5
[INFO] [stdout]   16:     0x55c5f9ea65ca - core::result::Result<T,E>::unwrap::h0ae5f80257626e7c
[INFO] [stdout]   17:     0x55c5f9ea8865 - rust_out::main::_doctest_main_src_bwt_converter_rs_89_0::hb2dc52d066f069f4
[INFO] [stdout]   18:     0x55c5f9ea86d6 - rust_out::main::h045d0fd74ed7290e
[INFO] [stdout]   19:     0x55c5f9ea62d3 - core::ops::function::FnOnce::call_once::h5b89dea722ea21ad
[INFO] [stdout]   20:     0x55c5f9ea56d9 - std::sys_common::backtrace::__rust_begin_short_backtrace::hc178e4cfacf1803d
[INFO] [stdout]   21:     0x55c5f9ea6119 - std::rt::lang_start::{{closure}}::he8c5d60628d06093
[INFO] [stdout]   22:     0x55c5f9ef9b5c - core::ops::function::impls::<impl core::ops::function::FnOnce<A> for &F>::call_once::hd6efcd3bec896f2c
[INFO] [stdout]                                at /rustc/84c898d65adf2f39a5a98507f1fe0ce10a2b8dbc/library/core/src/ops/function.rs:287:13
[INFO] [stdout]   23:     0x55c5f9ef9b5c - std::panicking::try::do_call::hce04e543bb1f4cbb
[INFO] [stdout]                                at /rustc/84c898d65adf2f39a5a98507f1fe0ce10a2b8dbc/library/std/src/panicking.rs:487:40
[INFO] [stdout]   24:     0x55c5f9ef9b5c - std::panicking::try::h3342dd4e1f680968
[INFO] [stdout]                                at /rustc/84c898d65adf2f39a5a98507f1fe0ce10a2b8dbc/library/std/src/panicking.rs:451:19
[INFO] [stdout]   25:     0x55c5f9ef9b5c - std::panic::catch_unwind::h148ce1e59ac0cee7
[INFO] [stdout]                                at /rustc/84c898d65adf2f39a5a98507f1fe0ce10a2b8dbc/library/std/src/panic.rs:140:14
[INFO] [stdout]   26:     0x55c5f9ef9b5c - std::rt::lang_start_internal::{{closure}}::h25f9dda2057a67fe
[INFO] [stdout]                                at /rustc/84c898d65adf2f39a5a98507f1fe0ce10a2b8dbc/library/std/src/rt.rs:148:48
[INFO] [stdout]   27:     0x55c5f9ef9b5c - std::panicking::try::do_call::h7caaaeaf9401650b
[INFO] [stdout]                                at /rustc/84c898d65adf2f39a5a98507f1fe0ce10a2b8dbc/library/std/src/panicking.rs:487:40
[INFO] [stdout]   28:     0x55c5f9ef9b5c - std::panicking::try::he7d15285746cbbc2
[INFO] [stdout]                                at /rustc/84c898d65adf2f39a5a98507f1fe0ce10a2b8dbc/library/std/src/panicking.rs:451:19
[INFO] [stdout]   29:     0x55c5f9ef9b5c - std::panic::catch_unwind::h89fb4f50c0301fe0
[INFO] [stdout]                                at /rustc/84c898d65adf2f39a5a98507f1fe0ce10a2b8dbc/library/std/src/panic.rs:140:14
[INFO] [stdout]   30:     0x55c5f9ef9b5c - std::rt::lang_start_internal::h078acd489417d3c1
[INFO] [stdout]                                at /rustc/84c898d65adf2f39a5a98507f1fe0ce10a2b8dbc/library/std/src/rt.rs:148:20
[INFO] [stdout]   31:     0x55c5f9ea60f7 - std::rt::lang_start::h335d6166ecad8ac7
[INFO] [stdout]   32:     0x55c5f9ea8a05 - main
[INFO] [stdout]   33:     0x7f6ab8040d90 - <unknown>
[INFO] [stdout]   34:     0x7f6ab8040e40 - __libc_start_main
[INFO] [stdout]   35:     0x55c5f9ea5425 - _start
[INFO] [stdout]   36:                0x0 - <unknown>
[INFO] [stdout] 
[INFO] [stdout] 
[INFO] [stdout] ---- src/bwt_converter.rs - bwt_converter::save_bwt_runs_numpy (line 139) stdout ----
[INFO] [stdout] Test executable failed (exit status: 101).
[INFO] [stdout] 
[INFO] [stdout] stderr:
[INFO] [stdout] thread 'main' panicked at 'called `Result::unwrap()` on an `Err` value: Os { code: 30, kind: ReadOnlyFilesystem, message: "Read-only file system" }', src/bwt_converter.rs:10:56
[INFO] [stdout] stack backtrace:
[INFO] [stdout]    0:     0x55ba781926aa - std::backtrace_rs::backtrace::libunwind::trace::ha9053a9a07ca49cb
[INFO] [stdout]                                at /rustc/84c898d65adf2f39a5a98507f1fe0ce10a2b8dbc/library/std/src/../../backtrace/src/backtrace/libunwind.rs:93:5
[INFO] [stdout]    1:     0x55ba781926aa - std::backtrace_rs::backtrace::trace_unsynchronized::h9c2852a457ad564e
[INFO] [stdout]                                at /rustc/84c898d65adf2f39a5a98507f1fe0ce10a2b8dbc/library/std/src/../../backtrace/src/backtrace/mod.rs:66:5
[INFO] [stdout]    2:     0x55ba781926aa - std::sys_common::backtrace::_print_fmt::h457936fbfaa0070f
[INFO] [stdout]                                at /rustc/84c898d65adf2f39a5a98507f1fe0ce10a2b8dbc/library/std/src/sys_common/backtrace.rs:65:5
[INFO] [stdout]    3:     0x55ba781926aa - <std::sys_common::backtrace::_print::DisplayBacktrace as core::fmt::Display>::fmt::h5779d7bf7f70cb0c
[INFO] [stdout]                                at /rustc/84c898d65adf2f39a5a98507f1fe0ce10a2b8dbc/library/std/src/sys_common/backtrace.rs:44:22
[INFO] [stdout]    4:     0x55ba781b035e - core::fmt::write::h5a4baaff1bcd3eb5
[INFO] [stdout]                                at /rustc/84c898d65adf2f39a5a98507f1fe0ce10a2b8dbc/library/core/src/fmt/mod.rs:1232:17
[INFO] [stdout]    5:     0x55ba781907d5 - std::io::Write::write_fmt::h4bc1f301cb9e9cce
[INFO] [stdout]                                at /rustc/84c898d65adf2f39a5a98507f1fe0ce10a2b8dbc/library/std/src/io/mod.rs:1684:15
[INFO] [stdout]    6:     0x55ba78192475 - std::sys_common::backtrace::_print::h5fcdc36060f177e8
[INFO] [stdout]                                at /rustc/84c898d65adf2f39a5a98507f1fe0ce10a2b8dbc/library/std/src/sys_common/backtrace.rs:47:5
[INFO] [stdout]    7:     0x55ba78192475 - std::sys_common::backtrace::print::h54ca9458b876c8bf
[INFO] [stdout]                                at /rustc/84c898d65adf2f39a5a98507f1fe0ce10a2b8dbc/library/std/src/sys_common/backtrace.rs:34:9
[INFO] [stdout]    8:     0x55ba78193acf - std::panicking::default_hook::{{closure}}::hbe471161c7664ed6
[INFO] [stdout]                                at /rustc/84c898d65adf2f39a5a98507f1fe0ce10a2b8dbc/library/std/src/panicking.rs:271:22
[INFO] [stdout]    9:     0x55ba7819380b - std::panicking::default_hook::ha3500da57aa4ac4f
[INFO] [stdout]                                at /rustc/84c898d65adf2f39a5a98507f1fe0ce10a2b8dbc/library/std/src/panicking.rs:290:9
[INFO] [stdout]   10:     0x55ba78194078 - std::panicking::rust_panic_with_hook::h50c09d000dc561d2
[INFO] [stdout]                                at /rustc/84c898d65adf2f39a5a98507f1fe0ce10a2b8dbc/library/std/src/panicking.rs:692:13
[INFO] [stdout]   11:     0x55ba78193f79 - std::panicking::begin_panic_handler::{{closure}}::h9e2b2176e00e0d9c
[INFO] [stdout]                                at /rustc/84c898d65adf2f39a5a98507f1fe0ce10a2b8dbc/library/std/src/panicking.rs:583:13
[INFO] [stdout]   12:     0x55ba78192b16 - std::sys_common::backtrace::__rust_end_short_backtrace::h5739b8e512c09d02
[INFO] [stdout]                                at /rustc/84c898d65adf2f39a5a98507f1fe0ce10a2b8dbc/library/std/src/sys_common/backtrace.rs:150:18
[INFO] [stdout]   13:     0x55ba78193c82 - rust_begin_unwind
[INFO] [stdout]                                at /rustc/84c898d65adf2f39a5a98507f1fe0ce10a2b8dbc/library/std/src/panicking.rs:579:5
[INFO] [stdout]   14:     0x55ba78132ef3 - core::panicking::panic_fmt::hf33a1475b4dc5c3e
[INFO] [stdout]                                at /rustc/84c898d65adf2f39a5a98507f1fe0ce10a2b8dbc/library/core/src/panicking.rs:64:14
[INFO] [stdout]   15:     0x55ba78133343 - core::result::unwrap_failed::hdff5465d74574b44
[INFO] [stdout]                                at /rustc/84c898d65adf2f39a5a98507f1fe0ce10a2b8dbc/library/core/src/result.rs:1750:5
[INFO] [stdout]   16:     0x55ba7813482a - core::result::Result<T,E>::unwrap::h0ae5f80257626e7c
[INFO] [stdout]   17:     0x55ba7813b92e - rust_out::main::_doctest_main_src_bwt_converter_rs_139_0::h7d469d5a4d1ca001
[INFO] [stdout]   18:     0x55ba7813b7d6 - rust_out::main::h045d0fd74ed7290e
[INFO] [stdout]   19:     0x55ba781342c3 - core::ops::function::FnOnce::call_once::h5b89dea722ea21ad
[INFO] [stdout]   20:     0x55ba78133819 - std::sys_common::backtrace::__rust_begin_short_backtrace::hc178e4cfacf1803d
[INFO] [stdout]   21:     0x55ba78134089 - std::rt::lang_start::{{closure}}::he8c5d60628d06093
[INFO] [stdout]   22:     0x55ba7818e08c - core::ops::function::impls::<impl core::ops::function::FnOnce<A> for &F>::call_once::hd6efcd3bec896f2c
[INFO] [stdout]                                at /rustc/84c898d65adf2f39a5a98507f1fe0ce10a2b8dbc/library/core/src/ops/function.rs:287:13
[INFO] [stdout]   23:     0x55ba7818e08c - std::panicking::try::do_call::hce04e543bb1f4cbb
[INFO] [stdout]                                at /rustc/84c898d65adf2f39a5a98507f1fe0ce10a2b8dbc/library/std/src/panicking.rs:487:40
[INFO] [stdout]   24:     0x55ba7818e08c - std::panicking::try::h3342dd4e1f680968
[INFO] [stdout]                                at /rustc/84c898d65adf2f39a5a98507f1fe0ce10a2b8dbc/library/std/src/panicking.rs:451:19
[INFO] [stdout]   25:     0x55ba7818e08c - std::panic::catch_unwind::h148ce1e59ac0cee7
[INFO] [stdout]                                at /rustc/84c898d65adf2f39a5a98507f1fe0ce10a2b8dbc/library/std/src/panic.rs:140:14
[INFO] [stdout]   26:     0x55ba7818e08c - std::rt::lang_start_internal::{{closure}}::h25f9dda2057a67fe
[INFO] [stdout]                                at /rustc/84c898d65adf2f39a5a98507f1fe0ce10a2b8dbc/library/std/src/rt.rs:148:48
[INFO] [stdout]   27:     0x55ba7818e08c - std::panicking::try::do_call::h7caaaeaf9401650b
[INFO] [stdout]                                at /rustc/84c898d65adf2f39a5a98507f1fe0ce10a2b8dbc/library/std/src/panicking.rs:487:40
[INFO] [stdout]   28:     0x55ba7818e08c - std::panicking::try::he7d15285746cbbc2
[INFO] [stdout]                                at /rustc/84c898d65adf2f39a5a98507f1fe0ce10a2b8dbc/library/std/src/panicking.rs:451:19
[INFO] [stdout]   29:     0x55ba7818e08c - std::panic::catch_unwind::h89fb4f50c0301fe0
[INFO] [stdout]                                at /rustc/84c898d65adf2f39a5a98507f1fe0ce10a2b8dbc/library/std/src/panic.rs:140:14
[INFO] [stdout]   30:     0x55ba7818e08c - std::rt::lang_start_internal::h078acd489417d3c1
[INFO] [stdout]                                at /rustc/84c898d65adf2f39a5a98507f1fe0ce10a2b8dbc/library/std/src/rt.rs:148:20
[INFO] [stdout]   31:     0x55ba78134067 - std::rt::lang_start::h335d6166ecad8ac7
[INFO] [stdout]   32:     0x55ba7813bac5 - main
[INFO] [stdout]   33:     0x7f34bcccfd90 - <unknown>
[INFO] [stdout]   34:     0x7f34bcccfe40 - __libc_start_main
[INFO] [stdout]   35:     0x55ba78133485 - _start
[INFO] [stdout]   36:                0x0 - <unknown>
[INFO] [stdout] 
[INFO] [stdout] 
[INFO] [stdout] 
[INFO] [stdout] failures:
[INFO] [stdout]     src/bwt_converter.rs - bwt_converter::save_bwt_numpy (line 89)
[INFO] [stdout]     src/bwt_converter.rs - bwt_converter::save_bwt_runs_numpy (line 139)
[INFO] [stdout] 
[INFO] [stdout] test result: FAILED. 36 passed; 2 failed; 0 ignored; 0 measured; 0 filtered out; finished in 2.72s
[INFO] [stdout] 
[INFO] [stderr] error: doctest failed, to rerun pass `--doc`
[INFO] running `Command { std: "docker" "inspect" "a93d4df9f2cfe2a301e2143477a7b244604a18d178ab2dfcee7038a50e152d78", kill_on_drop: false }`
[INFO] running `Command { std: "docker" "rm" "-f" "a93d4df9f2cfe2a301e2143477a7b244604a18d178ab2dfcee7038a50e152d78", kill_on_drop: false }`
[INFO] [stdout] a93d4df9f2cfe2a301e2143477a7b244604a18d178ab2dfcee7038a50e152d78
