[INFO] fetching crate mrchaos_greprs 0.1.1...
[INFO] testing mrchaos_greprs-0.1.1 against 1.69.0 for beta-1.70-1
[INFO] extracting crate mrchaos_greprs 0.1.1 into /workspace/builds/worker-7-tc1/source
[INFO] validating manifest of crates.io crate mrchaos_greprs 0.1.1 on toolchain 1.69.0
[INFO] running `Command { std: CARGO_HOME="/workspace/cargo-home" RUSTUP_HOME="/workspace/rustup-home" "/workspace/cargo-home/bin/cargo" "+1.69.0" "metadata" "--manifest-path" "Cargo.toml" "--no-deps", kill_on_drop: false }`
[INFO] started tweaking crates.io crate mrchaos_greprs 0.1.1
[INFO] finished tweaking crates.io crate mrchaos_greprs 0.1.1
[INFO] tweaked toml for crates.io crate mrchaos_greprs 0.1.1 written to /workspace/builds/worker-7-tc1/source/Cargo.toml
[INFO] crate crates.io crate mrchaos_greprs 0.1.1 already has a lockfile, it will not be regenerated
[INFO] running `Command { std: CARGO_HOME="/workspace/cargo-home" RUSTUP_HOME="/workspace/rustup-home" "/workspace/cargo-home/bin/cargo" "+1.69.0" "fetch" "--manifest-path" "Cargo.toml", kill_on_drop: false }`
[INFO] running `Command { std: "docker" "create" "-v" "/var/lib/crater-agent-workspace/builds/worker-7-tc1/target:/opt/rustwide/target:rw,Z" "-v" "/var/lib/crater-agent-workspace/builds/worker-7-tc1/source:/opt/rustwide/workdir:ro,Z" "-v" "/var/lib/crater-agent-workspace/cargo-home:/opt/rustwide/cargo-home:ro,Z" "-v" "/var/lib/crater-agent-workspace/rustup-home:/opt/rustwide/rustup-home:ro,Z" "-e" "SOURCE_DIR=/opt/rustwide/workdir" "-e" "CARGO_TARGET_DIR=/opt/rustwide/target" "-e" "CARGO_HOME=/opt/rustwide/cargo-home" "-e" "RUSTUP_HOME=/opt/rustwide/rustup-home" "-w" "/opt/rustwide/workdir" "-m" "1610612736" "--user" "0:0" "--network" "none" "ghcr.io/rust-lang/crates-build-env/linux@sha256:5ff2268d62e97bff2cde7d5815dd6ed5b47097566f13b8d0ca110b04b60e07ed" "/opt/rustwide/cargo-home/bin/cargo" "+1.69.0" "metadata" "--no-deps" "--format-version=1", kill_on_drop: false }`
[INFO] [stdout] b758769a2c8d6da497e72ae68e4237fe5fb472c9f069df0f2544b809846203b5
[INFO] running `Command { std: "docker" "start" "-a" "b758769a2c8d6da497e72ae68e4237fe5fb472c9f069df0f2544b809846203b5", kill_on_drop: false }`
[INFO] running `Command { std: "docker" "inspect" "b758769a2c8d6da497e72ae68e4237fe5fb472c9f069df0f2544b809846203b5", kill_on_drop: false }`
[INFO] running `Command { std: "docker" "rm" "-f" "b758769a2c8d6da497e72ae68e4237fe5fb472c9f069df0f2544b809846203b5", kill_on_drop: false }`
[INFO] [stdout] b758769a2c8d6da497e72ae68e4237fe5fb472c9f069df0f2544b809846203b5
[INFO] running `Command { std: "docker" "create" "-v" "/var/lib/crater-agent-workspace/builds/worker-7-tc1/target:/opt/rustwide/target:rw,Z" "-v" "/var/lib/crater-agent-workspace/builds/worker-7-tc1/source:/opt/rustwide/workdir:ro,Z" "-v" "/var/lib/crater-agent-workspace/cargo-home:/opt/rustwide/cargo-home:ro,Z" "-v" "/var/lib/crater-agent-workspace/rustup-home:/opt/rustwide/rustup-home:ro,Z" "-e" "SOURCE_DIR=/opt/rustwide/workdir" "-e" "CARGO_TARGET_DIR=/opt/rustwide/target" "-e" "CARGO_INCREMENTAL=0" "-e" "RUST_BACKTRACE=full" "-e" "RUSTFLAGS=--cap-lints=warn" "-e" "RUSTDOCFLAGS=--cap-lints=warn" "-e" "CARGO_HOME=/opt/rustwide/cargo-home" "-e" "RUSTUP_HOME=/opt/rustwide/rustup-home" "-w" "/opt/rustwide/workdir" "-m" "1610612736" "--user" "0:0" "--network" "none" "ghcr.io/rust-lang/crates-build-env/linux@sha256:5ff2268d62e97bff2cde7d5815dd6ed5b47097566f13b8d0ca110b04b60e07ed" "/opt/rustwide/cargo-home/bin/cargo" "+1.69.0" "build" "--frozen" "--message-format=json", kill_on_drop: false }`
[INFO] [stdout] 1a91c753f3533ab481a3ba773747afe8c9caa53360201b32f73cc5cd140329cf
[INFO] running `Command { std: "docker" "start" "-a" "1a91c753f3533ab481a3ba773747afe8c9caa53360201b32f73cc5cd140329cf", kill_on_drop: false }`
[INFO] [stderr]    Compiling mrchaos_greprs v0.1.1 (/opt/rustwide/workdir)
[INFO] [stderr]     Finished dev [unoptimized + debuginfo] target(s) in 0.85s
[INFO] running `Command { std: "docker" "inspect" "1a91c753f3533ab481a3ba773747afe8c9caa53360201b32f73cc5cd140329cf", kill_on_drop: false }`
[INFO] running `Command { std: "docker" "rm" "-f" "1a91c753f3533ab481a3ba773747afe8c9caa53360201b32f73cc5cd140329cf", kill_on_drop: false }`
[INFO] [stdout] 1a91c753f3533ab481a3ba773747afe8c9caa53360201b32f73cc5cd140329cf
[INFO] running `Command { std: "docker" "create" "-v" "/var/lib/crater-agent-workspace/builds/worker-7-tc1/target:/opt/rustwide/target:rw,Z" "-v" "/var/lib/crater-agent-workspace/builds/worker-7-tc1/source:/opt/rustwide/workdir:ro,Z" "-v" "/var/lib/crater-agent-workspace/cargo-home:/opt/rustwide/cargo-home:ro,Z" "-v" "/var/lib/crater-agent-workspace/rustup-home:/opt/rustwide/rustup-home:ro,Z" "-e" "SOURCE_DIR=/opt/rustwide/workdir" "-e" "CARGO_TARGET_DIR=/opt/rustwide/target" "-e" "CARGO_INCREMENTAL=0" "-e" "RUST_BACKTRACE=full" "-e" "RUSTFLAGS=--cap-lints=warn" "-e" "RUSTDOCFLAGS=--cap-lints=warn" "-e" "CARGO_HOME=/opt/rustwide/cargo-home" "-e" "RUSTUP_HOME=/opt/rustwide/rustup-home" "-w" "/opt/rustwide/workdir" "-m" "1610612736" "--user" "0:0" "--network" "none" "ghcr.io/rust-lang/crates-build-env/linux@sha256:5ff2268d62e97bff2cde7d5815dd6ed5b47097566f13b8d0ca110b04b60e07ed" "/opt/rustwide/cargo-home/bin/cargo" "+1.69.0" "test" "--frozen" "--no-run" "--message-format=json", kill_on_drop: false }`
[INFO] [stdout] 6ff0cf8419e39d7f9e9a5942559742d109049cfeb226b2ed28c78a98e37d15ca
[INFO] running `Command { std: "docker" "start" "-a" "6ff0cf8419e39d7f9e9a5942559742d109049cfeb226b2ed28c78a98e37d15ca", kill_on_drop: false }`
[INFO] [stderr]    Compiling mrchaos_greprs v0.1.1 (/opt/rustwide/workdir)
[INFO] [stderr]     Finished test [unoptimized + debuginfo] target(s) in 0.93s
[INFO] running `Command { std: "docker" "inspect" "6ff0cf8419e39d7f9e9a5942559742d109049cfeb226b2ed28c78a98e37d15ca", kill_on_drop: false }`
[INFO] running `Command { std: "docker" "rm" "-f" "6ff0cf8419e39d7f9e9a5942559742d109049cfeb226b2ed28c78a98e37d15ca", kill_on_drop: false }`
[INFO] [stdout] 6ff0cf8419e39d7f9e9a5942559742d109049cfeb226b2ed28c78a98e37d15ca
[INFO] running `Command { std: "docker" "create" "-v" "/var/lib/crater-agent-workspace/builds/worker-7-tc1/target:/opt/rustwide/target:rw,Z" "-v" "/var/lib/crater-agent-workspace/builds/worker-7-tc1/source:/opt/rustwide/workdir:ro,Z" "-v" "/var/lib/crater-agent-workspace/cargo-home:/opt/rustwide/cargo-home:ro,Z" "-v" "/var/lib/crater-agent-workspace/rustup-home:/opt/rustwide/rustup-home:ro,Z" "-e" "SOURCE_DIR=/opt/rustwide/workdir" "-e" "CARGO_TARGET_DIR=/opt/rustwide/target" "-e" "CARGO_INCREMENTAL=0" "-e" "RUST_BACKTRACE=full" "-e" "RUSTFLAGS=--cap-lints=warn" "-e" "RUSTDOCFLAGS=--cap-lints=warn" "-e" "CARGO_HOME=/opt/rustwide/cargo-home" "-e" "RUSTUP_HOME=/opt/rustwide/rustup-home" "-w" "/opt/rustwide/workdir" "-m" "1610612736" "--user" "0:0" "--network" "none" "ghcr.io/rust-lang/crates-build-env/linux@sha256:5ff2268d62e97bff2cde7d5815dd6ed5b47097566f13b8d0ca110b04b60e07ed" "/opt/rustwide/cargo-home/bin/cargo" "+1.69.0" "test" "--frozen", kill_on_drop: false }`
[INFO] [stdout] c97f34356d79cd42d3f1f4e20a63e9edd5c68a2c17b0339bc07b215283fcdd06
[INFO] running `Command { std: "docker" "start" "-a" "c97f34356d79cd42d3f1f4e20a63e9edd5c68a2c17b0339bc07b215283fcdd06", kill_on_drop: false }`
[INFO] [stderr]     Blocking waiting for file lock on package cache
[INFO] [stderr]     Finished test [unoptimized + debuginfo] target(s) in 0.43s
[INFO] [stderr]      Running unittests src/lib.rs (/opt/rustwide/target/debug/deps/mrchaos_greprs-577b9ea8f76b9555)
[INFO] [stdout] 
[INFO] [stdout] running 4 tests
[INFO] [stdout] test test_v1::case_sensitive ... ok
[INFO] [stdout] test test_v2::case_sensitive ... ok
[INFO] [stderr]      Running unittests src/main.rs (/opt/rustwide/target/debug/deps/mrchaos_greprs-e9721db407353c6f)
[INFO] [stdout] test test_v2::case_insensitive ... ok
[INFO] [stdout] test test_v1::case_insensitive ... ok
[INFO] [stdout] 
[INFO] [stdout] test result: ok. 4 passed; 0 failed; 0 ignored; 0 measured; 0 filtered out; finished in 0.01s
[INFO] [stdout] 
[INFO] [stdout] 
[INFO] [stdout] running 0 tests
[INFO] [stdout] 
[INFO] [stdout] test result: ok. 0 passed; 0 failed; 0 ignored; 0 measured; 0 filtered out; finished in 0.00s
[INFO] [stdout] 
[INFO] [stderr]    Doc-tests mrchaos_greprs
[INFO] [stdout] 
[INFO] [stdout] running 2 tests
[INFO] [stdout] test src/lib.rs - v1::Config::new (line 22) ... FAILED
[INFO] [stdout] test src/lib.rs - v1::run (line 41) ... FAILED
[INFO] [stdout] 
[INFO] [stdout] failures:
[INFO] [stdout] 
[INFO] [stdout] ---- src/lib.rs - v1::Config::new (line 22) stdout ----
[INFO] [stdout] error[E0433]: failed to resolve: use of undeclared type `Config`
[INFO] [stdout]  --> src/lib.rs:23:14
[INFO] [stdout]   |
[INFO] [stdout] 3 | let config = Config::new();
[INFO] [stdout]   |              ^^^^^^ use of undeclared type `Config`
[INFO] [stdout]   |
[INFO] [stdout] help: consider importing one of these items
[INFO] [stdout]   |
[INFO] [stdout] 2 | use mrchaos_greprs::v1::Config;
[INFO] [stdout]   |
[INFO] [stdout] 2 | use mrchaos_greprs::v2::Config;
[INFO] [stdout]   |
[INFO] [stdout] 
[INFO] [stdout] error: aborting due to previous error
[INFO] [stdout] 
[INFO] [stdout] For more information about this error, try `rustc --explain E0433`.
[INFO] [stdout] Couldn't compile the test.
[INFO] [stdout] ---- src/lib.rs - v1::run (line 41) stdout ----
[INFO] [stdout] error: expected one of `.`, `;`, `?`, `}`, or an operator, found `{`
[INFO] [stdout]  --> src/lib.rs:42:8
[INFO] [stdout]   |
[INFO] [stdout] 3 | main() {
[INFO] [stdout]   |        ^ expected one of `.`, `;`, `?`, `}`, or an operator
[INFO] [stdout] 
[INFO] [stdout] error: aborting due to previous error
[INFO] [stdout] 
[INFO] [stdout] Couldn't compile the test.
[INFO] [stdout] 
[INFO] [stdout] failures:
[INFO] [stdout]     src/lib.rs - v1::Config::new (line 22)
[INFO] [stdout]     src/lib.rs - v1::run (line 41)
[INFO] [stdout] 
[INFO] [stdout] test result: FAILED. 0 passed; 2 failed; 0 ignored; 0 measured; 0 filtered out; finished in 0.08s
[INFO] [stdout] 
[INFO] [stderr] error: doctest failed, to rerun pass `--doc`
[INFO] running `Command { std: "docker" "inspect" "c97f34356d79cd42d3f1f4e20a63e9edd5c68a2c17b0339bc07b215283fcdd06", kill_on_drop: false }`
[INFO] running `Command { std: "docker" "rm" "-f" "c97f34356d79cd42d3f1f4e20a63e9edd5c68a2c17b0339bc07b215283fcdd06", kill_on_drop: false }`
[INFO] [stdout] c97f34356d79cd42d3f1f4e20a63e9edd5c68a2c17b0339bc07b215283fcdd06
