[INFO] fetching crate mpt_lib 0.0.2...
[INFO] testing mpt_lib-0.0.2 against 1.69.0 for beta-1.70-1
[INFO] extracting crate mpt_lib 0.0.2 into /workspace/builds/worker-7-tc1/source
[INFO] validating manifest of crates.io crate mpt_lib 0.0.2 on toolchain 1.69.0
[INFO] running `Command { std: CARGO_HOME="/workspace/cargo-home" RUSTUP_HOME="/workspace/rustup-home" "/workspace/cargo-home/bin/cargo" "+1.69.0" "metadata" "--manifest-path" "Cargo.toml" "--no-deps", kill_on_drop: false }`
[INFO] started tweaking crates.io crate mpt_lib 0.0.2
[INFO] finished tweaking crates.io crate mpt_lib 0.0.2
[INFO] tweaked toml for crates.io crate mpt_lib 0.0.2 written to /workspace/builds/worker-7-tc1/source/Cargo.toml
[INFO] running `Command { std: CARGO_HOME="/workspace/cargo-home" RUSTUP_HOME="/workspace/rustup-home" __CARGO_TEST_CHANNEL_OVERRIDE_DO_NOT_USE_THIS="nightly" "/workspace/cargo-home/bin/cargo" "+1.69.0" "generate-lockfile" "--manifest-path" "Cargo.toml" "-Zno-index-update", kill_on_drop: false }`
[INFO] running `Command { std: CARGO_HOME="/workspace/cargo-home" RUSTUP_HOME="/workspace/rustup-home" "/workspace/cargo-home/bin/cargo" "+1.69.0" "fetch" "--manifest-path" "Cargo.toml", kill_on_drop: false }`
[INFO] [stderr]  Downloading crates ...
[INFO] [stderr]   Downloaded libmath v0.2.1
[INFO] running `Command { std: "docker" "create" "-v" "/var/lib/crater-agent-workspace/builds/worker-7-tc1/target:/opt/rustwide/target:rw,Z" "-v" "/var/lib/crater-agent-workspace/builds/worker-7-tc1/source:/opt/rustwide/workdir:ro,Z" "-v" "/var/lib/crater-agent-workspace/cargo-home:/opt/rustwide/cargo-home:ro,Z" "-v" "/var/lib/crater-agent-workspace/rustup-home:/opt/rustwide/rustup-home:ro,Z" "-e" "SOURCE_DIR=/opt/rustwide/workdir" "-e" "CARGO_TARGET_DIR=/opt/rustwide/target" "-e" "CARGO_HOME=/opt/rustwide/cargo-home" "-e" "RUSTUP_HOME=/opt/rustwide/rustup-home" "-w" "/opt/rustwide/workdir" "-m" "1610612736" "--user" "0:0" "--network" "none" "ghcr.io/rust-lang/crates-build-env/linux@sha256:5ff2268d62e97bff2cde7d5815dd6ed5b47097566f13b8d0ca110b04b60e07ed" "/opt/rustwide/cargo-home/bin/cargo" "+1.69.0" "metadata" "--no-deps" "--format-version=1", kill_on_drop: false }`
[INFO] [stdout] 44d3fcf82462c097a2813817fbac37d25efd5737cf70d18d984579336d0c3003
[INFO] running `Command { std: "docker" "start" "-a" "44d3fcf82462c097a2813817fbac37d25efd5737cf70d18d984579336d0c3003", kill_on_drop: false }`
[INFO] running `Command { std: "docker" "inspect" "44d3fcf82462c097a2813817fbac37d25efd5737cf70d18d984579336d0c3003", kill_on_drop: false }`
[INFO] running `Command { std: "docker" "rm" "-f" "44d3fcf82462c097a2813817fbac37d25efd5737cf70d18d984579336d0c3003", kill_on_drop: false }`
[INFO] [stdout] 44d3fcf82462c097a2813817fbac37d25efd5737cf70d18d984579336d0c3003
[INFO] running `Command { std: "docker" "create" "-v" "/var/lib/crater-agent-workspace/builds/worker-7-tc1/target:/opt/rustwide/target:rw,Z" "-v" "/var/lib/crater-agent-workspace/builds/worker-7-tc1/source:/opt/rustwide/workdir:ro,Z" "-v" "/var/lib/crater-agent-workspace/cargo-home:/opt/rustwide/cargo-home:ro,Z" "-v" "/var/lib/crater-agent-workspace/rustup-home:/opt/rustwide/rustup-home:ro,Z" "-e" "SOURCE_DIR=/opt/rustwide/workdir" "-e" "CARGO_TARGET_DIR=/opt/rustwide/target" "-e" "CARGO_INCREMENTAL=0" "-e" "RUST_BACKTRACE=full" "-e" "RUSTFLAGS=--cap-lints=warn" "-e" "RUSTDOCFLAGS=--cap-lints=warn" "-e" "CARGO_HOME=/opt/rustwide/cargo-home" "-e" "RUSTUP_HOME=/opt/rustwide/rustup-home" "-w" "/opt/rustwide/workdir" "-m" "1610612736" "--user" "0:0" "--network" "none" "ghcr.io/rust-lang/crates-build-env/linux@sha256:5ff2268d62e97bff2cde7d5815dd6ed5b47097566f13b8d0ca110b04b60e07ed" "/opt/rustwide/cargo-home/bin/cargo" "+1.69.0" "build" "--frozen" "--message-format=json", kill_on_drop: false }`
[INFO] [stdout] b7ef0278684bc7a6922b76c8ff11d0e15920b81ff06cc51c592e87922e0e0810
[INFO] running `Command { std: "docker" "start" "-a" "b7ef0278684bc7a6922b76c8ff11d0e15920b81ff06cc51c592e87922e0e0810", kill_on_drop: false }`
[INFO] [stderr]    Compiling num-traits v0.2.15
[INFO] [stderr]    Compiling hashbrown v0.12.3
[INFO] [stderr]    Compiling winnow v0.4.4
[INFO] [stderr]    Compiling indexmap v1.9.3
[INFO] [stderr]    Compiling toml_datetime v0.6.1
[INFO] [stderr]    Compiling syn v1.0.109
[INFO] [stderr]    Compiling once_cell v1.17.1
[INFO] [stderr]    Compiling rand v0.4.6
[INFO] [stderr]    Compiling time v0.1.45
[INFO] [stderr]    Compiling rand v0.3.23
[INFO] [stderr]    Compiling libmath v0.2.1
[INFO] [stderr]    Compiling num-integer v0.1.45
[INFO] [stderr]    Compiling float-cmp v0.9.0
[INFO] [stderr]    Compiling chrono v0.4.24
[INFO] [stderr]    Compiling toml_edit v0.19.8
[INFO] [stderr]    Compiling proc-macro-crate v1.3.1
[INFO] [stderr]    Compiling num_enum_derive v0.5.11
[INFO] [stderr]    Compiling num_enum v0.5.11
[INFO] [stderr]    Compiling mpt_lib v0.0.2 (/opt/rustwide/workdir)
[INFO] [stdout] warning: method `find_double` is never used
[INFO] [stdout]   --> src/array.rs:42:8
[INFO] [stdout]    |
[INFO] [stdout] 42 |     fn find_double(
[INFO] [stdout]    |        ^^^^^^^^^^^
[INFO] [stdout]    |
[INFO] [stdout]    = note: `#[warn(dead_code)]` on by default
[INFO] [stdout] 
[INFO] [stdout] 
[INFO] [stdout] warning: struct `AvgCreditQualityCalculator` is never constructed
[INFO] [stdout]   --> src/common.rs:11:12
[INFO] [stdout]    |
[INFO] [stdout] 11 | pub struct AvgCreditQualityCalculator {
[INFO] [stdout]    |            ^^^^^^^^^^^^^^^^^^^^^^^^^^
[INFO] [stdout] 
[INFO] [stdout] 
[INFO] [stdout] warning: struct `OwnershipZone` is never constructed
[INFO] [stdout]   --> src/common.rs:18:12
[INFO] [stdout]    |
[INFO] [stdout] 18 | pub struct OwnershipZone {
[INFO] [stdout]    |            ^^^^^^^^^^^^^
[INFO] [stdout] 
[INFO] [stdout] 
[INFO] [stdout] warning: associated function `from` is never used
[INFO] [stdout]   --> src/common.rs:49:12
[INFO] [stdout]    |
[INFO] [stdout] 49 |     pub fn from(old: &DataGroup) -> DataGroup {
[INFO] [stdout]    |            ^^^^
[INFO] [stdout] 
[INFO] [stdout] 
[INFO] [stdout] warning: method `convert_discreet_return_by_dri` is never used
[INFO] [stdout]    --> src/common.rs:235:19
[INFO] [stdout]     |
[INFO] [stdout] 235 |     pub(crate) fn convert_discreet_return_by_dri(
[INFO] [stdout]     |                   ^^^^^^^^^^^^^^^^^^^^^^^^^^^^^^
[INFO] [stdout] 
[INFO] [stdout] 
[INFO] [stdout] warning: method `convert_discreet_return_by_holiday` is never used
[INFO] [stdout]    --> src/common.rs:293:19
[INFO] [stdout]     |
[INFO] [stdout] 293 |     pub(crate) fn convert_discreet_return_by_holiday(
[INFO] [stdout]     |                   ^^^^^^^^^^^^^^^^^^^^^^^^^^^^^^^^^^
[INFO] [stdout] 
[INFO] [stdout] 
[INFO] [stdout] warning: method `convert_discreet_return` is never used
[INFO] [stdout]    --> src/common.rs:366:19
[INFO] [stdout]     |
[INFO] [stdout] 366 |     pub(crate) fn convert_discreet_return(&self, is_dri: bool, result: &mut Vec<f64>) {
[INFO] [stdout]     |                   ^^^^^^^^^^^^^^^^^^^^^^^
[INFO] [stdout] 
[INFO] [stdout] 
[INFO] [stdout] warning: function `is_weekend` is never used
[INFO] [stdout]    --> src/date_util.rs:114:8
[INFO] [stdout]     |
[INFO] [stdout] 114 | pub fn is_weekend(n_date: u64) -> bool {
[INFO] [stdout]     |        ^^^^^^^^^^
[INFO] [stdout] 
[INFO] [stdout] 
[INFO] [stdout] warning: function `to_n_period_begin_int` is never used
[INFO] [stdout]    --> src/date_util.rs:127:8
[INFO] [stdout]     |
[INFO] [stdout] 127 | pub fn to_n_period_begin_int(freq: ClFrequency, n: i32, n_date: u64) -> u64 {
[INFO] [stdout]     |        ^^^^^^^^^^^^^^^^^^^^^
[INFO] [stdout] 
[INFO] [stdout] 
[INFO] [stdout] warning: function `to_n_period_int` is never used
[INFO] [stdout]    --> src/date_util.rs:141:8
[INFO] [stdout]     |
[INFO] [stdout] 141 | pub fn to_n_period_int(freq: ClFrequency, n: i32, n_date: u64) -> u64 {
[INFO] [stdout]     |        ^^^^^^^^^^^^^^^
[INFO] [stdout] 
[INFO] [stdout] 
[INFO] [stdout] warning: function `frac_rank_internal` is never used
[INFO] [stdout]    --> src/rank.rs:190:4
[INFO] [stdout]     |
[INFO] [stdout] 190 | fn frac_rank_internal(
[INFO] [stdout]     |    ^^^^^^^^^^^^^^^^^^
[INFO] [stdout] 
[INFO] [stdout] 
[INFO] [stdout] warning: 11 warnings emitted
[INFO] [stdout] 
[INFO] [stdout] 
[INFO] [stderr]     Finished dev [unoptimized + debuginfo] target(s) in 12.20s
[INFO] running `Command { std: "docker" "inspect" "b7ef0278684bc7a6922b76c8ff11d0e15920b81ff06cc51c592e87922e0e0810", kill_on_drop: false }`
[INFO] running `Command { std: "docker" "rm" "-f" "b7ef0278684bc7a6922b76c8ff11d0e15920b81ff06cc51c592e87922e0e0810", kill_on_drop: false }`
[INFO] [stdout] b7ef0278684bc7a6922b76c8ff11d0e15920b81ff06cc51c592e87922e0e0810
[INFO] running `Command { std: "docker" "create" "-v" "/var/lib/crater-agent-workspace/builds/worker-7-tc1/target:/opt/rustwide/target:rw,Z" "-v" "/var/lib/crater-agent-workspace/builds/worker-7-tc1/source:/opt/rustwide/workdir:ro,Z" "-v" "/var/lib/crater-agent-workspace/cargo-home:/opt/rustwide/cargo-home:ro,Z" "-v" "/var/lib/crater-agent-workspace/rustup-home:/opt/rustwide/rustup-home:ro,Z" "-e" "SOURCE_DIR=/opt/rustwide/workdir" "-e" "CARGO_TARGET_DIR=/opt/rustwide/target" "-e" "CARGO_INCREMENTAL=0" "-e" "RUST_BACKTRACE=full" "-e" "RUSTFLAGS=--cap-lints=warn" "-e" "RUSTDOCFLAGS=--cap-lints=warn" "-e" "CARGO_HOME=/opt/rustwide/cargo-home" "-e" "RUSTUP_HOME=/opt/rustwide/rustup-home" "-w" "/opt/rustwide/workdir" "-m" "1610612736" "--user" "0:0" "--network" "none" "ghcr.io/rust-lang/crates-build-env/linux@sha256:5ff2268d62e97bff2cde7d5815dd6ed5b47097566f13b8d0ca110b04b60e07ed" "/opt/rustwide/cargo-home/bin/cargo" "+1.69.0" "test" "--frozen" "--no-run" "--message-format=json", kill_on_drop: false }`
[INFO] [stdout] 4c627013102f68e62b7b97d11f7cad7937565c25fad1a35c970402dce5ef7c7c
[INFO] running `Command { std: "docker" "start" "-a" "4c627013102f68e62b7b97d11f7cad7937565c25fad1a35c970402dce5ef7c7c", kill_on_drop: false }`
[INFO] [stderr]    Compiling mpt_lib v0.0.2 (/opt/rustwide/workdir)
[INFO] [stdout] warning: method `find_double` is never used
[INFO] [stdout]   --> src/array.rs:42:8
[INFO] [stdout]    |
[INFO] [stdout] 42 |     fn find_double(
[INFO] [stdout]    |        ^^^^^^^^^^^
[INFO] [stdout]    |
[INFO] [stdout]    = note: `#[warn(dead_code)]` on by default
[INFO] [stdout] 
[INFO] [stdout] 
[INFO] [stdout] warning: struct `AvgCreditQualityCalculator` is never constructed
[INFO] [stdout]   --> src/common.rs:11:12
[INFO] [stdout]    |
[INFO] [stdout] 11 | pub struct AvgCreditQualityCalculator {
[INFO] [stdout]    |            ^^^^^^^^^^^^^^^^^^^^^^^^^^
[INFO] [stdout] 
[INFO] [stdout] 
[INFO] [stdout] warning: struct `OwnershipZone` is never constructed
[INFO] [stdout]   --> src/common.rs:18:12
[INFO] [stdout]    |
[INFO] [stdout] 18 | pub struct OwnershipZone {
[INFO] [stdout]    |            ^^^^^^^^^^^^^
[INFO] [stdout] 
[INFO] [stdout] 
[INFO] [stdout] warning: associated function `from` is never used
[INFO] [stdout]   --> src/common.rs:49:12
[INFO] [stdout]    |
[INFO] [stdout] 49 |     pub fn from(old: &DataGroup) -> DataGroup {
[INFO] [stdout]    |            ^^^^
[INFO] [stdout] 
[INFO] [stdout] 
[INFO] [stdout] warning: method `convert_discreet_return_by_dri` is never used
[INFO] [stdout]    --> src/common.rs:235:19
[INFO] [stdout]     |
[INFO] [stdout] 235 |     pub(crate) fn convert_discreet_return_by_dri(
[INFO] [stdout]     |                   ^^^^^^^^^^^^^^^^^^^^^^^^^^^^^^
[INFO] [stdout] 
[INFO] [stdout] 
[INFO] [stdout] warning: method `convert_discreet_return_by_holiday` is never used
[INFO] [stdout]    --> src/common.rs:293:19
[INFO] [stdout]     |
[INFO] [stdout] 293 |     pub(crate) fn convert_discreet_return_by_holiday(
[INFO] [stdout]     |                   ^^^^^^^^^^^^^^^^^^^^^^^^^^^^^^^^^^
[INFO] [stdout] 
[INFO] [stdout] 
[INFO] [stdout] warning: method `convert_discreet_return` is never used
[INFO] [stdout]    --> src/common.rs:366:19
[INFO] [stdout]     |
[INFO] [stdout] 366 |     pub(crate) fn convert_discreet_return(&self, is_dri: bool, result: &mut Vec<f64>) {
[INFO] [stdout]     |                   ^^^^^^^^^^^^^^^^^^^^^^^
[INFO] [stdout] 
[INFO] [stdout] 
[INFO] [stdout] warning: function `is_weekend` is never used
[INFO] [stdout]    --> src/date_util.rs:114:8
[INFO] [stdout]     |
[INFO] [stdout] 114 | pub fn is_weekend(n_date: u64) -> bool {
[INFO] [stdout]     |        ^^^^^^^^^^
[INFO] [stdout] 
[INFO] [stdout] 
[INFO] [stdout] warning: function `to_n_period_begin_int` is never used
[INFO] [stdout]    --> src/date_util.rs:127:8
[INFO] [stdout]     |
[INFO] [stdout] 127 | pub fn to_n_period_begin_int(freq: ClFrequency, n: i32, n_date: u64) -> u64 {
[INFO] [stdout]     |        ^^^^^^^^^^^^^^^^^^^^^
[INFO] [stdout] 
[INFO] [stdout] 
[INFO] [stdout] warning: function `to_n_period_int` is never used
[INFO] [stdout]    --> src/date_util.rs:141:8
[INFO] [stdout]     |
[INFO] [stdout] 141 | pub fn to_n_period_int(freq: ClFrequency, n: i32, n_date: u64) -> u64 {
[INFO] [stdout]     |        ^^^^^^^^^^^^^^^
[INFO] [stdout] 
[INFO] [stdout] 
[INFO] [stdout] warning: function `frac_rank_internal` is never used
[INFO] [stdout]    --> src/rank.rs:190:4
[INFO] [stdout]     |
[INFO] [stdout] 190 | fn frac_rank_internal(
[INFO] [stdout]     |    ^^^^^^^^^^^^^^^^^^
[INFO] [stdout] 
[INFO] [stdout] 
[INFO] [stdout] warning: 11 warnings emitted
[INFO] [stdout] 
[INFO] [stdout] 
[INFO] [stdout] warning: unused import: `self`
[INFO] [stdout]    --> src/rank.rs:704:17
[INFO] [stdout]     |
[INFO] [stdout] 704 |         enums::{self, Errors},
[INFO] [stdout]     |                 ^^^^
[INFO] [stdout]     |
[INFO] [stdout]     = note: `#[warn(unused_imports)]` on by default
[INFO] [stdout] 
[INFO] [stdout] 
[INFO] [stdout] warning: unused variable: `t3`
[INFO] [stdout]    --> src/rank.rs:723:13
[INFO] [stdout]     |
[INFO] [stdout] 723 |         let t3 = round::ceil(t2, 0);
[INFO] [stdout]     |             ^^ help: if this is intentional, prefix it with an underscore: `_t3`
[INFO] [stdout]     |
[INFO] [stdout]     = note: `#[warn(unused_variables)]` on by default
[INFO] [stdout] 
[INFO] [stdout] 
[INFO] [stdout] warning: method `find_double` is never used
[INFO] [stdout]   --> src/array.rs:42:8
[INFO] [stdout]    |
[INFO] [stdout] 42 |     fn find_double(
[INFO] [stdout]    |        ^^^^^^^^^^^
[INFO] [stdout]    |
[INFO] [stdout]    = note: `#[warn(dead_code)]` on by default
[INFO] [stdout] 
[INFO] [stdout] 
[INFO] [stdout] warning: struct `AvgCreditQualityCalculator` is never constructed
[INFO] [stdout]   --> src/common.rs:11:12
[INFO] [stdout]    |
[INFO] [stdout] 11 | pub struct AvgCreditQualityCalculator {
[INFO] [stdout]    |            ^^^^^^^^^^^^^^^^^^^^^^^^^^
[INFO] [stdout] 
[INFO] [stdout] 
[INFO] [stdout] warning: struct `OwnershipZone` is never constructed
[INFO] [stdout]   --> src/common.rs:18:12
[INFO] [stdout]    |
[INFO] [stdout] 18 | pub struct OwnershipZone {
[INFO] [stdout]    |            ^^^^^^^^^^^^^
[INFO] [stdout] 
[INFO] [stdout] 
[INFO] [stdout] warning: associated function `from` is never used
[INFO] [stdout]   --> src/common.rs:49:12
[INFO] [stdout]    |
[INFO] [stdout] 49 |     pub fn from(old: &DataGroup) -> DataGroup {
[INFO] [stdout]    |            ^^^^
[INFO] [stdout] 
[INFO] [stdout] 
[INFO] [stdout] warning: method `convert_discreet_return_by_dri` is never used
[INFO] [stdout]    --> src/common.rs:235:19
[INFO] [stdout]     |
[INFO] [stdout] 235 |     pub(crate) fn convert_discreet_return_by_dri(
[INFO] [stdout]     |                   ^^^^^^^^^^^^^^^^^^^^^^^^^^^^^^
[INFO] [stdout] 
[INFO] [stdout] 
[INFO] [stdout] warning: method `convert_discreet_return_by_holiday` is never used
[INFO] [stdout]    --> src/common.rs:293:19
[INFO] [stdout]     |
[INFO] [stdout] 293 |     pub(crate) fn convert_discreet_return_by_holiday(
[INFO] [stdout]     |                   ^^^^^^^^^^^^^^^^^^^^^^^^^^^^^^^^^^
[INFO] [stdout] 
[INFO] [stdout] 
[INFO] [stdout] warning: method `convert_discreet_return` is never used
[INFO] [stdout]    --> src/common.rs:366:19
[INFO] [stdout]     |
[INFO] [stdout] 366 |     pub(crate) fn convert_discreet_return(&self, is_dri: bool, result: &mut Vec<f64>) {
[INFO] [stdout]     |                   ^^^^^^^^^^^^^^^^^^^^^^^
[INFO] [stdout] 
[INFO] [stdout] 
[INFO] [stdout] warning: function `is_weekend` is never used
[INFO] [stdout]    --> src/date_util.rs:114:8
[INFO] [stdout]     |
[INFO] [stdout] 114 | pub fn is_weekend(n_date: u64) -> bool {
[INFO] [stdout]     |        ^^^^^^^^^^
[INFO] [stdout] 
[INFO] [stdout] 
[INFO] [stdout] warning: function `to_n_period_begin_int` is never used
[INFO] [stdout]    --> src/date_util.rs:127:8
[INFO] [stdout]     |
[INFO] [stdout] 127 | pub fn to_n_period_begin_int(freq: ClFrequency, n: i32, n_date: u64) -> u64 {
[INFO] [stdout]     |        ^^^^^^^^^^^^^^^^^^^^^
[INFO] [stdout] 
[INFO] [stdout] 
[INFO] [stdout] warning: function `to_n_period_int` is never used
[INFO] [stdout]    --> src/date_util.rs:141:8
[INFO] [stdout]     |
[INFO] [stdout] 141 | pub fn to_n_period_int(freq: ClFrequency, n: i32, n_date: u64) -> u64 {
[INFO] [stdout]     |        ^^^^^^^^^^^^^^^
[INFO] [stdout] 
[INFO] [stdout] 
[INFO] [stdout] warning: function `frac_rank_internal` is never used
[INFO] [stdout]    --> src/rank.rs:190:4
[INFO] [stdout]     |
[INFO] [stdout] 190 | fn frac_rank_internal(
[INFO] [stdout]     |    ^^^^^^^^^^^^^^^^^^
[INFO] [stdout] 
[INFO] [stdout] 
[INFO] [stdout] warning: 13 warnings emitted
[INFO] [stdout] 
[INFO] [stdout] 
[INFO] [stderr]     Finished test [unoptimized + debuginfo] target(s) in 2.31s
[INFO] running `Command { std: "docker" "inspect" "4c627013102f68e62b7b97d11f7cad7937565c25fad1a35c970402dce5ef7c7c", kill_on_drop: false }`
[INFO] running `Command { std: "docker" "rm" "-f" "4c627013102f68e62b7b97d11f7cad7937565c25fad1a35c970402dce5ef7c7c", kill_on_drop: false }`
[INFO] [stdout] 4c627013102f68e62b7b97d11f7cad7937565c25fad1a35c970402dce5ef7c7c
[INFO] running `Command { std: "docker" "create" "-v" "/var/lib/crater-agent-workspace/builds/worker-7-tc1/target:/opt/rustwide/target:rw,Z" "-v" "/var/lib/crater-agent-workspace/builds/worker-7-tc1/source:/opt/rustwide/workdir:ro,Z" "-v" "/var/lib/crater-agent-workspace/cargo-home:/opt/rustwide/cargo-home:ro,Z" "-v" "/var/lib/crater-agent-workspace/rustup-home:/opt/rustwide/rustup-home:ro,Z" "-e" "SOURCE_DIR=/opt/rustwide/workdir" "-e" "CARGO_TARGET_DIR=/opt/rustwide/target" "-e" "CARGO_INCREMENTAL=0" "-e" "RUST_BACKTRACE=full" "-e" "RUSTFLAGS=--cap-lints=warn" "-e" "RUSTDOCFLAGS=--cap-lints=warn" "-e" "CARGO_HOME=/opt/rustwide/cargo-home" "-e" "RUSTUP_HOME=/opt/rustwide/rustup-home" "-w" "/opt/rustwide/workdir" "-m" "1610612736" "--user" "0:0" "--network" "none" "ghcr.io/rust-lang/crates-build-env/linux@sha256:5ff2268d62e97bff2cde7d5815dd6ed5b47097566f13b8d0ca110b04b60e07ed" "/opt/rustwide/cargo-home/bin/cargo" "+1.69.0" "test" "--frozen", kill_on_drop: false }`
[INFO] [stdout] 1a4aa42790cd723b45bd937fb1c1ed8026d54ef8205dc1ed3cf55ea0fbfc07c7
[INFO] running `Command { std: "docker" "start" "-a" "1a4aa42790cd723b45bd937fb1c1ed8026d54ef8205dc1ed3cf55ea0fbfc07c7", kill_on_drop: false }`
[INFO] [stderr] warning: method `find_double` is never used
[INFO] [stderr]   --> src/array.rs:42:8
[INFO] [stderr]    |
[INFO] [stderr] 42 |     fn find_double(
[INFO] [stderr]    |        ^^^^^^^^^^^
[INFO] [stderr]    |
[INFO] [stderr]    = note: `#[warn(dead_code)]` on by default
[INFO] [stderr] 
[INFO] [stderr] warning: struct `AvgCreditQualityCalculator` is never constructed
[INFO] [stderr]   --> src/common.rs:11:12
[INFO] [stderr]    |
[INFO] [stderr] 11 | pub struct AvgCreditQualityCalculator {
[INFO] [stderr]    |            ^^^^^^^^^^^^^^^^^^^^^^^^^^
[INFO] [stderr] 
[INFO] [stderr] warning: struct `OwnershipZone` is never constructed
[INFO] [stderr]   --> src/common.rs:18:12
[INFO] [stderr]    |
[INFO] [stderr] 18 | pub struct OwnershipZone {
[INFO] [stderr]    |            ^^^^^^^^^^^^^
[INFO] [stderr] 
[INFO] [stderr] warning: associated function `from` is never used
[INFO] [stderr]   --> src/common.rs:49:12
[INFO] [stderr]    |
[INFO] [stderr] 49 |     pub fn from(old: &DataGroup) -> DataGroup {
[INFO] [stderr]    |            ^^^^
[INFO] [stderr] 
[INFO] [stderr] warning: method `convert_discreet_return_by_dri` is never used
[INFO] [stderr]    --> src/common.rs:235:19
[INFO] [stderr]     |
[INFO] [stderr] 235 |     pub(crate) fn convert_discreet_return_by_dri(
[INFO] [stderr]     |                   ^^^^^^^^^^^^^^^^^^^^^^^^^^^^^^
[INFO] [stderr] 
[INFO] [stderr] warning: method `convert_discreet_return_by_holiday` is never used
[INFO] [stderr]    --> src/common.rs:293:19
[INFO] [stderr]     |
[INFO] [stderr] 293 |     pub(crate) fn convert_discreet_return_by_holiday(
[INFO] [stderr]     |                   ^^^^^^^^^^^^^^^^^^^^^^^^^^^^^^^^^^
[INFO] [stderr] 
[INFO] [stderr] warning: method `convert_discreet_return` is never used
[INFO] [stderr]    --> src/common.rs:366:19
[INFO] [stderr]     |
[INFO] [stderr] 366 |     pub(crate) fn convert_discreet_return(&self, is_dri: bool, result: &mut Vec<f64>) {
[INFO] [stderr]     |                   ^^^^^^^^^^^^^^^^^^^^^^^
[INFO] [stderr] 
[INFO] [stderr] warning: function `is_weekend` is never used
[INFO] [stderr]    --> src/date_util.rs:114:8
[INFO] [stderr]     |
[INFO] [stderr] 114 | pub fn is_weekend(n_date: u64) -> bool {
[INFO] [stderr]     |        ^^^^^^^^^^
[INFO] [stderr] 
[INFO] [stderr] warning: function `to_n_period_begin_int` is never used
[INFO] [stderr]    --> src/date_util.rs:127:8
[INFO] [stderr]     |
[INFO] [stderr] 127 | pub fn to_n_period_begin_int(freq: ClFrequency, n: i32, n_date: u64) -> u64 {
[INFO] [stderr]     |        ^^^^^^^^^^^^^^^^^^^^^
[INFO] [stderr] 
[INFO] [stderr] warning: function `to_n_period_int` is never used
[INFO] [stderr]    --> src/date_util.rs:141:8
[INFO] [stderr]     |
[INFO] [stderr] 141 | pub fn to_n_period_int(freq: ClFrequency, n: i32, n_date: u64) -> u64 {
[INFO] [stderr]     |        ^^^^^^^^^^^^^^^
[INFO] [stderr] 
[INFO] [stderr] warning: function `frac_rank_internal` is never used
[INFO] [stderr]    --> src/rank.rs:190:4
[INFO] [stderr]     |
[INFO] [stderr] 190 | fn frac_rank_internal(
[INFO] [stderr]     |    ^^^^^^^^^^^^^^^^^^
[INFO] [stderr] 
[INFO] [stderr] warning: unused import: `self`
[INFO] [stderr]    --> src/rank.rs:704:17
[INFO] [stderr]     |
[INFO] [stderr] 704 |         enums::{self, Errors},
[INFO] [stderr]     |                 ^^^^
[INFO] [stderr]     |
[INFO] [stderr]     = note: `#[warn(unused_imports)]` on by default
[INFO] [stderr] 
[INFO] [stderr] warning: unused variable: `t3`
[INFO] [stderr]    --> src/rank.rs:723:13
[INFO] [stderr]     |
[INFO] [stderr] 723 |         let t3 = round::ceil(t2, 0);
[INFO] [stderr]     |             ^^ help: if this is intentional, prefix it with an underscore: `_t3`
[INFO] [stderr]     |
[INFO] [stderr]     = note: `#[warn(unused_variables)]` on by default
[INFO] [stderr] 
[INFO] [stderr] warning: `mpt_lib` (lib) generated 11 warnings
[INFO] [stderr] warning: `mpt_lib` (lib test) generated 13 warnings (11 duplicates) (run `cargo fix --lib -p mpt_lib --tests` to apply 2 suggestions)
[INFO] [stderr]     Finished test [unoptimized + debuginfo] target(s) in 0.06s
[INFO] [stderr]      Running unittests src/lib.rs (/opt/rustwide/target/debug/deps/mpt_lib-64bd6ea2883fd70a)
[INFO] [stdout] 
[INFO] [stdout] running 119 tests
[INFO] [stdout] test absolute_statistics::test::should_correct_arithmetic_mean ... ok
[INFO] [stdout] test absolute_statistics::test::should_correct_average ... ok
[INFO] [stdout] test absolute_statistics::test::should_correct_average_draw_down ... ok
[INFO] [stdout] test absolute_statistics::test::should_correct_best_rolling_month ... ok
[INFO] [stdout] test absolute_statistics::test::should_correct_calmar_ratio ... ok
[INFO] [stdout] test absolute_statistics::test::should_correct_coefficeient_viaiantion ... ok
[INFO] [stdout] test absolute_statistics::test::should_correct_efficiency_ratio_arthmetic ... ok
[INFO] [stdout] test absolute_statistics::test::should_correct_jarque_bera ... ok
[INFO] [stdout] test absolute_statistics::test::should_correct_gain_stddev ... ok
[INFO] [stdout] test absolute_statistics::test::should_correct_arithmetic_mean_annu ... ok
[INFO] [stdout] test absolute_statistics::test::should_correct_kurtosis ... ok
[INFO] [stdout] test absolute_statistics::test::should_correct_down_month_percent ... ok
[INFO] [stdout] test absolute_statistics::test::should_correct_longest_down_streak ... ok
[INFO] [stdout] test absolute_statistics::test::should_correct_longest_up_streak ... ok
[INFO] [stdout] test absolute_statistics::test::should_correct_loss_stddev ... ok
[INFO] [stdout] test absolute_statistics::test::should_correct_max_draw_down ... ok
[INFO] [stdout] test absolute_statistics::test::should_correct_max_gain ... ok
[INFO] [stdout] test absolute_statistics::test::should_correct_mean_geometric ... ok
[INFO] [stdout] test absolute_statistics::test::should_correct_median ... ok
[INFO] [stdout] test absolute_statistics::test::should_correct_average_gain_loss ... ok
[INFO] [stdout] test absolute_statistics::test::should_correct_semin_stddev ... ok
[INFO] [stdout] test absolute_statistics::test::should_correct_kappa3 ... ok
[INFO] [stdout] test absolute_statistics::test::should_correct_omega ... ok
[INFO] [stdout] test absolute_statistics::test::should_correct_sharpe_ratio ... ok
[INFO] [stdout] test absolute_statistics::test::should_correct_gain_loss_ratio ... ok
[INFO] [stdout] test absolute_statistics::test::should_correct_median_weighted ... ok
[INFO] [stdout] test absolute_statistics::test::should_correct_mean_harmonic ... ok
[INFO] [stdout] test absolute_statistics::test::should_correct_sharpe_ratio_arithmetic ... ok
[INFO] [stdout] test absolute_statistics::test::should_correct_sortino_ratio_geometric ... ok
[INFO] [stdout] test absolute_statistics::test::should_correct_stddev ... ok
[INFO] [stdout] test absolute_statistics::test::should_correct_volatity ... ok
[INFO] [stdout] test absolute_statistics::test::should_correct_weighted_mean_arithmetic ... ok
[INFO] [stdout] test absolute_statistics::test::should_correct_weighted_mean_harmonic ... ok
[INFO] [stdout] test absolute_statistics::test::should_correct_skewness ... ok
[INFO] [stdout] test absolute_statistics::test::should_correct_weighted_standard_deviation ... ok
[INFO] [stdout] test absolute_statistics::test::should_correct_weighted_mean_geometic ... ok
[INFO] [stdout] test absolute_statistics::test::should_correct_sortino_ratio ... ok
[INFO] [stdout] test absolute_statistics::test::should_correct_up_month_percent ... ok
[INFO] [stdout] test absolute_statistics::test::should_correct_worst_rolling_month ... ok
[INFO] [stdout] test array::test::should_correct_additive_accumulation ... ok
[INFO] [stdout] test absolute_statistics::test::should_correct_sterling_ratio ... ok
[INFO] [stdout] test array::test::should_correct_array_additione ... ok
[INFO] [stdout] test array::test::should_correct_array_multiplication ... ok
[INFO] [stdout] test array::test::should_correct_array_subtraction ... ok
[INFO] [stdout] test absolute_statistics::test::should_correct_sharpe_ratio_geometric ... ok
[INFO] [stdout] test array::test::should_correct_bottom_numbers ... ok
[INFO] [stdout] test array::test::should_correct_bottom_percent ... ok
[INFO] [stdout] test array::test::should_correct_average_for_ts ... ok
[INFO] [stdout] test array::test::should_correct_max_in_period ... ok
[INFO] [stdout] test array::test::should_correct_count_in_period ... ok
[INFO] [stdout] test array::test::should_correct_min ... ok
[INFO] [stdout] test array::test::should_correct_min_in_period ... ok
[INFO] [stdout] test array::test::should_correct_percentile ... ok
[INFO] [stdout] test array::test::should_correct_rescale_array ... ok
[INFO] [stdout] test array::test::should_correct_sum ... ok
[INFO] [stdout] test array::test::should_correct_sum_in_period ... ok
[INFO] [stdout] test array::test::should_correct_top_numbers ... ok
[INFO] [stdout] test absolute_statistics::test::should_correct_sortino_ratio_arithmetic ... ok
[INFO] [stdout] test array::test::should_correct_top_percent ... ok
[INFO] [stdout] test array::test::should_correct_last_double ... ok
[INFO] [stdout] test array::test::should_correct_max ... ok
[INFO] [stdout] test common::test::should_correct_sorted_order ... ok
[INFO] [stdout] test date_util::test::should_correct_from_int ... ok
[INFO] [stdout] test date_util::test::should_correct_to_int ... ok
[INFO] [stdout] test date_util::test::should_handle_leap_year_top_n_period ... ok
[INFO] [stdout] test date_util::test::should_to_monthend ... ok
[INFO] [stdout] test array::test::should_correct_weighted_average ... ok
[INFO] [stdout] test date_util::test::should_to_monthbegin ... ok
[INFO] [stdout] test date_util::test::should_handle_exception_to_n_period ... ok
[INFO] [stdout] test absolute_statistics::test::should_correct_zscore ... ok
[INFO] [stdout] test array::test::should_correct_array_division ... ok
[INFO] [stdout] test date_util::test::should_to_semi_annu_begin ... ok
[INFO] [stdout] test date_util::test::should_to_quarterend ... ok
[INFO] [stdout] test date_util::test::should_to_period_end ... ok
[INFO] [stdout] test date_util::test::should_to_quarterbegin ... ok
[INFO] [stdout] test date_util::test::should_to_semi_annu_end ... ok
[INFO] [stdout] test date_util::test::should_to_yearbegin ... ok
[INFO] [stdout] test date_util::test::should_to_yearend ... ok
[INFO] [stdout] test date_util::test::should_to_weekbegin ... ok
[INFO] [stdout] test date_util::test::should_to_n_period ... ok
[INFO] [stdout] test rank::test::should_correct_percentile_rank_breakpoints ... ok
[INFO] [stdout] test rank::test::should_correct_absolute_rank ... ok
[INFO] [stdout] test rank::test::should_correct_rank_position ... ok
[INFO] [stdout] test date_util::test::should_to_weekend ... ok
[INFO] [stdout] test rank::test::should_correct_rank ... ok
[INFO] [stdout] test relative_statistics::test::should_appraisal_ratio ... ok
[INFO] [stdout] test relative_statistics::test::should_correct_alpha ... ok
[INFO] [stdout] test relative_statistics::test::should_correct_bear_bull_beta ... ok
[INFO] [stdout] test relative_statistics::test::should_correct_bear_bull_colleation ... ok
[INFO] [stdout] test relative_statistics::test::should_correct_correlation ... ok
[INFO] [stdout] test relative_statistics::test::should_correct_beta ... ok
[INFO] [stdout] test relative_statistics::test::should_correct_covariance ... ok
[INFO] [stdout] test relative_statistics::test::should_correct_batting_average ... ok
[INFO] [stdout] test relative_statistics::test::should_correct_down_number_ratio ... ok
[INFO] [stdout] test relative_statistics::test::should_correct_downside_capture ... ok
[INFO] [stdout] test relative_statistics::test::should_correct_downside_standard_deviation ... ok
[INFO] [stdout] test date_util::test::should_to_period_begin ... ok
[INFO] [stdout] test relative_statistics::test::should_correct_information_ratio_geometric ... ok
[INFO] [stdout] test relative_statistics::test::should_correct_down_percent ... ok
[INFO] [stdout] test relative_statistics::test::should_correct_excess_return_arithmetic ... ok
[INFO] [stdout] test relative_statistics::test::should_correct_excess_return_relative_percentage ... ok
[INFO] [stdout] test relative_statistics::test::should_correct_excess_return_geometric ... ok
[INFO] [stdout] test relative_statistics::test::should_correct_information_ratio_arithmetic ... ok
[INFO] [stdout] test array::test::should_correct_first_double ... ok
[INFO] [stdout] test relative_statistics::test::should_correct_market_risk ... ok
[INFO] [stdout] test relative_statistics::test::should_correct_r_squared ... ok
[INFO] [stdout] test relative_statistics::test::should_correct_relative_risk ... ok
[INFO] [stdout] test relative_statistics::test::should_correct_standard_error_alpha ... ok
[INFO] [stdout] test relative_statistics::test::should_correct_stock_risk ... ok
[INFO] [stdout] test relative_statistics::test::should_correct_standard_error_beta ... ok
[INFO] [stdout] test relative_statistics::test::should_correct_up_percent ... ok
[INFO] [stdout] test relative_statistics::test::should_correct_treynor_ratio_arithmetic ... ok
[INFO] [stdout] test relative_statistics::test::should_correct_up_number_ratio ... ok
[INFO] [stdout] test relative_statistics::test::should_correct_upside_standard_deviation ... ok
[INFO] [stdout] test relative_statistics::test::should_correct_treynor_ratio_geometric ... ok
[INFO] [stdout] test relative_statistics::test::should_correct_upside_capture ... ok
[INFO] [stdout] test relative_statistics::test::should_correct_tracking_error ... ok
[INFO] [stderr] error: test failed, to rerun pass `--lib`
[INFO] [stdout] test relative_statistics::test::should_correct_m_squared ... ok
[INFO] [stdout] test rank::test::test_ceil ... FAILED
[INFO] [stdout] 
[INFO] [stdout] failures:
[INFO] [stdout] 
[INFO] [stdout] ---- rank::test::test_ceil stdout ----
[INFO] [stdout] thread 'rank::test::test_ceil' panicked at 'assertion failed: `(left == right)`
[INFO] [stdout]   left: `20.0`,
[INFO] [stdout]  right: `19.0`', src/rank.rs:728:9
[INFO] [stdout] stack backtrace:
[INFO] [stdout]    0:     0x559d0721825a - std::backtrace_rs::backtrace::libunwind::trace::ha9053a9a07ca49cb
[INFO] [stdout]                                at /rustc/84c898d65adf2f39a5a98507f1fe0ce10a2b8dbc/library/std/src/../../backtrace/src/backtrace/libunwind.rs:93:5
[INFO] [stdout]    1:     0x559d0721825a - std::backtrace_rs::backtrace::trace_unsynchronized::h9c2852a457ad564e
[INFO] [stdout]                                at /rustc/84c898d65adf2f39a5a98507f1fe0ce10a2b8dbc/library/std/src/../../backtrace/src/backtrace/mod.rs:66:5
[INFO] [stdout]    2:     0x559d0721825a - std::sys_common::backtrace::_print_fmt::h457936fbfaa0070f
[INFO] [stdout]                                at /rustc/84c898d65adf2f39a5a98507f1fe0ce10a2b8dbc/library/std/src/sys_common/backtrace.rs:65:5
[INFO] [stdout]    3:     0x559d0721825a - <std::sys_common::backtrace::_print::DisplayBacktrace as core::fmt::Display>::fmt::h5779d7bf7f70cb0c
[INFO] [stdout]                                at /rustc/84c898d65adf2f39a5a98507f1fe0ce10a2b8dbc/library/std/src/sys_common/backtrace.rs:44:22
[INFO] [stdout]    4:     0x559d0723bdce - core::fmt::write::h5a4baaff1bcd3eb5
[INFO] [stdout]                                at /rustc/84c898d65adf2f39a5a98507f1fe0ce10a2b8dbc/library/core/src/fmt/mod.rs:1232:17
[INFO] [stdout]    5:     0x559d072156d5 - std::io::Write::write_fmt::h478f79c628ef31d1
[INFO] [stdout]                                at /rustc/84c898d65adf2f39a5a98507f1fe0ce10a2b8dbc/library/std/src/io/mod.rs:1684:15
[INFO] [stdout]    6:     0x559d07218025 - std::sys_common::backtrace::_print::h5fcdc36060f177e8
[INFO] [stdout]                                at /rustc/84c898d65adf2f39a5a98507f1fe0ce10a2b8dbc/library/std/src/sys_common/backtrace.rs:47:5
[INFO] [stdout]    7:     0x559d07218025 - std::sys_common::backtrace::print::h54ca9458b876c8bf
[INFO] [stdout]                                at /rustc/84c898d65adf2f39a5a98507f1fe0ce10a2b8dbc/library/std/src/sys_common/backtrace.rs:34:9
[INFO] [stdout]    8:     0x559d07219def - std::panicking::default_hook::{{closure}}::hbe471161c7664ed6
[INFO] [stdout]                                at /rustc/84c898d65adf2f39a5a98507f1fe0ce10a2b8dbc/library/std/src/panicking.rs:271:22
[INFO] [stdout]    9:     0x559d07219aaf - std::panicking::default_hook::ha3500da57aa4ac4f
[INFO] [stdout]                                at /rustc/84c898d65adf2f39a5a98507f1fe0ce10a2b8dbc/library/std/src/panicking.rs:287:9
[INFO] [stdout]   10:     0x559d071d87e7 - <alloc::boxed::Box<F,A> as core::ops::function::Fn<Args>>::call::hdf1b89dd137ece34
[INFO] [stdout]                                at /rustc/84c898d65adf2f39a5a98507f1fe0ce10a2b8dbc/library/alloc/src/boxed.rs:2001:9
[INFO] [stdout]   11:     0x559d071d87e7 - test::test_main::{{closure}}::h9081a79f20e75698
[INFO] [stdout]                                at /rustc/84c898d65adf2f39a5a98507f1fe0ce10a2b8dbc/library/test/src/lib.rs:135:21
[INFO] [stdout]   12:     0x559d0721a51d - <alloc::boxed::Box<F,A> as core::ops::function::Fn<Args>>::call::h6507bddc3eebb4a5
[INFO] [stdout]                                at /rustc/84c898d65adf2f39a5a98507f1fe0ce10a2b8dbc/library/alloc/src/boxed.rs:2001:9
[INFO] [stdout]   13:     0x559d0721a51d - std::panicking::rust_panic_with_hook::h50c09d000dc561d2
[INFO] [stdout]                                at /rustc/84c898d65adf2f39a5a98507f1fe0ce10a2b8dbc/library/std/src/panicking.rs:696:13
[INFO] [stdout]   14:     0x559d0721a299 - std::panicking::begin_panic_handler::{{closure}}::h9e2b2176e00e0d9c
[INFO] [stdout]                                at /rustc/84c898d65adf2f39a5a98507f1fe0ce10a2b8dbc/library/std/src/panicking.rs:583:13
[INFO] [stdout]   15:     0x559d072186c6 - std::sys_common::backtrace::__rust_end_short_backtrace::h5739b8e512c09d02
[INFO] [stdout]                                at /rustc/84c898d65adf2f39a5a98507f1fe0ce10a2b8dbc/library/std/src/sys_common/backtrace.rs:150:18
[INFO] [stdout]   16:     0x559d07219fa2 - rust_begin_unwind
[INFO] [stdout]                                at /rustc/84c898d65adf2f39a5a98507f1fe0ce10a2b8dbc/library/std/src/panicking.rs:579:5
[INFO] [stdout]   17:     0x559d07140b83 - core::panicking::panic_fmt::hf33a1475b4dc5c3e
[INFO] [stdout]                                at /rustc/84c898d65adf2f39a5a98507f1fe0ce10a2b8dbc/library/core/src/panicking.rs:64:14
[INFO] [stdout]   18:     0x559d07140e5f - core::panicking::assert_failed_inner::haf9816227b20b6f2
[INFO] [stdout]   19:     0x559d071a54ca - core::panicking::assert_failed::h4f091b3ef0e193d5
[INFO] [stdout]                                at /rustc/84c898d65adf2f39a5a98507f1fe0ce10a2b8dbc/library/core/src/panicking.rs:211:5
[INFO] [stdout]   20:     0x559d07192087 - mpt_lib::rank::test::test_ceil::h0d441494c54e7f51
[INFO] [stdout]                                at /opt/rustwide/workdir/src/rank.rs:728:9
[INFO] [stdout]   21:     0x559d07191c17 - mpt_lib::rank::test::test_ceil::{{closure}}::hfcd988f84076c611
[INFO] [stdout]                                at /opt/rustwide/workdir/src/rank.rs:709:20
[INFO] [stdout]   22:     0x559d0718f7a5 - core::ops::function::FnOnce::call_once::he8525c5e8999ab61
[INFO] [stdout]                                at /rustc/84c898d65adf2f39a5a98507f1fe0ce10a2b8dbc/library/core/src/ops/function.rs:250:5
[INFO] [stdout]   23:     0x559d071ddbcf - core::ops::function::FnOnce::call_once::h7d969581be7d0075
[INFO] [stdout]                                at /rustc/84c898d65adf2f39a5a98507f1fe0ce10a2b8dbc/library/core/src/ops/function.rs:250:5
[INFO] [stdout]   24:     0x559d071ddbcf - test::__rust_begin_short_backtrace::hca25a52684e56655
[INFO] [stdout]                                at /rustc/84c898d65adf2f39a5a98507f1fe0ce10a2b8dbc/library/test/src/lib.rs:656:18
[INFO] [stdout]   25:     0x559d071af1ec - test::run_test::{{closure}}::ha8ac744c4af1a4bb
[INFO] [stdout]                                at /rustc/84c898d65adf2f39a5a98507f1fe0ce10a2b8dbc/library/test/src/lib.rs:647:30
[INFO] [stdout]   26:     0x559d071af1ec - core::ops::function::FnOnce::call_once{{vtable.shim}}::h7b411a9ed45bdecf
[INFO] [stdout]                                at /rustc/84c898d65adf2f39a5a98507f1fe0ce10a2b8dbc/library/core/src/ops/function.rs:250:5
[INFO] [stdout]   27:     0x559d071dcb96 - <alloc::boxed::Box<F,A> as core::ops::function::FnOnce<Args>>::call_once::hd05328869a8ed200
[INFO] [stdout]                                at /rustc/84c898d65adf2f39a5a98507f1fe0ce10a2b8dbc/library/alloc/src/boxed.rs:1987:9
[INFO] [stdout]   28:     0x559d071dcb96 - <core::panic::unwind_safe::AssertUnwindSafe<F> as core::ops::function::FnOnce<()>>::call_once::h0c601ce20bd5b2be
[INFO] [stdout]                                at /rustc/84c898d65adf2f39a5a98507f1fe0ce10a2b8dbc/library/core/src/panic/unwind_safe.rs:271:9
[INFO] [stdout]   29:     0x559d071dcb96 - std::panicking::try::do_call::ha4be5c164fe30854
[INFO] [stdout]                                at /rustc/84c898d65adf2f39a5a98507f1fe0ce10a2b8dbc/library/std/src/panicking.rs:487:40
[INFO] [stdout]   30:     0x559d071dcb96 - std::panicking::try::h604546f3609af05f
[INFO] [stdout]                                at /rustc/84c898d65adf2f39a5a98507f1fe0ce10a2b8dbc/library/std/src/panicking.rs:451:19
[INFO] [stdout]   31:     0x559d071dcb96 - std::panic::catch_unwind::h5bfa8afe44c9c2f9
[INFO] [stdout]                                at /rustc/84c898d65adf2f39a5a98507f1fe0ce10a2b8dbc/library/std/src/panic.rs:140:14
[INFO] [stdout]   32:     0x559d071dcb96 - test::run_test_in_process::hd50dee55dd63e6aa
[INFO] [stdout]                                at /rustc/84c898d65adf2f39a5a98507f1fe0ce10a2b8dbc/library/test/src/lib.rs:679:27
[INFO] [stdout]   33:     0x559d071dcb96 - test::run_test::run_test_inner::{{closure}}::h4aa0f433aa85cea8
[INFO] [stdout]                                at /rustc/84c898d65adf2f39a5a98507f1fe0ce10a2b8dbc/library/test/src/lib.rs:573:39
[INFO] [stdout]   34:     0x559d071a9861 - test::run_test::run_test_inner::{{closure}}::had56431adf24b4d6
[INFO] [stdout]                                at /rustc/84c898d65adf2f39a5a98507f1fe0ce10a2b8dbc/library/test/src/lib.rs:600:37
[INFO] [stdout]   35:     0x559d071a9861 - std::sys_common::backtrace::__rust_begin_short_backtrace::ha8d9890e0c73bf13
[INFO] [stdout]                                at /rustc/84c898d65adf2f39a5a98507f1fe0ce10a2b8dbc/library/std/src/sys_common/backtrace.rs:134:18
[INFO] [stdout]   36:     0x559d071af27b - std::thread::Builder::spawn_unchecked_::{{closure}}::{{closure}}::h251832bcb4a95327
[INFO] [stdout]                                at /rustc/84c898d65adf2f39a5a98507f1fe0ce10a2b8dbc/library/std/src/thread/mod.rs:560:17
[INFO] [stdout]   37:     0x559d071af27b - <core::panic::unwind_safe::AssertUnwindSafe<F> as core::ops::function::FnOnce<()>>::call_once::h8fdff598fa414831
[INFO] [stdout]                                at /rustc/84c898d65adf2f39a5a98507f1fe0ce10a2b8dbc/library/core/src/panic/unwind_safe.rs:271:9
[INFO] [stdout]   38:     0x559d071af27b - std::panicking::try::do_call::h455dd2f7764a950f
[INFO] [stdout]                                at /rustc/84c898d65adf2f39a5a98507f1fe0ce10a2b8dbc/library/std/src/panicking.rs:487:40
[INFO] [stdout]   39:     0x559d071af27b - std::panicking::try::had6f23b7b73ae72a
[INFO] [stdout]                                at /rustc/84c898d65adf2f39a5a98507f1fe0ce10a2b8dbc/library/std/src/panicking.rs:451:19
[INFO] [stdout]   40:     0x559d071af27b - std::panic::catch_unwind::ha6a5ca3915b4dad0
[INFO] [stdout]                                at /rustc/84c898d65adf2f39a5a98507f1fe0ce10a2b8dbc/library/std/src/panic.rs:140:14
[INFO] [stdout]   41:     0x559d071af27b - std::thread::Builder::spawn_unchecked_::{{closure}}::h883b72ef75da6231
[INFO] [stdout]                                at /rustc/84c898d65adf2f39a5a98507f1fe0ce10a2b8dbc/library/std/src/thread/mod.rs:559:30
[INFO] [stdout]   42:     0x559d071af27b - core::ops::function::FnOnce::call_once{{vtable.shim}}::hb7dff73dc8bd2ccb
[INFO] [stdout]                                at /rustc/84c898d65adf2f39a5a98507f1fe0ce10a2b8dbc/library/core/src/ops/function.rs:250:5
[INFO] [stdout]   43:     0x559d0721e893 - <alloc::boxed::Box<F,A> as core::ops::function::FnOnce<Args>>::call_once::h39990b24eedef2ab
[INFO] [stdout]                                at /rustc/84c898d65adf2f39a5a98507f1fe0ce10a2b8dbc/library/alloc/src/boxed.rs:1987:9
[INFO] [stdout]   44:     0x559d0721e893 - <alloc::boxed::Box<F,A> as core::ops::function::FnOnce<Args>>::call_once::h01a027258444143b
[INFO] [stdout]                                at /rustc/84c898d65adf2f39a5a98507f1fe0ce10a2b8dbc/library/alloc/src/boxed.rs:1987:9
[INFO] [stdout]   45:     0x559d0721e893 - std::sys::unix::thread::Thread::new::thread_start::ha4f1cdd9c25884ba
[INFO] [stdout]                                at /rustc/84c898d65adf2f39a5a98507f1fe0ce10a2b8dbc/library/std/src/sys/unix/thread.rs:108:17
[INFO] [stdout]   46:     0x7f847a9fcb43 - <unknown>
[INFO] [stdout]   47:     0x7f847aa8dbb4 - __clone
[INFO] [stdout]   48:                0x0 - <unknown>
[INFO] [stdout] 
[INFO] [stdout] 
[INFO] [stdout] failures:
[INFO] [stdout]     rank::test::test_ceil
[INFO] [stdout] 
[INFO] [stdout] test result: FAILED. 118 passed; 1 failed; 0 ignored; 0 measured; 0 filtered out; finished in 0.05s
[INFO] [stdout] 
[INFO] running `Command { std: "docker" "inspect" "1a4aa42790cd723b45bd937fb1c1ed8026d54ef8205dc1ed3cf55ea0fbfc07c7", kill_on_drop: false }`
[INFO] running `Command { std: "docker" "rm" "-f" "1a4aa42790cd723b45bd937fb1c1ed8026d54ef8205dc1ed3cf55ea0fbfc07c7", kill_on_drop: false }`
[INFO] [stdout] 1a4aa42790cd723b45bd937fb1c1ed8026d54ef8205dc1ed3cf55ea0fbfc07c7
