[INFO] fetching crate mousse 0.1.1...
[INFO] testing mousse-0.1.1 against beta-2023-04-20 for beta-1.70-1
[INFO] extracting crate mousse 0.1.1 into /workspace/builds/worker-0-tc2/source
[INFO] validating manifest of crates.io crate mousse 0.1.1 on toolchain beta-2023-04-20
[INFO] running `Command { std: CARGO_HOME="/workspace/cargo-home" RUSTUP_HOME="/workspace/rustup-home" "/workspace/cargo-home/bin/cargo" "+beta-2023-04-20" "metadata" "--manifest-path" "Cargo.toml" "--no-deps", kill_on_drop: false }`
[INFO] started tweaking crates.io crate mousse 0.1.1
[INFO] finished tweaking crates.io crate mousse 0.1.1
[INFO] tweaked toml for crates.io crate mousse 0.1.1 written to /workspace/builds/worker-0-tc2/source/Cargo.toml
[INFO] crate crates.io crate mousse 0.1.1 already has a lockfile, it will not be regenerated
[INFO] running `Command { std: CARGO_HOME="/workspace/cargo-home" RUSTUP_HOME="/workspace/rustup-home" "/workspace/cargo-home/bin/cargo" "+beta-2023-04-20" "fetch" "--manifest-path" "Cargo.toml", kill_on_drop: false }`
[INFO] [stderr]     Blocking waiting for file lock on package cache
[INFO] [stderr]     Updating crates.io index
[INFO] [stderr]     Blocking waiting for file lock on package cache
[INFO] [stderr]  Downloading crates ...
[INFO] [stderr]   Downloaded openssl-sys v0.9.66
[INFO] [stderr]   Downloaded fantoccini v0.17.5
[INFO] [stderr]   Downloaded webdriver v0.43.1
[INFO] [stderr]   Downloaded socket2 v0.4.2
[INFO] [stderr]   Downloaded ipnet v2.3.1
[INFO] [stderr]   Downloaded regex_generate v0.2.1
[INFO] [stderr]   Downloaded tracing-core v0.1.20
[INFO] [stderr]   Downloaded tokio-util v0.6.8
[INFO] [stderr]   Downloaded tracing v0.1.28
[INFO] [stderr]   Downloaded reqwest v0.11.4
[INFO] [stderr]   Downloaded tokio v1.11.0
[INFO] [stderr]   Downloaded hyper v0.14.13
[INFO] running `Command { std: "docker" "create" "-v" "/var/lib/crater-agent-workspace/builds/worker-0-tc2/target:/opt/rustwide/target:rw,Z" "-v" "/var/lib/crater-agent-workspace/builds/worker-0-tc2/source:/opt/rustwide/workdir:ro,Z" "-v" "/var/lib/crater-agent-workspace/cargo-home:/opt/rustwide/cargo-home:ro,Z" "-v" "/var/lib/crater-agent-workspace/rustup-home:/opt/rustwide/rustup-home:ro,Z" "-e" "SOURCE_DIR=/opt/rustwide/workdir" "-e" "CARGO_TARGET_DIR=/opt/rustwide/target" "-e" "CARGO_HOME=/opt/rustwide/cargo-home" "-e" "RUSTUP_HOME=/opt/rustwide/rustup-home" "-w" "/opt/rustwide/workdir" "-m" "1610612736" "--user" "0:0" "--network" "none" "ghcr.io/rust-lang/crates-build-env/linux@sha256:97d61d7686bf65f8ecb15491ab51835e82dc9176a96a831f143a431b191fc501" "/opt/rustwide/cargo-home/bin/cargo" "+beta-2023-04-20" "metadata" "--no-deps" "--format-version=1", kill_on_drop: false }`
[INFO] [stdout] 7f451f91507605669e84e7c87a1f38df25015b0a0aa61b5244817bc714a5691b
[INFO] running `Command { std: "docker" "start" "-a" "7f451f91507605669e84e7c87a1f38df25015b0a0aa61b5244817bc714a5691b", kill_on_drop: false }`
[INFO] running `Command { std: "docker" "inspect" "7f451f91507605669e84e7c87a1f38df25015b0a0aa61b5244817bc714a5691b", kill_on_drop: false }`
[INFO] running `Command { std: "docker" "rm" "-f" "7f451f91507605669e84e7c87a1f38df25015b0a0aa61b5244817bc714a5691b", kill_on_drop: false }`
[INFO] [stdout] 7f451f91507605669e84e7c87a1f38df25015b0a0aa61b5244817bc714a5691b
[INFO] running `Command { std: "docker" "create" "-v" "/var/lib/crater-agent-workspace/builds/worker-0-tc2/target:/opt/rustwide/target:rw,Z" "-v" "/var/lib/crater-agent-workspace/builds/worker-0-tc2/source:/opt/rustwide/workdir:ro,Z" "-v" "/var/lib/crater-agent-workspace/cargo-home:/opt/rustwide/cargo-home:ro,Z" "-v" "/var/lib/crater-agent-workspace/rustup-home:/opt/rustwide/rustup-home:ro,Z" "-e" "SOURCE_DIR=/opt/rustwide/workdir" "-e" "CARGO_TARGET_DIR=/opt/rustwide/target" "-e" "CARGO_INCREMENTAL=0" "-e" "RUST_BACKTRACE=full" "-e" "RUSTFLAGS=--cap-lints=warn" "-e" "RUSTDOCFLAGS=--cap-lints=warn" "-e" "CARGO_HOME=/opt/rustwide/cargo-home" "-e" "RUSTUP_HOME=/opt/rustwide/rustup-home" "-w" "/opt/rustwide/workdir" "-m" "1610612736" "--user" "0:0" "--network" "none" "ghcr.io/rust-lang/crates-build-env/linux@sha256:97d61d7686bf65f8ecb15491ab51835e82dc9176a96a831f143a431b191fc501" "/opt/rustwide/cargo-home/bin/cargo" "+beta-2023-04-20" "build" "--frozen" "--message-format=json", kill_on_drop: false }`
[INFO] [stdout] 02baad1edc5c134046a04849f0b6e0de6f6ad54c44d8cf185381cc843e4356bb
[INFO] running `Command { std: "docker" "start" "-a" "02baad1edc5c134046a04849f0b6e0de6f6ad54c44d8cf185381cc843e4356bb", kill_on_drop: false }`
[INFO] [stderr]    Compiling log v0.4.14
[INFO] [stderr]    Compiling mousse v0.1.1 (/opt/rustwide/workdir)
[INFO] [stderr]     Finished dev [unoptimized + debuginfo] target(s) in 1.25s
[INFO] running `Command { std: "docker" "inspect" "02baad1edc5c134046a04849f0b6e0de6f6ad54c44d8cf185381cc843e4356bb", kill_on_drop: false }`
[INFO] running `Command { std: "docker" "rm" "-f" "02baad1edc5c134046a04849f0b6e0de6f6ad54c44d8cf185381cc843e4356bb", kill_on_drop: false }`
[INFO] [stdout] 02baad1edc5c134046a04849f0b6e0de6f6ad54c44d8cf185381cc843e4356bb
[INFO] running `Command { std: "docker" "create" "-v" "/var/lib/crater-agent-workspace/builds/worker-0-tc2/target:/opt/rustwide/target:rw,Z" "-v" "/var/lib/crater-agent-workspace/builds/worker-0-tc2/source:/opt/rustwide/workdir:ro,Z" "-v" "/var/lib/crater-agent-workspace/cargo-home:/opt/rustwide/cargo-home:ro,Z" "-v" "/var/lib/crater-agent-workspace/rustup-home:/opt/rustwide/rustup-home:ro,Z" "-e" "SOURCE_DIR=/opt/rustwide/workdir" "-e" "CARGO_TARGET_DIR=/opt/rustwide/target" "-e" "CARGO_INCREMENTAL=0" "-e" "RUST_BACKTRACE=full" "-e" "RUSTFLAGS=--cap-lints=warn" "-e" "RUSTDOCFLAGS=--cap-lints=warn" "-e" "CARGO_HOME=/opt/rustwide/cargo-home" "-e" "RUSTUP_HOME=/opt/rustwide/rustup-home" "-w" "/opt/rustwide/workdir" "-m" "1610612736" "--user" "0:0" "--network" "none" "ghcr.io/rust-lang/crates-build-env/linux@sha256:97d61d7686bf65f8ecb15491ab51835e82dc9176a96a831f143a431b191fc501" "/opt/rustwide/cargo-home/bin/cargo" "+beta-2023-04-20" "test" "--frozen" "--no-run" "--message-format=json", kill_on_drop: false }`
[INFO] [stdout] 38f0dca8cb403dce6b6247da5973c3150f26f2900ccabe4a65a104f28b6731e6
[INFO] running `Command { std: "docker" "start" "-a" "38f0dca8cb403dce6b6247da5973c3150f26f2900ccabe4a65a104f28b6731e6", kill_on_drop: false }`
[INFO] [stderr]    Compiling libc v0.2.102
[INFO] [stderr]    Compiling autocfg v1.0.1
[INFO] [stderr]    Compiling version_check v0.9.3
[INFO] [stderr]    Compiling proc-macro2 v1.0.29
[INFO] [stderr]    Compiling unicode-xid v0.2.2
[INFO] [stderr]    Compiling syn v1.0.76
[INFO] [stderr]    Compiling memchr v2.4.1
[INFO] [stderr]    Compiling bytes v1.1.0
[INFO] [stderr]    Compiling proc-macro-hack v0.5.19
[INFO] [stderr]    Compiling pin-project-lite v0.2.7
[INFO] [stderr]    Compiling cc v1.0.70
[INFO] [stderr]    Compiling fnv v1.0.7
[INFO] [stderr]    Compiling futures-core v0.3.17
[INFO] [stderr]    Compiling itoa v0.4.8
[INFO] [stderr]    Compiling parking_lot_core v0.8.5
[INFO] [stderr]    Compiling instant v0.1.10
[INFO] [stderr]    Compiling smallvec v1.6.1
[INFO] [stderr]    Compiling scopeguard v1.1.0
[INFO] [stderr]    Compiling once_cell v1.8.0
[INFO] [stderr]    Compiling futures-channel v0.3.17
[INFO] [stderr]    Compiling ppv-lite86 v0.2.10
[INFO] [stderr]    Compiling lock_api v0.4.5
[INFO] [stderr]    Compiling futures-sink v0.3.17
[INFO] [stderr]    Compiling futures-task v0.3.17
[INFO] [stderr]    Compiling proc-macro-nested v0.1.7
[INFO] [stderr]    Compiling pkg-config v0.3.19
[INFO] [stderr]    Compiling futures-io v0.3.17
[INFO] [stderr]    Compiling tinyvec_macros v0.1.0
[INFO] [stderr]    Compiling matches v0.1.9
[INFO] [stderr]    Compiling tokio v1.11.0
[INFO] [stderr]    Compiling futures-macro v0.3.17
[INFO] [stderr]    Compiling futures-util v0.3.17
[INFO] [stderr]    Compiling pin-utils v0.1.0
[INFO] [stderr]    Compiling http v0.2.4
[INFO] [stderr]    Compiling percent-encoding v2.1.0
[INFO] [stderr]    Compiling typenum v1.14.0
[INFO] [stderr]    Compiling slab v0.4.4
[INFO] [stderr]    Compiling httparse v1.5.1
[INFO] [stderr]    Compiling tinyvec v1.4.0
[INFO] [stderr]    Compiling generic-array v0.14.4
[INFO] [stderr]    Compiling serde_derive v1.0.130
[INFO] [stderr]    Compiling form_urlencoded v1.0.1
[INFO] [stderr]    Compiling indexmap v1.7.0
[INFO] [stderr]    Compiling quote v1.0.9
[INFO] [stderr]    Compiling getrandom v0.1.16
[INFO] [stderr]    Compiling signal-hook-registry v1.4.0
[INFO] [stderr]    Compiling num_cpus v1.13.0
[INFO] [stderr]    Compiling mio v0.7.13
[INFO] [stderr]    Compiling getrandom v0.2.3
[INFO] [stderr]    Compiling openssl-sys v0.9.66
[INFO] [stderr]    Compiling parking_lot v0.11.2
[INFO] [stderr]    Compiling rand_core v0.6.3
[INFO] [stderr]    Compiling serde v1.0.130
[INFO] [stderr]    Compiling ryu v1.0.5
[INFO] [stderr]    Compiling unicode-bidi v0.3.6
[INFO] [stderr]    Compiling tracing-core v0.1.20
[INFO] [stderr]    Compiling rand_chacha v0.3.1
[INFO] [stderr]    Compiling standback v0.2.17
[INFO] [stderr]    Compiling unicase v2.6.0
[INFO] [stderr]    Compiling foreign-types-shared v0.1.1
[INFO] [stderr]    Compiling hashbrown v0.11.2
[INFO] [stderr]    Compiling openssl v0.10.36
[INFO] [stderr]    Compiling foreign-types v0.3.2
[INFO] [stderr]    Compiling rand v0.8.4
[INFO] [stderr]    Compiling unicode-normalization v0.1.19
[INFO] [stderr]    Compiling tracing v0.1.28
[INFO] [stderr]    Compiling base64 v0.13.0
[INFO] [stderr]    Compiling try-lock v0.2.3
[INFO] [stderr]    Compiling mime v0.3.16
[INFO] [stderr]    Compiling native-tls v0.2.8
[INFO] [stderr]    Compiling want v0.3.0
[INFO] [stderr]    Compiling idna v0.2.3
[INFO] [stderr]    Compiling rand_core v0.5.1
[INFO] [stderr]    Compiling time v0.1.43
[INFO] [stderr]    Compiling socket2 v0.4.2
[INFO] [stderr]    Compiling miniz_oxide v0.4.4
[INFO] [stderr]    Compiling httpdate v1.0.1
[INFO] [stderr]    Compiling opaque-debug v0.3.0
[INFO] [stderr]    Compiling block-buffer v0.9.0
[INFO] [stderr]    Compiling digest v0.9.0
[INFO] [stderr]    Compiling serde_json v1.0.68
[INFO] [stderr]    Compiling const_fn v0.4.8
[INFO] [stderr]    Compiling openssl-probe v0.1.4
[INFO] [stderr]    Compiling remove_dir_all v0.5.3
[INFO] [stderr]    Compiling tower-service v0.3.1
[INFO] [stderr]    Compiling cpufeatures v0.2.1
[INFO] [stderr]    Compiling url v2.2.2
[INFO] [stderr]    Compiling tempfile v3.2.0
[INFO] [stderr]    Compiling sha-1 v0.9.8
[INFO] [stderr]    Compiling mime_guess v2.0.3
[INFO] [stderr]    Compiling rand_chacha v0.2.2
[INFO] [stderr]    Compiling backtrace v0.3.61
[INFO] [stderr]    Compiling time v0.2.27
[INFO] [stderr]    Compiling quick-error v1.2.3
[INFO] [stderr]    Compiling gimli v0.25.0
[INFO] [stderr]    Compiling adler v1.0.2
[INFO] [stderr]    Compiling http-body v0.4.3
[INFO] [stderr]    Compiling regex-syntax v0.6.25
[INFO] [stderr]    Compiling byteorder v1.4.3
[INFO] [stderr]    Compiling rand v0.7.3
[INFO] [stderr]    Compiling object v0.26.2
[INFO] [stderr]    Compiling input_buffer v0.4.0
[INFO] [stderr]    Compiling num-traits v0.2.14
[INFO] [stderr]    Compiling cookie v0.14.4
[INFO] [stderr]    Compiling error-chain v0.12.4
[INFO] [stderr]    Compiling safemem v0.3.3
[INFO] [stderr]    Compiling rustc-demangle v0.1.21
[INFO] [stderr]    Compiling utf-8 v0.7.6
[INFO] [stderr]    Compiling encoding_rs v0.8.28
[INFO] [stderr]    Compiling buf_redux v0.8.4
[INFO] [stderr]    Compiling tungstenite v0.12.0
[INFO] [stderr]    Compiling headers-core v0.2.0
[INFO] [stderr]    Compiling cookie v0.12.0
[INFO] [stderr]    Compiling wait-timeout v0.2.0
[INFO] [stderr]    Compiling twoway v0.1.8
[INFO] [stderr]    Compiling aho-corasick v0.7.18
[INFO] [stderr]    Compiling unicode-segmentation v1.8.0
[INFO] [stderr]    Compiling bit-vec v0.6.3
[INFO] [stderr]    Compiling base64 v0.12.3
[INFO] [stderr]    Compiling bytes v0.5.6
[INFO] [stderr]    Compiling multipart v0.17.1
[INFO] [stderr]    Compiling rusty-fork v0.3.0
[INFO] [stderr]    Compiling bit-set v0.5.2
[INFO] [stderr]    Compiling headers v0.3.4
[INFO] [stderr]    Compiling rand_xorshift v0.3.0
[INFO] [stderr]    Compiling atty v0.2.14
[INFO] [stderr]    Compiling scoped-tls v1.0.0
[INFO] [stderr]    Compiling humantime v2.1.0
[INFO] [stderr]    Compiling termcolor v1.1.2
[INFO] [stderr]    Compiling quick-error v2.0.1
[INFO] [stderr]    Compiling ipnet v2.3.1
[INFO] [stderr]    Compiling regex v1.5.4
[INFO] [stderr]    Compiling addr2line v0.16.0
[INFO] [stderr]    Compiling proptest v1.0.0
[INFO] [stderr]    Compiling tokio-macros v1.3.0
[INFO] [stderr]    Compiling time-macros-impl v0.1.2
[INFO] [stderr]    Compiling pin-project-internal v1.0.8
[INFO] [stderr]    Compiling env_logger v0.9.0
[INFO] [stderr]    Compiling regex_generate v0.2.1
[INFO] [stderr]    Compiling time-macros v0.1.1
[INFO] [stderr]    Compiling pin-project v1.0.8
[INFO] [stderr]    Compiling futures-executor v0.3.17
[INFO] [stderr]    Compiling tokio-util v0.6.8
[INFO] [stderr]    Compiling tokio-native-tls v0.3.0
[INFO] [stderr]    Compiling tokio-tungstenite v0.13.0
[INFO] [stderr]    Compiling tokio-stream v0.1.7
[INFO] [stderr]    Compiling futures v0.3.17
[INFO] [stderr]    Compiling h2 v0.3.4
[INFO] [stderr]    Compiling serde_urlencoded v0.7.0
[INFO] [stderr]    Compiling webdriver v0.43.1
[INFO] [stderr]    Compiling hyper v0.14.13
[INFO] [stderr]    Compiling hyper-tls v0.5.0
[INFO] [stderr]    Compiling warp v0.3.1
[INFO] [stderr]    Compiling fantoccini v0.17.5
[INFO] [stderr]    Compiling reqwest v0.11.4
[INFO] [stderr]    Compiling mousse v0.1.1 (/opt/rustwide/workdir)
[INFO] [stderr]     Finished test [unoptimized + debuginfo] target(s) in 1m 17s
[INFO] [stderr] warning: the following packages contain code that will be rejected by a future version of Rust: buf_redux v0.8.4, multipart v0.17.1
[INFO] [stderr] note: to see what the problems were, use the option `--future-incompat-report`, or run `cargo report future-incompatibilities --id 1`
[INFO] running `Command { std: "docker" "inspect" "38f0dca8cb403dce6b6247da5973c3150f26f2900ccabe4a65a104f28b6731e6", kill_on_drop: false }`
[INFO] running `Command { std: "docker" "rm" "-f" "38f0dca8cb403dce6b6247da5973c3150f26f2900ccabe4a65a104f28b6731e6", kill_on_drop: false }`
[INFO] [stdout] 38f0dca8cb403dce6b6247da5973c3150f26f2900ccabe4a65a104f28b6731e6
[INFO] running `Command { std: "docker" "create" "-v" "/var/lib/crater-agent-workspace/builds/worker-0-tc2/target:/opt/rustwide/target:rw,Z" "-v" "/var/lib/crater-agent-workspace/builds/worker-0-tc2/source:/opt/rustwide/workdir:ro,Z" "-v" "/var/lib/crater-agent-workspace/cargo-home:/opt/rustwide/cargo-home:ro,Z" "-v" "/var/lib/crater-agent-workspace/rustup-home:/opt/rustwide/rustup-home:ro,Z" "-e" "SOURCE_DIR=/opt/rustwide/workdir" "-e" "CARGO_TARGET_DIR=/opt/rustwide/target" "-e" "CARGO_INCREMENTAL=0" "-e" "RUST_BACKTRACE=full" "-e" "RUSTFLAGS=--cap-lints=warn" "-e" "RUSTDOCFLAGS=--cap-lints=warn" "-e" "CARGO_HOME=/opt/rustwide/cargo-home" "-e" "RUSTUP_HOME=/opt/rustwide/rustup-home" "-w" "/opt/rustwide/workdir" "-m" "1610612736" "--user" "0:0" "--network" "none" "ghcr.io/rust-lang/crates-build-env/linux@sha256:97d61d7686bf65f8ecb15491ab51835e82dc9176a96a831f143a431b191fc501" "/opt/rustwide/cargo-home/bin/cargo" "+beta-2023-04-20" "test" "--frozen", kill_on_drop: false }`
[INFO] [stdout] ac944a78bb14116288bea59a978bf6bb7cd91c5b114c2d4c7d17338212da1f82
[INFO] running `Command { std: "docker" "start" "-a" "ac944a78bb14116288bea59a978bf6bb7cd91c5b114c2d4c7d17338212da1f82", kill_on_drop: false }`
[INFO] [stderr]     Finished test [unoptimized + debuginfo] target(s) in 0.45s
[INFO] [stderr] warning: the following packages contain code that will be rejected by a future version of Rust: buf_redux v0.8.4, multipart v0.17.1
[INFO] [stderr] note: to see what the problems were, use the option `--future-incompat-report`, or run `cargo report future-incompatibilities --id 1`
[INFO] [stderr]      Running unittests src/lib.rs (/opt/rustwide/target/debug/deps/mousse-7076d29d028a88a1)
[INFO] [stdout] 
[INFO] [stdout] running 9 tests
[INFO] [stdout] test test::data_only_round_trip_empty ... ok
[INFO] [stdout] test test::with_unknown_field ... ok
[INFO] [stdout] test test::data_only_round_trip_props ... ok
[INFO] [stdout] test test::data_only_encoded_props ... ok
[INFO] [stdout] test test::data_event_retry_round_trip_props ... ok
[INFO] [stdout] test test::data_event_round_trip_props ... ok
[INFO] [stdout] test test::data_event_retry_id_round_trip_props ... ok
[INFO] [stdout] test test::all_round_trip_props ... ok
[INFO] [stdout] test test::parsing_no_panics ... ok
[INFO] [stderr]      Running tests/browser_client.rs (/opt/rustwide/target/debug/deps/browser_client-6c3eaf7c585ebee7)
[INFO] [stdout] 
[INFO] [stdout] test result: ok. 9 passed; 0 failed; 0 ignored; 0 measured; 0 filtered out; finished in 0.35s
[INFO] [stdout] 
[INFO] [stdout] 
[INFO] [stdout] running 1 test
[INFO] [stderr] error: test failed, to rerun pass `--test browser_client`
[INFO] [stdout] test test_browser_client ... FAILED
[INFO] [stdout] 
[INFO] [stdout] failures:
[INFO] [stdout] 
[INFO] [stdout] ---- test_browser_client stdout ----
[INFO] [stdout] thread 'test_browser_client' panicked at 'failed to connect to WebDriver: Failed(hyper::Error(Connect, ConnectError("tcp connect error", Os { code: 99, kind: AddrNotAvailable, message: "Cannot assign requested address" })))', tests/browser_client.rs:53:10
[INFO] [stdout] stack backtrace:
[INFO] [stdout]    0:     0x55fcbdbfccda - std::backtrace_rs::backtrace::libunwind::trace::h2f05d0192276a8f6
[INFO] [stdout]                                at /rustc/1b7dd2252b99671ce5d1cb9664c5f8636329436d/library/std/src/../../backtrace/src/backtrace/libunwind.rs:93:5
[INFO] [stdout]    1:     0x55fcbdbfccda - std::backtrace_rs::backtrace::trace_unsynchronized::hedc23dff7a1af150
[INFO] [stdout]                                at /rustc/1b7dd2252b99671ce5d1cb9664c5f8636329436d/library/std/src/../../backtrace/src/backtrace/mod.rs:66:5
[INFO] [stdout]    2:     0x55fcbdbfccda - std::sys_common::backtrace::_print_fmt::h17541ef7592f3ce2
[INFO] [stdout]                                at /rustc/1b7dd2252b99671ce5d1cb9664c5f8636329436d/library/std/src/sys_common/backtrace.rs:65:5
[INFO] [stdout]    3:     0x55fcbdbfccda - <std::sys_common::backtrace::_print::DisplayBacktrace as core::fmt::Display>::fmt::h20f75df5ab0c0792
[INFO] [stdout]                                at /rustc/1b7dd2252b99671ce5d1cb9664c5f8636329436d/library/std/src/sys_common/backtrace.rs:44:22
[INFO] [stdout]    4:     0x55fcbdc2419f - core::fmt::write::h78109e6f466b3af6
[INFO] [stdout]                                at /rustc/1b7dd2252b99671ce5d1cb9664c5f8636329436d/library/core/src/fmt/mod.rs:1254:17
[INFO] [stdout]    5:     0x55fcbdbf9215 - std::io::Write::write_fmt::hd24bfb68a1b35a25
[INFO] [stdout]                                at /rustc/1b7dd2252b99671ce5d1cb9664c5f8636329436d/library/std/src/io/mod.rs:1698:15
[INFO] [stdout]    6:     0x55fcbdbfcaa5 - std::sys_common::backtrace::_print::h8dac57a9f8fbf9a5
[INFO] [stdout]                                at /rustc/1b7dd2252b99671ce5d1cb9664c5f8636329436d/library/std/src/sys_common/backtrace.rs:47:5
[INFO] [stdout]    7:     0x55fcbdbfcaa5 - std::sys_common::backtrace::print::hf9ecbf41d1aa712f
[INFO] [stdout]                                at /rustc/1b7dd2252b99671ce5d1cb9664c5f8636329436d/library/std/src/sys_common/backtrace.rs:34:9
[INFO] [stdout]    8:     0x55fcbdbfe75e - std::panicking::default_hook::{{closure}}::h04c07acfc84ca028
[INFO] [stdout]                                at /rustc/1b7dd2252b99671ce5d1cb9664c5f8636329436d/library/std/src/panicking.rs:269:22
[INFO] [stdout]    9:     0x55fcbdbfe491 - std::panicking::default_hook::h01f6bb23e1eceb2c
[INFO] [stdout]                                at /rustc/1b7dd2252b99671ce5d1cb9664c5f8636329436d/library/std/src/panicking.rs:285:9
[INFO] [stdout]   10:     0x55fcbd7db8fb - <alloc::boxed::Box<F,A> as core::ops::function::Fn<Args>>::call::h87fe9f7b2fd49e4c
[INFO] [stdout]                                at /rustc/1b7dd2252b99671ce5d1cb9664c5f8636329436d/library/alloc/src/boxed.rs:1987:9
[INFO] [stdout]   11:     0x55fcbd7db8fb - test::test_main::{{closure}}::he94d679243a7531b
[INFO] [stdout]                                at /rustc/1b7dd2252b99671ce5d1cb9664c5f8636329436d/library/test/src/lib.rs:134:21
[INFO] [stdout]   12:     0x55fcbdbfee44 - <alloc::boxed::Box<F,A> as core::ops::function::Fn<Args>>::call::h3f2d6d8b14c4769f
[INFO] [stdout]                                at /rustc/1b7dd2252b99671ce5d1cb9664c5f8636329436d/library/alloc/src/boxed.rs:1987:9
[INFO] [stdout]   13:     0x55fcbdbfee44 - std::panicking::rust_panic_with_hook::h2bb3722bbaf2f6df
[INFO] [stdout]                                at /rustc/1b7dd2252b99671ce5d1cb9664c5f8636329436d/library/std/src/panicking.rs:695:13
[INFO] [stdout]   14:     0x55fcbdbfebb9 - std::panicking::begin_panic_handler::{{closure}}::h91bc7f36a4be011b
[INFO] [stdout]                                at /rustc/1b7dd2252b99671ce5d1cb9664c5f8636329436d/library/std/src/panicking.rs:582:13
[INFO] [stdout]   15:     0x55fcbdbfd146 - std::sys_common::backtrace::__rust_end_short_backtrace::h8b3d3717114f9e59
[INFO] [stdout]                                at /rustc/1b7dd2252b99671ce5d1cb9664c5f8636329436d/library/std/src/sys_common/backtrace.rs:150:18
[INFO] [stdout]   16:     0x55fcbdbfe912 - rust_begin_unwind
[INFO] [stdout]                                at /rustc/1b7dd2252b99671ce5d1cb9664c5f8636329436d/library/std/src/panicking.rs:578:5
[INFO] [stdout]   17:     0x55fcbd3f14c3 - core::panicking::panic_fmt::hfd368e3fbdabea26
[INFO] [stdout]                                at /rustc/1b7dd2252b99671ce5d1cb9664c5f8636329436d/library/core/src/panicking.rs:67:14
[INFO] [stdout]   18:     0x55fcbd3f1a63 - core::result::unwrap_failed::he54eb4b2f125b26f
[INFO] [stdout]                                at /rustc/1b7dd2252b99671ce5d1cb9664c5f8636329436d/library/core/src/result.rs:1687:5
[INFO] [stdout]   19:     0x55fcbd58d02f - core::result::Result<T,E>::expect::h4f809ae3019cc9ed
[INFO] [stdout]                                at /rustc/1b7dd2252b99671ce5d1cb9664c5f8636329436d/library/core/src/result.rs:1046:23
[INFO] [stdout]   20:     0x55fcbd63fbdb - browser_client::run_browser::{{closure}}::haa7bc05b23948025
[INFO] [stdout]                                at /opt/rustwide/workdir/tests/browser_client.rs:50:17
[INFO] [stdout]   21:     0x55fcbd64101d - browser_client::test_browser_client::{{closure}}::hda5af48151ffefa9
[INFO] [stdout]                                at /opt/rustwide/workdir/tests/browser_client.rs:90:18
[INFO] [stdout]   22:     0x55fcbd5955ab - <core::pin::Pin<P> as core::future::future::Future>::poll::hf60f95b38e9efa03
[INFO] [stdout]                                at /rustc/1b7dd2252b99671ce5d1cb9664c5f8636329436d/library/core/src/future/future.rs:125:9
[INFO] [stdout]   23:     0x55fcbd5e0c74 - tokio::runtime::basic_scheduler::Inner<P>::block_on::{{closure}}::{{closure}}::hf8309ba4e7d8a467
[INFO] [stdout]                                at /opt/rustwide/cargo-home/registry/src/index.crates.io-6f17d22bba15001f/tokio-1.11.0/src/runtime/basic_scheduler.rs:218:62
[INFO] [stdout]   24:     0x55fcbd4c2cd0 - tokio::coop::with_budget::{{closure}}::h41afc0ab5f455467
[INFO] [stdout]                                at /opt/rustwide/cargo-home/registry/src/index.crates.io-6f17d22bba15001f/tokio-1.11.0/src/coop.rs:106:9
[INFO] [stdout]   25:     0x55fcbd42f809 - std::thread::local::LocalKey<T>::try_with::hacd1e186eec96b96
[INFO] [stdout]                                at /rustc/1b7dd2252b99671ce5d1cb9664c5f8636329436d/library/std/src/thread/local.rs:252:16
[INFO] [stdout]   26:     0x55fcbd42e5ca - std::thread::local::LocalKey<T>::with::hdeb4b9537063be8b
[INFO] [stdout]                                at /rustc/1b7dd2252b99671ce5d1cb9664c5f8636329436d/library/std/src/thread/local.rs:228:9
[INFO] [stdout]   27:     0x55fcbd5e052b - tokio::coop::with_budget::ha2e36dc1db8cd644
[INFO] [stdout]                                at /opt/rustwide/cargo-home/registry/src/index.crates.io-6f17d22bba15001f/tokio-1.11.0/src/coop.rs:99:5
[INFO] [stdout]   28:     0x55fcbd5e052b - tokio::coop::budget::h003b7c2e35dfd3fe
[INFO] [stdout]                                at /opt/rustwide/cargo-home/registry/src/index.crates.io-6f17d22bba15001f/tokio-1.11.0/src/coop.rs:76:5
[INFO] [stdout]   29:     0x55fcbd5e052b - tokio::runtime::basic_scheduler::Inner<P>::block_on::{{closure}}::hac6f6af83f24140b
[INFO] [stdout]                                at /opt/rustwide/cargo-home/registry/src/index.crates.io-6f17d22bba15001f/tokio-1.11.0/src/runtime/basic_scheduler.rs:218:39
[INFO] [stdout]   30:     0x55fcbd5e1711 - tokio::runtime::basic_scheduler::enter::{{closure}}::hacb39ede9df820e9
[INFO] [stdout]                                at /opt/rustwide/cargo-home/registry/src/index.crates.io-6f17d22bba15001f/tokio-1.11.0/src/runtime/basic_scheduler.rs:317:29
[INFO] [stdout]   31:     0x55fcbd5b8a47 - tokio::macros::scoped_tls::ScopedKey<T>::set::h59bf568183318157
[INFO] [stdout]                                at /opt/rustwide/cargo-home/registry/src/index.crates.io-6f17d22bba15001f/tokio-1.11.0/src/macros/scoped_tls.rs:61:9
[INFO] [stdout]   32:     0x55fcbd5e168d - tokio::runtime::basic_scheduler::enter::h4804bbcd7c79cb79
[INFO] [stdout]                                at /opt/rustwide/cargo-home/registry/src/index.crates.io-6f17d22bba15001f/tokio-1.11.0/src/runtime/basic_scheduler.rs:317:5
[INFO] [stdout]   33:     0x55fcbd5e019b - tokio::runtime::basic_scheduler::Inner<P>::block_on::h0c9ef0c966bc7d63
[INFO] [stdout]                                at /opt/rustwide/cargo-home/registry/src/index.crates.io-6f17d22bba15001f/tokio-1.11.0/src/runtime/basic_scheduler.rs:206:9
[INFO] [stdout]   34:     0x55fcbd5e0cf2 - tokio::runtime::basic_scheduler::InnerGuard<P>::block_on::h69e2016df73bea13
[INFO] [stdout]                                at /opt/rustwide/cargo-home/registry/src/index.crates.io-6f17d22bba15001f/tokio-1.11.0/src/runtime/basic_scheduler.rs:467:9
[INFO] [stdout]   35:     0x55fcbd5e1007 - tokio::runtime::basic_scheduler::BasicScheduler<P>::block_on::hf3b289b0478e8d66
[INFO] [stdout]                                at /opt/rustwide/cargo-home/registry/src/index.crates.io-6f17d22bba15001f/tokio-1.11.0/src/runtime/basic_scheduler.rs:166:24
[INFO] [stdout]   36:     0x55fcbd5ed211 - tokio::runtime::Runtime::block_on::hb2e4c37190a87e27
[INFO] [stdout]                                at /opt/rustwide/cargo-home/registry/src/index.crates.io-6f17d22bba15001f/tokio-1.11.0/src/runtime/mod.rs:457:46
[INFO] [stdout]   37:     0x55fcbd640b85 - browser_client::test_browser_client::hf376c8ebfb2cf428
[INFO] [stdout]                                at /opt/rustwide/workdir/tests/browser_client.rs:91:5
[INFO] [stdout]   38:     0x55fcbd640aa7 - browser_client::test_browser_client::{{closure}}::h0118478eddcd0b0f
[INFO] [stdout]                                at /opt/rustwide/workdir/tests/browser_client.rs:86:32
[INFO] [stdout]   39:     0x55fcbd54ee25 - core::ops::function::FnOnce::call_once::h906e48ebd365fd5a
[INFO] [stdout]                                at /rustc/1b7dd2252b99671ce5d1cb9664c5f8636329436d/library/core/src/ops/function.rs:250:5
[INFO] [stdout]   40:     0x55fcbd7e07cf - core::ops::function::FnOnce::call_once::ha6a70e79f7481a7e
[INFO] [stdout]                                at /rustc/1b7dd2252b99671ce5d1cb9664c5f8636329436d/library/core/src/ops/function.rs:250:5
[INFO] [stdout]   41:     0x55fcbd7e07cf - test::__rust_begin_short_backtrace::hce33033019b61e69
[INFO] [stdout]                                at /rustc/1b7dd2252b99671ce5d1cb9664c5f8636329436d/library/test/src/lib.rs:655:18
[INFO] [stdout]   42:     0x55fcbd7adfbc - test::run_test::{{closure}}::h858d3528838ae3e5
[INFO] [stdout]                                at /rustc/1b7dd2252b99671ce5d1cb9664c5f8636329436d/library/test/src/lib.rs:646:30
[INFO] [stdout]   43:     0x55fcbd7adfbc - core::ops::function::FnOnce::call_once{{vtable.shim}}::he8ac2b00f01ae79e
[INFO] [stdout]                                at /rustc/1b7dd2252b99671ce5d1cb9664c5f8636329436d/library/core/src/ops/function.rs:250:5
[INFO] [stdout]   44:     0x55fcbd7df8a6 - <alloc::boxed::Box<F,A> as core::ops::function::FnOnce<Args>>::call_once::h8093d25b522725ef
[INFO] [stdout]                                at /rustc/1b7dd2252b99671ce5d1cb9664c5f8636329436d/library/alloc/src/boxed.rs:1973:9
[INFO] [stdout]   45:     0x55fcbd7df8a6 - <core::panic::unwind_safe::AssertUnwindSafe<F> as core::ops::function::FnOnce<()>>::call_once::h5c334c204e4a3913
[INFO] [stdout]                                at /rustc/1b7dd2252b99671ce5d1cb9664c5f8636329436d/library/core/src/panic/unwind_safe.rs:271:9
[INFO] [stdout]   46:     0x55fcbd7df8a6 - std::panicking::try::do_call::ha8b740c7b9478074
[INFO] [stdout]                                at /rustc/1b7dd2252b99671ce5d1cb9664c5f8636329436d/library/std/src/panicking.rs:485:40
[INFO] [stdout]   47:     0x55fcbd7df8a6 - std::panicking::try::h5d34f63d0e41b64e
[INFO] [stdout]                                at /rustc/1b7dd2252b99671ce5d1cb9664c5f8636329436d/library/std/src/panicking.rs:449:19
[INFO] [stdout]   48:     0x55fcbd7df8a6 - std::panic::catch_unwind::hcfbb511e1aa7fc67
[INFO] [stdout]                                at /rustc/1b7dd2252b99671ce5d1cb9664c5f8636329436d/library/std/src/panic.rs:140:14
[INFO] [stdout]   49:     0x55fcbd7df8a6 - test::run_test_in_process::h9abda90f802eaf21
[INFO] [stdout]                                at /rustc/1b7dd2252b99671ce5d1cb9664c5f8636329436d/library/test/src/lib.rs:678:27
[INFO] [stdout]   50:     0x55fcbd7df8a6 - test::run_test::run_test_inner::{{closure}}::h0f058de91f6c6edf
[INFO] [stdout]                                at /rustc/1b7dd2252b99671ce5d1cb9664c5f8636329436d/library/test/src/lib.rs:572:39
[INFO] [stdout]   51:     0x55fcbd7a87c5 - test::run_test::run_test_inner::{{closure}}::h5ca48a4c59c6c1fb
[INFO] [stdout]                                at /rustc/1b7dd2252b99671ce5d1cb9664c5f8636329436d/library/test/src/lib.rs:599:37
[INFO] [stdout]   52:     0x55fcbd7a87c5 - std::sys_common::backtrace::__rust_begin_short_backtrace::h32bd51e1495d4a33
[INFO] [stdout]                                at /rustc/1b7dd2252b99671ce5d1cb9664c5f8636329436d/library/std/src/sys_common/backtrace.rs:134:18
[INFO] [stdout]   53:     0x55fcbd7add01 - std::thread::Builder::spawn_unchecked_::{{closure}}::{{closure}}::hc086fae9b128b2db
[INFO] [stdout]                                at /rustc/1b7dd2252b99671ce5d1cb9664c5f8636329436d/library/std/src/thread/mod.rs:526:17
[INFO] [stdout]   54:     0x55fcbd7add01 - <core::panic::unwind_safe::AssertUnwindSafe<F> as core::ops::function::FnOnce<()>>::call_once::hb66571888d270d43
[INFO] [stdout]                                at /rustc/1b7dd2252b99671ce5d1cb9664c5f8636329436d/library/core/src/panic/unwind_safe.rs:271:9
[INFO] [stdout]   55:     0x55fcbd7add01 - std::panicking::try::do_call::h4fa2ef4f6e51fecf
[INFO] [stdout]                                at /rustc/1b7dd2252b99671ce5d1cb9664c5f8636329436d/library/std/src/panicking.rs:485:40
[INFO] [stdout]   56:     0x55fcbd7add01 - std::panicking::try::h1e9e22b8584489b5
[INFO] [stdout]                                at /rustc/1b7dd2252b99671ce5d1cb9664c5f8636329436d/library/std/src/panicking.rs:449:19
[INFO] [stdout]   57:     0x55fcbd7add01 - std::panic::catch_unwind::h44698a3de0e0769e
[INFO] [stdout]                                at /rustc/1b7dd2252b99671ce5d1cb9664c5f8636329436d/library/std/src/panic.rs:140:14
[INFO] [stdout]   58:     0x55fcbd7add01 - std::thread::Builder::spawn_unchecked_::{{closure}}::h50153abde3fe239e
[INFO] [stdout]                                at /rustc/1b7dd2252b99671ce5d1cb9664c5f8636329436d/library/std/src/thread/mod.rs:525:30
[INFO] [stdout]   59:     0x55fcbd7add01 - core::ops::function::FnOnce::call_once{{vtable.shim}}::hbe5bbf6f38394364
[INFO] [stdout]                                at /rustc/1b7dd2252b99671ce5d1cb9664c5f8636329436d/library/core/src/ops/function.rs:250:5
[INFO] [stdout]   60:     0x55fcbdc03535 - <alloc::boxed::Box<F,A> as core::ops::function::FnOnce<Args>>::call_once::h0d83cb2920a49046
[INFO] [stdout]                                at /rustc/1b7dd2252b99671ce5d1cb9664c5f8636329436d/library/alloc/src/boxed.rs:1973:9
[INFO] [stdout]   61:     0x55fcbdc03535 - <alloc::boxed::Box<F,A> as core::ops::function::FnOnce<Args>>::call_once::hbe0a008aa7d9ef59
[INFO] [stdout]                                at /rustc/1b7dd2252b99671ce5d1cb9664c5f8636329436d/library/alloc/src/boxed.rs:1973:9
[INFO] [stdout]   62:     0x55fcbdc03535 - std::sys::unix::thread::Thread::new::thread_start::h3a466996bdf6b1f9
[INFO] [stdout]                                at /rustc/1b7dd2252b99671ce5d1cb9664c5f8636329436d/library/std/src/sys/unix/thread.rs:108:17
[INFO] [stdout]   63:     0x7f72cc57fb43 - <unknown>
[INFO] [stdout]   64:     0x7f72cc610bb4 - __clone
[INFO] [stdout]   65:                0x0 - <unknown>
[INFO] [stdout] 
[INFO] [stdout] 
[INFO] [stdout] failures:
[INFO] [stdout]     test_browser_client
[INFO] [stdout] 
[INFO] [stdout] test result: FAILED. 0 passed; 1 failed; 0 ignored; 0 measured; 0 filtered out; finished in 0.17s
[INFO] [stdout] 
[INFO] running `Command { std: "docker" "inspect" "ac944a78bb14116288bea59a978bf6bb7cd91c5b114c2d4c7d17338212da1f82", kill_on_drop: false }`
[INFO] running `Command { std: "docker" "rm" "-f" "ac944a78bb14116288bea59a978bf6bb7cd91c5b114c2d4c7d17338212da1f82", kill_on_drop: false }`
[INFO] [stdout] ac944a78bb14116288bea59a978bf6bb7cd91c5b114c2d4c7d17338212da1f82
