[INFO] fetching crate modular-bitfield 0.11.2...
[INFO] testing modular-bitfield-0.11.2 against 1.69.0 for beta-1.70-1
[INFO] extracting crate modular-bitfield 0.11.2 into /workspace/builds/worker-5-tc1/source
[INFO] validating manifest of crates.io crate modular-bitfield 0.11.2 on toolchain 1.69.0
[INFO] running `Command { std: CARGO_HOME="/workspace/cargo-home" RUSTUP_HOME="/workspace/rustup-home" "/workspace/cargo-home/bin/cargo" "+1.69.0" "metadata" "--manifest-path" "Cargo.toml" "--no-deps", kill_on_drop: false }`
[INFO] started tweaking crates.io crate modular-bitfield 0.11.2
[INFO] removed 0 missing tests
[INFO] finished tweaking crates.io crate modular-bitfield 0.11.2
[INFO] tweaked toml for crates.io crate modular-bitfield 0.11.2 written to /workspace/builds/worker-5-tc1/source/Cargo.toml
[INFO] crate crates.io crate modular-bitfield 0.11.2 already has a lockfile, it will not be regenerated
[INFO] running `Command { std: CARGO_HOME="/workspace/cargo-home" RUSTUP_HOME="/workspace/rustup-home" "/workspace/cargo-home/bin/cargo" "+1.69.0" "fetch" "--manifest-path" "Cargo.toml", kill_on_drop: false }`
[INFO] [stderr]  Downloading crates ...
[INFO] [stderr]   Downloaded crossbeam-utils v0.8.0
[INFO] [stderr]   Downloaded crossbeam-epoch v0.9.0
[INFO] [stderr]   Downloaded tinytemplate v1.1.0
[INFO] [stderr]   Downloaded trybuild v1.0.35
[INFO] [stderr]   Downloaded oorandom v11.1.2
[INFO] [stderr]   Downloaded csv v1.1.4
[INFO] [stderr]   Downloaded toml v0.5.7
[INFO] running `Command { std: "docker" "create" "-v" "/var/lib/crater-agent-workspace/builds/worker-5-tc1/target:/opt/rustwide/target:rw,Z" "-v" "/var/lib/crater-agent-workspace/builds/worker-5-tc1/source:/opt/rustwide/workdir:ro,Z" "-v" "/var/lib/crater-agent-workspace/cargo-home:/opt/rustwide/cargo-home:ro,Z" "-v" "/var/lib/crater-agent-workspace/rustup-home:/opt/rustwide/rustup-home:ro,Z" "-e" "SOURCE_DIR=/opt/rustwide/workdir" "-e" "CARGO_TARGET_DIR=/opt/rustwide/target" "-e" "CARGO_HOME=/opt/rustwide/cargo-home" "-e" "RUSTUP_HOME=/opt/rustwide/rustup-home" "-w" "/opt/rustwide/workdir" "-m" "1610612736" "--user" "0:0" "--network" "none" "ghcr.io/rust-lang/crates-build-env/linux@sha256:97d61d7686bf65f8ecb15491ab51835e82dc9176a96a831f143a431b191fc501" "/opt/rustwide/cargo-home/bin/cargo" "+1.69.0" "metadata" "--no-deps" "--format-version=1", kill_on_drop: false }`
[INFO] [stdout] fefa9ebb9fb64b17bd589236525c0e77b0a4ba164cb9ee5f8175c69345524512
[INFO] running `Command { std: "docker" "start" "-a" "fefa9ebb9fb64b17bd589236525c0e77b0a4ba164cb9ee5f8175c69345524512", kill_on_drop: false }`
[INFO] running `Command { std: "docker" "inspect" "fefa9ebb9fb64b17bd589236525c0e77b0a4ba164cb9ee5f8175c69345524512", kill_on_drop: false }`
[INFO] running `Command { std: "docker" "rm" "-f" "fefa9ebb9fb64b17bd589236525c0e77b0a4ba164cb9ee5f8175c69345524512", kill_on_drop: false }`
[INFO] [stdout] fefa9ebb9fb64b17bd589236525c0e77b0a4ba164cb9ee5f8175c69345524512
[INFO] running `Command { std: "docker" "create" "-v" "/var/lib/crater-agent-workspace/builds/worker-5-tc1/target:/opt/rustwide/target:rw,Z" "-v" "/var/lib/crater-agent-workspace/builds/worker-5-tc1/source:/opt/rustwide/workdir:ro,Z" "-v" "/var/lib/crater-agent-workspace/cargo-home:/opt/rustwide/cargo-home:ro,Z" "-v" "/var/lib/crater-agent-workspace/rustup-home:/opt/rustwide/rustup-home:ro,Z" "-e" "SOURCE_DIR=/opt/rustwide/workdir" "-e" "CARGO_TARGET_DIR=/opt/rustwide/target" "-e" "CARGO_INCREMENTAL=0" "-e" "RUST_BACKTRACE=full" "-e" "RUSTFLAGS=--cap-lints=warn" "-e" "RUSTDOCFLAGS=--cap-lints=warn" "-e" "CARGO_HOME=/opt/rustwide/cargo-home" "-e" "RUSTUP_HOME=/opt/rustwide/rustup-home" "-w" "/opt/rustwide/workdir" "-m" "1610612736" "--user" "0:0" "--network" "none" "ghcr.io/rust-lang/crates-build-env/linux@sha256:97d61d7686bf65f8ecb15491ab51835e82dc9176a96a831f143a431b191fc501" "/opt/rustwide/cargo-home/bin/cargo" "+1.69.0" "build" "--frozen" "--message-format=json", kill_on_drop: false }`
[INFO] [stdout] d0ef4592d1310aeff0fb7ea8b1bd75427d596f9e36642156cdf46db0fe4fca93
[INFO] running `Command { std: "docker" "start" "-a" "d0ef4592d1310aeff0fb7ea8b1bd75427d596f9e36642156cdf46db0fe4fca93", kill_on_drop: false }`
[INFO] [stderr]    Compiling syn v1.0.48
[INFO] [stderr]    Compiling quote v1.0.7
[INFO] [stderr]    Compiling modular-bitfield-impl v0.11.2
[INFO] [stderr]    Compiling modular-bitfield v0.11.2 (/opt/rustwide/workdir)
[INFO] [stderr]     Finished dev [unoptimized + debuginfo] target(s) in 4.02s
[INFO] running `Command { std: "docker" "inspect" "d0ef4592d1310aeff0fb7ea8b1bd75427d596f9e36642156cdf46db0fe4fca93", kill_on_drop: false }`
[INFO] running `Command { std: "docker" "rm" "-f" "d0ef4592d1310aeff0fb7ea8b1bd75427d596f9e36642156cdf46db0fe4fca93", kill_on_drop: false }`
[INFO] [stdout] d0ef4592d1310aeff0fb7ea8b1bd75427d596f9e36642156cdf46db0fe4fca93
[INFO] running `Command { std: "docker" "create" "-v" "/var/lib/crater-agent-workspace/builds/worker-5-tc1/target:/opt/rustwide/target:rw,Z" "-v" "/var/lib/crater-agent-workspace/builds/worker-5-tc1/source:/opt/rustwide/workdir:ro,Z" "-v" "/var/lib/crater-agent-workspace/cargo-home:/opt/rustwide/cargo-home:ro,Z" "-v" "/var/lib/crater-agent-workspace/rustup-home:/opt/rustwide/rustup-home:ro,Z" "-e" "SOURCE_DIR=/opt/rustwide/workdir" "-e" "CARGO_TARGET_DIR=/opt/rustwide/target" "-e" "CARGO_INCREMENTAL=0" "-e" "RUST_BACKTRACE=full" "-e" "RUSTFLAGS=--cap-lints=warn" "-e" "RUSTDOCFLAGS=--cap-lints=warn" "-e" "CARGO_HOME=/opt/rustwide/cargo-home" "-e" "RUSTUP_HOME=/opt/rustwide/rustup-home" "-w" "/opt/rustwide/workdir" "-m" "1610612736" "--user" "0:0" "--network" "none" "ghcr.io/rust-lang/crates-build-env/linux@sha256:97d61d7686bf65f8ecb15491ab51835e82dc9176a96a831f143a431b191fc501" "/opt/rustwide/cargo-home/bin/cargo" "+1.69.0" "test" "--frozen" "--no-run" "--message-format=json", kill_on_drop: false }`
[INFO] [stdout] 94a2476ee6a2d26698aa684c3bacf5a2e658a2ef5737819adad92df17553f3df
[INFO] running `Command { std: "docker" "start" "-a" "94a2476ee6a2d26698aa684c3bacf5a2e658a2ef5737819adad92df17553f3df", kill_on_drop: false }`
[INFO] [stderr]    Compiling serde_derive v1.0.117
[INFO] [stderr]    Compiling serde v1.0.117
[INFO] [stderr]    Compiling const_fn v0.4.3
[INFO] [stderr]    Compiling crossbeam-utils v0.8.0
[INFO] [stderr]    Compiling memoffset v0.5.6
[INFO] [stderr]    Compiling libc v0.2.80
[INFO] [stderr]    Compiling byteorder v1.3.4
[INFO] [stderr]    Compiling memchr v2.3.4
[INFO] [stderr]    Compiling itoa v0.4.6
[INFO] [stderr]    Compiling rayon-core v1.9.0
[INFO] [stderr]    Compiling scopeguard v1.1.0
[INFO] [stderr]    Compiling serde_json v1.0.59
[INFO] [stderr]    Compiling rustc_version v0.2.3
[INFO] [stderr]    Compiling num-traits v0.2.14
[INFO] [stderr]    Compiling either v1.6.1
[INFO] [stderr]    Compiling rayon v1.5.0
[INFO] [stderr]    Compiling regex-syntax v0.6.21
[INFO] [stderr]    Compiling itertools v0.9.0
[INFO] [stderr]    Compiling trybuild v1.0.35
[INFO] [stderr]    Compiling clap v2.33.3
[INFO] [stderr]    Compiling cast v0.2.3
[INFO] [stderr]    Compiling oorandom v11.1.2
[INFO] [stderr]    Compiling termcolor v1.1.0
[INFO] [stderr]    Compiling bitfield v0.13.2
[INFO] [stderr]    Compiling csv-core v0.1.10
[INFO] [stderr]    Compiling regex-automata v0.1.9
[INFO] [stderr]    Compiling criterion-plot v0.4.3
[INFO] [stderr]    Compiling num_cpus v1.13.0
[INFO] [stderr]    Compiling atty v0.2.14
[INFO] [stderr]    Compiling crossbeam-epoch v0.9.0
[INFO] [stderr]    Compiling crossbeam-channel v0.5.0
[INFO] [stderr]    Compiling regex v1.4.2
[INFO] [stderr]    Compiling plotters v0.2.15
[INFO] [stderr]    Compiling crossbeam-deque v0.8.0
[INFO] [stderr]    Compiling bstr v0.2.14
[INFO] [stderr]    Compiling serde_cbor v0.11.1
[INFO] [stderr]    Compiling toml v0.5.7
[INFO] [stderr]    Compiling csv v1.1.4
[INFO] [stderr]    Compiling tinytemplate v1.1.0
[INFO] [stderr]    Compiling criterion v0.3.3
[INFO] [stderr]    Compiling modular-bitfield v0.11.2 (/opt/rustwide/workdir)
[INFO] [stderr]     Finished test [unoptimized + debuginfo] target(s) in 11.78s
[INFO] [stderr] warning: the following packages contain code that will be rejected by a future version of Rust: criterion v0.3.3
[INFO] [stderr] note: to see what the problems were, use the option `--future-incompat-report`, or run `cargo report future-incompatibilities --id 4`
[INFO] running `Command { std: "docker" "inspect" "94a2476ee6a2d26698aa684c3bacf5a2e658a2ef5737819adad92df17553f3df", kill_on_drop: false }`
[INFO] running `Command { std: "docker" "rm" "-f" "94a2476ee6a2d26698aa684c3bacf5a2e658a2ef5737819adad92df17553f3df", kill_on_drop: false }`
[INFO] [stdout] 94a2476ee6a2d26698aa684c3bacf5a2e658a2ef5737819adad92df17553f3df
[INFO] running `Command { std: "docker" "create" "-v" "/var/lib/crater-agent-workspace/builds/worker-5-tc1/target:/opt/rustwide/target:rw,Z" "-v" "/var/lib/crater-agent-workspace/builds/worker-5-tc1/source:/opt/rustwide/workdir:ro,Z" "-v" "/var/lib/crater-agent-workspace/cargo-home:/opt/rustwide/cargo-home:ro,Z" "-v" "/var/lib/crater-agent-workspace/rustup-home:/opt/rustwide/rustup-home:ro,Z" "-e" "SOURCE_DIR=/opt/rustwide/workdir" "-e" "CARGO_TARGET_DIR=/opt/rustwide/target" "-e" "CARGO_INCREMENTAL=0" "-e" "RUST_BACKTRACE=full" "-e" "RUSTFLAGS=--cap-lints=warn" "-e" "RUSTDOCFLAGS=--cap-lints=warn" "-e" "CARGO_HOME=/opt/rustwide/cargo-home" "-e" "RUSTUP_HOME=/opt/rustwide/rustup-home" "-w" "/opt/rustwide/workdir" "-m" "1610612736" "--user" "0:0" "--network" "none" "ghcr.io/rust-lang/crates-build-env/linux@sha256:97d61d7686bf65f8ecb15491ab51835e82dc9176a96a831f143a431b191fc501" "/opt/rustwide/cargo-home/bin/cargo" "+1.69.0" "test" "--frozen", kill_on_drop: false }`
[INFO] [stdout] a996c423f0f4fb75c4f2b402b2b76806473ba2cd8eb1653c399d6a662486ff19
[INFO] running `Command { std: "docker" "start" "-a" "a996c423f0f4fb75c4f2b402b2b76806473ba2cd8eb1653c399d6a662486ff19", kill_on_drop: false }`
[INFO] [stderr]     Finished test [unoptimized + debuginfo] target(s) in 0.10s
[INFO] [stderr] warning: the following packages contain code that will be rejected by a future version of Rust: criterion v0.3.3
[INFO] [stderr] note: to see what the problems were, use the option `--future-incompat-report`, or run `cargo report future-incompatibilities --id 4`
[INFO] [stderr]      Running unittests src/lib.rs (/opt/rustwide/target/debug/deps/modular_bitfield-ec697bcc8c766cb1)
[INFO] [stdout] 
[INFO] [stdout] running 0 tests
[INFO] [stdout] 
[INFO] [stdout] test result: ok. 0 passed; 0 failed; 0 ignored; 0 measured; 0 filtered out; finished in 0.00s
[INFO] [stdout] 
[INFO] [stderr]      Running unittests playground.rs (/opt/rustwide/target/debug/deps/playground-0358ecb288fcce32)
[INFO] [stderr]      Running tests/progress.rs (/opt/rustwide/target/debug/deps/tests-f7aecfb83dcf6eae)
[INFO] [stdout] 
[INFO] [stdout] running 0 tests
[INFO] [stdout] 
[INFO] [stdout] test result: ok. 0 passed; 0 failed; 0 ignored; 0 measured; 0 filtered out; finished in 0.00s
[INFO] [stdout] 
[INFO] [stdout] 
[INFO] [stdout] running 5 tests
[INFO] [stdout] test panic_tests::invalid_access_b - should panic ... ok
[INFO] [stdout] test panic_tests::invalid_access_d - should panic ... ok
[INFO] [stdout] test panic_tests::invalid_access_a - should panic ... ok
[INFO] [stdout] test panic_tests::invalid_access_c - should panic ... ok
[INFO] [stderr]    Compiling autocfg v1.1.0
[INFO] [stderr]    Compiling proc-macro2 v1.0.56
[INFO] [stderr]    Compiling unicode-ident v1.0.8
[INFO] [stderr]    Compiling quote v1.0.26
[INFO] [stderr]    Compiling crossbeam-utils v0.8.15
[INFO] [stderr]    Compiling libc v0.2.142
[INFO] [stderr]    Compiling serde v1.0.160
[INFO] [stderr]    Compiling cfg-if v1.0.0
[INFO] [stderr]    Compiling memchr v2.5.0
[INFO] [stderr]    Compiling scopeguard v1.1.0
[INFO] [stderr]    Compiling either v1.8.1
[INFO] [stderr]    Compiling itoa v1.0.6
[INFO] [stderr]    Compiling rayon-core v1.11.0
[INFO] [stderr]    Compiling ryu v1.0.13
[INFO] [stderr]    Compiling serde_json v1.0.96
[INFO] [stderr]    Compiling syn v1.0.109
[INFO] [stderr]    Compiling plotters-backend v0.3.4
[INFO] [stderr]    Compiling serde_derive v1.0.160
[INFO] [stderr]    Compiling unicode-width v0.1.10
[INFO] [stderr]    Compiling regex-syntax v0.7.1
[INFO] [stderr]    Compiling same-file v1.0.6
[INFO] [stderr]    Compiling itertools v0.10.5
[INFO] [stderr]    Compiling textwrap v0.11.0
[INFO] [stderr]    Compiling bitflags v1.3.2
[INFO] [stderr]    Compiling plotters-svg v0.3.3
[INFO] [stderr]    Compiling half v1.8.2
[INFO] [stderr]    Compiling cast v0.3.0
[INFO] [stderr]    Compiling clap v2.34.0
[INFO] [stderr]    Compiling memoffset v0.8.0
[INFO] [stderr]    Compiling crossbeam-epoch v0.9.14
[INFO] [stderr]    Compiling num-traits v0.2.15
[INFO] [stderr]    Compiling walkdir v2.3.3
[INFO] [stderr]    Compiling lazy_static v1.4.0
[INFO] [stderr]    Compiling oorandom v11.1.3
[INFO] [stderr]    Compiling static_assertions v1.1.0
[INFO] [stderr]    Compiling crossbeam-channel v0.5.8
[INFO] [stderr]    Compiling bitfield v0.13.2
[INFO] [stderr]    Compiling csv-core v0.1.10
[INFO] [stderr]    Compiling syn v2.0.15
[INFO] [stderr]    Compiling num_cpus v1.15.0
[INFO] [stderr]    Compiling atty v0.2.14
[INFO] [stderr]    Compiling crossbeam-deque v0.8.3
[INFO] [stderr]    Compiling regex v1.8.1
[INFO] [stderr]    Compiling criterion-plot v0.4.5
[INFO] [stderr]    Compiling rayon v1.7.0
[INFO] [stderr]    Compiling plotters v0.3.4
[INFO] [stderr]    Compiling csv v1.2.1
[INFO] [stderr]    Compiling serde_cbor v0.11.2
[INFO] [stderr]    Compiling tinytemplate v1.2.1
[INFO] [stderr]    Compiling modular-bitfield-impl v0.11.2
[INFO] [stderr]    Compiling modular-bitfield v0.11.2 (/opt/rustwide/workdir)
[INFO] [stderr]    Compiling criterion v0.3.6
[INFO] [stderr]    Compiling modular-bitfield-tests v0.0.0 (/opt/rustwide/target/tests/modular-bitfield)
[INFO] [stderr]     Finished dev [unoptimized + debuginfo] target(s) in 18.03s
[INFO] [stderr] 
[INFO] [stderr] 
[INFO] [stderr] test 01-specifier-types.rs [should pass] ... ok
[INFO] [stderr] test 02-storage.rs [should pass] ... ok
[INFO] [stderr] test 03-accessors.rs [should pass] ... ok
[INFO] [stderr] test 04-multiple-of-8bits.rs [should fail to compile] ... mismatch
[INFO] [stderr] 
[INFO] [stderr] EXPECTED:
[INFO] [stderr] ┈┈┈┈┈┈┈┈┈┈┈┈┈┈┈┈┈┈┈┈┈┈┈┈┈┈┈┈┈┈┈┈┈┈┈┈┈┈┈┈┈┈┈┈┈┈┈┈┈┈┈┈┈┈┈┈┈┈┈┈
[INFO] [stderr] error[E0277]: the trait bound `modular_bitfield::private::checks::SevenMod8: modular_bitfield::private::checks::TotalSizeIsMultipleOfEightBits` is not satisfied
[INFO] [stderr]   --> $DIR/04-multiple-of-8bits.rs:54:1
[INFO] [stderr]    |
[INFO] [stderr] 54 | pub struct NotQuiteFourBytes {
[INFO] [stderr]    | ^^^ the trait `modular_bitfield::private::checks::TotalSizeIsMultipleOfEightBits` is not implemented for `modular_bitfield::private::checks::SevenMod8`
[INFO] [stderr]    |
[INFO] [stderr]   ::: $WORKSPACE/src/private/checks.rs
[INFO] [stderr]    |
[INFO] [stderr]    |     <Self::Size as RenameSizeType>::CheckType: TotalSizeIsMultipleOfEightBits,
[INFO] [stderr]    |                                                ------------------------------ required by this bound in `modular_bitfield::private::checks::CheckTotalSizeMultipleOf8`
[INFO] [stderr] ┈┈┈┈┈┈┈┈┈┈┈┈┈┈┈┈┈┈┈┈┈┈┈┈┈┈┈┈┈┈┈┈┈┈┈┈┈┈┈┈┈┈┈┈┈┈┈┈┈┈┈┈┈┈┈┈┈┈┈┈
[INFO] [stderr] 
[INFO] [stderr] ACTUAL OUTPUT:
[INFO] [stderr] ┈┈┈┈┈┈┈┈┈┈┈┈┈┈┈┈┈┈┈┈┈┈┈┈┈┈┈┈┈┈┈┈┈┈┈┈┈┈┈┈┈┈┈┈┈┈┈┈┈┈┈┈┈┈┈┈┈┈┈┈
[INFO] [stderr] error[E0277]: the trait bound `SevenMod8: TotalSizeIsMultipleOfEightBits` is not satisfied
[INFO] [stderr]   --> $DIR/04-multiple-of-8bits.rs:54:1
[INFO] [stderr]    |
[INFO] [stderr] 54 | pub struct NotQuiteFourBytes {
[INFO] [stderr]    | ^^^ the trait `TotalSizeIsMultipleOfEightBits` is not implemented for `SevenMod8`
[INFO] [stderr]    |
[INFO] [stderr]    = help: the trait `TotalSizeIsMultipleOfEightBits` is implemented for `ZeroMod8`
[INFO] [stderr] note: required by a bound in `CheckTotalSizeMultipleOf8`
[INFO] [stderr]   --> $DIR/checks.rs:69:48
[INFO] [stderr]    |
[INFO] [stderr] 69 |     <Self::Size as RenameSizeType>::CheckType: TotalSizeIsMultipleOfEightBits,
[INFO] [stderr]    |                                                ^^^^^^^^^^^^^^^^^^^^^^^^^^^^^^ required by this bound in `CheckTotalSizeMultipleOf8`
[INFO] [stderr] ┈┈┈┈┈┈┈┈┈┈┈┈┈┈┈┈┈┈┈┈┈┈┈┈┈┈┈┈┈┈┈┈┈┈┈┈┈┈┈┈┈┈┈┈┈┈┈┈┈┈┈┈┈┈┈┈┈┈┈┈
[INFO] [stderr] note: If the actual output is the correct output you can bless it by rerunning
[INFO] [stderr]       your test with the environment variable TRYBUILD=overwrite
[INFO] [stderr] 
[INFO] [stderr] test 05-accessor-signatures.rs [should pass] ... ok
[INFO] [stderr] test 10-bits-attribute.rs [should pass] ... ok
[INFO] [stderr] test 11-bits-attribute-wrong.rs [should fail to compile] ... ok
[INFO] [stderr] test 12-accessors-edge.rs [should pass] ... ok
[INFO] [stderr] test 13-tuple-structs.rs [should pass] ... ok
[INFO] [stderr] test 14-checked-setters.rs [should pass] ... ok
[INFO] [stderr] test 15-manual-reset.rs [should pass] ... ok
[INFO] [stderr] test 16-u128-specifier.rs [should pass] ... ok
[INFO] [stderr] test 17-byte-conversions.rs [should pass] ... ok
[INFO] [stderr] test 18-within-single-byte.rs [should pass] ... ok
[INFO] [stderr] test 19-get-spanning-data.rs [should pass] ... ok
[INFO] [stderr] test 20-access-test.rs [should fail to compile] ... mismatch
[INFO] [stderr] 
[INFO] [stderr] EXPECTED:
[INFO] [stderr] ┈┈┈┈┈┈┈┈┈┈┈┈┈┈┈┈┈┈┈┈┈┈┈┈┈┈┈┈┈┈┈┈┈┈┈┈┈┈┈┈┈┈┈┈┈┈┈┈┈┈┈┈┈┈┈┈┈┈┈┈
[INFO] [stderr] error[E0624]: associated function `a` is private
[INFO] [stderr]   --> $DIR/20-access-test.rs:14:15
[INFO] [stderr]    |
[INFO] [stderr] 14 |     let _ = c.a();
[INFO] [stderr]    |               ^ private associated function
[INFO] [stderr] ┈┈┈┈┈┈┈┈┈┈┈┈┈┈┈┈┈┈┈┈┈┈┈┈┈┈┈┈┈┈┈┈┈┈┈┈┈┈┈┈┈┈┈┈┈┈┈┈┈┈┈┈┈┈┈┈┈┈┈┈
[INFO] [stderr] 
[INFO] [stderr] ACTUAL OUTPUT:
[INFO] [stderr] ┈┈┈┈┈┈┈┈┈┈┈┈┈┈┈┈┈┈┈┈┈┈┈┈┈┈┈┈┈┈┈┈┈┈┈┈┈┈┈┈┈┈┈┈┈┈┈┈┈┈┈┈┈┈┈┈┈┈┈┈
[INFO] [stderr] error[E0624]: method `a` is private
[INFO] [stderr]   --> $DIR/20-access-test.rs:14:15
[INFO] [stderr]    |
[INFO] [stderr] 6  |         a: B5,
[INFO] [stderr]    |         - private method defined here
[INFO] [stderr] ...
[INFO] [stderr] 14 |     let _ = c.a();
[INFO] [stderr]    |               ^ private method
[INFO] [stderr] ┈┈┈┈┈┈┈┈┈┈┈┈┈┈┈┈┈┈┈┈┈┈┈┈┈┈┈┈┈┈┈┈┈┈┈┈┈┈┈┈┈┈┈┈┈┈┈┈┈┈┈┈┈┈┈┈┈┈┈┈
[INFO] [stderr] note: If the actual output is the correct output you can bless it by rerunning
[INFO] [stderr]       your test with the environment variable TRYBUILD=overwrite
[INFO] [stderr] 
[INFO] [stderr] test 21-raw-identifiers.rs [should pass] ... ok
[INFO] [stderr] test 22-with-setter.rs [should pass] ... ok
[INFO] [stderr] test 24-primitives-as-specifiers.rs [should pass] ... ok
[INFO] [stderr] test 26-invalid-struct-specifier.rs [should fail to compile] ... ok
[INFO] [stderr] test 27-invalid-union-specifier.rs [should fail to compile] ... ok
[INFO] [stderr] test 28-single-bit-enum.rs [should pass] ... ok
[INFO] [stderr] test 06-enums.rs [should pass] ... ok
[INFO] [stderr] test 07-optional-discriminant.rs [should pass] ... ok
[INFO] [stderr] test 08-non-power-of-two.rs [should fail to compile] ... ok
[INFO] [stderr] test 09-variant-out-of-range.rs [should fail to compile] ... mismatch
[INFO] [stderr] 
[INFO] [stderr] EXPECTED:
[INFO] [stderr] ┈┈┈┈┈┈┈┈┈┈┈┈┈┈┈┈┈┈┈┈┈┈┈┈┈┈┈┈┈┈┈┈┈┈┈┈┈┈┈┈┈┈┈┈┈┈┈┈┈┈┈┈┈┈┈┈┈┈┈┈
[INFO] [stderr] error[E0277]: the trait bound `modular_bitfield::private::checks::False: modular_bitfield::private::checks::DiscriminantInRange` is not satisfied
[INFO] [stderr]    --> $DIR/09-variant-out-of-range.rs:17:5
[INFO] [stderr]     |
[INFO] [stderr] 17  |     External,
[INFO] [stderr]     |     ^^^^^^^^ the trait `modular_bitfield::private::checks::DiscriminantInRange` is not implemented for `modular_bitfield::private::checks::False`
[INFO] [stderr]     |
[INFO] [stderr]    ::: $WORKSPACE/src/private/checks.rs
[INFO] [stderr]     |
[INFO] [stderr]     |     <Self::CheckType as DispatchTrueFalse>::Out: DiscriminantInRange,
[INFO] [stderr]     |                                                  ------------------- required by this bound in `modular_bitfield::private::checks::CheckDiscriminantInRange`
[INFO] [stderr] ┈┈┈┈┈┈┈┈┈┈┈┈┈┈┈┈┈┈┈┈┈┈┈┈┈┈┈┈┈┈┈┈┈┈┈┈┈┈┈┈┈┈┈┈┈┈┈┈┈┈┈┈┈┈┈┈┈┈┈┈
[INFO] [stderr] 
[INFO] [stderr] ACTUAL OUTPUT:
[INFO] [stderr] ┈┈┈┈┈┈┈┈┈┈┈┈┈┈┈┈┈┈┈┈┈┈┈┈┈┈┈┈┈┈┈┈┈┈┈┈┈┈┈┈┈┈┈┈┈┈┈┈┈┈┈┈┈┈┈┈┈┈┈┈
[INFO] [stderr] error[E0277]: the trait bound `False: DiscriminantInRange` is not satisfied
[INFO] [stderr]    --> $DIR/09-variant-out-of-range.rs:17:5
[INFO] [stderr]     |
[INFO] [stderr] 17  |     External,
[INFO] [stderr]     |     ^^^^^^^^ the trait `DiscriminantInRange` is not implemented for `False`
[INFO] [stderr]     |
[INFO] [stderr]     = help: the trait `DiscriminantInRange` is implemented for `True`
[INFO] [stderr] note: required by a bound in `CheckDiscriminantInRange`
[INFO] [stderr]    --> $DIR/checks.rs:132:50
[INFO] [stderr]     |
[INFO] [stderr] 132 |     <Self::CheckType as DispatchTrueFalse>::Out: DiscriminantInRange,
[INFO] [stderr]     |                                                  ^^^^^^^^^^^^^^^^^^^ required by this bound in `CheckDiscriminantInRange`
[INFO] [stderr] ┈┈┈┈┈┈┈┈┈┈┈┈┈┈┈┈┈┈┈┈┈┈┈┈┈┈┈┈┈┈┈┈┈┈┈┈┈┈┈┈┈┈┈┈┈┈┈┈┈┈┈┈┈┈┈┈┈┈┈┈
[INFO] [stderr] note: If the actual output is the correct output you can bless it by rerunning
[INFO] [stderr]       your test with the environment variable TRYBUILD=overwrite
[INFO] [stderr] 
[INFO] [stderr] test no-implicit-prelude.rs [should pass] ... ok
[INFO] [stderr] test no-implicit-prelude-2.rs [should pass] ... ok
[INFO] [stderr] test regression-issue-8.rs [should pass] ... ok
[INFO] [stderr] test deny_elided_lifetime.rs [should pass] ... ok
[INFO] [stderr] 
[INFO] [stderr] WARNINGS:
[INFO] [stderr] ┈┈┈┈┈┈┈┈┈┈┈┈┈┈┈┈┈┈┈┈┈┈┈┈┈┈┈┈┈┈┈┈┈┈┈┈┈┈┈┈┈┈┈┈┈┈┈┈┈┈┈┈┈┈┈┈┈┈┈┈
[INFO] [stderr] warning: unnecessary braces around const expression
[INFO] [stderr]  --> $DIR/deny_elided_lifetime.rs:6:1
[INFO] [stderr]   |
[INFO] [stderr] 6 | #[derive(Debug)]
[INFO] [stderr]   | ^
[INFO] [stderr]   |
[INFO] [stderr]   = note: `#[warn(unused_braces)]` on by default
[INFO] [stderr] ┈┈┈┈┈┈┈┈┈┈┈┈┈┈┈┈┈┈┈┈┈┈┈┈┈┈┈┈┈┈┈┈┈┈┈┈┈┈┈┈┈┈┈┈┈┈┈┈┈┈┈┈┈┈┈┈┈┈┈┈
[INFO] [stderr] 
[INFO] [stderr] STDERR:
[INFO] [stderr] ┈┈┈┈┈┈┈┈┈┈┈┈┈┈┈┈┈┈┈┈┈┈┈┈┈┈┈┈┈┈┈┈┈┈┈┈┈┈┈┈┈┈┈┈┈┈┈┈┈┈┈┈┈┈┈┈┈┈┈┈
[INFO] [stderr] warning: unnecessary braces around const expression
[INFO] [stderr]  --> /opt/rustwide/workdir/tests/regressions/deny_elided_lifetime.rs:6:1
[INFO] [stderr]   |
[INFO] [stderr] 6 | #[derive(Debug)]
[INFO] [stderr]   | ^
[INFO] [stderr]   |
[INFO] [stderr]   = note: `#[warn(unused_braces)]` on by default
[INFO] [stderr] ┈┈┈┈┈┈┈┈┈┈┈┈┈┈┈┈┈┈┈┈┈┈┈┈┈┈┈┈┈┈┈┈┈┈┈┈┈┈┈┈┈┈┈┈┈┈┈┈┈┈┈┈┈┈┈┈┈┈┈┈
[INFO] [stderr] 
[INFO] [stderr] test regression-v0.11.rs [should pass] ... ok
[INFO] [stderr] test invalid_bits_field_attr.rs [should fail to compile] ... ok
[INFO] [stderr] test valid-bitfield.rs [should pass] ... ok
[INFO] [stderr] 
[INFO] [stderr] WARNINGS:
[INFO] [stderr] ┈┈┈┈┈┈┈┈┈┈┈┈┈┈┈┈┈┈┈┈┈┈┈┈┈┈┈┈┈┈┈┈┈┈┈┈┈┈┈┈┈┈┈┈┈┈┈┈┈┈┈┈┈┈┈┈┈┈┈┈
[INFO] [stderr] warning: unnecessary trailing semicolon
[INFO] [stderr]  --> $DIR/valid-bitfield.rs:4:12
[INFO] [stderr]   |
[INFO] [stderr] 4 | #[bitfield(bytes = 4)]
[INFO] [stderr]   |            ^^^^^ help: remove this semicolon
[INFO] [stderr]   |
[INFO] [stderr]   = note: `#[warn(redundant_semicolons)]` on by default
[INFO] [stderr] ┈┈┈┈┈┈┈┈┈┈┈┈┈┈┈┈┈┈┈┈┈┈┈┈┈┈┈┈┈┈┈┈┈┈┈┈┈┈┈┈┈┈┈┈┈┈┈┈┈┈┈┈┈┈┈┈┈┈┈┈
[INFO] [stderr] 
[INFO] [stderr] STDERR:
[INFO] [stderr] ┈┈┈┈┈┈┈┈┈┈┈┈┈┈┈┈┈┈┈┈┈┈┈┈┈┈┈┈┈┈┈┈┈┈┈┈┈┈┈┈┈┈┈┈┈┈┈┈┈┈┈┈┈┈┈┈┈┈┈┈
[INFO] [stderr] warning: unnecessary trailing semicolon
[INFO] [stderr]  --> /opt/rustwide/workdir/tests/bytes-param/valid-bitfield.rs:4:12
[INFO] [stderr]   |
[INFO] [stderr] 4 | #[bitfield(bytes = 4)]
[INFO] [stderr]   |            ^^^^^ help: remove this semicolon
[INFO] [stderr]   |
[INFO] [stderr]   = note: `#[warn(redundant_semicolons)]` on by default
[INFO] [stderr] ┈┈┈┈┈┈┈┈┈┈┈┈┈┈┈┈┈┈┈┈┈┈┈┈┈┈┈┈┈┈┈┈┈┈┈┈┈┈┈┈┈┈┈┈┈┈┈┈┈┈┈┈┈┈┈┈┈┈┈┈
[INFO] [stderr] 
[INFO] [stderr] test valid-specifier-bitfield.rs [should pass] ... ok
[INFO] [stderr] 
[INFO] [stderr] WARNINGS:
[INFO] [stderr] ┈┈┈┈┈┈┈┈┈┈┈┈┈┈┈┈┈┈┈┈┈┈┈┈┈┈┈┈┈┈┈┈┈┈┈┈┈┈┈┈┈┈┈┈┈┈┈┈┈┈┈┈┈┈┈┈┈┈┈┈
[INFO] [stderr] warning: unnecessary trailing semicolon
[INFO] [stderr]  --> $DIR/valid-specifier-bitfield.rs:4:12
[INFO] [stderr]   |
[INFO] [stderr] 4 | #[bitfield(bytes = 2, filled = false)]
[INFO] [stderr]   |            ^^^^^ help: remove this semicolon
[INFO] [stderr]   |
[INFO] [stderr]   = note: `#[warn(redundant_semicolons)]` on by default
[INFO] [stderr] ┈┈┈┈┈┈┈┈┈┈┈┈┈┈┈┈┈┈┈┈┈┈┈┈┈┈┈┈┈┈┈┈┈┈┈┈┈┈┈┈┈┈┈┈┈┈┈┈┈┈┈┈┈┈┈┈┈┈┈┈
[INFO] [stderr] 
[INFO] [stderr] STDERR:
[INFO] [stderr] ┈┈┈┈┈┈┈┈┈┈┈┈┈┈┈┈┈┈┈┈┈┈┈┈┈┈┈┈┈┈┈┈┈┈┈┈┈┈┈┈┈┈┈┈┈┈┈┈┈┈┈┈┈┈┈┈┈┈┈┈
[INFO] [stderr] warning: unnecessary trailing semicolon
[INFO] [stderr]  --> /opt/rustwide/workdir/tests/bytes-param/valid-specifier-bitfield.rs:4:12
[INFO] [stderr]   |
[INFO] [stderr] 4 | #[bitfield(bytes = 2, filled = false)]
[INFO] [stderr]   |            ^^^^^ help: remove this semicolon
[INFO] [stderr]   |
[INFO] [stderr]   = note: `#[warn(redundant_semicolons)]` on by default
[INFO] [stderr] ┈┈┈┈┈┈┈┈┈┈┈┈┈┈┈┈┈┈┈┈┈┈┈┈┈┈┈┈┈┈┈┈┈┈┈┈┈┈┈┈┈┈┈┈┈┈┈┈┈┈┈┈┈┈┈┈┈┈┈┈
[INFO] [stderr] 
[INFO] [stderr] test duplicate-parameters.rs [should fail to compile] ... ok
[INFO] [stderr] test fewer-bytes-than-expected.rs [should fail to compile] ... mismatch
[INFO] [stderr] 
[INFO] [stderr] EXPECTED:
[INFO] [stderr] ┈┈┈┈┈┈┈┈┈┈┈┈┈┈┈┈┈┈┈┈┈┈┈┈┈┈┈┈┈┈┈┈┈┈┈┈┈┈┈┈┈┈┈┈┈┈┈┈┈┈┈┈┈┈┈┈┈┈┈┈
[INFO] [stderr] error[E0512]: cannot transmute between types of different sizes, or dependently-sized types
[INFO] [stderr]  --> $DIR/fewer-bytes-than-expected.rs:4:12
[INFO] [stderr]   |
[INFO] [stderr] 4 | #[bitfield(bytes = 4)]
[INFO] [stderr]   |            ^^^^^
[INFO] [stderr]   |
[INFO] [stderr]   = note: source type: `_::ExpectedBytes` (32 bits)
[INFO] [stderr]   = note: target type: `Base` (24 bits)
[INFO] [stderr]   = note: this error originates in a macro (in Nightly builds, run with -Z macro-backtrace for more info)
[INFO] [stderr] ┈┈┈┈┈┈┈┈┈┈┈┈┈┈┈┈┈┈┈┈┈┈┈┈┈┈┈┈┈┈┈┈┈┈┈┈┈┈┈┈┈┈┈┈┈┈┈┈┈┈┈┈┈┈┈┈┈┈┈┈
[INFO] [stderr] 
[INFO] [stderr] ACTUAL OUTPUT:
[INFO] [stderr] ┈┈┈┈┈┈┈┈┈┈┈┈┈┈┈┈┈┈┈┈┈┈┈┈┈┈┈┈┈┈┈┈┈┈┈┈┈┈┈┈┈┈┈┈┈┈┈┈┈┈┈┈┈┈┈┈┈┈┈┈
[INFO] [stderr] warning: unnecessary trailing semicolon
[INFO] [stderr]  --> $DIR/fewer-bytes-than-expected.rs:4:12
[INFO] [stderr]   |
[INFO] [stderr] 4 | #[bitfield(bytes = 4)]
[INFO] [stderr]   |            ^^^^^ help: remove this semicolon
[INFO] [stderr]   |
[INFO] [stderr]   = note: `#[warn(redundant_semicolons)]` on by default
[INFO] [stderr] 
[INFO] [stderr] error[E0512]: cannot transmute between types of different sizes, or dependently-sized types
[INFO] [stderr]  --> $DIR/fewer-bytes-than-expected.rs:4:12
[INFO] [stderr]   |
[INFO] [stderr] 4 | #[bitfield(bytes = 4)]
[INFO] [stderr]   |            ^^^^^
[INFO] [stderr]   |
[INFO] [stderr]   = note: source type: `ExpectedBytes` (32 bits)
[INFO] [stderr]   = note: target type: `Base` (24 bits)
[INFO] [stderr]   = note: this error originates in the macro `::modular_bitfield::private::static_assertions::assert_eq_size` (in Nightly builds, run with -Z macro-backtrace for more info)
[INFO] [stderr] ┈┈┈┈┈┈┈┈┈┈┈┈┈┈┈┈┈┈┈┈┈┈┈┈┈┈┈┈┈┈┈┈┈┈┈┈┈┈┈┈┈┈┈┈┈┈┈┈┈┈┈┈┈┈┈┈┈┈┈┈
[INFO] [stderr] note: If the actual output is the correct output you can bless it by rerunning
[INFO] [stderr]       your test with the environment variable TRYBUILD=overwrite
[INFO] [stderr] 
[INFO] [stderr] test more-bytes-than-expected.rs [should fail to compile] ... mismatch
[INFO] [stderr] 
[INFO] [stderr] EXPECTED:
[INFO] [stderr] ┈┈┈┈┈┈┈┈┈┈┈┈┈┈┈┈┈┈┈┈┈┈┈┈┈┈┈┈┈┈┈┈┈┈┈┈┈┈┈┈┈┈┈┈┈┈┈┈┈┈┈┈┈┈┈┈┈┈┈┈
[INFO] [stderr] error[E0512]: cannot transmute between types of different sizes, or dependently-sized types
[INFO] [stderr]  --> $DIR/more-bytes-than-expected.rs:4:12
[INFO] [stderr]   |
[INFO] [stderr] 4 | #[bitfield(bytes = 4)]
[INFO] [stderr]   |            ^^^^^
[INFO] [stderr]   |
[INFO] [stderr]   = note: source type: `_::ExpectedBytes` (32 bits)
[INFO] [stderr]   = note: target type: `Base` (48 bits)
[INFO] [stderr]   = note: this error originates in a macro (in Nightly builds, run with -Z macro-backtrace for more info)
[INFO] [stderr] ┈┈┈┈┈┈┈┈┈┈┈┈┈┈┈┈┈┈┈┈┈┈┈┈┈┈┈┈┈┈┈┈┈┈┈┈┈┈┈┈┈┈┈┈┈┈┈┈┈┈┈┈┈┈┈┈┈┈┈┈
[INFO] [stderr] 
[INFO] [stderr] ACTUAL OUTPUT:
[INFO] [stderr] ┈┈┈┈┈┈┈┈┈┈┈┈┈┈┈┈┈┈┈┈┈┈┈┈┈┈┈┈┈┈┈┈┈┈┈┈┈┈┈┈┈┈┈┈┈┈┈┈┈┈┈┈┈┈┈┈┈┈┈┈
[INFO] [stderr] warning: unnecessary trailing semicolon
[INFO] [stderr]  --> $DIR/more-bytes-than-expected.rs:4:12
[INFO] [stderr]   |
[INFO] [stderr] 4 | #[bitfield(bytes = 4)]
[INFO] [stderr]   |            ^^^^^ help: remove this semicolon
[INFO] [stderr]   |
[INFO] [stderr]   = note: `#[warn(redundant_semicolons)]` on by default
[INFO] [stderr] 
[INFO] [stderr] error[E0512]: cannot transmute between types of different sizes, or dependently-sized types
[INFO] [stderr]  --> $DIR/more-bytes-than-expected.rs:4:12
[INFO] [stderr]   |
[INFO] [stderr] 4 | #[bitfield(bytes = 4)]
[INFO] [stderr]   |            ^^^^^
[INFO] [stderr]   |
[INFO] [stderr]   = note: source type: `ExpectedBytes` (32 bits)
[INFO] [stderr]   = note: target type: `Base` (48 bits)
[INFO] [stderr]   = note: this error originates in the macro `::modular_bitfield::private::static_assertions::assert_eq_size` (in Nightly builds, run with -Z macro-backtrace for more info)
[INFO] [stderr] ┈┈┈┈┈┈┈┈┈┈┈┈┈┈┈┈┈┈┈┈┈┈┈┈┈┈┈┈┈┈┈┈┈┈┈┈┈┈┈┈┈┈┈┈┈┈┈┈┈┈┈┈┈┈┈┈┈┈┈┈
[INFO] [stderr] note: If the actual output is the correct output you can bless it by rerunning
[INFO] [stderr]       your test with the environment variable TRYBUILD=overwrite
[INFO] [stderr] 
[INFO] [stderr] test invalid-int-value.rs [should fail to compile] ... ok
[INFO] [stderr] test invalid-type.rs [should fail to compile] ... ok
[INFO] [stderr] test valid-bitfield-1.rs [should pass] ... ok
[INFO] [stderr] test valid-bitfield-2.rs [should pass] ... ok
[INFO] [stderr] test valid-bitfield-specifier-1.rs [should pass] ... ok
[INFO] [stderr] test valid-bitfield-specifier-2.rs [should pass] ... ok
[INFO] [stderr] test duplicate-parameters.rs [should fail to compile] ... ok
[INFO] [stderr] test invalid-bool-value.rs [should fail to compile] ... ok
[INFO] [stderr] test invalid-specified-as-filled.rs [should fail to compile] ... mismatch
[INFO] [stderr] 
[INFO] [stderr] EXPECTED:
[INFO] [stderr] ┈┈┈┈┈┈┈┈┈┈┈┈┈┈┈┈┈┈┈┈┈┈┈┈┈┈┈┈┈┈┈┈┈┈┈┈┈┈┈┈┈┈┈┈┈┈┈┈┈┈┈┈┈┈┈┈┈┈┈┈
[INFO] [stderr] error[E0277]: the trait bound `modular_bitfield::private::checks::SevenMod8: modular_bitfield::private::checks::TotalSizeIsMultipleOfEightBits` is not satisfied
[INFO] [stderr]   --> $DIR/invalid-specified-as-filled.rs:5:1
[INFO] [stderr]    |
[INFO] [stderr] 5  | pub struct UnfilledBitfield {
[INFO] [stderr]    | ^^^ the trait `modular_bitfield::private::checks::TotalSizeIsMultipleOfEightBits` is not implemented for `modular_bitfield::private::checks::SevenMod8`
[INFO] [stderr]    |
[INFO] [stderr]   ::: $WORKSPACE/src/private/checks.rs
[INFO] [stderr]    |
[INFO] [stderr]    |     <Self::Size as RenameSizeType>::CheckType: TotalSizeIsMultipleOfEightBits,
[INFO] [stderr]    |                                                ------------------------------ required by this bound in `modular_bitfield::private::checks::CheckTotalSizeMultipleOf8`
[INFO] [stderr] ┈┈┈┈┈┈┈┈┈┈┈┈┈┈┈┈┈┈┈┈┈┈┈┈┈┈┈┈┈┈┈┈┈┈┈┈┈┈┈┈┈┈┈┈┈┈┈┈┈┈┈┈┈┈┈┈┈┈┈┈
[INFO] [stderr] 
[INFO] [stderr] ACTUAL OUTPUT:
[INFO] [stderr] ┈┈┈┈┈┈┈┈┈┈┈┈┈┈┈┈┈┈┈┈┈┈┈┈┈┈┈┈┈┈┈┈┈┈┈┈┈┈┈┈┈┈┈┈┈┈┈┈┈┈┈┈┈┈┈┈┈┈┈┈
[INFO] [stderr] error[E0277]: the trait bound `SevenMod8: TotalSizeIsMultipleOfEightBits` is not satisfied
[INFO] [stderr]   --> $DIR/invalid-specified-as-filled.rs:5:1
[INFO] [stderr]    |
[INFO] [stderr] 5  | pub struct UnfilledBitfield {
[INFO] [stderr]    | ^^^ the trait `TotalSizeIsMultipleOfEightBits` is not implemented for `SevenMod8`
[INFO] [stderr]    |
[INFO] [stderr]    = help: the trait `TotalSizeIsMultipleOfEightBits` is implemented for `ZeroMod8`
[INFO] [stderr] note: required by a bound in `CheckTotalSizeMultipleOf8`
[INFO] [stderr]   --> $DIR/checks.rs:69:48
[INFO] [stderr]    |
[INFO] [stderr] 69 |     <Self::Size as RenameSizeType>::CheckType: TotalSizeIsMultipleOfEightBits,
[INFO] [stderr]    |                                                ^^^^^^^^^^^^^^^^^^^^^^^^^^^^^^ required by this bound in `CheckTotalSizeMultipleOf8`
[INFO] [stderr] ┈┈┈┈┈┈┈┈┈┈┈┈┈┈┈┈┈┈┈┈┈┈┈┈┈┈┈┈┈┈┈┈┈┈┈┈┈┈┈┈┈┈┈┈┈┈┈┈┈┈┈┈┈┈┈┈┈┈┈┈
[INFO] [stderr] note: If the actual output is the correct output you can bless it by rerunning
[INFO] [stderr]       your test with the environment variable TRYBUILD=overwrite
[INFO] [stderr] 
[INFO] [stderr] test invalid-specified-as-unfilled.rs [should fail to compile] ... mismatch
[INFO] [stderr] 
[INFO] [stderr] EXPECTED:
[INFO] [stderr] ┈┈┈┈┈┈┈┈┈┈┈┈┈┈┈┈┈┈┈┈┈┈┈┈┈┈┈┈┈┈┈┈┈┈┈┈┈┈┈┈┈┈┈┈┈┈┈┈┈┈┈┈┈┈┈┈┈┈┈┈
[INFO] [stderr] error[E0277]: the trait bound `modular_bitfield::private::checks::ZeroMod8: modular_bitfield::private::checks::TotalSizeIsNotMultipleOfEightBits` is not satisfied
[INFO] [stderr]   --> $DIR/invalid-specified-as-unfilled.rs:5:1
[INFO] [stderr]    |
[INFO] [stderr] 5  | pub struct UnfilledBitfield {
[INFO] [stderr]    | ^^^ the trait `modular_bitfield::private::checks::TotalSizeIsNotMultipleOfEightBits` is not implemented for `modular_bitfield::private::checks::ZeroMod8`
[INFO] [stderr]    |
[INFO] [stderr]   ::: $WORKSPACE/src/private/checks.rs
[INFO] [stderr]    |
[INFO] [stderr]    |     <Self::Size as RenameSizeType>::CheckType: TotalSizeIsNotMultipleOfEightBits,
[INFO] [stderr]    |                                                --------------------------------- required by this bound in `modular_bitfield::private::checks::CheckTotalSizeIsNotMultipleOf8`
[INFO] [stderr] ┈┈┈┈┈┈┈┈┈┈┈┈┈┈┈┈┈┈┈┈┈┈┈┈┈┈┈┈┈┈┈┈┈┈┈┈┈┈┈┈┈┈┈┈┈┈┈┈┈┈┈┈┈┈┈┈┈┈┈┈
[INFO] [stderr] 
[INFO] [stderr] ACTUAL OUTPUT:
[INFO] [stderr] ┈┈┈┈┈┈┈┈┈┈┈┈┈┈┈┈┈┈┈┈┈┈┈┈┈┈┈┈┈┈┈┈┈┈┈┈┈┈┈┈┈┈┈┈┈┈┈┈┈┈┈┈┈┈┈┈┈┈┈┈
[INFO] [stderr] error[E0277]: the trait bound `ZeroMod8: TotalSizeIsNotMultipleOfEightBits` is not satisfied
[INFO] [stderr]   --> $DIR/invalid-specified-as-unfilled.rs:5:1
[INFO] [stderr]    |
[INFO] [stderr] 5  | pub struct UnfilledBitfield {
[INFO] [stderr]    | ^^^ the trait `TotalSizeIsNotMultipleOfEightBits` is not implemented for `ZeroMod8`
[INFO] [stderr]    |
[INFO] [stderr]    = help: the following other types implement trait `TotalSizeIsNotMultipleOfEightBits`:
[INFO] [stderr]              FiveMod8
[INFO] [stderr]              FourMod8
[INFO] [stderr]              OneMod8
[INFO] [stderr]              SevenMod8
[INFO] [stderr]              SixMod8
[INFO] [stderr]              ThreeMod8
[INFO] [stderr]              TwoMod8
[INFO] [stderr] note: required by a bound in `CheckTotalSizeIsNotMultipleOf8`
[INFO] [stderr]   --> $DIR/checks.rs:78:48
[INFO] [stderr]    |
[INFO] [stderr] 78 |     <Self::Size as RenameSizeType>::CheckType: TotalSizeIsNotMultipleOfEightBits,
[INFO] [stderr]    |                                                ^^^^^^^^^^^^^^^^^^^^^^^^^^^^^^^^^ required by this bound in `CheckTotalSizeIsNotMultipleOf8`
[INFO] [stderr] ┈┈┈┈┈┈┈┈┈┈┈┈┈┈┈┈┈┈┈┈┈┈┈┈┈┈┈┈┈┈┈┈┈┈┈┈┈┈┈┈┈┈┈┈┈┈┈┈┈┈┈┈┈┈┈┈┈┈┈┈
[INFO] [stderr] note: If the actual output is the correct output you can bless it by rerunning
[INFO] [stderr]       your test with the environment variable TRYBUILD=overwrite
[INFO] [stderr] 
[INFO] [stderr] test valid-use.rs [should pass] ... ok
[INFO] [stderr] 
[INFO] [stderr] WARNINGS:
[INFO] [stderr] ┈┈┈┈┈┈┈┈┈┈┈┈┈┈┈┈┈┈┈┈┈┈┈┈┈┈┈┈┈┈┈┈┈┈┈┈┈┈┈┈┈┈┈┈┈┈┈┈┈┈┈┈┈┈┈┈┈┈┈┈
[INFO] [stderr] warning: unnecessary braces around const expression
[INFO] [stderr]  --> $DIR/valid-use.rs:4:1
[INFO] [stderr]   |
[INFO] [stderr] 4 | #[repr(u32)]
[INFO] [stderr]   | ^
[INFO] [stderr]   |
[INFO] [stderr]   = note: `#[warn(unused_braces)]` on by default
[INFO] [stderr] ┈┈┈┈┈┈┈┈┈┈┈┈┈┈┈┈┈┈┈┈┈┈┈┈┈┈┈┈┈┈┈┈┈┈┈┈┈┈┈┈┈┈┈┈┈┈┈┈┈┈┈┈┈┈┈┈┈┈┈┈
[INFO] [stderr] 
[INFO] [stderr] STDERR:
[INFO] [stderr] ┈┈┈┈┈┈┈┈┈┈┈┈┈┈┈┈┈┈┈┈┈┈┈┈┈┈┈┈┈┈┈┈┈┈┈┈┈┈┈┈┈┈┈┈┈┈┈┈┈┈┈┈┈┈┈┈┈┈┈┈
[INFO] [stderr] warning: unnecessary braces around const expression
[INFO] [stderr]  --> /opt/rustwide/workdir/tests/repr/valid-use.rs:4:1
[INFO] [stderr]   |
[INFO] [stderr] 4 | #[repr(u32)]
[INFO] [stderr]   | ^
[INFO] [stderr]   |
[INFO] [stderr]   = note: `#[warn(unused_braces)]` on by default
[INFO] [stderr] ┈┈┈┈┈┈┈┈┈┈┈┈┈┈┈┈┈┈┈┈┈┈┈┈┈┈┈┈┈┈┈┈┈┈┈┈┈┈┈┈┈┈┈┈┈┈┈┈┈┈┈┈┈┈┈┈┈┈┈┈
[INFO] [stderr] 
[INFO] [stderr] test valid-cond-use.rs [should pass] ... ok
[INFO] [stderr] 
[INFO] [stderr] WARNINGS:
[INFO] [stderr] ┈┈┈┈┈┈┈┈┈┈┈┈┈┈┈┈┈┈┈┈┈┈┈┈┈┈┈┈┈┈┈┈┈┈┈┈┈┈┈┈┈┈┈┈┈┈┈┈┈┈┈┈┈┈┈┈┈┈┈┈
[INFO] [stderr] warning: unnecessary braces around const expression
[INFO] [stderr]  --> $DIR/valid-cond-use.rs:4:1
[INFO] [stderr]   |
[INFO] [stderr] 4 | #[cfg_attr(not(feature = "unknown"), repr(u32))]
[INFO] [stderr]   | ^
[INFO] [stderr]   |
[INFO] [stderr]   = note: `#[warn(unused_braces)]` on by default
[INFO] [stderr] ┈┈┈┈┈┈┈┈┈┈┈┈┈┈┈┈┈┈┈┈┈┈┈┈┈┈┈┈┈┈┈┈┈┈┈┈┈┈┈┈┈┈┈┈┈┈┈┈┈┈┈┈┈┈┈┈┈┈┈┈
[INFO] [stderr] 
[INFO] [stderr] STDERR:
[INFO] [stderr] ┈┈┈┈┈┈┈┈┈┈┈┈┈┈┈┈┈┈┈┈┈┈┈┈┈┈┈┈┈┈┈┈┈┈┈┈┈┈┈┈┈┈┈┈┈┈┈┈┈┈┈┈┈┈┈┈┈┈┈┈
[INFO] [stderr] warning: unnecessary braces around const expression
[INFO] [stderr]  --> /opt/rustwide/workdir/tests/repr/valid-cond-use.rs:4:1
[INFO] [stderr]   |
[INFO] [stderr] 4 | #[cfg_attr(not(feature = "unknown"), repr(u32))]
[INFO] [stderr]   | ^
[INFO] [stderr]   |
[INFO] [stderr]   = note: `#[warn(unused_braces)]` on by default
[INFO] [stderr] ┈┈┈┈┈┈┈┈┈┈┈┈┈┈┈┈┈┈┈┈┈┈┈┈┈┈┈┈┈┈┈┈┈┈┈┈┈┈┈┈┈┈┈┈┈┈┈┈┈┈┈┈┈┈┈┈┈┈┈┈
[INFO] [stderr] 
[INFO] [stderr] test complex-use.rs [should pass] ... ok
[INFO] [stderr] 
[INFO] [stderr] WARNINGS:
[INFO] [stderr] ┈┈┈┈┈┈┈┈┈┈┈┈┈┈┈┈┈┈┈┈┈┈┈┈┈┈┈┈┈┈┈┈┈┈┈┈┈┈┈┈┈┈┈┈┈┈┈┈┈┈┈┈┈┈┈┈┈┈┈┈
[INFO] [stderr] warning: unnecessary braces around const expression
[INFO] [stderr]  --> $DIR/complex-use.rs:4:1
[INFO] [stderr]   |
[INFO] [stderr] 4 | #[repr(u32)]
[INFO] [stderr]   | ^
[INFO] [stderr]   |
[INFO] [stderr]   = note: `#[warn(unused_braces)]` on by default
[INFO] [stderr] ┈┈┈┈┈┈┈┈┈┈┈┈┈┈┈┈┈┈┈┈┈┈┈┈┈┈┈┈┈┈┈┈┈┈┈┈┈┈┈┈┈┈┈┈┈┈┈┈┈┈┈┈┈┈┈┈┈┈┈┈
[INFO] [stderr] 
[INFO] [stderr] STDERR:
[INFO] [stderr] ┈┈┈┈┈┈┈┈┈┈┈┈┈┈┈┈┈┈┈┈┈┈┈┈┈┈┈┈┈┈┈┈┈┈┈┈┈┈┈┈┈┈┈┈┈┈┈┈┈┈┈┈┈┈┈┈┈┈┈┈
[INFO] [stderr] warning: unnecessary braces around const expression
[INFO] [stderr]  --> /opt/rustwide/workdir/tests/repr/complex-use.rs:4:1
[INFO] [stderr]   |
[INFO] [stderr] 4 | #[repr(u32)]
[INFO] [stderr]   | ^
[INFO] [stderr]   |
[INFO] [stderr]   = note: `#[warn(unused_braces)]` on by default
[INFO] [stderr] ┈┈┈┈┈┈┈┈┈┈┈┈┈┈┈┈┈┈┈┈┈┈┈┈┈┈┈┈┈┈┈┈┈┈┈┈┈┈┈┈┈┈┈┈┈┈┈┈┈┈┈┈┈┈┈┈┈┈┈┈
[INFO] [stderr] 
[INFO] [stderr] test multiple-valid-reprs-1.rs [should pass] ... ok
[INFO] [stderr] 
[INFO] [stderr] WARNINGS:
[INFO] [stderr] ┈┈┈┈┈┈┈┈┈┈┈┈┈┈┈┈┈┈┈┈┈┈┈┈┈┈┈┈┈┈┈┈┈┈┈┈┈┈┈┈┈┈┈┈┈┈┈┈┈┈┈┈┈┈┈┈┈┈┈┈
[INFO] [stderr] warning: unnecessary braces around const expression
[INFO] [stderr]  --> $DIR/multiple-valid-reprs-1.rs:4:1
[INFO] [stderr]   |
[INFO] [stderr] 4 | #[repr(C, u32)] // The macro simply ignores `repr(C)`
[INFO] [stderr]   | ^
[INFO] [stderr]   |
[INFO] [stderr]   = note: `#[warn(unused_braces)]` on by default
[INFO] [stderr] ┈┈┈┈┈┈┈┈┈┈┈┈┈┈┈┈┈┈┈┈┈┈┈┈┈┈┈┈┈┈┈┈┈┈┈┈┈┈┈┈┈┈┈┈┈┈┈┈┈┈┈┈┈┈┈┈┈┈┈┈
[INFO] [stderr] 
[INFO] [stderr] STDERR:
[INFO] [stderr] ┈┈┈┈┈┈┈┈┈┈┈┈┈┈┈┈┈┈┈┈┈┈┈┈┈┈┈┈┈┈┈┈┈┈┈┈┈┈┈┈┈┈┈┈┈┈┈┈┈┈┈┈┈┈┈┈┈┈┈┈
[INFO] [stderr] warning: unnecessary braces around const expression
[INFO] [stderr]  --> /opt/rustwide/workdir/tests/repr/multiple-valid-reprs-1.rs:4:1
[INFO] [stderr]   |
[INFO] [stderr] 4 | #[repr(C, u32)] // The macro simply ignores `repr(C)`
[INFO] [stderr]   | ^
[INFO] [stderr]   |
[INFO] [stderr]   = note: `#[warn(unused_braces)]` on by default
[INFO] [stderr] ┈┈┈┈┈┈┈┈┈┈┈┈┈┈┈┈┈┈┈┈┈┈┈┈┈┈┈┈┈┈┈┈┈┈┈┈┈┈┈┈┈┈┈┈┈┈┈┈┈┈┈┈┈┈┈┈┈┈┈┈
[INFO] [stderr] 
[INFO] [stderr] test multiple-valid-reprs-2.rs [should pass] ... ok
[INFO] [stderr] 
[INFO] [stderr] WARNINGS:
[INFO] [stderr] ┈┈┈┈┈┈┈┈┈┈┈┈┈┈┈┈┈┈┈┈┈┈┈┈┈┈┈┈┈┈┈┈┈┈┈┈┈┈┈┈┈┈┈┈┈┈┈┈┈┈┈┈┈┈┈┈┈┈┈┈
[INFO] [stderr] warning: unnecessary braces around const expression
[INFO] [stderr]  --> $DIR/multiple-valid-reprs-2.rs:4:1
[INFO] [stderr]   |
[INFO] [stderr] 4 | #[repr(u32)]
[INFO] [stderr]   | ^
[INFO] [stderr]   |
[INFO] [stderr]   = note: `#[warn(unused_braces)]` on by default
[INFO] [stderr] ┈┈┈┈┈┈┈┈┈┈┈┈┈┈┈┈┈┈┈┈┈┈┈┈┈┈┈┈┈┈┈┈┈┈┈┈┈┈┈┈┈┈┈┈┈┈┈┈┈┈┈┈┈┈┈┈┈┈┈┈
[INFO] [stderr] 
[INFO] [stderr] STDERR:
[INFO] [stderr] ┈┈┈┈┈┈┈┈┈┈┈┈┈┈┈┈┈┈┈┈┈┈┈┈┈┈┈┈┈┈┈┈┈┈┈┈┈┈┈┈┈┈┈┈┈┈┈┈┈┈┈┈┈┈┈┈┈┈┈┈
[INFO] [stderr] warning: unnecessary braces around const expression
[INFO] [stderr]  --> /opt/rustwide/workdir/tests/repr/multiple-valid-reprs-2.rs:4:1
[INFO] [stderr]   |
[INFO] [stderr] 4 | #[repr(u32)]
[INFO] [stderr]   | ^
[INFO] [stderr]   |
[INFO] [stderr]   = note: `#[warn(unused_braces)]` on by default
[INFO] [stderr] ┈┈┈┈┈┈┈┈┈┈┈┈┈┈┈┈┈┈┈┈┈┈┈┈┈┈┈┈┈┈┈┈┈┈┈┈┈┈┈┈┈┈┈┈┈┈┈┈┈┈┈┈┈┈┈┈┈┈┈┈
[INFO] [stderr] 
[INFO] [stderr] test duplicate-repr-1.rs [should fail to compile] ... ok
[INFO] [stderr] test duplicate-repr-2.rs [should fail to compile] ... ok
[INFO] [stderr] test duplicate-repr-3.rs [should fail to compile] ... ok
[INFO] [stderr] test invalid-repr-1.rs [should fail to compile] ... mismatch
[INFO] [stderr] 
[INFO] [stderr] EXPECTED:
[INFO] [stderr] ┈┈┈┈┈┈┈┈┈┈┈┈┈┈┈┈┈┈┈┈┈┈┈┈┈┈┈┈┈┈┈┈┈┈┈┈┈┈┈┈┈┈┈┈┈┈┈┈┈┈┈┈┈┈┈┈┈┈┈┈
[INFO] [stderr] error[E0552]: unrecognized representation hint
[INFO] [stderr]  --> $DIR/invalid-repr-1.rs:4:8
[INFO] [stderr]   |
[INFO] [stderr] 4 | #[repr(invalid)]
[INFO] [stderr]   |        ^^^^^^^
[INFO] [stderr] ┈┈┈┈┈┈┈┈┈┈┈┈┈┈┈┈┈┈┈┈┈┈┈┈┈┈┈┈┈┈┈┈┈┈┈┈┈┈┈┈┈┈┈┈┈┈┈┈┈┈┈┈┈┈┈┈┈┈┈┈
[INFO] [stderr] 
[INFO] [stderr] ACTUAL OUTPUT:
[INFO] [stderr] ┈┈┈┈┈┈┈┈┈┈┈┈┈┈┈┈┈┈┈┈┈┈┈┈┈┈┈┈┈┈┈┈┈┈┈┈┈┈┈┈┈┈┈┈┈┈┈┈┈┈┈┈┈┈┈┈┈┈┈┈
[INFO] [stderr] error[E0552]: unrecognized representation hint
[INFO] [stderr]  --> $DIR/invalid-repr-1.rs:4:8
[INFO] [stderr]   |
[INFO] [stderr] 4 | #[repr(invalid)]
[INFO] [stderr]   |        ^^^^^^^
[INFO] [stderr]   |
[INFO] [stderr]   = help: valid reprs are `C`, `align`, `packed`, `transparent`, `simd`, `i8`, `u8`, `i16`, `u16`, `i32`, `u32`, `i64`, `u64`, `i128`, `u128`, `isize`, `usize`
[INFO] [stderr] ┈┈┈┈┈┈┈┈┈┈┈┈┈┈┈┈┈┈┈┈┈┈┈┈┈┈┈┈┈┈┈┈┈┈┈┈┈┈┈┈┈┈┈┈┈┈┈┈┈┈┈┈┈┈┈┈┈┈┈┈
[INFO] [stderr] note: If the actual output is the correct output you can bless it by rerunning
[INFO] [stderr]       your test with the environment variable TRYBUILD=overwrite
[INFO] [stderr] 
[INFO] [stderr] test invalid-repr-2.rs [should fail to compile] ... mismatch
[INFO] [stderr] 
[INFO] [stderr] EXPECTED:
[INFO] [stderr] ┈┈┈┈┈┈┈┈┈┈┈┈┈┈┈┈┈┈┈┈┈┈┈┈┈┈┈┈┈┈┈┈┈┈┈┈┈┈┈┈┈┈┈┈┈┈┈┈┈┈┈┈┈┈┈┈┈┈┈┈
[INFO] [stderr] error[E0552]: unrecognized representation hint
[INFO] [stderr]  --> $DIR/invalid-repr-2.rs:4:43
[INFO] [stderr]   |
[INFO] [stderr] 4 | #[cfg_attr(not(feature = "unknown"), repr(invalid))]
[INFO] [stderr]   |                                           ^^^^^^^
[INFO] [stderr] ┈┈┈┈┈┈┈┈┈┈┈┈┈┈┈┈┈┈┈┈┈┈┈┈┈┈┈┈┈┈┈┈┈┈┈┈┈┈┈┈┈┈┈┈┈┈┈┈┈┈┈┈┈┈┈┈┈┈┈┈
[INFO] [stderr] 
[INFO] [stderr] ACTUAL OUTPUT:
[INFO] [stderr] ┈┈┈┈┈┈┈┈┈┈┈┈┈┈┈┈┈┈┈┈┈┈┈┈┈┈┈┈┈┈┈┈┈┈┈┈┈┈┈┈┈┈┈┈┈┈┈┈┈┈┈┈┈┈┈┈┈┈┈┈
[INFO] [stderr] error[E0552]: unrecognized representation hint
[INFO] [stderr]  --> $DIR/invalid-repr-2.rs:4:43
[INFO] [stderr]   |
[INFO] [stderr] 4 | #[cfg_attr(not(feature = "unknown"), repr(invalid))]
[INFO] [stderr]   |                                           ^^^^^^^
[INFO] [stderr]   |
[INFO] [stderr]   = help: valid reprs are `C`, `align`, `packed`, `transparent`, `simd`, `i8`, `u8`, `i16`, `u16`, `i32`, `u32`, `i64`, `u64`, `i128`, `u128`, `isize`, `usize`
[INFO] [stderr] ┈┈┈┈┈┈┈┈┈┈┈┈┈┈┈┈┈┈┈┈┈┈┈┈┈┈┈┈┈┈┈┈┈┈┈┈┈┈┈┈┈┈┈┈┈┈┈┈┈┈┈┈┈┈┈┈┈┈┈┈
[INFO] [stderr] note: If the actual output is the correct output you can bless it by rerunning
[INFO] [stderr]       your test with the environment variable TRYBUILD=overwrite
[INFO] [stderr] 
[INFO] [stderr] test invalid-repr-width-1.rs [should fail to compile] ... mismatch
[INFO] [stderr] 
[INFO] [stderr] EXPECTED:
[INFO] [stderr] ┈┈┈┈┈┈┈┈┈┈┈┈┈┈┈┈┈┈┈┈┈┈┈┈┈┈┈┈┈┈┈┈┈┈┈┈┈┈┈┈┈┈┈┈┈┈┈┈┈┈┈┈┈┈┈┈┈┈┈┈
[INFO] [stderr] error[E0277]: the trait bound `[(); 32]: modular_bitfield::private::IsU16Compatible` is not satisfied
[INFO] [stderr]  --> $DIR/invalid-repr-width-1.rs:4:8
[INFO] [stderr]   |
[INFO] [stderr] 4 | #[repr(u16)] // Too few bits!
[INFO] [stderr]   |        ^^^ the trait `modular_bitfield::private::IsU16Compatible` is not implemented for `[(); 32]`
[INFO] [stderr]   |
[INFO] [stderr]   = help: the following implementations were found:
[INFO] [stderr]             <[(); 16] as modular_bitfield::private::IsU16Compatible>
[INFO] [stderr]   = help: see issue #48214
[INFO] [stderr] ┈┈┈┈┈┈┈┈┈┈┈┈┈┈┈┈┈┈┈┈┈┈┈┈┈┈┈┈┈┈┈┈┈┈┈┈┈┈┈┈┈┈┈┈┈┈┈┈┈┈┈┈┈┈┈┈┈┈┈┈
[INFO] [stderr] 
[INFO] [stderr] ACTUAL OUTPUT:
[INFO] [stderr] ┈┈┈┈┈┈┈┈┈┈┈┈┈┈┈┈┈┈┈┈┈┈┈┈┈┈┈┈┈┈┈┈┈┈┈┈┈┈┈┈┈┈┈┈┈┈┈┈┈┈┈┈┈┈┈┈┈┈┈┈
[INFO] [stderr] warning: unnecessary braces around const expression
[INFO] [stderr]  --> $DIR/invalid-repr-width-1.rs:4:1
[INFO] [stderr]   |
[INFO] [stderr] 4 | #[repr(u16)] // Too few bits!
[INFO] [stderr]   | ^
[INFO] [stderr]   |
[INFO] [stderr]   = note: `#[warn(unused_braces)]` on by default
[INFO] [stderr] 
[INFO] [stderr] error[E0277]: the trait bound `[(); 32]: IsU16Compatible` is not satisfied
[INFO] [stderr]  --> $DIR/invalid-repr-width-1.rs:3:1
[INFO] [stderr]   |
[INFO] [stderr] 3 | #[bitfield]
[INFO] [stderr]   | ^^^^^^^^^^^ the trait `IsU16Compatible` is not implemented for `[(); 32]`
[INFO] [stderr]   |
[INFO] [stderr]   = help: the trait `IsU16Compatible` is implemented for `[(); 16]`
[INFO] [stderr]   = help: see issue #48214
[INFO] [stderr]   = note: this error originates in the attribute macro `bitfield` (in Nightly builds, run with -Z macro-backtrace for more info)
[INFO] [stderr] ┈┈┈┈┈┈┈┈┈┈┈┈┈┈┈┈┈┈┈┈┈┈┈┈┈┈┈┈┈┈┈┈┈┈┈┈┈┈┈┈┈┈┈┈┈┈┈┈┈┈┈┈┈┈┈┈┈┈┈┈
[INFO] [stderr] note: If the actual output is the correct output you can bless it by rerunning
[INFO] [stderr]       your test with the environment variable TRYBUILD=overwrite
[INFO] [stderr] 
[INFO] [stderr] test invalid-repr-width-2.rs [should fail to compile] ... mismatch
[INFO] [stderr] 
[INFO] [stderr] EXPECTED:
[INFO] [stderr] ┈┈┈┈┈┈┈┈┈┈┈┈┈┈┈┈┈┈┈┈┈┈┈┈┈┈┈┈┈┈┈┈┈┈┈┈┈┈┈┈┈┈┈┈┈┈┈┈┈┈┈┈┈┈┈┈┈┈┈┈
[INFO] [stderr] error[E0277]: the trait bound `[(); 32]: modular_bitfield::private::IsU64Compatible` is not satisfied
[INFO] [stderr]  --> $DIR/invalid-repr-width-2.rs:4:8
[INFO] [stderr]   |
[INFO] [stderr] 4 | #[repr(u64)] // Too many bits!
[INFO] [stderr]   |        ^^^ the trait `modular_bitfield::private::IsU64Compatible` is not implemented for `[(); 32]`
[INFO] [stderr]   |
[INFO] [stderr]   = help: the following implementations were found:
[INFO] [stderr]             <[(); 64] as modular_bitfield::private::IsU64Compatible>
[INFO] [stderr]   = help: see issue #48214
[INFO] [stderr] ┈┈┈┈┈┈┈┈┈┈┈┈┈┈┈┈┈┈┈┈┈┈┈┈┈┈┈┈┈┈┈┈┈┈┈┈┈┈┈┈┈┈┈┈┈┈┈┈┈┈┈┈┈┈┈┈┈┈┈┈
[INFO] [stderr] 
[INFO] [stderr] ACTUAL OUTPUT:
[INFO] [stderr] ┈┈┈┈┈┈┈┈┈┈┈┈┈┈┈┈┈┈┈┈┈┈┈┈┈┈┈┈┈┈┈┈┈┈┈┈┈┈┈┈┈┈┈┈┈┈┈┈┈┈┈┈┈┈┈┈┈┈┈┈
[INFO] [stderr] warning: unnecessary braces around const expression
[INFO] [stderr]  --> $DIR/invalid-repr-width-2.rs:4:1
[INFO] [stderr]   |
[INFO] [stderr] 4 | #[repr(u64)] // Too many bits!
[INFO] [stderr]   | ^
[INFO] [stderr]   |
[INFO] [stderr]   = note: `#[warn(unused_braces)]` on by default
[INFO] [stderr] 
[INFO] [stderr] error[E0277]: the trait bound `[(); 32]: IsU64Compatible` is not satisfied
[INFO] [stderr]  --> $DIR/invalid-repr-width-2.rs:3:1
[INFO] [stderr]   |
[INFO] [stderr] 3 | #[bitfield]
[INFO] [stderr]   | ^^^^^^^^^^^ the trait `IsU64Compatible` is not implemented for `[(); 32]`
[INFO] [stderr]   |
[INFO] [stderr]   = help: the trait `IsU64Compatible` is implemented for `[(); 64]`
[INFO] [stderr]   = help: see issue #48214
[INFO] [stderr]   = note: this error originates in the attribute macro `bitfield` (in Nightly builds, run with -Z macro-backtrace for more info)
[INFO] [stderr] ┈┈┈┈┈┈┈┈┈┈┈┈┈┈┈┈┈┈┈┈┈┈┈┈┈┈┈┈┈┈┈┈┈┈┈┈┈┈┈┈┈┈┈┈┈┈┈┈┈┈┈┈┈┈┈┈┈┈┈┈
[INFO] [stderr] note: If the actual output is the correct output you can bless it by rerunning
[INFO] [stderr]       your test with the environment variable TRYBUILD=overwrite
[INFO] [stderr] 
[INFO] [stderr] test conflicting-ignored-reprs.rs [should fail to compile] ... mismatch
[INFO] [stderr] 
[INFO] [stderr] EXPECTED:
[INFO] [stderr] ┈┈┈┈┈┈┈┈┈┈┈┈┈┈┈┈┈┈┈┈┈┈┈┈┈┈┈┈┈┈┈┈┈┈┈┈┈┈┈┈┈┈┈┈┈┈┈┈┈┈┈┈┈┈┈┈┈┈┈┈
[INFO] [stderr] error[E0692]: transparent struct cannot have other repr hints
[INFO] [stderr]  --> $DIR/conflicting-ignored-reprs.rs:4:8
[INFO] [stderr]   |
[INFO] [stderr] 4 | #[repr(C, transparent, u32)] // The macro simply ignores `repr(C)` and `repr(transparent)`
[INFO] [stderr]   |        ^  ^^^^^^^^^^^
[INFO] [stderr] ┈┈┈┈┈┈┈┈┈┈┈┈┈┈┈┈┈┈┈┈┈┈┈┈┈┈┈┈┈┈┈┈┈┈┈┈┈┈┈┈┈┈┈┈┈┈┈┈┈┈┈┈┈┈┈┈┈┈┈┈
[INFO] [stderr] 
[INFO] [stderr] ACTUAL OUTPUT:
[INFO] [stderr] ┈┈┈┈┈┈┈┈┈┈┈┈┈┈┈┈┈┈┈┈┈┈┈┈┈┈┈┈┈┈┈┈┈┈┈┈┈┈┈┈┈┈┈┈┈┈┈┈┈┈┈┈┈┈┈┈┈┈┈┈
[INFO] [stderr] warning: unnecessary braces around const expression
[INFO] [stderr]  --> $DIR/conflicting-ignored-reprs.rs:4:1
[INFO] [stderr]   |
[INFO] [stderr] 4 | #[repr(C, transparent, u32)] // The macro simply ignores `repr(C)` and `repr(transparent)`
[INFO] [stderr]   | ^
[INFO] [stderr]   |
[INFO] [stderr]   = note: `#[warn(unused_braces)]` on by default
[INFO] [stderr] 
[INFO] [stderr] error[E0692]: transparent struct cannot have other repr hints
[INFO] [stderr]  --> $DIR/conflicting-ignored-reprs.rs:4:8
[INFO] [stderr]   |
[INFO] [stderr] 4 | #[repr(C, transparent, u32)] // The macro simply ignores `repr(C)` and `repr(transparent)`
[INFO] [stderr]   |        ^  ^^^^^^^^^^^
[INFO] [stderr] ┈┈┈┈┈┈┈┈┈┈┈┈┈┈┈┈┈┈┈┈┈┈┈┈┈┈┈┈┈┈┈┈┈┈┈┈┈┈┈┈┈┈┈┈┈┈┈┈┈┈┈┈┈┈┈┈┈┈┈┈
[INFO] [stderr] note: If the actual output is the correct output you can bless it by rerunning
[INFO] [stderr]       your test with the environment variable TRYBUILD=overwrite
[INFO] [stderr] 
[INFO] [stderr] test invalid-repr-unfilled.rs [should fail to compile] ... mismatch
[INFO] [stderr] 
[INFO] [stderr] EXPECTED:
[INFO] [stderr] ┈┈┈┈┈┈┈┈┈┈┈┈┈┈┈┈┈┈┈┈┈┈┈┈┈┈┈┈┈┈┈┈┈┈┈┈┈┈┈┈┈┈┈┈┈┈┈┈┈┈┈┈┈┈┈┈┈┈┈┈
[INFO] [stderr] error: encountered conflicting `#[repr(u32)]` and `filled = false` parameters
[INFO] [stderr]  --> $DIR/invalid-repr-unfilled.rs:3:1
[INFO] [stderr]   |
[INFO] [stderr] 3 | #[bitfield(filled = false)]
[INFO] [stderr]   | ^^^^^^^^^^^^^^^^^^^^^^^^^^^
[INFO] [stderr]   |
[INFO] [stderr]   = note: this error originates in an attribute macro (in Nightly builds, run with -Z macro-backtrace for more info)
[INFO] [stderr] 
[INFO] [stderr] error: conflicting `#[repr(u32)]` here
[INFO] [stderr]  --> $DIR/invalid-repr-unfilled.rs:4:8
[INFO] [stderr]   |
[INFO] [stderr] 4 | #[repr(u32)]
[INFO] [stderr]   |        ^^^
[INFO] [stderr] 
[INFO] [stderr] error: conflicting `filled = false` here
[INFO] [stderr]  --> $DIR/invalid-repr-unfilled.rs:3:12
[INFO] [stderr]   |
[INFO] [stderr] 3 | #[bitfield(filled = false)]
[INFO] [stderr]   |            ^^^^^^
[INFO] [stderr] ┈┈┈┈┈┈┈┈┈┈┈┈┈┈┈┈┈┈┈┈┈┈┈┈┈┈┈┈┈┈┈┈┈┈┈┈┈┈┈┈┈┈┈┈┈┈┈┈┈┈┈┈┈┈┈┈┈┈┈┈
[INFO] [stderr] 
[INFO] [stderr] ACTUAL OUTPUT:
[INFO] [stderr] ┈┈┈┈┈┈┈┈┈┈┈┈┈┈┈┈┈┈┈┈┈┈┈┈┈┈┈┈┈┈┈┈┈┈┈┈┈┈┈┈┈┈┈┈┈┈┈┈┈┈┈┈┈┈┈┈┈┈┈┈
[INFO] [stderr] error: encountered conflicting `#[repr(u32)]` and `filled = false` parameters
[INFO] [stderr]  --> $DIR/invalid-repr-unfilled.rs:3:1
[INFO] [stderr]   |
[INFO] [stderr] 3 | #[bitfield(filled = false)]
[INFO] [stderr]   | ^^^^^^^^^^^^^^^^^^^^^^^^^^^
[INFO] [stderr]   |
[INFO] [stderr]   = note: this error originates in the attribute macro `bitfield` (in Nightly builds, run with -Z macro-backtrace for more info)
[INFO] [stderr] 
[INFO] [stderr] error: conflicting `#[repr(u32)]` here
[INFO] [stderr]  --> $DIR/invalid-repr-unfilled.rs:4:8
[INFO] [stderr]   |
[INFO] [stderr] 4 | #[repr(u32)]
[INFO] [stderr]   |        ^^^
[INFO] [stderr] 
[INFO] [stderr] error: conflicting `filled = false` here
[INFO] [stderr]  --> $DIR/invalid-repr-unfilled.rs:3:12
[INFO] [stderr]   |
[INFO] [stderr] 3 | #[bitfield(filled = false)]
[INFO] [stderr]   |            ^^^^^^
[INFO] [stderr] ┈┈┈┈┈┈┈┈┈┈┈┈┈┈┈┈┈┈┈┈┈┈┈┈┈┈┈┈┈┈┈┈┈┈┈┈┈┈┈┈┈┈┈┈┈┈┈┈┈┈┈┈┈┈┈┈┈┈┈┈
[INFO] [stderr] note: If the actual output is the correct output you can bless it by rerunning
[INFO] [stderr]       your test with the environment variable TRYBUILD=overwrite
[INFO] [stderr] 
[INFO] [stderr] test valid-use.rs [should pass] ... ok
[INFO] [stderr] test valid-use-2.rs [should pass] ... ok
[INFO] [stderr] test valid-use-specifier.rs [should pass] ... ok
[INFO] [stderr] test print-invalid-bits.rs [should pass] ... ok
[INFO] [stderr] test respects-other-derives.rs [should pass] ... ok
[INFO] [stderr] test duplicate-derive-debug.rs [should fail to compile] ... ok
[INFO] [stderr] test duplicate-derive-debug-2.rs [should fail to compile] ... ok
[INFO] [stderr] test skip-default.rs [should pass] ... ok
[INFO] [stdout] test tests has been running for over 60 seconds
[INFO] [stderr] test skip-getters-and-setters-1.rs [should pass] ... ok
[INFO] [stderr] test skip-getters-and-setters-2.rs [should pass] ... ok
[INFO] [stderr] test skip-with-debug.rs [should pass] ... ok
[INFO] [stderr] test double_wildcards-1.rs [should pass] ... ok
[INFO] [stderr] test double_wildcards-2.rs [should pass] ... ok
[INFO] [stderr] test skip-getters.rs [should pass] ... ok
[INFO] [stderr] test skip-setters.rs [should pass] ... ok
[INFO] [stderr] test invalid-specifier.rs [should fail to compile] ... ok
[INFO] [stderr] test duplicate-attr.rs [should fail to compile] ... ok
[INFO] [stderr] test duplicate-specifier.rs [should fail to compile] ... ok
[INFO] [stderr] test use-skipped-getter-1.rs [should fail to compile] ... mismatch
[INFO] [stderr] 
[INFO] [stderr] EXPECTED:
[INFO] [stderr] ┈┈┈┈┈┈┈┈┈┈┈┈┈┈┈┈┈┈┈┈┈┈┈┈┈┈┈┈┈┈┈┈┈┈┈┈┈┈┈┈┈┈┈┈┈┈┈┈┈┈┈┈┈┈┈┈┈┈┈┈
[INFO] [stderr] error[E0599]: no method named `unused_1` found for struct `Sparse` in the current scope
[INFO] [stderr]   --> $DIR/use-skipped-getter-1.rs:14:23
[INFO] [stderr]    |
[INFO] [stderr] 4  | / #[derive(Debug)]
[INFO] [stderr] 5  | | pub struct Sparse {
[INFO] [stderr]    | |___- method `unused_1` not found for this
[INFO] [stderr] ...
[INFO] [stderr] 14 |       assert_eq!(sparse.unused_1(), 0); // ERROR!
[INFO] [stderr]    |                         ^^^^^^^^ method not found in `Sparse`
[INFO] [stderr] ┈┈┈┈┈┈┈┈┈┈┈┈┈┈┈┈┈┈┈┈┈┈┈┈┈┈┈┈┈┈┈┈┈┈┈┈┈┈┈┈┈┈┈┈┈┈┈┈┈┈┈┈┈┈┈┈┈┈┈┈
[INFO] [stderr] 
[INFO] [stderr] ACTUAL OUTPUT:
[INFO] [stderr] ┈┈┈┈┈┈┈┈┈┈┈┈┈┈┈┈┈┈┈┈┈┈┈┈┈┈┈┈┈┈┈┈┈┈┈┈┈┈┈┈┈┈┈┈┈┈┈┈┈┈┈┈┈┈┈┈┈┈┈┈
[INFO] [stderr] error[E0599]: no method named `unused_1` found for struct `Sparse` in the current scope
[INFO] [stderr]   --> $DIR/use-skipped-getter-1.rs:14:23
[INFO] [stderr]    |
[INFO] [stderr] 4  | / #[derive(Debug)]
[INFO] [stderr] 5  | | pub struct Sparse {
[INFO] [stderr]    | |___- method `unused_1` not found for this struct
[INFO] [stderr] ...
[INFO] [stderr] 14 |       assert_eq!(sparse.unused_1(), 0); // ERROR!
[INFO] [stderr]    |                         ^^^^^^^^ help: there is a method with a similar name: `set_unused_1`
[INFO] [stderr] ┈┈┈┈┈┈┈┈┈┈┈┈┈┈┈┈┈┈┈┈┈┈┈┈┈┈┈┈┈┈┈┈┈┈┈┈┈┈┈┈┈┈┈┈┈┈┈┈┈┈┈┈┈┈┈┈┈┈┈┈
[INFO] [stderr] note: If the actual output is the correct output you can bless it by rerunning
[INFO] [stderr]       your test with the environment variable TRYBUILD=overwrite
[INFO] [stderr] 
[INFO] [stderr] test use-skipped-getter-2.rs [should fail to compile] ... mismatch
[INFO] [stderr] 
[INFO] [stderr] EXPECTED:
[INFO] [stderr] ┈┈┈┈┈┈┈┈┈┈┈┈┈┈┈┈┈┈┈┈┈┈┈┈┈┈┈┈┈┈┈┈┈┈┈┈┈┈┈┈┈┈┈┈┈┈┈┈┈┈┈┈┈┈┈┈┈┈┈┈
[INFO] [stderr] error[E0599]: no method named `unused_1` found for struct `Sparse` in the current scope
[INFO] [stderr]   --> $DIR/use-skipped-getter-2.rs:13:23
[INFO] [stderr]    |
[INFO] [stderr] 4  | / #[derive(Debug)]
[INFO] [stderr] 5  | | pub struct Sparse {
[INFO] [stderr]    | |___- method `unused_1` not found for this
[INFO] [stderr] ...
[INFO] [stderr] 13 |       assert_eq!(sparse.unused_1(), 0xFE); // ERROR!
[INFO] [stderr]    |                         ^^^^^^^^ method not found in `Sparse`
[INFO] [stderr] ┈┈┈┈┈┈┈┈┈┈┈┈┈┈┈┈┈┈┈┈┈┈┈┈┈┈┈┈┈┈┈┈┈┈┈┈┈┈┈┈┈┈┈┈┈┈┈┈┈┈┈┈┈┈┈┈┈┈┈┈
[INFO] [stderr] 
[INFO] [stderr] ACTUAL OUTPUT:
[INFO] [stderr] ┈┈┈┈┈┈┈┈┈┈┈┈┈┈┈┈┈┈┈┈┈┈┈┈┈┈┈┈┈┈┈┈┈┈┈┈┈┈┈┈┈┈┈┈┈┈┈┈┈┈┈┈┈┈┈┈┈┈┈┈
[INFO] [stderr] error[E0599]: no method named `unused_1` found for struct `Sparse` in the current scope
[INFO] [stderr]   --> $DIR/use-skipped-getter-2.rs:13:23
[INFO] [stderr]    |
[INFO] [stderr] 4  | / #[derive(Debug)]
[INFO] [stderr] 5  | | pub struct Sparse {
[INFO] [stderr]    | |___- method `unused_1` not found for this struct
[INFO] [stderr] ...
[INFO] [stderr] 13 |       assert_eq!(sparse.unused_1(), 0xFE); // ERROR!
[INFO] [stderr]    |                         ^^^^^^^^ method not found in `Sparse`
[INFO] [stderr] ┈┈┈┈┈┈┈┈┈┈┈┈┈┈┈┈┈┈┈┈┈┈┈┈┈┈┈┈┈┈┈┈┈┈┈┈┈┈┈┈┈┈┈┈┈┈┈┈┈┈┈┈┈┈┈┈┈┈┈┈
[INFO] [stderr] note: If the actual output is the correct output you can bless it by rerunning
[INFO] [stderr]       your test with the environment variable TRYBUILD=overwrite
[INFO] [stderr] 
[INFO] [stderr] test use-skipped-getter-3.rs [should fail to compile] ... mismatch
[INFO] [stderr] 
[INFO] [stderr] EXPECTED:
[INFO] [stderr] ┈┈┈┈┈┈┈┈┈┈┈┈┈┈┈┈┈┈┈┈┈┈┈┈┈┈┈┈┈┈┈┈┈┈┈┈┈┈┈┈┈┈┈┈┈┈┈┈┈┈┈┈┈┈┈┈┈┈┈┈
[INFO] [stderr] error[E0599]: no method named `unused_1` found for struct `Sparse` in the current scope
[INFO] [stderr]   --> $DIR/use-skipped-getter-3.rs:13:23
[INFO] [stderr]    |
[INFO] [stderr] 4  | / #[derive(Debug)]
[INFO] [stderr] 5  | | pub struct Sparse {
[INFO] [stderr]    | |___- method `unused_1` not found for this
[INFO] [stderr] ...
[INFO] [stderr] 13 |       assert_eq!(sparse.unused_1(), 0xFE); // ERROR!
[INFO] [stderr]    |                         ^^^^^^^^ method not found in `Sparse`
[INFO] [stderr] ┈┈┈┈┈┈┈┈┈┈┈┈┈┈┈┈┈┈┈┈┈┈┈┈┈┈┈┈┈┈┈┈┈┈┈┈┈┈┈┈┈┈┈┈┈┈┈┈┈┈┈┈┈┈┈┈┈┈┈┈
[INFO] [stderr] 
[INFO] [stderr] ACTUAL OUTPUT:
[INFO] [stderr] ┈┈┈┈┈┈┈┈┈┈┈┈┈┈┈┈┈┈┈┈┈┈┈┈┈┈┈┈┈┈┈┈┈┈┈┈┈┈┈┈┈┈┈┈┈┈┈┈┈┈┈┈┈┈┈┈┈┈┈┈
[INFO] [stderr] error[E0599]: no method named `unused_1` found for struct `Sparse` in the current scope
[INFO] [stderr]   --> $DIR/use-skipped-getter-3.rs:13:23
[INFO] [stderr]    |
[INFO] [stderr] 4  | / #[derive(Debug)]
[INFO] [stderr] 5  | | pub struct Sparse {
[INFO] [stderr]    | |___- method `unused_1` not found for this struct
[INFO] [stderr] ...
[INFO] [stderr] 13 |       assert_eq!(sparse.unused_1(), 0xFE); // ERROR!
[INFO] [stderr]    |                         ^^^^^^^^ method not found in `Sparse`
[INFO] [stderr] ┈┈┈┈┈┈┈┈┈┈┈┈┈┈┈┈┈┈┈┈┈┈┈┈┈┈┈┈┈┈┈┈┈┈┈┈┈┈┈┈┈┈┈┈┈┈┈┈┈┈┈┈┈┈┈┈┈┈┈┈
[INFO] [stderr] note: If the actual output is the correct output you can bless it by rerunning
[INFO] [stderr]       your test with the environment variable TRYBUILD=overwrite
[INFO] [stderr] 
[INFO] [stderr] test use-skipped-setter-1.rs [should fail to compile] ... mismatch
[INFO] [stderr] 
[INFO] [stderr] EXPECTED:
[INFO] [stderr] ┈┈┈┈┈┈┈┈┈┈┈┈┈┈┈┈┈┈┈┈┈┈┈┈┈┈┈┈┈┈┈┈┈┈┈┈┈┈┈┈┈┈┈┈┈┈┈┈┈┈┈┈┈┈┈┈┈┈┈┈
[INFO] [stderr] error[E0599]: no method named `set_unused_1` found for struct `Sparse` in the current scope
[INFO] [stderr]   --> $DIR/use-skipped-setter-1.rs:14:12
[INFO] [stderr]    |
[INFO] [stderr] 4  | / #[derive(Debug)]
[INFO] [stderr] 5  | | pub struct Sparse {
[INFO] [stderr]    | |___- method `set_unused_1` not found for this
[INFO] [stderr] ...
[INFO] [stderr] 14 |       sparse.set_unused_1(0b11_1111_1111); // ERROR!
[INFO] [stderr]    |              ^^^^^^^^^^^^ help: there is an associated function with a similar name: `unused_1`
[INFO] [stderr] ┈┈┈┈┈┈┈┈┈┈┈┈┈┈┈┈┈┈┈┈┈┈┈┈┈┈┈┈┈┈┈┈┈┈┈┈┈┈┈┈┈┈┈┈┈┈┈┈┈┈┈┈┈┈┈┈┈┈┈┈
[INFO] [stderr] 
[INFO] [stderr] ACTUAL OUTPUT:
[INFO] [stderr] ┈┈┈┈┈┈┈┈┈┈┈┈┈┈┈┈┈┈┈┈┈┈┈┈┈┈┈┈┈┈┈┈┈┈┈┈┈┈┈┈┈┈┈┈┈┈┈┈┈┈┈┈┈┈┈┈┈┈┈┈
[INFO] [stderr] error[E0599]: no method named `set_unused_1` found for struct `Sparse` in the current scope
[INFO] [stderr]   --> $DIR/use-skipped-setter-1.rs:14:12
[INFO] [stderr]    |
[INFO] [stderr] 4  | / #[derive(Debug)]
[INFO] [stderr] 5  | | pub struct Sparse {
[INFO] [stderr]    | |___- method `set_unused_1` not found for this struct
[INFO] [stderr] ...
[INFO] [stderr] 14 |       sparse.set_unused_1(0b11_1111_1111); // ERROR!
[INFO] [stderr]    |              ^^^^^^^^^^^^ help: there is a method with a similar name: `unused_1`
[INFO] [stderr] ┈┈┈┈┈┈┈┈┈┈┈┈┈┈┈┈┈┈┈┈┈┈┈┈┈┈┈┈┈┈┈┈┈┈┈┈┈┈┈┈┈┈┈┈┈┈┈┈┈┈┈┈┈┈┈┈┈┈┈┈
[INFO] [stderr] note: If the actual output is the correct output you can bless it by rerunning
[INFO] [stderr]       your test with the environment variable TRYBUILD=overwrite
[INFO] [stderr] 
[INFO] [stderr] test use-skipped-setter-2.rs [should fail to compile] ... mismatch
[INFO] [stderr] 
[INFO] [stderr] EXPECTED:
[INFO] [stderr] ┈┈┈┈┈┈┈┈┈┈┈┈┈┈┈┈┈┈┈┈┈┈┈┈┈┈┈┈┈┈┈┈┈┈┈┈┈┈┈┈┈┈┈┈┈┈┈┈┈┈┈┈┈┈┈┈┈┈┈┈
[INFO] [stderr] error[E0599]: no method named `set_unused_1` found for struct `Sparse` in the current scope
[INFO] [stderr]   --> $DIR/use-skipped-setter-2.rs:13:12
[INFO] [stderr]    |
[INFO] [stderr] 4  | / #[derive(Debug)]
[INFO] [stderr] 5  | | pub struct Sparse {
[INFO] [stderr]    | |___- method `set_unused_1` not found for this
[INFO] [stderr] ...
[INFO] [stderr] 13 |       sparse.set_unused_1(0); // ERROR!
[INFO] [stderr]    |              ^^^^^^^^^^^^ method not found in `Sparse`
[INFO] [stderr] ┈┈┈┈┈┈┈┈┈┈┈┈┈┈┈┈┈┈┈┈┈┈┈┈┈┈┈┈┈┈┈┈┈┈┈┈┈┈┈┈┈┈┈┈┈┈┈┈┈┈┈┈┈┈┈┈┈┈┈┈
[INFO] [stderr] 
[INFO] [stderr] ACTUAL OUTPUT:
[INFO] [stderr] ┈┈┈┈┈┈┈┈┈┈┈┈┈┈┈┈┈┈┈┈┈┈┈┈┈┈┈┈┈┈┈┈┈┈┈┈┈┈┈┈┈┈┈┈┈┈┈┈┈┈┈┈┈┈┈┈┈┈┈┈
[INFO] [stderr] error[E0599]: no method named `set_unused_1` found for struct `Sparse` in the current scope
[INFO] [stderr]   --> $DIR/use-skipped-setter-2.rs:13:12
[INFO] [stderr]    |
[INFO] [stderr] 4  | / #[derive(Debug)]
[INFO] [stderr] 5  | | pub struct Sparse {
[INFO] [stderr]    | |___- method `set_unused_1` not found for this struct
[INFO] [stderr] ...
[INFO] [stderr] 13 |       sparse.set_unused_1(0); // ERROR!
[INFO] [stderr]    |              ^^^^^^^^^^^^ method not found in `Sparse`
[INFO] [stderr] ┈┈┈┈┈┈┈┈┈┈┈┈┈┈┈┈┈┈┈┈┈┈┈┈┈┈┈┈┈┈┈┈┈┈┈┈┈┈┈┈┈┈┈┈┈┈┈┈┈┈┈┈┈┈┈┈┈┈┈┈
[INFO] [stderr] note: If the actual output is the correct output you can bless it by rerunning
[INFO] [stderr]       your test with the environment variable TRYBUILD=overwrite
[INFO] [stderr] 
[INFO] [stderr] test use-skipped-setter-3.rs [should fail to compile] ... mismatch
[INFO] [stderr] 
[INFO] [stderr] EXPECTED:
[INFO] [stderr] ┈┈┈┈┈┈┈┈┈┈┈┈┈┈┈┈┈┈┈┈┈┈┈┈┈┈┈┈┈┈┈┈┈┈┈┈┈┈┈┈┈┈┈┈┈┈┈┈┈┈┈┈┈┈┈┈┈┈┈┈
[INFO] [stderr] error[E0599]: no method named `set_unused_1` found for struct `Sparse` in the current scope
[INFO] [stderr]   --> $DIR/use-skipped-setter-3.rs:13:12
[INFO] [stderr]    |
[INFO] [stderr] 4  | / #[derive(Debug)]
[INFO] [stderr] 5  | | pub struct Sparse {
[INFO] [stderr]    | |___- method `set_unused_1` not found for this
[INFO] [stderr] ...
[INFO] [stderr] 13 |       sparse.set_unused_1(0); // ERROR!
[INFO] [stderr]    |              ^^^^^^^^^^^^ method not found in `Sparse`
[INFO] [stderr] ┈┈┈┈┈┈┈┈┈┈┈┈┈┈┈┈┈┈┈┈┈┈┈┈┈┈┈┈┈┈┈┈┈┈┈┈┈┈┈┈┈┈┈┈┈┈┈┈┈┈┈┈┈┈┈┈┈┈┈┈
[INFO] [stderr] 
[INFO] [stderr] ACTUAL OUTPUT:
[INFO] [stderr] ┈┈┈┈┈┈┈┈┈┈┈┈┈┈┈┈┈┈┈┈┈┈┈┈┈┈┈┈┈┈┈┈┈┈┈┈┈┈┈┈┈┈┈┈┈┈┈┈┈┈┈┈┈┈┈┈┈┈┈┈
[INFO] [stderr] error[E0599]: no method named `set_unused_1` found for struct `Sparse` in the current scope
[INFO] [stderr]   --> $DIR/use-skipped-setter-3.rs:13:12
[INFO] [stderr]    |
[INFO] [stderr] 4  | / #[derive(Debug)]
[INFO] [stderr] 5  | | pub struct Sparse {
[INFO] [stderr]    | |___- method `set_unused_1` not found for this struct
[INFO] [stderr] ...
[INFO] [stderr] 13 |       sparse.set_unused_1(0); // ERROR!
[INFO] [stderr]    |              ^^^^^^^^^^^^ method not found in `Sparse`
[INFO] [stderr] ┈┈┈┈┈┈┈┈┈┈┈┈┈┈┈┈┈┈┈┈┈┈┈┈┈┈┈┈┈┈┈┈┈┈┈┈┈┈┈┈┈┈┈┈┈┈┈┈┈┈┈┈┈┈┈┈┈┈┈┈
[INFO] [stderr] note: If the actual output is the correct output you can bless it by rerunning
[INFO] [stderr]       your test with the environment variable TRYBUILD=overwrite
[INFO] [stderr] 
[INFO] [stderr] test duplicate-getters-1.rs [should fail to compile] ... ok
[INFO] [stderr] test duplicate-getters-2.rs [should fail to compile] ... ok
[INFO] [stderr] test duplicate-getters-3.rs [should fail to compile] ... ok
[INFO] [stderr] test duplicate-setters-1.rs [should fail to compile] ... ok
[INFO] [stderr] test duplicate-setters-2.rs [should fail to compile] ... ok
[INFO] [stderr] test duplicate-setters-3.rs [should fail to compile] ... ok
[INFO] [stderr] test valid-use.rs [should pass] ... ok
[INFO] [stderr] test struct-in-struct.rs [should pass] ... ok
[INFO] [stderr] test unfilled-from-bytes.rs [should pass] ... ok
[INFO] [stderr] test out-of-bounds.rs [should fail to compile] ... mismatch
[INFO] [stderr] 
[INFO] [stderr] EXPECTED:
[INFO] [stderr] ┈┈┈┈┈┈┈┈┈┈┈┈┈┈┈┈┈┈┈┈┈┈┈┈┈┈┈┈┈┈┈┈┈┈┈┈┈┈┈┈┈┈┈┈┈┈┈┈┈┈┈┈┈┈┈┈┈┈┈┈
[INFO] [stderr] error[E0277]: the trait bound `modular_bitfield::private::checks::False: modular_bitfield::private::checks::SpecifierHasAtMost128Bits` is not satisfied
[INFO] [stderr]    --> $DIR/out-of-bounds.rs:4:1
[INFO] [stderr]     |
[INFO] [stderr] 4   | #[derive(BitfieldSpecifier, Debug)]
[INFO] [stderr]     | ^^^^^^^^^^^^^^^^^^^^^^^^^^^^^^^^^^^ the trait `modular_bitfield::private::checks::SpecifierHasAtMost128Bits` is not implemented for `modular_bitfield::private::checks::False`
[INFO] [stderr]     |
[INFO] [stderr]    ::: $WORKSPACE/src/private/checks.rs
[INFO] [stderr]     |
[INFO] [stderr]     |     <Self::CheckType as DispatchTrueFalse>::Out: SpecifierHasAtMost128Bits,
[INFO] [stderr]     |                                                  ------------------------- required by this bound in `modular_bitfield::private::checks::CheckSpecifierHasAtMost128Bits`
[INFO] [stderr] ┈┈┈┈┈┈┈┈┈┈┈┈┈┈┈┈┈┈┈┈┈┈┈┈┈┈┈┈┈┈┈┈┈┈┈┈┈┈┈┈┈┈┈┈┈┈┈┈┈┈┈┈┈┈┈┈┈┈┈┈
[INFO] [stderr] 
[INFO] [stderr] ACTUAL OUTPUT:
[INFO] [stderr] ┈┈┈┈┈┈┈┈┈┈┈┈┈┈┈┈┈┈┈┈┈┈┈┈┈┈┈┈┈┈┈┈┈┈┈┈┈┈┈┈┈┈┈┈┈┈┈┈┈┈┈┈┈┈┈┈┈┈┈┈
[INFO] [stderr] error[E0277]: the trait bound `False: SpecifierHasAtMost128Bits` is not satisfied
[INFO] [stderr]    --> $DIR/out-of-bounds.rs:4:1
[INFO] [stderr]     |
[INFO] [stderr] 4   | #[derive(BitfieldSpecifier, Debug)]
[INFO] [stderr]     | ^ the trait `SpecifierHasAtMost128Bits` is not implemented for `False`
[INFO] [stderr]     |
[INFO] [stderr]     = help: the trait `SpecifierHasAtMost128Bits` is implemented for `True`
[INFO] [stderr] note: required by a bound in `CheckSpecifierHasAtMost128Bits`
[INFO] [stderr]    --> $DIR/checks.rs:141:50
[INFO] [stderr]     |
[INFO] [stderr] 141 |     <Self::CheckType as DispatchTrueFalse>::Out: SpecifierHasAtMost128Bits,
[INFO] [stderr]     |                                                  ^^^^^^^^^^^^^^^^^^^^^^^^^ required by this bound in `CheckSpecifierHasAtMost128Bits`
[INFO] [stderr] ┈┈┈┈┈┈┈┈┈┈┈┈┈┈┈┈┈┈┈┈┈┈┈┈┈┈┈┈┈┈┈┈┈┈┈┈┈┈┈┈┈┈┈┈┈┈┈┈┈┈┈┈┈┈┈┈┈┈┈┈
[INFO] [stderr] note: If the actual output is the correct output you can bless it by rerunning
[INFO] [stderr]       your test with the environment variable TRYBUILD=overwrite
[INFO] [stderr] 
[INFO] [stderr] test duplicate-derive-1.rs [should fail to compile] ... ok
[INFO] [stderr] test duplicate-derive-2.rs [should fail to compile] ... ok
[INFO] [stderr] test valid-use-1.rs [should pass] ... ok
[INFO] [stderr] test valid-use-2.rs [should pass] ... ok
[INFO] [stderr] test valid-use-3.rs [should pass] ... ok
[INFO] [stderr] 
[INFO] [stderr] WARNINGS:
[INFO] [stderr] ┈┈┈┈┈┈┈┈┈┈┈┈┈┈┈┈┈┈┈┈┈┈┈┈┈┈┈┈┈┈┈┈┈┈┈┈┈┈┈┈┈┈┈┈┈┈┈┈┈┈┈┈┈┈┈┈┈┈┈┈
[INFO] [stderr] warning: unnecessary trailing semicolon
[INFO] [stderr]  --> $DIR/valid-use-3.rs:3:23
[INFO] [stderr]   |
[INFO] [stderr] 3 | #[bitfield(bits = 32, bytes = 4)]
[INFO] [stderr]   |                       ^^^^^ help: remove this semicolon
[INFO] [stderr]   |
[INFO] [stderr]   = note: `#[warn(redundant_semicolons)]` on by default
[INFO] [stderr] ┈┈┈┈┈┈┈┈┈┈┈┈┈┈┈┈┈┈┈┈┈┈┈┈┈┈┈┈┈┈┈┈┈┈┈┈┈┈┈┈┈┈┈┈┈┈┈┈┈┈┈┈┈┈┈┈┈┈┈┈
[INFO] [stderr] 
[INFO] [stderr] STDERR:
[INFO] [stderr] ┈┈┈┈┈┈┈┈┈┈┈┈┈┈┈┈┈┈┈┈┈┈┈┈┈┈┈┈┈┈┈┈┈┈┈┈┈┈┈┈┈┈┈┈┈┈┈┈┈┈┈┈┈┈┈┈┈┈┈┈
[INFO] [stderr] warning: unnecessary trailing semicolon
[INFO] [stderr]  --> /opt/rustwide/workdir/tests/bits-param/valid-use-3.rs:3:23
[INFO] [stderr]   |
[INFO] [stderr] 3 | #[bitfield(bits = 32, bytes = 4)]
[INFO] [stderr]   |                       ^^^^^ help: remove this semicolon
[INFO] [stderr]   |
[INFO] [stderr]   = note: `#[warn(redundant_semicolons)]` on by default
[INFO] [stderr] ┈┈┈┈┈┈┈┈┈┈┈┈┈┈┈┈┈┈┈┈┈┈┈┈┈┈┈┈┈┈┈┈┈┈┈┈┈┈┈┈┈┈┈┈┈┈┈┈┈┈┈┈┈┈┈┈┈┈┈┈
[INFO] [stderr] 
[INFO] [stderr] test valid-use-4.rs [should pass] ... ok
[INFO] [stderr] 
[INFO] [stderr] WARNINGS:
[INFO] [stderr] ┈┈┈┈┈┈┈┈┈┈┈┈┈┈┈┈┈┈┈┈┈┈┈┈┈┈┈┈┈┈┈┈┈┈┈┈┈┈┈┈┈┈┈┈┈┈┈┈┈┈┈┈┈┈┈┈┈┈┈┈
[INFO] [stderr] warning: unnecessary trailing semicolon
[INFO] [stderr]  --> $DIR/valid-use-4.rs:3:23
[INFO] [stderr]   |
[INFO] [stderr] 3 | #[bitfield(bits = 32, bytes = 4)]
[INFO] [stderr]   |                       ^^^^^ help: remove this semicolon
[INFO] [stderr]   |
[INFO] [stderr]   = note: `#[warn(redundant_semicolons)]` on by default
[INFO] [stderr] ┈┈┈┈┈┈┈┈┈┈┈┈┈┈┈┈┈┈┈┈┈┈┈┈┈┈┈┈┈┈┈┈┈┈┈┈┈┈┈┈┈┈┈┈┈┈┈┈┈┈┈┈┈┈┈┈┈┈┈┈
[INFO] [stderr] 
[INFO] [stderr] STDERR:
[INFO] [stderr] ┈┈┈┈┈┈┈┈┈┈┈┈┈┈┈┈┈┈┈┈┈┈┈┈┈┈┈┈┈┈┈┈┈┈┈┈┈┈┈┈┈┈┈┈┈┈┈┈┈┈┈┈┈┈┈┈┈┈┈┈
[INFO] [stderr] warning: unnecessary trailing semicolon
[INFO] [stderr]  --> /opt/rustwide/workdir/tests/bits-param/valid-use-4.rs:3:23
[INFO] [stderr]   |
[INFO] [stderr] 3 | #[bitfield(bits = 32, bytes = 4)]
[INFO] [stderr]   |                       ^^^^^ help: remove this semicolon
[INFO] [stderr]   |
[INFO] [stderr]   = note: `#[warn(redundant_semicolons)]` on by default
[INFO] [stderr] ┈┈┈┈┈┈┈┈┈┈┈┈┈┈┈┈┈┈┈┈┈┈┈┈┈┈┈┈┈┈┈┈┈┈┈┈┈┈┈┈┈┈┈┈┈┈┈┈┈┈┈┈┈┈┈┈┈┈┈┈
[INFO] [stderr] 
[INFO] [stderr] test bits-non-filled-1.rs [should pass] ... ok
[INFO] [stderr] test bits-non-filled-2.rs [should pass] ... ok
[INFO] [stderr] test low-bits-filled.rs [should pass] ... ok
[INFO] [stderr] test complex-use-case.rs [should pass] ... ok
[INFO] [stderr] 
[INFO] [stderr] WARNINGS:
[INFO] [stderr] ┈┈┈┈┈┈┈┈┈┈┈┈┈┈┈┈┈┈┈┈┈┈┈┈┈┈┈┈┈┈┈┈┈┈┈┈┈┈┈┈┈┈┈┈┈┈┈┈┈┈┈┈┈┈┈┈┈┈┈┈
[INFO] [stderr] warning: unnecessary trailing semicolon
[INFO] [stderr]   --> $DIR/complex-use-case.rs:20:23
[INFO] [stderr]    |
[INFO] [stderr] 20 | #[bitfield(bits = 16, bytes = 2, filled = false)]
[INFO] [stderr]    |                       ^^^^^ help: remove this semicolon
[INFO] [stderr]    |
[INFO] [stderr]    = note: `#[warn(redundant_semicolons)]` on by default
[INFO] [stderr] ┈┈┈┈┈┈┈┈┈┈┈┈┈┈┈┈┈┈┈┈┈┈┈┈┈┈┈┈┈┈┈┈┈┈┈┈┈┈┈┈┈┈┈┈┈┈┈┈┈┈┈┈┈┈┈┈┈┈┈┈
[INFO] [stderr] 
[INFO] [stderr] STDERR:
[INFO] [stderr] ┈┈┈┈┈┈┈┈┈┈┈┈┈┈┈┈┈┈┈┈┈┈┈┈┈┈┈┈┈┈┈┈┈┈┈┈┈┈┈┈┈┈┈┈┈┈┈┈┈┈┈┈┈┈┈┈┈┈┈┈
[INFO] [stderr] warning: unnecessary trailing semicolon
[INFO] [stderr]   --> /opt/rustwide/workdir/tests/bits-param/complex-use-case.rs:20:23
[INFO] [stderr]    |
[INFO] [stderr] 20 | #[bitfield(bits = 16, bytes = 2, filled = false)]
[INFO] [stderr]    |                       ^^^^^ help: remove this semicolon
[INFO] [stderr]    |
[INFO] [stderr]    = note: `#[warn(redundant_semicolons)]` on by default
[INFO] [stderr] ┈┈┈┈┈┈┈┈┈┈┈┈┈┈┈┈┈┈┈┈┈┈┈┈┈┈┈┈┈┈┈┈┈┈┈┈┈┈┈┈┈┈┈┈┈┈┈┈┈┈┈┈┈┈┈┈┈┈┈┈
[INFO] [stderr] 
[INFO] [stderr] test conflicting-params.rs [should fail to compile] ... mismatch
[INFO] [stderr] 
[INFO] [stderr] EXPECTED:
[INFO] [stderr] ┈┈┈┈┈┈┈┈┈┈┈┈┈┈┈┈┈┈┈┈┈┈┈┈┈┈┈┈┈┈┈┈┈┈┈┈┈┈┈┈┈┈┈┈┈┈┈┈┈┈┈┈┈┈┈┈┈┈┈┈
[INFO] [stderr] error: encountered conflicting `bits = 16` and `bytes = 4` parameters
[INFO] [stderr]  --> $DIR/conflicting-params.rs:3:1
[INFO] [stderr]   |
[INFO] [stderr] 3 | #[bitfield(bits = 16, bytes = 4)]
[INFO] [stderr]   | ^^^^^^^^^^^^^^^^^^^^^^^^^^^^^^^^^
[INFO] [stderr]   |
[INFO] [stderr]   = note: this error originates in an attribute macro (in Nightly builds, run with -Z macro-backtrace for more info)
[INFO] [stderr] 
[INFO] [stderr] error: conflicting `bits = 16` here
[INFO] [stderr]  --> $DIR/conflicting-params.rs:3:12
[INFO] [stderr]   |
[INFO] [stderr] 3 | #[bitfield(bits = 16, bytes = 4)]
[INFO] [stderr]   |            ^^^^
[INFO] [stderr] 
[INFO] [stderr] error: conflicting `bytes = 4` here
[INFO] [stderr]  --> $DIR/conflicting-params.rs:3:23
[INFO] [stderr]   |
[INFO] [stderr] 3 | #[bitfield(bits = 16, bytes = 4)]
[INFO] [stderr]   |                       ^^^^^
[INFO] [stderr] ┈┈┈┈┈┈┈┈┈┈┈┈┈┈┈┈┈┈┈┈┈┈┈┈┈┈┈┈┈┈┈┈┈┈┈┈┈┈┈┈┈┈┈┈┈┈┈┈┈┈┈┈┈┈┈┈┈┈┈┈
[INFO] [stderr] 
[INFO] [stderr] ACTUAL OUTPUT:
[INFO] [stderr] ┈┈┈┈┈┈┈┈┈┈┈┈┈┈┈┈┈┈┈┈┈┈┈┈┈┈┈┈┈┈┈┈┈┈┈┈┈┈┈┈┈┈┈┈┈┈┈┈┈┈┈┈┈┈┈┈┈┈┈┈
[INFO] [stderr] error: encountered conflicting `bits = 16` and `bytes = 4` parameters
[INFO] [stderr]  --> $DIR/conflicting-params.rs:3:1
[INFO] [stderr]   |
[INFO] [stderr] 3 | #[bitfield(bits = 16, bytes = 4)]
[INFO] [stderr]   | ^^^^^^^^^^^^^^^^^^^^^^^^^^^^^^^^^
[INFO] [stderr]   |
[INFO] [stderr]   = note: this error originates in the attribute macro `bitfield` (in Nightly builds, run with -Z macro-backtrace for more info)
[INFO] [stderr] 
[INFO] [stderr] error: conflicting `bits = 16` here
[INFO] [stderr]  --> $DIR/conflicting-params.rs:3:12
[INFO] [stderr]   |
[INFO] [stderr] 3 | #[bitfield(bits = 16, bytes = 4)]
[INFO] [stderr]   |            ^^^^
[INFO] [stderr] 
[INFO] [stderr] error: conflicting `bytes = 4` here
[INFO] [stderr]  --> $DIR/conflicting-params.rs:3:23
[INFO] [stderr]   |
[INFO] [stderr] 3 | #[bitfield(bits = 16, bytes = 4)]
[INFO] [stderr]   |                       ^^^^^
[INFO] [stderr] ┈┈┈┈┈┈┈┈┈┈┈┈┈┈┈┈┈┈┈┈┈┈┈┈┈┈┈┈┈┈┈┈┈┈┈┈┈┈┈┈┈┈┈┈┈┈┈┈┈┈┈┈┈┈┈┈┈┈┈┈
[INFO] [stderr] note: If the actual output is the correct output you can bless it by rerunning
[INFO] [stderr]       your test with the environment variable TRYBUILD=overwrite
[INFO] [stderr] 
[INFO] [stderr] test conflicting-repr.rs [should fail to compile] ... mismatch
[INFO] [stderr] 
[INFO] [stderr] EXPECTED:
[INFO] [stderr] ┈┈┈┈┈┈┈┈┈┈┈┈┈┈┈┈┈┈┈┈┈┈┈┈┈┈┈┈┈┈┈┈┈┈┈┈┈┈┈┈┈┈┈┈┈┈┈┈┈┈┈┈┈┈┈┈┈┈┈┈
[INFO] [stderr] error: encountered conflicting `bits = 16` and #[repr(u32)] parameters
[INFO] [stderr]  --> $DIR/conflicting-repr.rs:3:1
[INFO] [stderr]   |
[INFO] [stderr] 3 | #[bitfield(bits = 16)]
[INFO] [stderr]   | ^^^^^^^^^^^^^^^^^^^^^^
[INFO] [stderr]   |
[INFO] [stderr]   = note: this error originates in an attribute macro (in Nightly builds, run with -Z macro-backtrace for more info)
[INFO] [stderr] 
[INFO] [stderr] error: conflicting `bits = 16` here
[INFO] [stderr]  --> $DIR/conflicting-repr.rs:3:12
[INFO] [stderr]   |
[INFO] [stderr] 3 | #[bitfield(bits = 16)]
[INFO] [stderr]   |            ^^^^
[INFO] [stderr] 
[INFO] [stderr] error: conflicting #[repr(u32)] here
[INFO] [stderr]  --> $DIR/conflicting-repr.rs:4:8
[INFO] [stderr]   |
[INFO] [stderr] 4 | #[repr(u32)]
[INFO] [stderr]   |        ^^^
[INFO] [stderr] ┈┈┈┈┈┈┈┈┈┈┈┈┈┈┈┈┈┈┈┈┈┈┈┈┈┈┈┈┈┈┈┈┈┈┈┈┈┈┈┈┈┈┈┈┈┈┈┈┈┈┈┈┈┈┈┈┈┈┈┈
[INFO] [stderr] 
[INFO] [stderr] ACTUAL OUTPUT:
[INFO] [stderr] ┈┈┈┈┈┈┈┈┈┈┈┈┈┈┈┈┈┈┈┈┈┈┈┈┈┈┈┈┈┈┈┈┈┈┈┈┈┈┈┈┈┈┈┈┈┈┈┈┈┈┈┈┈┈┈┈┈┈┈┈
[INFO] [stderr] error: encountered conflicting `bits = 16` and #[repr(u32)] parameters
[INFO] [stderr]  --> $DIR/conflicting-repr.rs:3:1
[INFO] [stderr]   |
[INFO] [stderr] 3 | #[bitfield(bits = 16)]
[INFO] [stderr]   | ^^^^^^^^^^^^^^^^^^^^^^
[INFO] [stderr]   |
[INFO] [stderr]   = note: this error originates in the attribute macro `bitfield` (in Nightly builds, run with -Z macro-backtrace for more info)
[INFO] [stderr] 
[INFO] [stderr] error: conflicting `bits = 16` here
[INFO] [stderr]  --> $DIR/conflicting-repr.rs:3:12
[INFO] [stderr]   |
[INFO] [stderr] 3 | #[bitfield(bits = 16)]
[INFO] [stderr]   |            ^^^^
[INFO] [stderr] 
[INFO] [stderr] error: conflicting #[repr(u32)] here
[INFO] [stderr]  --> $DIR/conflicting-repr.rs:4:8
[INFO] [stderr]   |
[INFO] [stderr] 4 | #[repr(u32)]
[INFO] [stderr]   |        ^^^
[INFO] [stderr] ┈┈┈┈┈┈┈┈┈┈┈┈┈┈┈┈┈┈┈┈┈┈┈┈┈┈┈┈┈┈┈┈┈┈┈┈┈┈┈┈┈┈┈┈┈┈┈┈┈┈┈┈┈┈┈┈┈┈┈┈
[INFO] [stderr] note: If the actual output is the correct output you can bless it by rerunning
[INFO] [stderr]       your test with the environment variable TRYBUILD=overwrite
[INFO] [stderr] 
[INFO] [stderr] test duplicate-param-1.rs [should fail to compile] ... ok
[INFO] [stderr] test duplicate-param-2.rs [should fail to compile] ... ok
[INFO] [stderr] test invalid-param-value-1.rs [should fail to compile] ... ok
[INFO] [stderr] test invalid-param-value-2.rs [should fail to compile] ... ok
[INFO] [stderr] test missing-param-value.rs [should fail to compile] ... ok
[INFO] [stderr] test too-few-bits.rs [should fail to compile] ... mismatch
[INFO] [stderr] 
[INFO] [stderr] EXPECTED:
[INFO] [stderr] ┈┈┈┈┈┈┈┈┈┈┈┈┈┈┈┈┈┈┈┈┈┈┈┈┈┈┈┈┈┈┈┈┈┈┈┈┈┈┈┈┈┈┈┈┈┈┈┈┈┈┈┈┈┈┈┈┈┈┈┈
[INFO] [stderr] error[E0277]: the trait bound `modular_bitfield::private::checks::False: modular_bitfield::private::checks::FillsUnalignedBits` is not satisfied
[INFO] [stderr]    --> $DIR/too-few-bits.rs:4:1
[INFO] [stderr]     |
[INFO] [stderr] 4   | pub struct SignInteger {
[INFO] [stderr]     | ^^^ the trait `modular_bitfield::private::checks::FillsUnalignedBits` is not implemented for `modular_bitfield::private::checks::False`
[INFO] [stderr]     |
[INFO] [stderr]    ::: $WORKSPACE/src/private/checks.rs
[INFO] [stderr]     |
[INFO] [stderr]     |     <Self::CheckType as DispatchTrueFalse>::Out: FillsUnalignedBits,
[INFO] [stderr]     |                                                  ------------------ required by this bound in `modular_bitfield::private::checks::CheckFillsUnalignedBits`
[INFO] [stderr] ┈┈┈┈┈┈┈┈┈┈┈┈┈┈┈┈┈┈┈┈┈┈┈┈┈┈┈┈┈┈┈┈┈┈┈┈┈┈┈┈┈┈┈┈┈┈┈┈┈┈┈┈┈┈┈┈┈┈┈┈
[INFO] [stderr] 
[INFO] [stderr] ACTUAL OUTPUT:
[INFO] [stderr] ┈┈┈┈┈┈┈┈┈┈┈┈┈┈┈┈┈┈┈┈┈┈┈┈┈┈┈┈┈┈┈┈┈┈┈┈┈┈┈┈┈┈┈┈┈┈┈┈┈┈┈┈┈┈┈┈┈┈┈┈
[INFO] [stderr] error[E0277]: the trait bound `False: FillsUnalignedBits` is not satisfied
[INFO] [stderr]    --> $DIR/too-few-bits.rs:4:1
[INFO] [stderr]     |
[INFO] [stderr] 4   | pub struct SignInteger {
[INFO] [stderr]     | ^^^ the trait `FillsUnalignedBits` is not implemented for `False`
[INFO] [stderr]     |
[INFO] [stderr]     = help: the trait `FillsUnalignedBits` is implemented for `True`
[INFO] [stderr] note: required by a bound in `CheckFillsUnalignedBits`
[INFO] [stderr]    --> $DIR/checks.rs:154:50
[INFO] [stderr]     |
[INFO] [stderr] 154 |     <Self::CheckType as DispatchTrueFalse>::Out: FillsUnalignedBits,
[INFO] [stderr]     |                                                  ^^^^^^^^^^^^^^^^^^ required by this bound in `CheckFillsUnalignedBits`
[INFO] [stderr] ┈┈┈┈┈┈┈┈┈┈┈┈┈┈┈┈┈┈┈┈┈┈┈┈┈┈┈┈┈┈┈┈┈┈┈┈┈┈┈┈┈┈┈┈┈┈┈┈┈┈┈┈┈┈┈┈┈┈┈┈
[INFO] [stderr] note: If the actual output is the correct output you can bless it by rerunning
[INFO] [stderr]       your test with the environment variable TRYBUILD=overwrite
[INFO] [stderr] 
[INFO] [stdout] test tests ... FAILED
[INFO] [stderr] test too-many-bits.rs [should fail to compile] ... mismatch
[INFO] [stdout] 
[INFO] [stderr] 
[INFO] [stdout] failures:
[INFO] [stderr] EXPECTED:
[INFO] [stdout] 
[INFO] [stderr] ┈┈┈┈┈┈┈┈┈┈┈┈┈┈┈┈┈┈┈┈┈┈┈┈┈┈┈┈┈┈┈┈┈┈┈┈┈┈┈┈┈┈┈┈┈┈┈┈┈┈┈┈┈┈┈┈┈┈┈┈
[INFO] [stdout] ---- tests stdout ----
[INFO] [stderr] error[E0277]: the trait bound `modular_bitfield::private::checks::False: modular_bitfield::private::checks::FillsUnalignedBits` is not satisfied
[INFO] [stdout] thread 'tests' panicked at '24 of 114 tests failed', /opt/rustwide/cargo-home/registry/src/github.com-1ecc6299db9ec823/trybuild-1.0.35/src/run.rs:61:13
[INFO] [stderr]    --> $DIR/too-many-bits.rs:4:1
[INFO] [stdout] stack backtrace:
[INFO] [stderr]     |
[INFO] [stdout]    0:     0x55c25e341bca - std::backtrace_rs::backtrace::libunwind::trace::ha9053a9a07ca49cb
[INFO] [stderr] 4   | pub struct SignInteger {
[INFO] [stdout]                                at /rustc/84c898d65adf2f39a5a98507f1fe0ce10a2b8dbc/library/std/src/../../backtrace/src/backtrace/libunwind.rs:93:5
[INFO] [stderr]     | ^^^ the trait `modular_bitfield::private::checks::FillsUnalignedBits` is not implemented for `modular_bitfield::private::checks::False`
[INFO] [stdout]    1:     0x55c25e341bca - std::backtrace_rs::backtrace::trace_unsynchronized::h9c2852a457ad564e
[INFO] [stderr]     |
[INFO] [stdout]                                at /rustc/84c898d65adf2f39a5a98507f1fe0ce10a2b8dbc/library/std/src/../../backtrace/src/backtrace/mod.rs:66:5
[INFO] [stderr]    ::: $WORKSPACE/src/private/checks.rs
[INFO] [stdout]    2:     0x55c25e341bca - std::sys_common::backtrace::_print_fmt::h457936fbfaa0070f
[INFO] [stderr]     |
[INFO] [stdout]                                at /rustc/84c898d65adf2f39a5a98507f1fe0ce10a2b8dbc/library/std/src/sys_common/backtrace.rs:65:5
[INFO] [stderr]     |     <Self::CheckType as DispatchTrueFalse>::Out: FillsUnalignedBits,
[INFO] [stdout]    3:     0x55c25e341bca - <std::sys_common::backtrace::_print::DisplayBacktrace as core::fmt::Display>::fmt::h5779d7bf7f70cb0c
[INFO] [stderr]     |                                                  ------------------ required by this bound in `modular_bitfield::private::checks::CheckFillsUnalignedBits`
[INFO] [stdout]                                at /rustc/84c898d65adf2f39a5a98507f1fe0ce10a2b8dbc/library/std/src/sys_common/backtrace.rs:44:22
[INFO] [stderr] ┈┈┈┈┈┈┈┈┈┈┈┈┈┈┈┈┈┈┈┈┈┈┈┈┈┈┈┈┈┈┈┈┈┈┈┈┈┈┈┈┈┈┈┈┈┈┈┈┈┈┈┈┈┈┈┈┈┈┈┈
[INFO] [stdout]    4:     0x55c25e366c5e - core::fmt::write::h5a4baaff1bcd3eb5
[INFO] [stderr] 
[INFO] [stdout]                                at /rustc/84c898d65adf2f39a5a98507f1fe0ce10a2b8dbc/library/core/src/fmt/mod.rs:1232:17
[INFO] [stderr] ACTUAL OUTPUT:
[INFO] [stdout]    5:     0x55c25e33e2e5 - std::io::Write::write_fmt::h478f79c628ef31d1
[INFO] [stderr] ┈┈┈┈┈┈┈┈┈┈┈┈┈┈┈┈┈┈┈┈┈┈┈┈┈┈┈┈┈┈┈┈┈┈┈┈┈┈┈┈┈┈┈┈┈┈┈┈┈┈┈┈┈┈┈┈┈┈┈┈
[INFO] [stdout]                                at /rustc/84c898d65adf2f39a5a98507f1fe0ce10a2b8dbc/library/std/src/io/mod.rs:1684:15
[INFO] [stderr] error[E0277]: the trait bound `False: FillsUnalignedBits` is not satisfied
[INFO] [stdout]    6:     0x55c25e341995 - std::sys_common::backtrace::_print::h5fcdc36060f177e8
[INFO] [stderr]    --> $DIR/too-many-bits.rs:4:1
[INFO] [stdout]                                at /rustc/84c898d65adf2f39a5a98507f1fe0ce10a2b8dbc/library/std/src/sys_common/backtrace.rs:47:5
[INFO] [stderr]     |
[INFO] [stdout]    7:     0x55c25e341995 - std::sys_common::backtrace::print::h54ca9458b876c8bf
[INFO] [stderr] 4   | pub struct SignInteger {
[INFO] [stdout]                                at /rustc/84c898d65adf2f39a5a98507f1fe0ce10a2b8dbc/library/std/src/sys_common/backtrace.rs:34:9
[INFO] [stderr]     | ^^^ the trait `FillsUnalignedBits` is not implemented for `False`
[INFO] [stdout]    8:     0x55c25e34375f - std::panicking::default_hook::{{closure}}::hbe471161c7664ed6
[INFO] [stderr]     |
[INFO] [stdout]                                at /rustc/84c898d65adf2f39a5a98507f1fe0ce10a2b8dbc/library/std/src/panicking.rs:271:22
[INFO] [stderr]     = help: the trait `FillsUnalignedBits` is implemented for `True`
[INFO] [stdout]    9:     0x55c25e34341f - std::panicking::default_hook::ha3500da57aa4ac4f
[INFO] [stderr] note: required by a bound in `CheckFillsUnalignedBits`
[INFO] [stdout]                                at /rustc/84c898d65adf2f39a5a98507f1fe0ce10a2b8dbc/library/std/src/panicking.rs:287:9
[INFO] [stderr]    --> $DIR/checks.rs:154:50
[INFO] [stdout]   10:     0x55c25e3143e7 - <alloc::boxed::Box<F,A> as core::ops::function::Fn<Args>>::call::hdf1b89dd137ece34
[INFO] [stderr]     |
[INFO] [stdout]                                at /rustc/84c898d65adf2f39a5a98507f1fe0ce10a2b8dbc/library/alloc/src/boxed.rs:2001:9
[INFO] [stderr] 154 |     <Self::CheckType as DispatchTrueFalse>::Out: FillsUnalignedBits,
[INFO] [stdout]   11:     0x55c25e3143e7 - test::test_main::{{closure}}::h9081a79f20e75698
[INFO] [stderr]     |                                                  ^^^^^^^^^^^^^^^^^^ required by this bound in `CheckFillsUnalignedBits`
[INFO] [stdout]                                at /rustc/84c898d65adf2f39a5a98507f1fe0ce10a2b8dbc/library/test/src/lib.rs:135:21
[INFO] [stderr] ┈┈┈┈┈┈┈┈┈┈┈┈┈┈┈┈┈┈┈┈┈┈┈┈┈┈┈┈┈┈┈┈┈┈┈┈┈┈┈┈┈┈┈┈┈┈┈┈┈┈┈┈┈┈┈┈┈┈┈┈
[INFO] [stdout]   12:     0x55c25e343e8d - <alloc::boxed::Box<F,A> as core::ops::function::Fn<Args>>::call::h6507bddc3eebb4a5
[INFO] [stderr] note: If the actual output is the correct output you can bless it by rerunning
[INFO] [stdout]                                at /rustc/84c898d65adf2f39a5a98507f1fe0ce10a2b8dbc/library/alloc/src/boxed.rs:2001:9
[INFO] [stderr]       your test with the environment variable TRYBUILD=overwrite
[INFO] [stdout]   13:     0x55c25e343e8d - std::panicking::rust_panic_with_hook::h50c09d000dc561d2
[INFO] [stderr] 
[INFO] [stdout]                                at /rustc/84c898d65adf2f39a5a98507f1fe0ce10a2b8dbc/library/std/src/panicking.rs:696:13
[INFO] [stderr] 
[INFO] [stdout]   14:     0x55c25e343c09 - std::panicking::begin_panic_handler::{{closure}}::h9e2b2176e00e0d9c
[INFO] [stderr] 
[INFO] [stdout]                                at /rustc/84c898d65adf2f39a5a98507f1fe0ce10a2b8dbc/library/std/src/panicking.rs:583:13
[INFO] [stderr] error: test failed, to rerun pass `--test tests`
[INFO] [stdout]   15:     0x55c25e342036 - std::sys_common::backtrace::__rust_end_short_backtrace::h5739b8e512c09d02
[INFO] [stdout]                                at /rustc/84c898d65adf2f39a5a98507f1fe0ce10a2b8dbc/library/std/src/sys_common/backtrace.rs:150:18
[INFO] [stdout]   16:     0x55c25e343912 - rust_begin_unwind
[INFO] [stdout]                                at /rustc/84c898d65adf2f39a5a98507f1fe0ce10a2b8dbc/library/std/src/panicking.rs:579:5
[INFO] [stdout]   17:     0x55c25e113db3 - core::panicking::panic_fmt::hf33a1475b4dc5c3e
[INFO] [stdout]                                at /rustc/84c898d65adf2f39a5a98507f1fe0ce10a2b8dbc/library/core/src/panicking.rs:64:14
[INFO] [stdout]   18:     0x55c25e17f4b8 - trybuild::run::<impl trybuild::Runner>::run::hc9aeee554b1a8abc
[INFO] [stdout]                                at /opt/rustwide/cargo-home/registry/src/github.com-1ecc6299db9ec823/trybuild-1.0.35/src/run.rs:61:13
[INFO] [stdout]   19:     0x55c25e18370a - <trybuild::TestCases as core::ops::drop::Drop>::drop::h234edbf994c8d115
[INFO] [stdout]                                at /opt/rustwide/cargo-home/registry/src/github.com-1ecc6299db9ec823/trybuild-1.0.35/src/lib.rs:289:13
[INFO] [stdout]   20:     0x55c25e117907 - core::ptr::drop_in_place<trybuild::TestCases>::h1641ca8fc6d09534
[INFO] [stdout]                                at /rustc/84c898d65adf2f39a5a98507f1fe0ce10a2b8dbc/library/core/src/ptr/mod.rs:490:1
[INFO] [stdout]   21:     0x55c25e118cce - tests::tests::he3b724cc9ccd1b12
[INFO] [stdout]                                at /opt/rustwide/workdir/tests/progress.rs:140:1
[INFO] [stdout]   22:     0x55c25e1181c7 - tests::tests::{{closure}}::hefeace7f42ad98b9
[INFO] [stdout]                                at /opt/rustwide/workdir/tests/progress.rs:5:12
[INFO] [stdout]   23:     0x55c25e117755 - core::ops::function::FnOnce::call_once::h0d50eb378f3c2810
[INFO] [stdout]                                at /rustc/84c898d65adf2f39a5a98507f1fe0ce10a2b8dbc/library/core/src/ops/function.rs:250:5
[INFO] [stdout]   24:     0x55c25e3197cf - core::ops::function::FnOnce::call_once::h7d969581be7d0075
[INFO] [stdout]                                at /rustc/84c898d65adf2f39a5a98507f1fe0ce10a2b8dbc/library/core/src/ops/function.rs:250:5
[INFO] [stdout]   25:     0x55c25e3197cf - test::__rust_begin_short_backtrace::hca25a52684e56655
[INFO] [stdout]                                at /rustc/84c898d65adf2f39a5a98507f1fe0ce10a2b8dbc/library/test/src/lib.rs:656:18
[INFO] [stdout]   26:     0x55c25e2eadec - test::run_test::{{closure}}::ha8ac744c4af1a4bb
[INFO] [stdout]                                at /rustc/84c898d65adf2f39a5a98507f1fe0ce10a2b8dbc/library/test/src/lib.rs:647:30
[INFO] [stdout]   27:     0x55c25e2eadec - core::ops::function::FnOnce::call_once{{vtable.shim}}::h7b411a9ed45bdecf
[INFO] [stdout]                                at /rustc/84c898d65adf2f39a5a98507f1fe0ce10a2b8dbc/library/core/src/ops/function.rs:250:5
[INFO] [stdout]   28:     0x55c25e318796 - <alloc::boxed::Box<F,A> as core::ops::function::FnOnce<Args>>::call_once::hd05328869a8ed200
[INFO] [stdout]                                at /rustc/84c898d65adf2f39a5a98507f1fe0ce10a2b8dbc/library/alloc/src/boxed.rs:1987:9
[INFO] [stdout]   29:     0x55c25e318796 - <core::panic::unwind_safe::AssertUnwindSafe<F> as core::ops::function::FnOnce<()>>::call_once::h0c601ce20bd5b2be
[INFO] [stdout]                                at /rustc/84c898d65adf2f39a5a98507f1fe0ce10a2b8dbc/library/core/src/panic/unwind_safe.rs:271:9
[INFO] [stdout]   30:     0x55c25e318796 - std::panicking::try::do_call::ha4be5c164fe30854
[INFO] [stdout]                                at /rustc/84c898d65adf2f39a5a98507f1fe0ce10a2b8dbc/library/std/src/panicking.rs:487:40
[INFO] [stdout]   31:     0x55c25e318796 - std::panicking::try::h604546f3609af05f
[INFO] [stdout]                                at /rustc/84c898d65adf2f39a5a98507f1fe0ce10a2b8dbc/library/std/src/panicking.rs:451:19
[INFO] [stdout]   32:     0x55c25e318796 - std::panic::catch_unwind::h5bfa8afe44c9c2f9
[INFO] [stdout]                                at /rustc/84c898d65adf2f39a5a98507f1fe0ce10a2b8dbc/library/std/src/panic.rs:140:14
[INFO] [stdout]   33:     0x55c25e318796 - test::run_test_in_process::hd50dee55dd63e6aa
[INFO] [stdout]                                at /rustc/84c898d65adf2f39a5a98507f1fe0ce10a2b8dbc/library/test/src/lib.rs:679:27
[INFO] [stdout]   34:     0x55c25e318796 - test::run_test::run_test_inner::{{closure}}::h4aa0f433aa85cea8
[INFO] [stdout]                                at /rustc/84c898d65adf2f39a5a98507f1fe0ce10a2b8dbc/library/test/src/lib.rs:573:39
[INFO] [stdout]   35:     0x55c25e2e5461 - test::run_test::run_test_inner::{{closure}}::had56431adf24b4d6
[INFO] [stdout]                                at /rustc/84c898d65adf2f39a5a98507f1fe0ce10a2b8dbc/library/test/src/lib.rs:600:37
[INFO] [stdout]   36:     0x55c25e2e5461 - std::sys_common::backtrace::__rust_begin_short_backtrace::ha8d9890e0c73bf13
[INFO] [stdout]                                at /rustc/84c898d65adf2f39a5a98507f1fe0ce10a2b8dbc/library/std/src/sys_common/backtrace.rs:134:18
[INFO] [stdout]   37:     0x55c25e2eae7b - std::thread::Builder::spawn_unchecked_::{{closure}}::{{closure}}::h251832bcb4a95327
[INFO] [stdout]                                at /rustc/84c898d65adf2f39a5a98507f1fe0ce10a2b8dbc/library/std/src/thread/mod.rs:560:17
[INFO] [stdout]   38:     0x55c25e2eae7b - <core::panic::unwind_safe::AssertUnwindSafe<F> as core::ops::function::FnOnce<()>>::call_once::h8fdff598fa414831
[INFO] [stdout]                                at /rustc/84c898d65adf2f39a5a98507f1fe0ce10a2b8dbc/library/core/src/panic/unwind_safe.rs:271:9
[INFO] [stdout]   39:     0x55c25e2eae7b - std::panicking::try::do_call::h455dd2f7764a950f
[INFO] [stdout]                                at /rustc/84c898d65adf2f39a5a98507f1fe0ce10a2b8dbc/library/std/src/panicking.rs:487:40
[INFO] [stdout]   40:     0x55c25e2eae7b - std::panicking::try::had6f23b7b73ae72a
[INFO] [stdout]                                at /rustc/84c898d65adf2f39a5a98507f1fe0ce10a2b8dbc/library/std/src/panicking.rs:451:19
[INFO] [stdout]   41:     0x55c25e2eae7b - std::panic::catch_unwind::ha6a5ca3915b4dad0
[INFO] [stdout]                                at /rustc/84c898d65adf2f39a5a98507f1fe0ce10a2b8dbc/library/std/src/panic.rs:140:14
[INFO] [stdout]   42:     0x55c25e2eae7b - std::thread::Builder::spawn_unchecked_::{{closure}}::h883b72ef75da6231
[INFO] [stdout]                                at /rustc/84c898d65adf2f39a5a98507f1fe0ce10a2b8dbc/library/std/src/thread/mod.rs:559:30
[INFO] [stdout]   43:     0x55c25e2eae7b - core::ops::function::FnOnce::call_once{{vtable.shim}}::hb7dff73dc8bd2ccb
[INFO] [stdout]                                at /rustc/84c898d65adf2f39a5a98507f1fe0ce10a2b8dbc/library/core/src/ops/function.rs:250:5
[INFO] [stdout]   44:     0x55c25e348893 - <alloc::boxed::Box<F,A> as core::ops::function::FnOnce<Args>>::call_once::h39990b24eedef2ab
[INFO] [stdout]                                at /rustc/84c898d65adf2f39a5a98507f1fe0ce10a2b8dbc/library/alloc/src/boxed.rs:1987:9
[INFO] [stdout]   45:     0x55c25e348893 - <alloc::boxed::Box<F,A> as core::ops::function::FnOnce<Args>>::call_once::h01a027258444143b
[INFO] [stdout]                                at /rustc/84c898d65adf2f39a5a98507f1fe0ce10a2b8dbc/library/alloc/src/boxed.rs:1987:9
[INFO] [stdout]   46:     0x55c25e348893 - std::sys::unix::thread::Thread::new::thread_start::ha4f1cdd9c25884ba
[INFO] [stdout]                                at /rustc/84c898d65adf2f39a5a98507f1fe0ce10a2b8dbc/library/std/src/sys/unix/thread.rs:108:17
[INFO] [stdout]   47:     0x7f18e1181b43 - <unknown>
[INFO] [stdout]   48:     0x7f18e1212bb4 - __clone
[INFO] [stdout]   49:                0x0 - <unknown>
[INFO] [stdout] 
[INFO] [stdout] 
[INFO] [stdout] failures:
[INFO] [stdout]     tests
[INFO] [stdout] 
[INFO] [stdout] test result: FAILED. 4 passed; 1 failed; 0 ignored; 0 measured; 0 filtered out; finished in 85.59s
[INFO] [stdout] 
[INFO] running `Command { std: "docker" "inspect" "a996c423f0f4fb75c4f2b402b2b76806473ba2cd8eb1653c399d6a662486ff19", kill_on_drop: false }`
[INFO] running `Command { std: "docker" "rm" "-f" "a996c423f0f4fb75c4f2b402b2b76806473ba2cd8eb1653c399d6a662486ff19", kill_on_drop: false }`
[INFO] [stdout] a996c423f0f4fb75c4f2b402b2b76806473ba2cd8eb1653c399d6a662486ff19
