[INFO] fetching crate modular-bitfield-msb 0.11.2...
[INFO] testing modular-bitfield-msb-0.11.2 against beta-2023-04-20 for beta-1.70-1
[INFO] extracting crate modular-bitfield-msb 0.11.2 into /workspace/builds/worker-1-tc2/source
[INFO] validating manifest of crates.io crate modular-bitfield-msb 0.11.2 on toolchain beta-2023-04-20
[INFO] running `Command { std: CARGO_HOME="/workspace/cargo-home" RUSTUP_HOME="/workspace/rustup-home" "/workspace/cargo-home/bin/cargo" "+beta-2023-04-20" "metadata" "--manifest-path" "Cargo.toml" "--no-deps", kill_on_drop: false }`
[INFO] started tweaking crates.io crate modular-bitfield-msb 0.11.2
[INFO] removed 0 missing tests
[INFO] finished tweaking crates.io crate modular-bitfield-msb 0.11.2
[INFO] tweaked toml for crates.io crate modular-bitfield-msb 0.11.2 written to /workspace/builds/worker-1-tc2/source/Cargo.toml
[INFO] crate crates.io crate modular-bitfield-msb 0.11.2 already has a lockfile, it will not be regenerated
[INFO] running `Command { std: CARGO_HOME="/workspace/cargo-home" RUSTUP_HOME="/workspace/rustup-home" "/workspace/cargo-home/bin/cargo" "+beta-2023-04-20" "fetch" "--manifest-path" "Cargo.toml", kill_on_drop: false }`
[INFO] [stderr]     Updating crates.io index
[INFO] [stderr]  Downloading crates ...
[INFO] [stderr]   Downloaded trybuild v1.0.42
[INFO] [stderr]   Downloaded modular-bitfield-msb-impl v0.11.2
[INFO] running `Command { std: "docker" "create" "-v" "/var/lib/crater-agent-workspace/builds/worker-1-tc2/target:/opt/rustwide/target:rw,Z" "-v" "/var/lib/crater-agent-workspace/builds/worker-1-tc2/source:/opt/rustwide/workdir:ro,Z" "-v" "/var/lib/crater-agent-workspace/cargo-home:/opt/rustwide/cargo-home:ro,Z" "-v" "/var/lib/crater-agent-workspace/rustup-home:/opt/rustwide/rustup-home:ro,Z" "-e" "SOURCE_DIR=/opt/rustwide/workdir" "-e" "CARGO_TARGET_DIR=/opt/rustwide/target" "-e" "CARGO_HOME=/opt/rustwide/cargo-home" "-e" "RUSTUP_HOME=/opt/rustwide/rustup-home" "-w" "/opt/rustwide/workdir" "-m" "1610612736" "--user" "0:0" "--network" "none" "ghcr.io/rust-lang/crates-build-env/linux@sha256:5ff2268d62e97bff2cde7d5815dd6ed5b47097566f13b8d0ca110b04b60e07ed" "/opt/rustwide/cargo-home/bin/cargo" "+beta-2023-04-20" "metadata" "--no-deps" "--format-version=1", kill_on_drop: false }`
[INFO] [stdout] bf216c645b767fd28da9584a0f69af213d1fe5d9eed91d5f6345b7c33b287a44
[INFO] running `Command { std: "docker" "start" "-a" "bf216c645b767fd28da9584a0f69af213d1fe5d9eed91d5f6345b7c33b287a44", kill_on_drop: false }`
[INFO] running `Command { std: "docker" "inspect" "bf216c645b767fd28da9584a0f69af213d1fe5d9eed91d5f6345b7c33b287a44", kill_on_drop: false }`
[INFO] running `Command { std: "docker" "rm" "-f" "bf216c645b767fd28da9584a0f69af213d1fe5d9eed91d5f6345b7c33b287a44", kill_on_drop: false }`
[INFO] [stdout] bf216c645b767fd28da9584a0f69af213d1fe5d9eed91d5f6345b7c33b287a44
[INFO] running `Command { std: "docker" "create" "-v" "/var/lib/crater-agent-workspace/builds/worker-1-tc2/target:/opt/rustwide/target:rw,Z" "-v" "/var/lib/crater-agent-workspace/builds/worker-1-tc2/source:/opt/rustwide/workdir:ro,Z" "-v" "/var/lib/crater-agent-workspace/cargo-home:/opt/rustwide/cargo-home:ro,Z" "-v" "/var/lib/crater-agent-workspace/rustup-home:/opt/rustwide/rustup-home:ro,Z" "-e" "SOURCE_DIR=/opt/rustwide/workdir" "-e" "CARGO_TARGET_DIR=/opt/rustwide/target" "-e" "CARGO_INCREMENTAL=0" "-e" "RUST_BACKTRACE=full" "-e" "RUSTFLAGS=--cap-lints=warn" "-e" "RUSTDOCFLAGS=--cap-lints=warn" "-e" "CARGO_HOME=/opt/rustwide/cargo-home" "-e" "RUSTUP_HOME=/opt/rustwide/rustup-home" "-w" "/opt/rustwide/workdir" "-m" "1610612736" "--user" "0:0" "--network" "none" "ghcr.io/rust-lang/crates-build-env/linux@sha256:5ff2268d62e97bff2cde7d5815dd6ed5b47097566f13b8d0ca110b04b60e07ed" "/opt/rustwide/cargo-home/bin/cargo" "+beta-2023-04-20" "build" "--frozen" "--message-format=json", kill_on_drop: false }`
[INFO] [stdout] 46d77d2f1af169e94849a2d7634113e44fe01db7d0deacc739b18e92ffe0da16
[INFO] running `Command { std: "docker" "start" "-a" "46d77d2f1af169e94849a2d7634113e44fe01db7d0deacc739b18e92ffe0da16", kill_on_drop: false }`
[INFO] [stderr]    Compiling proc-macro2 v1.0.27
[INFO] [stderr]    Compiling unicode-xid v0.2.2
[INFO] [stderr]    Compiling syn v1.0.72
[INFO] [stderr]    Compiling static_assertions v1.1.0
[INFO] [stderr]    Compiling quote v1.0.9
[INFO] [stderr]    Compiling modular-bitfield-msb-impl v0.11.2
[INFO] [stderr]    Compiling modular-bitfield-msb v0.11.2 (/opt/rustwide/workdir)
[INFO] [stderr]     Finished dev [unoptimized + debuginfo] target(s) in 6.99s
[INFO] running `Command { std: "docker" "inspect" "46d77d2f1af169e94849a2d7634113e44fe01db7d0deacc739b18e92ffe0da16", kill_on_drop: false }`
[INFO] running `Command { std: "docker" "rm" "-f" "46d77d2f1af169e94849a2d7634113e44fe01db7d0deacc739b18e92ffe0da16", kill_on_drop: false }`
[INFO] [stdout] 46d77d2f1af169e94849a2d7634113e44fe01db7d0deacc739b18e92ffe0da16
[INFO] running `Command { std: "docker" "create" "-v" "/var/lib/crater-agent-workspace/builds/worker-1-tc2/target:/opt/rustwide/target:rw,Z" "-v" "/var/lib/crater-agent-workspace/builds/worker-1-tc2/source:/opt/rustwide/workdir:ro,Z" "-v" "/var/lib/crater-agent-workspace/cargo-home:/opt/rustwide/cargo-home:ro,Z" "-v" "/var/lib/crater-agent-workspace/rustup-home:/opt/rustwide/rustup-home:ro,Z" "-e" "SOURCE_DIR=/opt/rustwide/workdir" "-e" "CARGO_TARGET_DIR=/opt/rustwide/target" "-e" "CARGO_INCREMENTAL=0" "-e" "RUST_BACKTRACE=full" "-e" "RUSTFLAGS=--cap-lints=warn" "-e" "RUSTDOCFLAGS=--cap-lints=warn" "-e" "CARGO_HOME=/opt/rustwide/cargo-home" "-e" "RUSTUP_HOME=/opt/rustwide/rustup-home" "-w" "/opt/rustwide/workdir" "-m" "1610612736" "--user" "0:0" "--network" "none" "ghcr.io/rust-lang/crates-build-env/linux@sha256:5ff2268d62e97bff2cde7d5815dd6ed5b47097566f13b8d0ca110b04b60e07ed" "/opt/rustwide/cargo-home/bin/cargo" "+beta-2023-04-20" "test" "--frozen" "--no-run" "--message-format=json", kill_on_drop: false }`
[INFO] [stdout] 5582b106e168f468b1fc7a244532d3cf3b5d3477039562fd002ab0d4e8d59512
[INFO] running `Command { std: "docker" "start" "-a" "5582b106e168f468b1fc7a244532d3cf3b5d3477039562fd002ab0d4e8d59512", kill_on_drop: false }`
[INFO] [stderr]     Blocking waiting for file lock on package cache
[INFO] [stderr]    Compiling autocfg v1.0.1
[INFO] [stderr]    Compiling serde_derive v1.0.126
[INFO] [stderr]    Compiling serde v1.0.126
[INFO] [stderr]    Compiling ucd-trie v0.1.3
[INFO] [stderr]    Compiling libc v0.2.94
[INFO] [stderr]    Compiling ryu v1.0.5
[INFO] [stderr]    Compiling memchr v2.4.0
[INFO] [stderr]    Compiling serde_json v1.0.64
[INFO] [stderr]    Compiling pest v2.1.3
[INFO] [stderr]    Compiling either v1.6.1
[INFO] [stderr]    Compiling itoa v0.4.7
[INFO] [stderr]    Compiling crossbeam-utils v0.8.4
[INFO] [stderr]    Compiling memoffset v0.6.3
[INFO] [stderr]    Compiling rayon-core v1.9.1
[INFO] [stderr]    Compiling num-traits v0.2.14
[INFO] [stderr]    Compiling byteorder v1.4.3
[INFO] [stderr]    Compiling bitflags v1.2.1
[INFO] [stderr]    Compiling regex-automata v0.1.9
[INFO] [stderr]    Compiling num_cpus v1.13.0
[INFO] [stderr]    Compiling semver-parser v0.10.2
[INFO] [stderr]    Compiling rayon v1.5.1
[INFO] [stderr]    Compiling unicode-width v0.1.8
[INFO] [stderr]    Compiling plotters-backend v0.3.0
[INFO] [stderr]    Compiling textwrap v0.11.0
[INFO] [stderr]    Compiling semver v0.11.0
[INFO] [stderr]    Compiling rustc_version v0.3.3
[INFO] [stderr]    Compiling crossbeam-epoch v0.9.4
[INFO] [stderr]    Compiling crossbeam-channel v0.5.1
[INFO] [stderr]    Compiling plotters-svg v0.3.0
[INFO] [stderr]    Compiling csv-core v0.1.10
[INFO] [stderr]    Compiling itertools v0.9.0
[INFO] [stderr]    Compiling regex-syntax v0.6.25
[INFO] [stderr]    Compiling cast v0.2.6
[INFO] [stderr]    Compiling crossbeam-deque v0.8.0
[INFO] [stderr]    Compiling same-file v1.0.6
[INFO] [stderr]    Compiling half v1.7.1
[INFO] [stderr]    Compiling trybuild v1.0.42
[INFO] [stderr]    Compiling plotters v0.3.0
[INFO] [stderr]    Compiling walkdir v2.3.2
[INFO] [stderr]    Compiling criterion-plot v0.4.3
[INFO] [stderr]    Compiling clap v2.33.3
[INFO] [stderr]    Compiling atty v0.2.14
[INFO] [stderr]    Compiling regex v1.5.4
[INFO] [stderr]    Compiling itertools v0.10.0
[INFO] [stderr]    Compiling oorandom v11.1.3
[INFO] [stderr]    Compiling glob v0.3.0
[INFO] [stderr]    Compiling termcolor v1.1.2
[INFO] [stderr]    Compiling bitfield v0.13.2
[INFO] [stderr]    Compiling bstr v0.2.16
[INFO] [stderr]    Compiling serde_cbor v0.11.1
[INFO] [stderr]    Compiling toml v0.5.8
[INFO] [stderr]    Compiling csv v1.1.6
[INFO] [stderr]    Compiling tinytemplate v1.2.1
[INFO] [stderr]    Compiling criterion v0.3.4
[INFO] [stderr]    Compiling modular-bitfield-msb v0.11.2 (/opt/rustwide/workdir)
[INFO] [stderr]     Finished test [unoptimized + debuginfo] target(s) in 38.84s
[INFO] [stderr] warning: the following packages contain code that will be rejected by a future version of Rust: criterion v0.3.4
[INFO] [stderr] note: to see what the problems were, use the option `--future-incompat-report`, or run `cargo report future-incompatibilities --id 1`
[INFO] running `Command { std: "docker" "inspect" "5582b106e168f468b1fc7a244532d3cf3b5d3477039562fd002ab0d4e8d59512", kill_on_drop: false }`
[INFO] running `Command { std: "docker" "rm" "-f" "5582b106e168f468b1fc7a244532d3cf3b5d3477039562fd002ab0d4e8d59512", kill_on_drop: false }`
[INFO] [stdout] 5582b106e168f468b1fc7a244532d3cf3b5d3477039562fd002ab0d4e8d59512
[INFO] running `Command { std: "docker" "create" "-v" "/var/lib/crater-agent-workspace/builds/worker-1-tc2/target:/opt/rustwide/target:rw,Z" "-v" "/var/lib/crater-agent-workspace/builds/worker-1-tc2/source:/opt/rustwide/workdir:ro,Z" "-v" "/var/lib/crater-agent-workspace/cargo-home:/opt/rustwide/cargo-home:ro,Z" "-v" "/var/lib/crater-agent-workspace/rustup-home:/opt/rustwide/rustup-home:ro,Z" "-e" "SOURCE_DIR=/opt/rustwide/workdir" "-e" "CARGO_TARGET_DIR=/opt/rustwide/target" "-e" "CARGO_INCREMENTAL=0" "-e" "RUST_BACKTRACE=full" "-e" "RUSTFLAGS=--cap-lints=warn" "-e" "RUSTDOCFLAGS=--cap-lints=warn" "-e" "CARGO_HOME=/opt/rustwide/cargo-home" "-e" "RUSTUP_HOME=/opt/rustwide/rustup-home" "-w" "/opt/rustwide/workdir" "-m" "1610612736" "--user" "0:0" "--network" "none" "ghcr.io/rust-lang/crates-build-env/linux@sha256:5ff2268d62e97bff2cde7d5815dd6ed5b47097566f13b8d0ca110b04b60e07ed" "/opt/rustwide/cargo-home/bin/cargo" "+beta-2023-04-20" "test" "--frozen", kill_on_drop: false }`
[INFO] [stdout] 837eb56eb3341c08174d7730e2b369fd1d2f9704d6a7fe04cb6b6ad4068bc9a5
[INFO] running `Command { std: "docker" "start" "-a" "837eb56eb3341c08174d7730e2b369fd1d2f9704d6a7fe04cb6b6ad4068bc9a5", kill_on_drop: false }`
[INFO] [stderr]     Finished test [unoptimized + debuginfo] target(s) in 0.10s
[INFO] [stderr] warning: the following packages contain code that will be rejected by a future version of Rust: criterion v0.3.4
[INFO] [stderr] note: to see what the problems were, use the option `--future-incompat-report`, or run `cargo report future-incompatibilities --id 1`
[INFO] [stdout] 
[INFO] [stderr]      Running unittests src/lib.rs (/opt/rustwide/target/debug/deps/modular_bitfield_msb-e757bc360ae51799)
[INFO] [stdout] running 0 tests
[INFO] [stderr]      Running unittests playground.rs (/opt/rustwide/target/debug/deps/playground-17741c3ab936bd38)
[INFO] [stdout] 
[INFO] [stderr]      Running tests/progress.rs (/opt/rustwide/target/debug/deps/tests-100942b36503c2eb)
[INFO] [stdout] test result: ok. 0 passed; 0 failed; 0 ignored; 0 measured; 0 filtered out; finished in 0.00s
[INFO] [stdout] 
[INFO] [stdout] 
[INFO] [stdout] running 0 tests
[INFO] [stdout] 
[INFO] [stdout] test result: ok. 0 passed; 0 failed; 0 ignored; 0 measured; 0 filtered out; finished in 0.00s
[INFO] [stdout] 
[INFO] [stdout] 
[INFO] [stdout] running 5 tests
[INFO] [stdout] test panic_tests::invalid_access_d - should panic ... ok
[INFO] [stdout] test panic_tests::invalid_access_a - should panic ... ok
[INFO] [stdout] test panic_tests::invalid_access_c - should panic ... ok
[INFO] [stdout] test panic_tests::invalid_access_b - should panic ... ok
[INFO] [stderr]    Compiling autocfg v1.0.1
[INFO] [stderr]    Compiling ucd-trie v0.1.3
[INFO] [stderr]    Compiling lazy_static v1.4.0
[INFO] [stderr]    Compiling serde v1.0.126
[INFO] [stderr]    Compiling proc-macro2 v1.0.27
[INFO] [stderr]    Compiling libc v0.2.94
[INFO] [stderr]    Compiling unicode-xid v0.2.2
[INFO] [stderr]    Compiling cfg-if v1.0.0
[INFO] [stderr]    Compiling memchr v2.4.0
[INFO] [stderr]    Compiling ryu v1.0.5
[INFO] [stderr]    Compiling pest v2.1.3
[INFO] [stderr]    Compiling syn v1.0.72
[INFO] [stderr]    Compiling either v1.6.1
[INFO] [stderr]    Compiling crossbeam-utils v0.8.4
[INFO] [stderr]    Compiling memoffset v0.6.3
[INFO] [stderr]    Compiling scopeguard v1.1.0
[INFO] [stderr]    Compiling rayon-core v1.9.1
[INFO] [stderr]    Compiling semver-parser v0.10.2
[INFO] [stderr]    Compiling quote v1.0.9
[INFO] [stderr]    Compiling num-traits v0.2.14
[INFO] [stderr]    Compiling semver v0.11.0
[INFO] [stderr]    Compiling itoa v0.4.7
[INFO] [stderr]    Compiling bitflags v1.2.1
[INFO] [stderr]    Compiling byteorder v1.4.3
[INFO] [stderr]    Compiling rustc_version v0.3.3
[INFO] [stderr]    Compiling crossbeam-epoch v0.9.4
[INFO] [stderr]    Compiling serde_json v1.0.64
[INFO] [stderr]    Compiling regex-automata v0.1.9
[INFO] [stderr]    Compiling crossbeam-channel v0.5.1
[INFO] [stderr]    Compiling cast v0.2.6
[INFO] [stderr]    Compiling crossbeam-deque v0.8.0
[INFO] [stderr]    Compiling num_cpus v1.13.0
[INFO] [stderr]    Compiling rayon v1.5.1
[INFO] [stderr]    Compiling serde_derive v1.0.126
[INFO] [stderr]    Compiling unicode-width v0.1.8
[INFO] [stderr]    Compiling plotters-backend v0.3.0
[INFO] [stderr]    Compiling textwrap v0.11.0
[INFO] [stderr]    Compiling plotters-svg v0.3.0
[INFO] [stderr]    Compiling csv-core v0.1.10
[INFO] [stderr]    Compiling itertools v0.9.0
[INFO] [stderr]    Compiling half v1.7.1
[INFO] [stderr]    Compiling same-file v1.0.6
[INFO] [stderr]    Compiling regex-syntax v0.6.25
[INFO] [stderr]    Compiling walkdir v2.3.2
[INFO] [stderr]    Compiling bstr v0.2.16
[INFO] [stderr]    Compiling plotters v0.3.0
[INFO] [stderr]    Compiling criterion-plot v0.4.3
[INFO] [stderr]    Compiling csv v1.1.6
[INFO] [stderr]    Compiling tinytemplate v1.2.1
[INFO] [stderr]    Compiling regex v1.5.4
[INFO] [stderr]    Compiling serde_cbor v0.11.1
[INFO] [stderr]    Compiling clap v2.33.3
[INFO] [stderr]    Compiling atty v0.2.14
[INFO] [stderr]    Compiling itertools v0.10.0
[INFO] [stderr]    Compiling oorandom v11.1.3
[INFO] [stderr]    Compiling static_assertions v1.1.0
[INFO] [stderr]    Compiling bitfield v0.13.2
[INFO] [stderr]    Compiling modular-bitfield-msb-impl v0.11.2
[INFO] [stderr]    Compiling modular-bitfield-msb v0.11.2 (/opt/rustwide/workdir)
[INFO] [stderr]    Compiling criterion v0.3.4
[INFO] [stdout] test tests has been running for over 60 seconds
[INFO] [stderr]    Compiling modular-bitfield-msb-tests v0.0.0 (/opt/rustwide/target/tests/modular-bitfield-msb)
[INFO] [stderr]     Finished dev [unoptimized + debuginfo] target(s) in 1m 04s
[INFO] [stderr] warning: the following packages contain code that will be rejected by a future version of Rust: criterion v0.3.4
[INFO] [stderr] note: to see what the problems were, use the option `--future-incompat-report`, or run `cargo report future-incompatibilities --id 1`
[INFO] [stderr] 
[INFO] [stderr] 
[INFO] [stderr] test 01-specifier-types.rs [should pass] ... ok
[INFO] [stderr] test 02-storage.rs [should pass] ... ok
[INFO] [stderr] test 03-accessors.rs [should pass] ... ok
[INFO] [stderr] test 04-multiple-of-8bits.rs [should fail to compile] ... mismatch
[INFO] [stderr] 
[INFO] [stderr] EXPECTED:
[INFO] [stderr] ┈┈┈┈┈┈┈┈┈┈┈┈┈┈┈┈┈┈┈┈┈┈┈┈┈┈┈┈┈┈┈┈┈┈┈┈┈┈┈┈┈┈┈┈┈┈┈┈┈┈┈┈┈┈┈┈┈┈┈┈
[INFO] [stderr] error[E0277]: the trait bound `SevenMod8: TotalSizeIsMultipleOfEightBits` is not satisfied
[INFO] [stderr]   --> $DIR/04-multiple-of-8bits.rs:54:1
[INFO] [stderr]    |
[INFO] [stderr] 54 | / pub struct NotQuiteFourBytes {
[INFO] [stderr] 55 | |     a: A,
[INFO] [stderr] 56 | |     b: B,
[INFO] [stderr] 57 | |     c: C,
[INFO] [stderr] 58 | |     d: D,
[INFO] [stderr] 59 | | }
[INFO] [stderr]    | |_^ the trait `TotalSizeIsMultipleOfEightBits` is not implemented for `SevenMod8`
[INFO] [stderr]    |
[INFO] [stderr]   ::: $WORKSPACE/src/private/checks.rs
[INFO] [stderr]    |
[INFO] [stderr]    |       <Self::Size as RenameSizeType>::CheckType: TotalSizeIsMultipleOfEightBits,
[INFO] [stderr]    |                                                  ------------------------------ required by this bound in `CheckTotalSizeMultipleOf8`
[INFO] [stderr] ┈┈┈┈┈┈┈┈┈┈┈┈┈┈┈┈┈┈┈┈┈┈┈┈┈┈┈┈┈┈┈┈┈┈┈┈┈┈┈┈┈┈┈┈┈┈┈┈┈┈┈┈┈┈┈┈┈┈┈┈
[INFO] [stderr] 
[INFO] [stderr] ACTUAL OUTPUT:
[INFO] [stderr] ┈┈┈┈┈┈┈┈┈┈┈┈┈┈┈┈┈┈┈┈┈┈┈┈┈┈┈┈┈┈┈┈┈┈┈┈┈┈┈┈┈┈┈┈┈┈┈┈┈┈┈┈┈┈┈┈┈┈┈┈
[INFO] [stderr] error[E0277]: the trait bound `SevenMod8: TotalSizeIsMultipleOfEightBits` is not satisfied
[INFO] [stderr]   --> $DIR/04-multiple-of-8bits.rs:54:1
[INFO] [stderr]    |
[INFO] [stderr] 54 | pub struct NotQuiteFourBytes {
[INFO] [stderr]    | ^^^ the trait `TotalSizeIsMultipleOfEightBits` is not implemented for `SevenMod8`
[INFO] [stderr]    |
[INFO] [stderr]    = help: the trait `TotalSizeIsMultipleOfEightBits` is implemented for `ZeroMod8`
[INFO] [stderr] note: required by a bound in `CheckTotalSizeMultipleOf8`
[INFO] [stderr]   --> $DIR/checks.rs:69:48
[INFO] [stderr]    |
[INFO] [stderr] 69 |     <Self::Size as RenameSizeType>::CheckType: TotalSizeIsMultipleOfEightBits,
[INFO] [stderr]    |                                                ^^^^^^^^^^^^^^^^^^^^^^^^^^^^^^ required by this bound in `CheckTotalSizeMultipleOf8`
[INFO] [stderr] ┈┈┈┈┈┈┈┈┈┈┈┈┈┈┈┈┈┈┈┈┈┈┈┈┈┈┈┈┈┈┈┈┈┈┈┈┈┈┈┈┈┈┈┈┈┈┈┈┈┈┈┈┈┈┈┈┈┈┈┈
[INFO] [stderr] note: If the actual output is the correct output you can bless it by rerunning
[INFO] [stderr]       your test with the environment variable TRYBUILD=overwrite
[INFO] [stderr] 
[INFO] [stderr] test 05-accessor-signatures.rs [should pass] ... ok
[INFO] [stderr] test 10-bits-attribute.rs [should pass] ... ok
[INFO] [stderr] test 11-bits-attribute-wrong.rs [should fail to compile] ... mismatch
[INFO] [stderr] 
[INFO] [stderr] EXPECTED:
[INFO] [stderr] ┈┈┈┈┈┈┈┈┈┈┈┈┈┈┈┈┈┈┈┈┈┈┈┈┈┈┈┈┈┈┈┈┈┈┈┈┈┈┈┈┈┈┈┈┈┈┈┈┈┈┈┈┈┈┈┈┈┈┈┈
[INFO] [stderr] error[E0308]: mismatched types
[INFO] [stderr]   --> $DIR/11-bits-attribute-wrong.rs:11:7
[INFO] [stderr]    |
[INFO] [stderr] 11 |     #[bits = 9]
[INFO] [stderr]    |       ^^^^^^^^ expected an array with a fixed size of 9 elements, found one with 1 element
[INFO] [stderr] ┈┈┈┈┈┈┈┈┈┈┈┈┈┈┈┈┈┈┈┈┈┈┈┈┈┈┈┈┈┈┈┈┈┈┈┈┈┈┈┈┈┈┈┈┈┈┈┈┈┈┈┈┈┈┈┈┈┈┈┈
[INFO] [stderr] 
[INFO] [stderr] ACTUAL OUTPUT:
[INFO] [stderr] ┈┈┈┈┈┈┈┈┈┈┈┈┈┈┈┈┈┈┈┈┈┈┈┈┈┈┈┈┈┈┈┈┈┈┈┈┈┈┈┈┈┈┈┈┈┈┈┈┈┈┈┈┈┈┈┈┈┈┈┈
[INFO] [stderr] error[E0308]: mismatched types
[INFO] [stderr]   --> $DIR/11-bits-attribute-wrong.rs:11:7
[INFO] [stderr]    |
[INFO] [stderr] 11 |     #[bits = 9]
[INFO] [stderr]    |       ^^^^ expected an array with a fixed size of 9 elements, found one with 1 element
[INFO] [stderr] ┈┈┈┈┈┈┈┈┈┈┈┈┈┈┈┈┈┈┈┈┈┈┈┈┈┈┈┈┈┈┈┈┈┈┈┈┈┈┈┈┈┈┈┈┈┈┈┈┈┈┈┈┈┈┈┈┈┈┈┈
[INFO] [stderr] note: If the actual output is the correct output you can bless it by rerunning
[INFO] [stderr]       your test with the environment variable TRYBUILD=overwrite
[INFO] [stderr] 
[INFO] [stderr] test 12-accessors-edge.rs [should pass] ... ok
[INFO] [stderr] test 13-tuple-structs.rs [should pass] ... ok
[INFO] [stderr] test 14-checked-setters.rs [should pass] ... ok
[INFO] [stderr] test 15-manual-reset.rs [should pass] ... ok
[INFO] [stderr] test 16-u128-specifier.rs [should pass] ... ok
[INFO] [stderr] test 17-byte-conversions.rs [should pass] ... ok
[INFO] [stderr] test 18-within-single-byte.rs [should pass] ... ok
[INFO] [stderr] test 19-get-spanning-data.rs [should pass] ... ok
[INFO] [stderr] test 20-access-test.rs [should fail to compile] ... mismatch
[INFO] [stderr] 
[INFO] [stderr] EXPECTED:
[INFO] [stderr] ┈┈┈┈┈┈┈┈┈┈┈┈┈┈┈┈┈┈┈┈┈┈┈┈┈┈┈┈┈┈┈┈┈┈┈┈┈┈┈┈┈┈┈┈┈┈┈┈┈┈┈┈┈┈┈┈┈┈┈┈
[INFO] [stderr] error[E0624]: associated function `a` is private
[INFO] [stderr]   --> $DIR/20-access-test.rs:14:15
[INFO] [stderr]    |
[INFO] [stderr] 14 |     let _ = c.a();
[INFO] [stderr]    |               ^ private associated function
[INFO] [stderr] ┈┈┈┈┈┈┈┈┈┈┈┈┈┈┈┈┈┈┈┈┈┈┈┈┈┈┈┈┈┈┈┈┈┈┈┈┈┈┈┈┈┈┈┈┈┈┈┈┈┈┈┈┈┈┈┈┈┈┈┈
[INFO] [stderr] 
[INFO] [stderr] ACTUAL OUTPUT:
[INFO] [stderr] ┈┈┈┈┈┈┈┈┈┈┈┈┈┈┈┈┈┈┈┈┈┈┈┈┈┈┈┈┈┈┈┈┈┈┈┈┈┈┈┈┈┈┈┈┈┈┈┈┈┈┈┈┈┈┈┈┈┈┈┈
[INFO] [stderr] error[E0624]: method `a` is private
[INFO] [stderr]   --> $DIR/20-access-test.rs:14:15
[INFO] [stderr]    |
[INFO] [stderr] 6  |         a: B5,
[INFO] [stderr]    |         - private method defined here
[INFO] [stderr] ...
[INFO] [stderr] 14 |     let _ = c.a();
[INFO] [stderr]    |               ^ private method
[INFO] [stderr] ┈┈┈┈┈┈┈┈┈┈┈┈┈┈┈┈┈┈┈┈┈┈┈┈┈┈┈┈┈┈┈┈┈┈┈┈┈┈┈┈┈┈┈┈┈┈┈┈┈┈┈┈┈┈┈┈┈┈┈┈
[INFO] [stderr] note: If the actual output is the correct output you can bless it by rerunning
[INFO] [stderr]       your test with the environment variable TRYBUILD=overwrite
[INFO] [stderr] 
[INFO] [stderr] test 21-raw-identifiers.rs [should pass] ... ok
[INFO] [stderr] test 22-with-setter.rs [should pass] ... ok
[INFO] [stderr] test 24-primitives-as-specifiers.rs [should pass] ... ok
[INFO] [stderr] test 26-invalid-struct-specifier.rs [should fail to compile] ... mismatch
[INFO] [stderr] 
[INFO] [stderr] EXPECTED:
[INFO] [stderr] ┈┈┈┈┈┈┈┈┈┈┈┈┈┈┈┈┈┈┈┈┈┈┈┈┈┈┈┈┈┈┈┈┈┈┈┈┈┈┈┈┈┈┈┈┈┈┈┈┈┈┈┈┈┈┈┈┈┈┈┈
[INFO] [stderr] error: structs are not supported as bitfield specifiers
[INFO] [stderr]  --> $DIR/26-invalid-struct-specifier.rs:4:1
[INFO] [stderr]   |
[INFO] [stderr] 4 | / pub struct InvalidStructSpecifier {
[INFO] [stderr] 5 | |     a: bool,
[INFO] [stderr] 6 | |     b: B7,
[INFO] [stderr] 7 | |     c: u8,
[INFO] [stderr] 8 | | }
[INFO] [stderr]   | |_^
[INFO] [stderr] ┈┈┈┈┈┈┈┈┈┈┈┈┈┈┈┈┈┈┈┈┈┈┈┈┈┈┈┈┈┈┈┈┈┈┈┈┈┈┈┈┈┈┈┈┈┈┈┈┈┈┈┈┈┈┈┈┈┈┈┈
[INFO] [stderr] 
[INFO] [stderr] ACTUAL OUTPUT:
[INFO] [stderr] ┈┈┈┈┈┈┈┈┈┈┈┈┈┈┈┈┈┈┈┈┈┈┈┈┈┈┈┈┈┈┈┈┈┈┈┈┈┈┈┈┈┈┈┈┈┈┈┈┈┈┈┈┈┈┈┈┈┈┈┈
[INFO] [stderr] error: structs are not supported as bitfield specifiers
[INFO] [stderr]  --> $DIR/26-invalid-struct-specifier.rs:4:1
[INFO] [stderr]   |
[INFO] [stderr] 4 | pub struct InvalidStructSpecifier {
[INFO] [stderr]   | ^^^
[INFO] [stderr] ┈┈┈┈┈┈┈┈┈┈┈┈┈┈┈┈┈┈┈┈┈┈┈┈┈┈┈┈┈┈┈┈┈┈┈┈┈┈┈┈┈┈┈┈┈┈┈┈┈┈┈┈┈┈┈┈┈┈┈┈
[INFO] [stderr] note: If the actual output is the correct output you can bless it by rerunning
[INFO] [stderr]       your test with the environment variable TRYBUILD=overwrite
[INFO] [stderr] 
[INFO] [stderr] test 27-invalid-union-specifier.rs [should fail to compile] ... mismatch
[INFO] [stderr] 
[INFO] [stderr] EXPECTED:
[INFO] [stderr] ┈┈┈┈┈┈┈┈┈┈┈┈┈┈┈┈┈┈┈┈┈┈┈┈┈┈┈┈┈┈┈┈┈┈┈┈┈┈┈┈┈┈┈┈┈┈┈┈┈┈┈┈┈┈┈┈┈┈┈┈
[INFO] [stderr] error: unions are not supported as bitfield specifiers
[INFO] [stderr]  --> $DIR/27-invalid-union-specifier.rs:4:1
[INFO] [stderr]   |
[INFO] [stderr] 4 | / pub union InvalidUnionSpecifier {
[INFO] [stderr] 5 | |     a: bool,
[INFO] [stderr] 6 | |     b: B7,
[INFO] [stderr] 7 | |     c: u8,
[INFO] [stderr] 8 | | }
[INFO] [stderr]   | |_^
[INFO] [stderr] ┈┈┈┈┈┈┈┈┈┈┈┈┈┈┈┈┈┈┈┈┈┈┈┈┈┈┈┈┈┈┈┈┈┈┈┈┈┈┈┈┈┈┈┈┈┈┈┈┈┈┈┈┈┈┈┈┈┈┈┈
[INFO] [stderr] 
[INFO] [stderr] ACTUAL OUTPUT:
[INFO] [stderr] ┈┈┈┈┈┈┈┈┈┈┈┈┈┈┈┈┈┈┈┈┈┈┈┈┈┈┈┈┈┈┈┈┈┈┈┈┈┈┈┈┈┈┈┈┈┈┈┈┈┈┈┈┈┈┈┈┈┈┈┈
[INFO] [stderr] error: unions are not supported as bitfield specifiers
[INFO] [stderr]  --> $DIR/27-invalid-union-specifier.rs:4:1
[INFO] [stderr]   |
[INFO] [stderr] 4 | pub union InvalidUnionSpecifier {
[INFO] [stderr]   | ^^^
[INFO] [stderr] ┈┈┈┈┈┈┈┈┈┈┈┈┈┈┈┈┈┈┈┈┈┈┈┈┈┈┈┈┈┈┈┈┈┈┈┈┈┈┈┈┈┈┈┈┈┈┈┈┈┈┈┈┈┈┈┈┈┈┈┈
[INFO] [stderr] note: If the actual output is the correct output you can bless it by rerunning
[INFO] [stderr]       your test with the environment variable TRYBUILD=overwrite
[INFO] [stderr] 
[INFO] [stderr] test 28-single-bit-enum.rs [should pass] ... ok
[INFO] [stderr] test 06-enums.rs [should pass] ... ok
[INFO] [stderr] test 07-optional-discriminant.rs [should pass] ... ok
[INFO] [stderr] test 08-non-power-of-two.rs [should fail to compile] ... mismatch
[INFO] [stderr] 
[INFO] [stderr] EXPECTED:
[INFO] [stderr] ┈┈┈┈┈┈┈┈┈┈┈┈┈┈┈┈┈┈┈┈┈┈┈┈┈┈┈┈┈┈┈┈┈┈┈┈┈┈┈┈┈┈┈┈┈┈┈┈┈┈┈┈┈┈┈┈┈┈┈┈
[INFO] [stderr] error: BitfieldSpecifier expected a number of variants which is a power of 2, specify #[bits = 2] if that was your intent
[INFO] [stderr]   --> $DIR/08-non-power-of-two.rs:11:1
[INFO] [stderr]    |
[INFO] [stderr] 11 | / pub enum Bad {
[INFO] [stderr] 12 | |     Zero,
[INFO] [stderr] 13 | |     One,
[INFO] [stderr] 14 | |     Two,
[INFO] [stderr] 15 | | }
[INFO] [stderr]    | |_^
[INFO] [stderr] ┈┈┈┈┈┈┈┈┈┈┈┈┈┈┈┈┈┈┈┈┈┈┈┈┈┈┈┈┈┈┈┈┈┈┈┈┈┈┈┈┈┈┈┈┈┈┈┈┈┈┈┈┈┈┈┈┈┈┈┈
[INFO] [stderr] 
[INFO] [stderr] ACTUAL OUTPUT:
[INFO] [stderr] ┈┈┈┈┈┈┈┈┈┈┈┈┈┈┈┈┈┈┈┈┈┈┈┈┈┈┈┈┈┈┈┈┈┈┈┈┈┈┈┈┈┈┈┈┈┈┈┈┈┈┈┈┈┈┈┈┈┈┈┈
[INFO] [stderr] error: BitfieldSpecifier expected a number of variants which is a power of 2, specify #[bits = 2] if that was your intent
[INFO] [stderr]   --> $DIR/08-non-power-of-two.rs:11:1
[INFO] [stderr]    |
[INFO] [stderr] 11 | pub enum Bad {
[INFO] [stderr]    | ^^^
[INFO] [stderr] ┈┈┈┈┈┈┈┈┈┈┈┈┈┈┈┈┈┈┈┈┈┈┈┈┈┈┈┈┈┈┈┈┈┈┈┈┈┈┈┈┈┈┈┈┈┈┈┈┈┈┈┈┈┈┈┈┈┈┈┈
[INFO] [stderr] note: If the actual output is the correct output you can bless it by rerunning
[INFO] [stderr]       your test with the environment variable TRYBUILD=overwrite
[INFO] [stderr] 
[INFO] [stderr] test 09-variant-out-of-range.rs [should fail to compile] ... mismatch
[INFO] [stderr] 
[INFO] [stderr] EXPECTED:
[INFO] [stderr] ┈┈┈┈┈┈┈┈┈┈┈┈┈┈┈┈┈┈┈┈┈┈┈┈┈┈┈┈┈┈┈┈┈┈┈┈┈┈┈┈┈┈┈┈┈┈┈┈┈┈┈┈┈┈┈┈┈┈┈┈
[INFO] [stderr] error[E0277]: the trait bound `False: DiscriminantInRange` is not satisfied
[INFO] [stderr]    --> $DIR/09-variant-out-of-range.rs:17:5
[INFO] [stderr]     |
[INFO] [stderr] 17  |     External,
[INFO] [stderr]     |     ^^^^^^^^ the trait `DiscriminantInRange` is not implemented for `False`
[INFO] [stderr]     |
[INFO] [stderr]    ::: $WORKSPACE/src/private/checks.rs
[INFO] [stderr]     |
[INFO] [stderr]     |     <Self::CheckType as DispatchTrueFalse>::Out: DiscriminantInRange,
[INFO] [stderr]     |                                                  ------------------- required by this bound in `CheckDiscriminantInRange`
[INFO] [stderr] ┈┈┈┈┈┈┈┈┈┈┈┈┈┈┈┈┈┈┈┈┈┈┈┈┈┈┈┈┈┈┈┈┈┈┈┈┈┈┈┈┈┈┈┈┈┈┈┈┈┈┈┈┈┈┈┈┈┈┈┈
[INFO] [stderr] 
[INFO] [stderr] ACTUAL OUTPUT:
[INFO] [stderr] ┈┈┈┈┈┈┈┈┈┈┈┈┈┈┈┈┈┈┈┈┈┈┈┈┈┈┈┈┈┈┈┈┈┈┈┈┈┈┈┈┈┈┈┈┈┈┈┈┈┈┈┈┈┈┈┈┈┈┈┈
[INFO] [stderr] error[E0277]: the trait bound `False: DiscriminantInRange` is not satisfied
[INFO] [stderr]    --> $DIR/09-variant-out-of-range.rs:17:5
[INFO] [stderr]     |
[INFO] [stderr] 17  |     External,
[INFO] [stderr]     |     ^^^^^^^^ the trait `DiscriminantInRange` is not implemented for `False`
[INFO] [stderr]     |
[INFO] [stderr]     = help: the trait `DiscriminantInRange` is implemented for `True`
[INFO] [stderr] note: required by a bound in `CheckDiscriminantInRange`
[INFO] [stderr]    --> $DIR/checks.rs:132:50
[INFO] [stderr]     |
[INFO] [stderr] 132 |     <Self::CheckType as DispatchTrueFalse>::Out: DiscriminantInRange,
[INFO] [stderr]     |                                                  ^^^^^^^^^^^^^^^^^^^ required by this bound in `CheckDiscriminantInRange`
[INFO] [stderr] ┈┈┈┈┈┈┈┈┈┈┈┈┈┈┈┈┈┈┈┈┈┈┈┈┈┈┈┈┈┈┈┈┈┈┈┈┈┈┈┈┈┈┈┈┈┈┈┈┈┈┈┈┈┈┈┈┈┈┈┈
[INFO] [stderr] note: If the actual output is the correct output you can bless it by rerunning
[INFO] [stderr]       your test with the environment variable TRYBUILD=overwrite
[INFO] [stderr] 
[INFO] [stderr] test no-implicit-prelude.rs [should pass] ... ok
[INFO] [stderr] test no-implicit-prelude-2.rs [should pass] ... ok
[INFO] [stderr] test regression-issue-8.rs [should pass] ... ok
[INFO] [stderr] test deny_elided_lifetime.rs [should pass] ... ok
[INFO] [stderr] 
[INFO] [stderr] WARNINGS:
[INFO] [stderr] ┈┈┈┈┈┈┈┈┈┈┈┈┈┈┈┈┈┈┈┈┈┈┈┈┈┈┈┈┈┈┈┈┈┈┈┈┈┈┈┈┈┈┈┈┈┈┈┈┈┈┈┈┈┈┈┈┈┈┈┈
[INFO] [stderr] warning: unnecessary braces around const expression
[INFO] [stderr]  --> $DIR/deny_elided_lifetime.rs:6:1
[INFO] [stderr]   |
[INFO] [stderr] 6 | #[derive(Debug)]
[INFO] [stderr]   | ^
[INFO] [stderr]   |
[INFO] [stderr]   = note: `#[warn(unused_braces)]` on by default
[INFO] [stderr] ┈┈┈┈┈┈┈┈┈┈┈┈┈┈┈┈┈┈┈┈┈┈┈┈┈┈┈┈┈┈┈┈┈┈┈┈┈┈┈┈┈┈┈┈┈┈┈┈┈┈┈┈┈┈┈┈┈┈┈┈
[INFO] [stderr] 
[INFO] [stderr] STDERR:
[INFO] [stderr] ┈┈┈┈┈┈┈┈┈┈┈┈┈┈┈┈┈┈┈┈┈┈┈┈┈┈┈┈┈┈┈┈┈┈┈┈┈┈┈┈┈┈┈┈┈┈┈┈┈┈┈┈┈┈┈┈┈┈┈┈
[INFO] [stderr] warning: unnecessary braces around const expression
[INFO] [stderr]  --> /opt/rustwide/workdir/tests/regressions/deny_elided_lifetime.rs:6:1
[INFO] [stderr]   |
[INFO] [stderr] 6 | #[derive(Debug)]
[INFO] [stderr]   | ^
[INFO] [stderr]   |
[INFO] [stderr]   = note: `#[warn(unused_braces)]` on by default
[INFO] [stderr] ┈┈┈┈┈┈┈┈┈┈┈┈┈┈┈┈┈┈┈┈┈┈┈┈┈┈┈┈┈┈┈┈┈┈┈┈┈┈┈┈┈┈┈┈┈┈┈┈┈┈┈┈┈┈┈┈┈┈┈┈
[INFO] [stderr] 
[INFO] [stderr] test regression-v0.11.rs [should pass] ... ok
[INFO] [stderr] test invalid_bits_field_attr.rs [should fail to compile] ... ok
[INFO] [stderr] test valid-bitfield.rs [should pass] ... ok
[INFO] [stderr] test valid-specifier-bitfield.rs [should pass] ... ok
[INFO] [stderr] test duplicate-parameters.rs [should fail to compile] ... mismatch
[INFO] [stderr] 
[INFO] [stderr] EXPECTED:
[INFO] [stderr] ┈┈┈┈┈┈┈┈┈┈┈┈┈┈┈┈┈┈┈┈┈┈┈┈┈┈┈┈┈┈┈┈┈┈┈┈┈┈┈┈┈┈┈┈┈┈┈┈┈┈┈┈┈┈┈┈┈┈┈┈
[INFO] [stderr] error: encountered duplicate `bytes` parameter: duplicate set to 4
[INFO] [stderr]  --> $DIR/duplicate-parameters.rs:4:23
[INFO] [stderr]   |
[INFO] [stderr] 4 | #[bitfield(bytes = 4, bytes = 4)]
[INFO] [stderr]   |                       ^^^^^^^^^
[INFO] [stderr] 
[INFO] [stderr] error: previous `bytes` parameter here
[INFO] [stderr]  --> $DIR/duplicate-parameters.rs:4:12
[INFO] [stderr]   |
[INFO] [stderr] 4 | #[bitfield(bytes = 4, bytes = 4)]
[INFO] [stderr]   |            ^^^^^^^^^
[INFO] [stderr] ┈┈┈┈┈┈┈┈┈┈┈┈┈┈┈┈┈┈┈┈┈┈┈┈┈┈┈┈┈┈┈┈┈┈┈┈┈┈┈┈┈┈┈┈┈┈┈┈┈┈┈┈┈┈┈┈┈┈┈┈
[INFO] [stderr] 
[INFO] [stderr] ACTUAL OUTPUT:
[INFO] [stderr] ┈┈┈┈┈┈┈┈┈┈┈┈┈┈┈┈┈┈┈┈┈┈┈┈┈┈┈┈┈┈┈┈┈┈┈┈┈┈┈┈┈┈┈┈┈┈┈┈┈┈┈┈┈┈┈┈┈┈┈┈
[INFO] [stderr] error: encountered duplicate `bytes` parameter: duplicate set to 4
[INFO] [stderr]  --> $DIR/duplicate-parameters.rs:4:23
[INFO] [stderr]   |
[INFO] [stderr] 4 | #[bitfield(bytes = 4, bytes = 4)]
[INFO] [stderr]   |                       ^^^^^
[INFO] [stderr] 
[INFO] [stderr] error: previous `bytes` parameter here
[INFO] [stderr]  --> $DIR/duplicate-parameters.rs:4:12
[INFO] [stderr]   |
[INFO] [stderr] 4 | #[bitfield(bytes = 4, bytes = 4)]
[INFO] [stderr]   |            ^^^^^
[INFO] [stderr] ┈┈┈┈┈┈┈┈┈┈┈┈┈┈┈┈┈┈┈┈┈┈┈┈┈┈┈┈┈┈┈┈┈┈┈┈┈┈┈┈┈┈┈┈┈┈┈┈┈┈┈┈┈┈┈┈┈┈┈┈
[INFO] [stderr] note: If the actual output is the correct output you can bless it by rerunning
[INFO] [stderr]       your test with the environment variable TRYBUILD=overwrite
[INFO] [stderr] 
[INFO] [stderr] test fewer-bytes-than-expected.rs [should fail to compile] ... mismatch
[INFO] [stderr] 
[INFO] [stderr] EXPECTED:
[INFO] [stderr] ┈┈┈┈┈┈┈┈┈┈┈┈┈┈┈┈┈┈┈┈┈┈┈┈┈┈┈┈┈┈┈┈┈┈┈┈┈┈┈┈┈┈┈┈┈┈┈┈┈┈┈┈┈┈┈┈┈┈┈┈
[INFO] [stderr] error[E0512]: cannot transmute between types of different sizes, or dependently-sized types
[INFO] [stderr]  --> $DIR/fewer-bytes-than-expected.rs:4:12
[INFO] [stderr]   |
[INFO] [stderr] 4 | #[bitfield(bytes = 4)]
[INFO] [stderr]   |            ^^^^^^^^^
[INFO] [stderr]   |
[INFO] [stderr]   = note: source type: `ExpectedBytes` (32 bits)
[INFO] [stderr]   = note: target type: `Base` (24 bits)
[INFO] [stderr]   = note: this error originates in the macro `::modular_bitfield_msb::private::static_assertions::assert_eq_size` (in Nightly builds, run with -Z macro-backtrace for more info)
[INFO] [stderr] ┈┈┈┈┈┈┈┈┈┈┈┈┈┈┈┈┈┈┈┈┈┈┈┈┈┈┈┈┈┈┈┈┈┈┈┈┈┈┈┈┈┈┈┈┈┈┈┈┈┈┈┈┈┈┈┈┈┈┈┈
[INFO] [stderr] 
[INFO] [stderr] ACTUAL OUTPUT:
[INFO] [stderr] ┈┈┈┈┈┈┈┈┈┈┈┈┈┈┈┈┈┈┈┈┈┈┈┈┈┈┈┈┈┈┈┈┈┈┈┈┈┈┈┈┈┈┈┈┈┈┈┈┈┈┈┈┈┈┈┈┈┈┈┈
[INFO] [stderr] error[E0512]: cannot transmute between types of different sizes, or dependently-sized types
[INFO] [stderr]  --> $DIR/fewer-bytes-than-expected.rs:4:12
[INFO] [stderr]   |
[INFO] [stderr] 4 | #[bitfield(bytes = 4)]
[INFO] [stderr]   |            ^^^^^
[INFO] [stderr]   |
[INFO] [stderr]   = note: source type: `ExpectedBytes` (32 bits)
[INFO] [stderr]   = note: target type: `Base` (24 bits)
[INFO] [stderr]   = note: this error originates in the macro `::modular_bitfield_msb::private::static_assertions::assert_eq_size` (in Nightly builds, run with -Z macro-backtrace for more info)
[INFO] [stderr] ┈┈┈┈┈┈┈┈┈┈┈┈┈┈┈┈┈┈┈┈┈┈┈┈┈┈┈┈┈┈┈┈┈┈┈┈┈┈┈┈┈┈┈┈┈┈┈┈┈┈┈┈┈┈┈┈┈┈┈┈
[INFO] [stderr] note: If the actual output is the correct output you can bless it by rerunning
[INFO] [stderr]       your test with the environment variable TRYBUILD=overwrite
[INFO] [stderr] 
[INFO] [stderr] test more-bytes-than-expected.rs [should fail to compile] ... mismatch
[INFO] [stderr] 
[INFO] [stderr] EXPECTED:
[INFO] [stderr] ┈┈┈┈┈┈┈┈┈┈┈┈┈┈┈┈┈┈┈┈┈┈┈┈┈┈┈┈┈┈┈┈┈┈┈┈┈┈┈┈┈┈┈┈┈┈┈┈┈┈┈┈┈┈┈┈┈┈┈┈
[INFO] [stderr] error[E0512]: cannot transmute between types of different sizes, or dependently-sized types
[INFO] [stderr]  --> $DIR/more-bytes-than-expected.rs:4:12
[INFO] [stderr]   |
[INFO] [stderr] 4 | #[bitfield(bytes = 4)]
[INFO] [stderr]   |            ^^^^^^^^^
[INFO] [stderr]   |
[INFO] [stderr]   = note: source type: `ExpectedBytes` (32 bits)
[INFO] [stderr]   = note: target type: `Base` (48 bits)
[INFO] [stderr]   = note: this error originates in the macro `::modular_bitfield_msb::private::static_assertions::assert_eq_size` (in Nightly builds, run with -Z macro-backtrace for more info)
[INFO] [stderr] ┈┈┈┈┈┈┈┈┈┈┈┈┈┈┈┈┈┈┈┈┈┈┈┈┈┈┈┈┈┈┈┈┈┈┈┈┈┈┈┈┈┈┈┈┈┈┈┈┈┈┈┈┈┈┈┈┈┈┈┈
[INFO] [stderr] 
[INFO] [stderr] ACTUAL OUTPUT:
[INFO] [stderr] ┈┈┈┈┈┈┈┈┈┈┈┈┈┈┈┈┈┈┈┈┈┈┈┈┈┈┈┈┈┈┈┈┈┈┈┈┈┈┈┈┈┈┈┈┈┈┈┈┈┈┈┈┈┈┈┈┈┈┈┈
[INFO] [stderr] error[E0512]: cannot transmute between types of different sizes, or dependently-sized types
[INFO] [stderr]  --> $DIR/more-bytes-than-expected.rs:4:12
[INFO] [stderr]   |
[INFO] [stderr] 4 | #[bitfield(bytes = 4)]
[INFO] [stderr]   |            ^^^^^
[INFO] [stderr]   |
[INFO] [stderr]   = note: source type: `ExpectedBytes` (32 bits)
[INFO] [stderr]   = note: target type: `Base` (48 bits)
[INFO] [stderr]   = note: this error originates in the macro `::modular_bitfield_msb::private::static_assertions::assert_eq_size` (in Nightly builds, run with -Z macro-backtrace for more info)
[INFO] [stderr] ┈┈┈┈┈┈┈┈┈┈┈┈┈┈┈┈┈┈┈┈┈┈┈┈┈┈┈┈┈┈┈┈┈┈┈┈┈┈┈┈┈┈┈┈┈┈┈┈┈┈┈┈┈┈┈┈┈┈┈┈
[INFO] [stderr] note: If the actual output is the correct output you can bless it by rerunning
[INFO] [stderr]       your test with the environment variable TRYBUILD=overwrite
[INFO] [stderr] 
[INFO] [stderr] test invalid-int-value.rs [should fail to compile] ... mismatch
[INFO] [stderr] 
[INFO] [stderr] EXPECTED:
[INFO] [stderr] ┈┈┈┈┈┈┈┈┈┈┈┈┈┈┈┈┈┈┈┈┈┈┈┈┈┈┈┈┈┈┈┈┈┈┈┈┈┈┈┈┈┈┈┈┈┈┈┈┈┈┈┈┈┈┈┈┈┈┈┈
[INFO] [stderr] error: encountered malformatted integer value for `bytes` parameter: invalid digit found in string
[INFO] [stderr]  --> $DIR/invalid-int-value.rs:4:20
[INFO] [stderr]   |
[INFO] [stderr] 4 | #[bitfield(bytes = -1)]
[INFO] [stderr]   |                    ^^
[INFO] [stderr] ┈┈┈┈┈┈┈┈┈┈┈┈┈┈┈┈┈┈┈┈┈┈┈┈┈┈┈┈┈┈┈┈┈┈┈┈┈┈┈┈┈┈┈┈┈┈┈┈┈┈┈┈┈┈┈┈┈┈┈┈
[INFO] [stderr] 
[INFO] [stderr] ACTUAL OUTPUT:
[INFO] [stderr] ┈┈┈┈┈┈┈┈┈┈┈┈┈┈┈┈┈┈┈┈┈┈┈┈┈┈┈┈┈┈┈┈┈┈┈┈┈┈┈┈┈┈┈┈┈┈┈┈┈┈┈┈┈┈┈┈┈┈┈┈
[INFO] [stderr] error: encountered malformatted integer value for `bytes` parameter: invalid digit found in string
[INFO] [stderr]  --> $DIR/invalid-int-value.rs:4:20
[INFO] [stderr]   |
[INFO] [stderr] 4 | #[bitfield(bytes = -1)]
[INFO] [stderr]   |                    ^
[INFO] [stderr] ┈┈┈┈┈┈┈┈┈┈┈┈┈┈┈┈┈┈┈┈┈┈┈┈┈┈┈┈┈┈┈┈┈┈┈┈┈┈┈┈┈┈┈┈┈┈┈┈┈┈┈┈┈┈┈┈┈┈┈┈
[INFO] [stderr] note: If the actual output is the correct output you can bless it by rerunning
[INFO] [stderr]       your test with the environment variable TRYBUILD=overwrite
[INFO] [stderr] 
[INFO] [stderr] test invalid-type.rs [should fail to compile] ... ok
[INFO] [stderr] test valid-bitfield-1.rs [should pass] ... ok
[INFO] [stderr] test valid-bitfield-2.rs [should pass] ... ok
[INFO] [stderr] test valid-bitfield-specifier-1.rs [should pass] ... ok
[INFO] [stderr] test valid-bitfield-specifier-2.rs [should pass] ... ok
[INFO] [stderr] test duplicate-parameters.rs [should fail to compile] ... mismatch
[INFO] [stderr] 
[INFO] [stderr] EXPECTED:
[INFO] [stderr] ┈┈┈┈┈┈┈┈┈┈┈┈┈┈┈┈┈┈┈┈┈┈┈┈┈┈┈┈┈┈┈┈┈┈┈┈┈┈┈┈┈┈┈┈┈┈┈┈┈┈┈┈┈┈┈┈┈┈┈┈
[INFO] [stderr] error: encountered duplicate `filled` parameter: duplicate set to true
[INFO] [stderr]  --> $DIR/duplicate-parameters.rs:4:27
[INFO] [stderr]   |
[INFO] [stderr] 4 | #[bitfield(filled = true, filled = true)]
[INFO] [stderr]   |                           ^^^^^^^^^^^^^
[INFO] [stderr] 
[INFO] [stderr] error: previous `filled` parameter here
[INFO] [stderr]  --> $DIR/duplicate-parameters.rs:4:12
[INFO] [stderr]   |
[INFO] [stderr] 4 | #[bitfield(filled = true, filled = true)]
[INFO] [stderr]   |            ^^^^^^^^^^^^^
[INFO] [stderr] ┈┈┈┈┈┈┈┈┈┈┈┈┈┈┈┈┈┈┈┈┈┈┈┈┈┈┈┈┈┈┈┈┈┈┈┈┈┈┈┈┈┈┈┈┈┈┈┈┈┈┈┈┈┈┈┈┈┈┈┈
[INFO] [stderr] 
[INFO] [stderr] ACTUAL OUTPUT:
[INFO] [stderr] ┈┈┈┈┈┈┈┈┈┈┈┈┈┈┈┈┈┈┈┈┈┈┈┈┈┈┈┈┈┈┈┈┈┈┈┈┈┈┈┈┈┈┈┈┈┈┈┈┈┈┈┈┈┈┈┈┈┈┈┈
[INFO] [stderr] error: encountered duplicate `filled` parameter: duplicate set to true
[INFO] [stderr]  --> $DIR/duplicate-parameters.rs:4:27
[INFO] [stderr]   |
[INFO] [stderr] 4 | #[bitfield(filled = true, filled = true)]
[INFO] [stderr]   |                           ^^^^^^
[INFO] [stderr] 
[INFO] [stderr] error: previous `filled` parameter here
[INFO] [stderr]  --> $DIR/duplicate-parameters.rs:4:12
[INFO] [stderr]   |
[INFO] [stderr] 4 | #[bitfield(filled = true, filled = true)]
[INFO] [stderr]   |            ^^^^^^
[INFO] [stderr] ┈┈┈┈┈┈┈┈┈┈┈┈┈┈┈┈┈┈┈┈┈┈┈┈┈┈┈┈┈┈┈┈┈┈┈┈┈┈┈┈┈┈┈┈┈┈┈┈┈┈┈┈┈┈┈┈┈┈┈┈
[INFO] [stderr] note: If the actual output is the correct output you can bless it by rerunning
[INFO] [stderr]       your test with the environment variable TRYBUILD=overwrite
[INFO] [stderr] 
[INFO] [stderr] test invalid-bool-value.rs [should fail to compile] ... ok
[INFO] [stderr] test invalid-specified-as-filled.rs [should fail to compile] ... mismatch
[INFO] [stderr] 
[INFO] [stderr] EXPECTED:
[INFO] [stderr] ┈┈┈┈┈┈┈┈┈┈┈┈┈┈┈┈┈┈┈┈┈┈┈┈┈┈┈┈┈┈┈┈┈┈┈┈┈┈┈┈┈┈┈┈┈┈┈┈┈┈┈┈┈┈┈┈┈┈┈┈
[INFO] [stderr] error[E0277]: the trait bound `SevenMod8: TotalSizeIsMultipleOfEightBits` is not satisfied
[INFO] [stderr]   --> $DIR/invalid-specified-as-filled.rs:5:1
[INFO] [stderr]    |
[INFO] [stderr] 5  | / pub struct UnfilledBitfield {
[INFO] [stderr] 6  | |     a: B7,
[INFO] [stderr] 7  | |     b: u8,
[INFO] [stderr] 8  | | }
[INFO] [stderr]    | |_^ the trait `TotalSizeIsMultipleOfEightBits` is not implemented for `SevenMod8`
[INFO] [stderr]    |
[INFO] [stderr]   ::: $WORKSPACE/src/private/checks.rs
[INFO] [stderr]    |
[INFO] [stderr]    |       <Self::Size as RenameSizeType>::CheckType: TotalSizeIsMultipleOfEightBits,
[INFO] [stderr]    |                                                  ------------------------------ required by this bound in `CheckTotalSizeMultipleOf8`
[INFO] [stderr] ┈┈┈┈┈┈┈┈┈┈┈┈┈┈┈┈┈┈┈┈┈┈┈┈┈┈┈┈┈┈┈┈┈┈┈┈┈┈┈┈┈┈┈┈┈┈┈┈┈┈┈┈┈┈┈┈┈┈┈┈
[INFO] [stderr] 
[INFO] [stderr] ACTUAL OUTPUT:
[INFO] [stderr] ┈┈┈┈┈┈┈┈┈┈┈┈┈┈┈┈┈┈┈┈┈┈┈┈┈┈┈┈┈┈┈┈┈┈┈┈┈┈┈┈┈┈┈┈┈┈┈┈┈┈┈┈┈┈┈┈┈┈┈┈
[INFO] [stderr] error[E0277]: the trait bound `SevenMod8: TotalSizeIsMultipleOfEightBits` is not satisfied
[INFO] [stderr]   --> $DIR/invalid-specified-as-filled.rs:5:1
[INFO] [stderr]    |
[INFO] [stderr] 5  | pub struct UnfilledBitfield {
[INFO] [stderr]    | ^^^ the trait `TotalSizeIsMultipleOfEightBits` is not implemented for `SevenMod8`
[INFO] [stderr]    |
[INFO] [stderr]    = help: the trait `TotalSizeIsMultipleOfEightBits` is implemented for `ZeroMod8`
[INFO] [stderr] note: required by a bound in `CheckTotalSizeMultipleOf8`
[INFO] [stderr]   --> $DIR/checks.rs:69:48
[INFO] [stderr]    |
[INFO] [stderr] 69 |     <Self::Size as RenameSizeType>::CheckType: TotalSizeIsMultipleOfEightBits,
[INFO] [stderr]    |                                                ^^^^^^^^^^^^^^^^^^^^^^^^^^^^^^ required by this bound in `CheckTotalSizeMultipleOf8`
[INFO] [stderr] ┈┈┈┈┈┈┈┈┈┈┈┈┈┈┈┈┈┈┈┈┈┈┈┈┈┈┈┈┈┈┈┈┈┈┈┈┈┈┈┈┈┈┈┈┈┈┈┈┈┈┈┈┈┈┈┈┈┈┈┈
[INFO] [stderr] note: If the actual output is the correct output you can bless it by rerunning
[INFO] [stderr]       your test with the environment variable TRYBUILD=overwrite
[INFO] [stderr] 
[INFO] [stderr] test invalid-specified-as-unfilled.rs [should fail to compile] ... mismatch
[INFO] [stderr] 
[INFO] [stderr] EXPECTED:
[INFO] [stderr] ┈┈┈┈┈┈┈┈┈┈┈┈┈┈┈┈┈┈┈┈┈┈┈┈┈┈┈┈┈┈┈┈┈┈┈┈┈┈┈┈┈┈┈┈┈┈┈┈┈┈┈┈┈┈┈┈┈┈┈┈
[INFO] [stderr] error[E0277]: the trait bound `ZeroMod8: TotalSizeIsNotMultipleOfEightBits` is not satisfied
[INFO] [stderr]   --> $DIR/invalid-specified-as-unfilled.rs:5:1
[INFO] [stderr]    |
[INFO] [stderr] 5  | / pub struct UnfilledBitfield {
[INFO] [stderr] 6  | |     a: B8,
[INFO] [stderr] 7  | |     b: u8,
[INFO] [stderr] 8  | | }
[INFO] [stderr]    | |_^ the trait `TotalSizeIsNotMultipleOfEightBits` is not implemented for `ZeroMod8`
[INFO] [stderr]    |
[INFO] [stderr]   ::: $WORKSPACE/src/private/checks.rs
[INFO] [stderr]    |
[INFO] [stderr]    |       <Self::Size as RenameSizeType>::CheckType: TotalSizeIsNotMultipleOfEightBits,
[INFO] [stderr]    |                                                  --------------------------------- required by this bound in `CheckTotalSizeIsNotMultipleOf8`
[INFO] [stderr] ┈┈┈┈┈┈┈┈┈┈┈┈┈┈┈┈┈┈┈┈┈┈┈┈┈┈┈┈┈┈┈┈┈┈┈┈┈┈┈┈┈┈┈┈┈┈┈┈┈┈┈┈┈┈┈┈┈┈┈┈
[INFO] [stderr] 
[INFO] [stderr] ACTUAL OUTPUT:
[INFO] [stderr] ┈┈┈┈┈┈┈┈┈┈┈┈┈┈┈┈┈┈┈┈┈┈┈┈┈┈┈┈┈┈┈┈┈┈┈┈┈┈┈┈┈┈┈┈┈┈┈┈┈┈┈┈┈┈┈┈┈┈┈┈
[INFO] [stderr] error[E0277]: the trait bound `ZeroMod8: TotalSizeIsNotMultipleOfEightBits` is not satisfied
[INFO] [stderr]   --> $DIR/invalid-specified-as-unfilled.rs:5:1
[INFO] [stderr]    |
[INFO] [stderr] 5  | pub struct UnfilledBitfield {
[INFO] [stderr]    | ^^^ the trait `TotalSizeIsNotMultipleOfEightBits` is not implemented for `ZeroMod8`
[INFO] [stderr]    |
[INFO] [stderr]    = help: the following other types implement trait `TotalSizeIsNotMultipleOfEightBits`:
[INFO] [stderr]              FiveMod8
[INFO] [stderr]              FourMod8
[INFO] [stderr]              OneMod8
[INFO] [stderr]              SevenMod8
[INFO] [stderr]              SixMod8
[INFO] [stderr]              ThreeMod8
[INFO] [stderr]              TwoMod8
[INFO] [stderr] note: required by a bound in `CheckTotalSizeIsNotMultipleOf8`
[INFO] [stderr]   --> $DIR/checks.rs:78:48
[INFO] [stderr]    |
[INFO] [stderr] 78 |     <Self::Size as RenameSizeType>::CheckType: TotalSizeIsNotMultipleOfEightBits,
[INFO] [stderr]    |                                                ^^^^^^^^^^^^^^^^^^^^^^^^^^^^^^^^^ required by this bound in `CheckTotalSizeIsNotMultipleOf8`
[INFO] [stderr] ┈┈┈┈┈┈┈┈┈┈┈┈┈┈┈┈┈┈┈┈┈┈┈┈┈┈┈┈┈┈┈┈┈┈┈┈┈┈┈┈┈┈┈┈┈┈┈┈┈┈┈┈┈┈┈┈┈┈┈┈
[INFO] [stderr] note: If the actual output is the correct output you can bless it by rerunning
[INFO] [stderr]       your test with the environment variable TRYBUILD=overwrite
[INFO] [stderr] 
[INFO] [stderr] test valid-use.rs [should pass] ... ok
[INFO] [stderr] 
[INFO] [stderr] WARNINGS:
[INFO] [stderr] ┈┈┈┈┈┈┈┈┈┈┈┈┈┈┈┈┈┈┈┈┈┈┈┈┈┈┈┈┈┈┈┈┈┈┈┈┈┈┈┈┈┈┈┈┈┈┈┈┈┈┈┈┈┈┈┈┈┈┈┈
[INFO] [stderr] warning: unnecessary braces around const expression
[INFO] [stderr]  --> $DIR/valid-use.rs:4:1
[INFO] [stderr]   |
[INFO] [stderr] 4 | #[repr(u32)]
[INFO] [stderr]   | ^
[INFO] [stderr]   |
[INFO] [stderr]   = note: `#[warn(unused_braces)]` on by default
[INFO] [stderr] ┈┈┈┈┈┈┈┈┈┈┈┈┈┈┈┈┈┈┈┈┈┈┈┈┈┈┈┈┈┈┈┈┈┈┈┈┈┈┈┈┈┈┈┈┈┈┈┈┈┈┈┈┈┈┈┈┈┈┈┈
[INFO] [stderr] 
[INFO] [stderr] STDERR:
[INFO] [stderr] ┈┈┈┈┈┈┈┈┈┈┈┈┈┈┈┈┈┈┈┈┈┈┈┈┈┈┈┈┈┈┈┈┈┈┈┈┈┈┈┈┈┈┈┈┈┈┈┈┈┈┈┈┈┈┈┈┈┈┈┈
[INFO] [stderr] warning: unnecessary braces around const expression
[INFO] [stderr]  --> /opt/rustwide/workdir/tests/repr/valid-use.rs:4:1
[INFO] [stderr]   |
[INFO] [stderr] 4 | #[repr(u32)]
[INFO] [stderr]   | ^
[INFO] [stderr]   |
[INFO] [stderr]   = note: `#[warn(unused_braces)]` on by default
[INFO] [stderr] ┈┈┈┈┈┈┈┈┈┈┈┈┈┈┈┈┈┈┈┈┈┈┈┈┈┈┈┈┈┈┈┈┈┈┈┈┈┈┈┈┈┈┈┈┈┈┈┈┈┈┈┈┈┈┈┈┈┈┈┈
[INFO] [stderr] 
[INFO] [stderr] test valid-cond-use.rs [should pass] ... ok
[INFO] [stderr] 
[INFO] [stderr] WARNINGS:
[INFO] [stderr] ┈┈┈┈┈┈┈┈┈┈┈┈┈┈┈┈┈┈┈┈┈┈┈┈┈┈┈┈┈┈┈┈┈┈┈┈┈┈┈┈┈┈┈┈┈┈┈┈┈┈┈┈┈┈┈┈┈┈┈┈
[INFO] [stderr] warning: unnecessary braces around const expression
[INFO] [stderr]  --> $DIR/valid-cond-use.rs:4:1
[INFO] [stderr]   |
[INFO] [stderr] 4 | #[cfg_attr(not(feature = "unknown"), repr(u32))]
[INFO] [stderr]   | ^
[INFO] [stderr]   |
[INFO] [stderr]   = note: `#[warn(unused_braces)]` on by default
[INFO] [stderr] ┈┈┈┈┈┈┈┈┈┈┈┈┈┈┈┈┈┈┈┈┈┈┈┈┈┈┈┈┈┈┈┈┈┈┈┈┈┈┈┈┈┈┈┈┈┈┈┈┈┈┈┈┈┈┈┈┈┈┈┈
[INFO] [stderr] 
[INFO] [stderr] STDERR:
[INFO] [stderr] ┈┈┈┈┈┈┈┈┈┈┈┈┈┈┈┈┈┈┈┈┈┈┈┈┈┈┈┈┈┈┈┈┈┈┈┈┈┈┈┈┈┈┈┈┈┈┈┈┈┈┈┈┈┈┈┈┈┈┈┈
[INFO] [stderr] warning: unnecessary braces around const expression
[INFO] [stderr]  --> /opt/rustwide/workdir/tests/repr/valid-cond-use.rs:4:1
[INFO] [stderr]   |
[INFO] [stderr] 4 | #[cfg_attr(not(feature = "unknown"), repr(u32))]
[INFO] [stderr]   | ^
[INFO] [stderr]   |
[INFO] [stderr]   = note: `#[warn(unused_braces)]` on by default
[INFO] [stderr] ┈┈┈┈┈┈┈┈┈┈┈┈┈┈┈┈┈┈┈┈┈┈┈┈┈┈┈┈┈┈┈┈┈┈┈┈┈┈┈┈┈┈┈┈┈┈┈┈┈┈┈┈┈┈┈┈┈┈┈┈
[INFO] [stderr] 
[INFO] [stderr] test complex-use.rs [should pass] ... ok
[INFO] [stderr] 
[INFO] [stderr] WARNINGS:
[INFO] [stderr] ┈┈┈┈┈┈┈┈┈┈┈┈┈┈┈┈┈┈┈┈┈┈┈┈┈┈┈┈┈┈┈┈┈┈┈┈┈┈┈┈┈┈┈┈┈┈┈┈┈┈┈┈┈┈┈┈┈┈┈┈
[INFO] [stderr] warning: unnecessary braces around const expression
[INFO] [stderr]  --> $DIR/complex-use.rs:4:1
[INFO] [stderr]   |
[INFO] [stderr] 4 | #[repr(u32)]
[INFO] [stderr]   | ^
[INFO] [stderr]   |
[INFO] [stderr]   = note: `#[warn(unused_braces)]` on by default
[INFO] [stderr] ┈┈┈┈┈┈┈┈┈┈┈┈┈┈┈┈┈┈┈┈┈┈┈┈┈┈┈┈┈┈┈┈┈┈┈┈┈┈┈┈┈┈┈┈┈┈┈┈┈┈┈┈┈┈┈┈┈┈┈┈
[INFO] [stderr] 
[INFO] [stderr] STDERR:
[INFO] [stderr] ┈┈┈┈┈┈┈┈┈┈┈┈┈┈┈┈┈┈┈┈┈┈┈┈┈┈┈┈┈┈┈┈┈┈┈┈┈┈┈┈┈┈┈┈┈┈┈┈┈┈┈┈┈┈┈┈┈┈┈┈
[INFO] [stderr] warning: unnecessary braces around const expression
[INFO] [stderr]  --> /opt/rustwide/workdir/tests/repr/complex-use.rs:4:1
[INFO] [stderr]   |
[INFO] [stderr] 4 | #[repr(u32)]
[INFO] [stderr]   | ^
[INFO] [stderr]   |
[INFO] [stderr]   = note: `#[warn(unused_braces)]` on by default
[INFO] [stderr] ┈┈┈┈┈┈┈┈┈┈┈┈┈┈┈┈┈┈┈┈┈┈┈┈┈┈┈┈┈┈┈┈┈┈┈┈┈┈┈┈┈┈┈┈┈┈┈┈┈┈┈┈┈┈┈┈┈┈┈┈
[INFO] [stderr] 
[INFO] [stderr] test multiple-valid-reprs-1.rs [should pass] ... ok
[INFO] [stderr] 
[INFO] [stderr] WARNINGS:
[INFO] [stderr] ┈┈┈┈┈┈┈┈┈┈┈┈┈┈┈┈┈┈┈┈┈┈┈┈┈┈┈┈┈┈┈┈┈┈┈┈┈┈┈┈┈┈┈┈┈┈┈┈┈┈┈┈┈┈┈┈┈┈┈┈
[INFO] [stderr] warning: unnecessary braces around const expression
[INFO] [stderr]  --> $DIR/multiple-valid-reprs-1.rs:4:1
[INFO] [stderr]   |
[INFO] [stderr] 4 | #[repr(C, u32)] // The macro simply ignores `repr(C)`
[INFO] [stderr]   | ^
[INFO] [stderr]   |
[INFO] [stderr]   = note: `#[warn(unused_braces)]` on by default
[INFO] [stderr] ┈┈┈┈┈┈┈┈┈┈┈┈┈┈┈┈┈┈┈┈┈┈┈┈┈┈┈┈┈┈┈┈┈┈┈┈┈┈┈┈┈┈┈┈┈┈┈┈┈┈┈┈┈┈┈┈┈┈┈┈
[INFO] [stderr] 
[INFO] [stderr] STDERR:
[INFO] [stderr] ┈┈┈┈┈┈┈┈┈┈┈┈┈┈┈┈┈┈┈┈┈┈┈┈┈┈┈┈┈┈┈┈┈┈┈┈┈┈┈┈┈┈┈┈┈┈┈┈┈┈┈┈┈┈┈┈┈┈┈┈
[INFO] [stderr] warning: unnecessary braces around const expression
[INFO] [stderr]  --> /opt/rustwide/workdir/tests/repr/multiple-valid-reprs-1.rs:4:1
[INFO] [stderr]   |
[INFO] [stderr] 4 | #[repr(C, u32)] // The macro simply ignores `repr(C)`
[INFO] [stderr]   | ^
[INFO] [stderr]   |
[INFO] [stderr]   = note: `#[warn(unused_braces)]` on by default
[INFO] [stderr] ┈┈┈┈┈┈┈┈┈┈┈┈┈┈┈┈┈┈┈┈┈┈┈┈┈┈┈┈┈┈┈┈┈┈┈┈┈┈┈┈┈┈┈┈┈┈┈┈┈┈┈┈┈┈┈┈┈┈┈┈
[INFO] [stderr] 
[INFO] [stderr] test multiple-valid-reprs-2.rs [should pass] ... ok
[INFO] [stderr] 
[INFO] [stderr] WARNINGS:
[INFO] [stderr] ┈┈┈┈┈┈┈┈┈┈┈┈┈┈┈┈┈┈┈┈┈┈┈┈┈┈┈┈┈┈┈┈┈┈┈┈┈┈┈┈┈┈┈┈┈┈┈┈┈┈┈┈┈┈┈┈┈┈┈┈
[INFO] [stderr] warning: unnecessary braces around const expression
[INFO] [stderr]  --> $DIR/multiple-valid-reprs-2.rs:4:1
[INFO] [stderr]   |
[INFO] [stderr] 4 | #[repr(u32)]
[INFO] [stderr]   | ^
[INFO] [stderr]   |
[INFO] [stderr]   = note: `#[warn(unused_braces)]` on by default
[INFO] [stderr] ┈┈┈┈┈┈┈┈┈┈┈┈┈┈┈┈┈┈┈┈┈┈┈┈┈┈┈┈┈┈┈┈┈┈┈┈┈┈┈┈┈┈┈┈┈┈┈┈┈┈┈┈┈┈┈┈┈┈┈┈
[INFO] [stderr] 
[INFO] [stderr] STDERR:
[INFO] [stderr] ┈┈┈┈┈┈┈┈┈┈┈┈┈┈┈┈┈┈┈┈┈┈┈┈┈┈┈┈┈┈┈┈┈┈┈┈┈┈┈┈┈┈┈┈┈┈┈┈┈┈┈┈┈┈┈┈┈┈┈┈
[INFO] [stderr] warning: unnecessary braces around const expression
[INFO] [stderr]  --> /opt/rustwide/workdir/tests/repr/multiple-valid-reprs-2.rs:4:1
[INFO] [stderr]   |
[INFO] [stderr] 4 | #[repr(u32)]
[INFO] [stderr]   | ^
[INFO] [stderr]   |
[INFO] [stderr]   = note: `#[warn(unused_braces)]` on by default
[INFO] [stderr] ┈┈┈┈┈┈┈┈┈┈┈┈┈┈┈┈┈┈┈┈┈┈┈┈┈┈┈┈┈┈┈┈┈┈┈┈┈┈┈┈┈┈┈┈┈┈┈┈┈┈┈┈┈┈┈┈┈┈┈┈
[INFO] [stderr] 
[INFO] [stderr] test duplicate-repr-1.rs [should fail to compile] ... ok
[INFO] [stderr] test duplicate-repr-2.rs [should fail to compile] ... ok
[INFO] [stderr] test duplicate-repr-3.rs [should fail to compile] ... ok
[INFO] [stderr] test invalid-repr-1.rs [should fail to compile] ... mismatch
[INFO] [stderr] 
[INFO] [stderr] EXPECTED:
[INFO] [stderr] ┈┈┈┈┈┈┈┈┈┈┈┈┈┈┈┈┈┈┈┈┈┈┈┈┈┈┈┈┈┈┈┈┈┈┈┈┈┈┈┈┈┈┈┈┈┈┈┈┈┈┈┈┈┈┈┈┈┈┈┈
[INFO] [stderr] error[E0552]: unrecognized representation hint
[INFO] [stderr]  --> $DIR/invalid-repr-1.rs:4:8
[INFO] [stderr]   |
[INFO] [stderr] 4 | #[repr(invalid)]
[INFO] [stderr]   |        ^^^^^^^
[INFO] [stderr] ┈┈┈┈┈┈┈┈┈┈┈┈┈┈┈┈┈┈┈┈┈┈┈┈┈┈┈┈┈┈┈┈┈┈┈┈┈┈┈┈┈┈┈┈┈┈┈┈┈┈┈┈┈┈┈┈┈┈┈┈
[INFO] [stderr] 
[INFO] [stderr] ACTUAL OUTPUT:
[INFO] [stderr] ┈┈┈┈┈┈┈┈┈┈┈┈┈┈┈┈┈┈┈┈┈┈┈┈┈┈┈┈┈┈┈┈┈┈┈┈┈┈┈┈┈┈┈┈┈┈┈┈┈┈┈┈┈┈┈┈┈┈┈┈
[INFO] [stderr] error[E0552]: unrecognized representation hint
[INFO] [stderr]  --> $DIR/invalid-repr-1.rs:4:8
[INFO] [stderr]   |
[INFO] [stderr] 4 | #[repr(invalid)]
[INFO] [stderr]   |        ^^^^^^^
[INFO] [stderr]   |
[INFO] [stderr]   = help: valid reprs are `C`, `align`, `packed`, `transparent`, `simd`, `i8`, `u8`, `i16`, `u16`, `i32`, `u32`, `i64`, `u64`, `i128`, `u128`, `isize`, `usize`
[INFO] [stderr] ┈┈┈┈┈┈┈┈┈┈┈┈┈┈┈┈┈┈┈┈┈┈┈┈┈┈┈┈┈┈┈┈┈┈┈┈┈┈┈┈┈┈┈┈┈┈┈┈┈┈┈┈┈┈┈┈┈┈┈┈
[INFO] [stderr] note: If the actual output is the correct output you can bless it by rerunning
[INFO] [stderr]       your test with the environment variable TRYBUILD=overwrite
[INFO] [stderr] 
[INFO] [stderr] test invalid-repr-2.rs [should fail to compile] ... mismatch
[INFO] [stderr] 
[INFO] [stderr] EXPECTED:
[INFO] [stderr] ┈┈┈┈┈┈┈┈┈┈┈┈┈┈┈┈┈┈┈┈┈┈┈┈┈┈┈┈┈┈┈┈┈┈┈┈┈┈┈┈┈┈┈┈┈┈┈┈┈┈┈┈┈┈┈┈┈┈┈┈
[INFO] [stderr] error[E0552]: unrecognized representation hint
[INFO] [stderr]  --> $DIR/invalid-repr-2.rs:4:43
[INFO] [stderr]   |
[INFO] [stderr] 4 | #[cfg_attr(not(feature = "unknown"), repr(invalid))]
[INFO] [stderr]   |                                           ^^^^^^^
[INFO] [stderr] ┈┈┈┈┈┈┈┈┈┈┈┈┈┈┈┈┈┈┈┈┈┈┈┈┈┈┈┈┈┈┈┈┈┈┈┈┈┈┈┈┈┈┈┈┈┈┈┈┈┈┈┈┈┈┈┈┈┈┈┈
[INFO] [stderr] 
[INFO] [stderr] ACTUAL OUTPUT:
[INFO] [stderr] ┈┈┈┈┈┈┈┈┈┈┈┈┈┈┈┈┈┈┈┈┈┈┈┈┈┈┈┈┈┈┈┈┈┈┈┈┈┈┈┈┈┈┈┈┈┈┈┈┈┈┈┈┈┈┈┈┈┈┈┈
[INFO] [stderr] error[E0552]: unrecognized representation hint
[INFO] [stderr]  --> $DIR/invalid-repr-2.rs:4:43
[INFO] [stderr]   |
[INFO] [stderr] 4 | #[cfg_attr(not(feature = "unknown"), repr(invalid))]
[INFO] [stderr]   |                                           ^^^^^^^
[INFO] [stderr]   |
[INFO] [stderr]   = help: valid reprs are `C`, `align`, `packed`, `transparent`, `simd`, `i8`, `u8`, `i16`, `u16`, `i32`, `u32`, `i64`, `u64`, `i128`, `u128`, `isize`, `usize`
[INFO] [stderr] ┈┈┈┈┈┈┈┈┈┈┈┈┈┈┈┈┈┈┈┈┈┈┈┈┈┈┈┈┈┈┈┈┈┈┈┈┈┈┈┈┈┈┈┈┈┈┈┈┈┈┈┈┈┈┈┈┈┈┈┈
[INFO] [stderr] note: If the actual output is the correct output you can bless it by rerunning
[INFO] [stderr]       your test with the environment variable TRYBUILD=overwrite
[INFO] [stderr] 
[INFO] [stderr] test invalid-repr-width-1.rs [should fail to compile] ... mismatch
[INFO] [stderr] 
[INFO] [stderr] EXPECTED:
[INFO] [stderr] ┈┈┈┈┈┈┈┈┈┈┈┈┈┈┈┈┈┈┈┈┈┈┈┈┈┈┈┈┈┈┈┈┈┈┈┈┈┈┈┈┈┈┈┈┈┈┈┈┈┈┈┈┈┈┈┈┈┈┈┈
[INFO] [stderr] error[E0277]: the trait bound `[(); 32]: IsU16Compatible` is not satisfied
[INFO] [stderr]  --> $DIR/invalid-repr-width-1.rs:4:8
[INFO] [stderr]   |
[INFO] [stderr] 4 | #[repr(u16)] // Too few bits!
[INFO] [stderr]   |        ^^^ the trait `IsU16Compatible` is not implemented for `[(); 32]`
[INFO] [stderr]   |
[INFO] [stderr]   = help: the following implementations were found:
[INFO] [stderr]             <[(); 16] as IsU16Compatible>
[INFO] [stderr]   = help: see issue #48214
[INFO] [stderr]   = help: add `#![feature(trivial_bounds)]` to the crate attributes to enable
[INFO] [stderr] ┈┈┈┈┈┈┈┈┈┈┈┈┈┈┈┈┈┈┈┈┈┈┈┈┈┈┈┈┈┈┈┈┈┈┈┈┈┈┈┈┈┈┈┈┈┈┈┈┈┈┈┈┈┈┈┈┈┈┈┈
[INFO] [stderr] 
[INFO] [stderr] ACTUAL OUTPUT:
[INFO] [stderr] ┈┈┈┈┈┈┈┈┈┈┈┈┈┈┈┈┈┈┈┈┈┈┈┈┈┈┈┈┈┈┈┈┈┈┈┈┈┈┈┈┈┈┈┈┈┈┈┈┈┈┈┈┈┈┈┈┈┈┈┈
[INFO] [stderr] warning: unnecessary braces around const expression
[INFO] [stderr]  --> $DIR/invalid-repr-width-1.rs:4:1
[INFO] [stderr]   |
[INFO] [stderr] 4 | #[repr(u16)] // Too few bits!
[INFO] [stderr]   | ^
[INFO] [stderr]   |
[INFO] [stderr]   = note: `#[warn(unused_braces)]` on by default
[INFO] [stderr] 
[INFO] [stderr] error[E0277]: the trait bound `[(); 32]: IsU16Compatible` is not satisfied
[INFO] [stderr]  --> $DIR/invalid-repr-width-1.rs:3:1
[INFO] [stderr]   |
[INFO] [stderr] 3 | #[bitfield]
[INFO] [stderr]   | ^^^^^^^^^^^ the trait `IsU16Compatible` is not implemented for `[(); 32]`
[INFO] [stderr]   |
[INFO] [stderr]   = help: the trait `IsU16Compatible` is implemented for `[(); 16]`
[INFO] [stderr]   = help: see issue #48214
[INFO] [stderr]   = note: this error originates in the attribute macro `bitfield` (in Nightly builds, run with -Z macro-backtrace for more info)
[INFO] [stderr] ┈┈┈┈┈┈┈┈┈┈┈┈┈┈┈┈┈┈┈┈┈┈┈┈┈┈┈┈┈┈┈┈┈┈┈┈┈┈┈┈┈┈┈┈┈┈┈┈┈┈┈┈┈┈┈┈┈┈┈┈
[INFO] [stderr] note: If the actual output is the correct output you can bless it by rerunning
[INFO] [stderr]       your test with the environment variable TRYBUILD=overwrite
[INFO] [stderr] 
[INFO] [stderr] test invalid-repr-width-2.rs [should fail to compile] ... mismatch
[INFO] [stderr] 
[INFO] [stderr] EXPECTED:
[INFO] [stderr] ┈┈┈┈┈┈┈┈┈┈┈┈┈┈┈┈┈┈┈┈┈┈┈┈┈┈┈┈┈┈┈┈┈┈┈┈┈┈┈┈┈┈┈┈┈┈┈┈┈┈┈┈┈┈┈┈┈┈┈┈
[INFO] [stderr] error[E0277]: the trait bound `[(); 32]: IsU64Compatible` is not satisfied
[INFO] [stderr]  --> $DIR/invalid-repr-width-2.rs:4:8
[INFO] [stderr]   |
[INFO] [stderr] 4 | #[repr(u64)] // Too many bits!
[INFO] [stderr]   |        ^^^ the trait `IsU64Compatible` is not implemented for `[(); 32]`
[INFO] [stderr]   |
[INFO] [stderr]   = help: the following implementations were found:
[INFO] [stderr]             <[(); 64] as IsU64Compatible>
[INFO] [stderr]   = help: see issue #48214
[INFO] [stderr]   = help: add `#![feature(trivial_bounds)]` to the crate attributes to enable
[INFO] [stderr] ┈┈┈┈┈┈┈┈┈┈┈┈┈┈┈┈┈┈┈┈┈┈┈┈┈┈┈┈┈┈┈┈┈┈┈┈┈┈┈┈┈┈┈┈┈┈┈┈┈┈┈┈┈┈┈┈┈┈┈┈
[INFO] [stderr] 
[INFO] [stderr] ACTUAL OUTPUT:
[INFO] [stderr] ┈┈┈┈┈┈┈┈┈┈┈┈┈┈┈┈┈┈┈┈┈┈┈┈┈┈┈┈┈┈┈┈┈┈┈┈┈┈┈┈┈┈┈┈┈┈┈┈┈┈┈┈┈┈┈┈┈┈┈┈
[INFO] [stderr] warning: unnecessary braces around const expression
[INFO] [stderr]  --> $DIR/invalid-repr-width-2.rs:4:1
[INFO] [stderr]   |
[INFO] [stderr] 4 | #[repr(u64)] // Too many bits!
[INFO] [stderr]   | ^
[INFO] [stderr]   |
[INFO] [stderr]   = note: `#[warn(unused_braces)]` on by default
[INFO] [stderr] 
[INFO] [stderr] error[E0277]: the trait bound `[(); 32]: IsU64Compatible` is not satisfied
[INFO] [stderr]  --> $DIR/invalid-repr-width-2.rs:3:1
[INFO] [stderr]   |
[INFO] [stderr] 3 | #[bitfield]
[INFO] [stderr]   | ^^^^^^^^^^^ the trait `IsU64Compatible` is not implemented for `[(); 32]`
[INFO] [stderr]   |
[INFO] [stderr]   = help: the trait `IsU64Compatible` is implemented for `[(); 64]`
[INFO] [stderr]   = help: see issue #48214
[INFO] [stderr]   = note: this error originates in the attribute macro `bitfield` (in Nightly builds, run with -Z macro-backtrace for more info)
[INFO] [stderr] ┈┈┈┈┈┈┈┈┈┈┈┈┈┈┈┈┈┈┈┈┈┈┈┈┈┈┈┈┈┈┈┈┈┈┈┈┈┈┈┈┈┈┈┈┈┈┈┈┈┈┈┈┈┈┈┈┈┈┈┈
[INFO] [stderr] note: If the actual output is the correct output you can bless it by rerunning
[INFO] [stderr]       your test with the environment variable TRYBUILD=overwrite
[INFO] [stderr] 
[INFO] [stderr] test conflicting-ignored-reprs.rs [should fail to compile] ... mismatch
[INFO] [stderr] 
[INFO] [stderr] EXPECTED:
[INFO] [stderr] ┈┈┈┈┈┈┈┈┈┈┈┈┈┈┈┈┈┈┈┈┈┈┈┈┈┈┈┈┈┈┈┈┈┈┈┈┈┈┈┈┈┈┈┈┈┈┈┈┈┈┈┈┈┈┈┈┈┈┈┈
[INFO] [stderr] error[E0692]: transparent struct cannot have other repr hints
[INFO] [stderr]  --> $DIR/conflicting-ignored-reprs.rs:4:8
[INFO] [stderr]   |
[INFO] [stderr] 4 | #[repr(C, transparent, u32)] // The macro simply ignores `repr(C)` and `repr(transparent)`
[INFO] [stderr]   |        ^  ^^^^^^^^^^^
[INFO] [stderr] ┈┈┈┈┈┈┈┈┈┈┈┈┈┈┈┈┈┈┈┈┈┈┈┈┈┈┈┈┈┈┈┈┈┈┈┈┈┈┈┈┈┈┈┈┈┈┈┈┈┈┈┈┈┈┈┈┈┈┈┈
[INFO] [stderr] 
[INFO] [stderr] ACTUAL OUTPUT:
[INFO] [stderr] ┈┈┈┈┈┈┈┈┈┈┈┈┈┈┈┈┈┈┈┈┈┈┈┈┈┈┈┈┈┈┈┈┈┈┈┈┈┈┈┈┈┈┈┈┈┈┈┈┈┈┈┈┈┈┈┈┈┈┈┈
[INFO] [stderr] warning: unnecessary braces around const expression
[INFO] [stderr]  --> $DIR/conflicting-ignored-reprs.rs:4:1
[INFO] [stderr]   |
[INFO] [stderr] 4 | #[repr(C, transparent, u32)] // The macro simply ignores `repr(C)` and `repr(transparent)`
[INFO] [stderr]   | ^
[INFO] [stderr]   |
[INFO] [stderr]   = note: `#[warn(unused_braces)]` on by default
[INFO] [stderr] 
[INFO] [stderr] error[E0692]: transparent struct cannot have other repr hints
[INFO] [stderr]  --> $DIR/conflicting-ignored-reprs.rs:4:8
[INFO] [stderr]   |
[INFO] [stderr] 4 | #[repr(C, transparent, u32)] // The macro simply ignores `repr(C)` and `repr(transparent)`
[INFO] [stderr]   |        ^  ^^^^^^^^^^^
[INFO] [stderr] ┈┈┈┈┈┈┈┈┈┈┈┈┈┈┈┈┈┈┈┈┈┈┈┈┈┈┈┈┈┈┈┈┈┈┈┈┈┈┈┈┈┈┈┈┈┈┈┈┈┈┈┈┈┈┈┈┈┈┈┈
[INFO] [stderr] note: If the actual output is the correct output you can bless it by rerunning
[INFO] [stderr]       your test with the environment variable TRYBUILD=overwrite
[INFO] [stderr] 
[INFO] [stderr] test invalid-repr-unfilled.rs [should fail to compile] ... mismatch
[INFO] [stderr] 
[INFO] [stderr] EXPECTED:
[INFO] [stderr] ┈┈┈┈┈┈┈┈┈┈┈┈┈┈┈┈┈┈┈┈┈┈┈┈┈┈┈┈┈┈┈┈┈┈┈┈┈┈┈┈┈┈┈┈┈┈┈┈┈┈┈┈┈┈┈┈┈┈┈┈
[INFO] [stderr] error: encountered conflicting `#[repr(u32)]` and `filled = false` parameters
[INFO] [stderr]  --> $DIR/invalid-repr-unfilled.rs:3:1
[INFO] [stderr]   |
[INFO] [stderr] 3 | #[bitfield(filled = false)]
[INFO] [stderr]   | ^^^^^^^^^^^^^^^^^^^^^^^^^^^
[INFO] [stderr]   |
[INFO] [stderr]   = note: this error originates in the attribute macro `bitfield` (in Nightly builds, run with -Z macro-backtrace for more info)
[INFO] [stderr] 
[INFO] [stderr] error: conflicting `#[repr(u32)]` here
[INFO] [stderr]  --> $DIR/invalid-repr-unfilled.rs:4:8
[INFO] [stderr]   |
[INFO] [stderr] 4 | #[repr(u32)]
[INFO] [stderr]   |        ^^^
[INFO] [stderr] 
[INFO] [stderr] error: conflicting `filled = false` here
[INFO] [stderr]  --> $DIR/invalid-repr-unfilled.rs:3:12
[INFO] [stderr]   |
[INFO] [stderr] 3 | #[bitfield(filled = false)]
[INFO] [stderr]   |            ^^^^^^^^^^^^^^
[INFO] [stderr] ┈┈┈┈┈┈┈┈┈┈┈┈┈┈┈┈┈┈┈┈┈┈┈┈┈┈┈┈┈┈┈┈┈┈┈┈┈┈┈┈┈┈┈┈┈┈┈┈┈┈┈┈┈┈┈┈┈┈┈┈
[INFO] [stderr] 
[INFO] [stderr] ACTUAL OUTPUT:
[INFO] [stderr] ┈┈┈┈┈┈┈┈┈┈┈┈┈┈┈┈┈┈┈┈┈┈┈┈┈┈┈┈┈┈┈┈┈┈┈┈┈┈┈┈┈┈┈┈┈┈┈┈┈┈┈┈┈┈┈┈┈┈┈┈
[INFO] [stderr] error: encountered conflicting `#[repr(u32)]` and `filled = false` parameters
[INFO] [stderr]  --> $DIR/invalid-repr-unfilled.rs:3:1
[INFO] [stderr]   |
[INFO] [stderr] 3 | #[bitfield(filled = false)]
[INFO] [stderr]   | ^^^^^^^^^^^^^^^^^^^^^^^^^^^
[INFO] [stderr]   |
[INFO] [stderr]   = note: this error originates in the attribute macro `bitfield` (in Nightly builds, run with -Z macro-backtrace for more info)
[INFO] [stderr] 
[INFO] [stderr] error: conflicting `#[repr(u32)]` here
[INFO] [stderr]  --> $DIR/invalid-repr-unfilled.rs:4:8
[INFO] [stderr]   |
[INFO] [stderr] 4 | #[repr(u32)]
[INFO] [stderr]   |        ^^^
[INFO] [stderr] 
[INFO] [stderr] error: conflicting `filled = false` here
[INFO] [stderr]  --> $DIR/invalid-repr-unfilled.rs:3:12
[INFO] [stderr]   |
[INFO] [stderr] 3 | #[bitfield(filled = false)]
[INFO] [stderr]   |            ^^^^^^
[INFO] [stderr] ┈┈┈┈┈┈┈┈┈┈┈┈┈┈┈┈┈┈┈┈┈┈┈┈┈┈┈┈┈┈┈┈┈┈┈┈┈┈┈┈┈┈┈┈┈┈┈┈┈┈┈┈┈┈┈┈┈┈┈┈
[INFO] [stderr] note: If the actual output is the correct output you can bless it by rerunning
[INFO] [stderr]       your test with the environment variable TRYBUILD=overwrite
[INFO] [stderr] 
[INFO] [stderr] test valid-use.rs [should pass] ... ok
[INFO] [stderr] test valid-use-2.rs [should pass] ... ok
[INFO] [stderr] test valid-use-specifier.rs [should pass] ... ok
[INFO] [stderr] test print-invalid-bits.rs [should pass] ... ok
[INFO] [stderr] test respects-other-derives.rs [should pass] ... ok
[INFO] [stderr] test duplicate-derive-debug.rs [should fail to compile] ... ok
[INFO] [stderr] test duplicate-derive-debug-2.rs [should fail to compile] ... ok
[INFO] [stderr] test skip-default.rs [should pass] ... ok
[INFO] [stderr] test skip-getters-and-setters-1.rs [should pass] ... ok
[INFO] [stderr] test skip-getters-and-setters-2.rs [should pass] ... ok
[INFO] [stderr] test skip-with-debug.rs [should pass] ... ok
[INFO] [stderr] test double_wildcards-1.rs [should pass] ... ok
[INFO] [stderr] test double_wildcards-2.rs [should pass] ... ok
[INFO] [stderr] test skip-getters.rs [should pass] ... ok
[INFO] [stderr] test skip-setters.rs [should pass] ... ok
[INFO] [stderr] test invalid-specifier.rs [should fail to compile] ... ok
[INFO] [stderr] test duplicate-attr.rs [should fail to compile] ... ok
[INFO] [stderr] test duplicate-specifier.rs [should fail to compile] ... mismatch
[INFO] [stderr] 
[INFO] [stderr] EXPECTED:
[INFO] [stderr] ┈┈┈┈┈┈┈┈┈┈┈┈┈┈┈┈┈┈┈┈┈┈┈┈┈┈┈┈┈┈┈┈┈┈┈┈┈┈┈┈┈┈┈┈┈┈┈┈┈┈┈┈┈┈┈┈┈┈┈┈
[INFO] [stderr] error: encountered duplicate #[skip(getters)]
[INFO] [stderr]  --> $DIR/duplicate-specifier.rs:5:7
[INFO] [stderr]   |
[INFO] [stderr] 5 |     #[skip(getters, getters)]
[INFO] [stderr]   |       ^^^^^^^^^^^^^^^^^^^^^^
[INFO] [stderr] 
[INFO] [stderr] error: previous found here
[INFO] [stderr]  --> $DIR/duplicate-specifier.rs:5:7
[INFO] [stderr]   |
[INFO] [stderr] 5 |     #[skip(getters, getters)]
[INFO] [stderr]   |       ^^^^^^^^^^^^^^^^^^^^^^
[INFO] [stderr] ┈┈┈┈┈┈┈┈┈┈┈┈┈┈┈┈┈┈┈┈┈┈┈┈┈┈┈┈┈┈┈┈┈┈┈┈┈┈┈┈┈┈┈┈┈┈┈┈┈┈┈┈┈┈┈┈┈┈┈┈
[INFO] [stderr] 
[INFO] [stderr] ACTUAL OUTPUT:
[INFO] [stderr] ┈┈┈┈┈┈┈┈┈┈┈┈┈┈┈┈┈┈┈┈┈┈┈┈┈┈┈┈┈┈┈┈┈┈┈┈┈┈┈┈┈┈┈┈┈┈┈┈┈┈┈┈┈┈┈┈┈┈┈┈
[INFO] [stderr] error: encountered duplicate #[skip(getters)]
[INFO] [stderr]  --> $DIR/duplicate-specifier.rs:5:7
[INFO] [stderr]   |
[INFO] [stderr] 5 |     #[skip(getters, getters)]
[INFO] [stderr]   |       ^^^^
[INFO] [stderr] 
[INFO] [stderr] error: previous found here
[INFO] [stderr]  --> $DIR/duplicate-specifier.rs:5:7
[INFO] [stderr]   |
[INFO] [stderr] 5 |     #[skip(getters, getters)]
[INFO] [stderr]   |       ^^^^
[INFO] [stderr] ┈┈┈┈┈┈┈┈┈┈┈┈┈┈┈┈┈┈┈┈┈┈┈┈┈┈┈┈┈┈┈┈┈┈┈┈┈┈┈┈┈┈┈┈┈┈┈┈┈┈┈┈┈┈┈┈┈┈┈┈
[INFO] [stderr] note: If the actual output is the correct output you can bless it by rerunning
[INFO] [stderr]       your test with the environment variable TRYBUILD=overwrite
[INFO] [stderr] 
[INFO] [stderr] test use-skipped-getter-1.rs [should fail to compile] ... mismatch
[INFO] [stderr] 
[INFO] [stderr] EXPECTED:
[INFO] [stderr] ┈┈┈┈┈┈┈┈┈┈┈┈┈┈┈┈┈┈┈┈┈┈┈┈┈┈┈┈┈┈┈┈┈┈┈┈┈┈┈┈┈┈┈┈┈┈┈┈┈┈┈┈┈┈┈┈┈┈┈┈
[INFO] [stderr] error[E0599]: no method named `unused_1` found for struct `Sparse` in the current scope
[INFO] [stderr]   --> $DIR/use-skipped-getter-1.rs:14:23
[INFO] [stderr]    |
[INFO] [stderr] 4  | / #[derive(Debug)]
[INFO] [stderr] 5  | | pub struct Sparse {
[INFO] [stderr] 6  | |     #[skip(getters)]
[INFO] [stderr] 7  | |     unused_1: B7,
[INFO] [stderr] 8  | |     a: bool,
[INFO] [stderr] 9  | | }
[INFO] [stderr]    | |_- method `unused_1` not found for this
[INFO] [stderr] ...
[INFO] [stderr] 14 |       assert_eq!(sparse.unused_1(), 0); // ERROR!
[INFO] [stderr]    |                         ^^^^^^^^ method not found in `Sparse`
[INFO] [stderr] ┈┈┈┈┈┈┈┈┈┈┈┈┈┈┈┈┈┈┈┈┈┈┈┈┈┈┈┈┈┈┈┈┈┈┈┈┈┈┈┈┈┈┈┈┈┈┈┈┈┈┈┈┈┈┈┈┈┈┈┈
[INFO] [stderr] 
[INFO] [stderr] ACTUAL OUTPUT:
[INFO] [stderr] ┈┈┈┈┈┈┈┈┈┈┈┈┈┈┈┈┈┈┈┈┈┈┈┈┈┈┈┈┈┈┈┈┈┈┈┈┈┈┈┈┈┈┈┈┈┈┈┈┈┈┈┈┈┈┈┈┈┈┈┈
[INFO] [stderr] error[E0599]: no method named `unused_1` found for struct `Sparse` in the current scope
[INFO] [stderr]   --> $DIR/use-skipped-getter-1.rs:14:23
[INFO] [stderr]    |
[INFO] [stderr] 4  | / #[derive(Debug)]
[INFO] [stderr] 5  | | pub struct Sparse {
[INFO] [stderr]    | |___- method `unused_1` not found for this struct
[INFO] [stderr] ...
[INFO] [stderr] 14 |       assert_eq!(sparse.unused_1(), 0); // ERROR!
[INFO] [stderr]    |                         ^^^^^^^^ help: there is a method with a similar name: `set_unused_1`
[INFO] [stderr] ┈┈┈┈┈┈┈┈┈┈┈┈┈┈┈┈┈┈┈┈┈┈┈┈┈┈┈┈┈┈┈┈┈┈┈┈┈┈┈┈┈┈┈┈┈┈┈┈┈┈┈┈┈┈┈┈┈┈┈┈
[INFO] [stderr] note: If the actual output is the correct output you can bless it by rerunning
[INFO] [stderr]       your test with the environment variable TRYBUILD=overwrite
[INFO] [stderr] 
[INFO] [stderr] test use-skipped-getter-2.rs [should fail to compile] ... mismatch
[INFO] [stderr] 
[INFO] [stderr] EXPECTED:
[INFO] [stderr] ┈┈┈┈┈┈┈┈┈┈┈┈┈┈┈┈┈┈┈┈┈┈┈┈┈┈┈┈┈┈┈┈┈┈┈┈┈┈┈┈┈┈┈┈┈┈┈┈┈┈┈┈┈┈┈┈┈┈┈┈
[INFO] [stderr] error[E0599]: no method named `unused_1` found for struct `Sparse` in the current scope
[INFO] [stderr]   --> $DIR/use-skipped-getter-2.rs:13:23
[INFO] [stderr]    |
[INFO] [stderr] 4  | / #[derive(Debug)]
[INFO] [stderr] 5  | | pub struct Sparse {
[INFO] [stderr] 6  | |     #[skip(getters, setters)]
[INFO] [stderr] 7  | |     unused_1: B7,
[INFO] [stderr] 8  | |     a: bool,
[INFO] [stderr] 9  | | }
[INFO] [stderr]    | |_- method `unused_1` not found for this
[INFO] [stderr] ...
[INFO] [stderr] 13 |       assert_eq!(sparse.unused_1(), 0xFE); // ERROR!
[INFO] [stderr]    |                         ^^^^^^^^ method not found in `Sparse`
[INFO] [stderr] ┈┈┈┈┈┈┈┈┈┈┈┈┈┈┈┈┈┈┈┈┈┈┈┈┈┈┈┈┈┈┈┈┈┈┈┈┈┈┈┈┈┈┈┈┈┈┈┈┈┈┈┈┈┈┈┈┈┈┈┈
[INFO] [stderr] 
[INFO] [stderr] ACTUAL OUTPUT:
[INFO] [stderr] ┈┈┈┈┈┈┈┈┈┈┈┈┈┈┈┈┈┈┈┈┈┈┈┈┈┈┈┈┈┈┈┈┈┈┈┈┈┈┈┈┈┈┈┈┈┈┈┈┈┈┈┈┈┈┈┈┈┈┈┈
[INFO] [stderr] error[E0599]: no method named `unused_1` found for struct `Sparse` in the current scope
[INFO] [stderr]   --> $DIR/use-skipped-getter-2.rs:13:23
[INFO] [stderr]    |
[INFO] [stderr] 4  | / #[derive(Debug)]
[INFO] [stderr] 5  | | pub struct Sparse {
[INFO] [stderr]    | |___- method `unused_1` not found for this struct
[INFO] [stderr] ...
[INFO] [stderr] 13 |       assert_eq!(sparse.unused_1(), 0xFE); // ERROR!
[INFO] [stderr]    |                         ^^^^^^^^ method not found in `Sparse`
[INFO] [stderr] ┈┈┈┈┈┈┈┈┈┈┈┈┈┈┈┈┈┈┈┈┈┈┈┈┈┈┈┈┈┈┈┈┈┈┈┈┈┈┈┈┈┈┈┈┈┈┈┈┈┈┈┈┈┈┈┈┈┈┈┈
[INFO] [stderr] note: If the actual output is the correct output you can bless it by rerunning
[INFO] [stderr]       your test with the environment variable TRYBUILD=overwrite
[INFO] [stderr] 
[INFO] [stderr] test use-skipped-getter-3.rs [should fail to compile] ... mismatch
[INFO] [stderr] 
[INFO] [stderr] EXPECTED:
[INFO] [stderr] ┈┈┈┈┈┈┈┈┈┈┈┈┈┈┈┈┈┈┈┈┈┈┈┈┈┈┈┈┈┈┈┈┈┈┈┈┈┈┈┈┈┈┈┈┈┈┈┈┈┈┈┈┈┈┈┈┈┈┈┈
[INFO] [stderr] error[E0599]: no method named `unused_1` found for struct `Sparse` in the current scope
[INFO] [stderr]   --> $DIR/use-skipped-getter-3.rs:13:23
[INFO] [stderr]    |
[INFO] [stderr] 4  | / #[derive(Debug)]
[INFO] [stderr] 5  | | pub struct Sparse {
[INFO] [stderr] 6  | |     #[skip(getters)] #[skip(setters)]
[INFO] [stderr] 7  | |     unused_1: B7,
[INFO] [stderr] 8  | |     a: bool,
[INFO] [stderr] 9  | | }
[INFO] [stderr]    | |_- method `unused_1` not found for this
[INFO] [stderr] ...
[INFO] [stderr] 13 |       assert_eq!(sparse.unused_1(), 0xFE); // ERROR!
[INFO] [stderr]    |                         ^^^^^^^^ method not found in `Sparse`
[INFO] [stderr] ┈┈┈┈┈┈┈┈┈┈┈┈┈┈┈┈┈┈┈┈┈┈┈┈┈┈┈┈┈┈┈┈┈┈┈┈┈┈┈┈┈┈┈┈┈┈┈┈┈┈┈┈┈┈┈┈┈┈┈┈
[INFO] [stderr] 
[INFO] [stderr] ACTUAL OUTPUT:
[INFO] [stderr] ┈┈┈┈┈┈┈┈┈┈┈┈┈┈┈┈┈┈┈┈┈┈┈┈┈┈┈┈┈┈┈┈┈┈┈┈┈┈┈┈┈┈┈┈┈┈┈┈┈┈┈┈┈┈┈┈┈┈┈┈
[INFO] [stderr] error[E0599]: no method named `unused_1` found for struct `Sparse` in the current scope
[INFO] [stderr]   --> $DIR/use-skipped-getter-3.rs:13:23
[INFO] [stderr]    |
[INFO] [stderr] 4  | / #[derive(Debug)]
[INFO] [stderr] 5  | | pub struct Sparse {
[INFO] [stderr]    | |___- method `unused_1` not found for this struct
[INFO] [stderr] ...
[INFO] [stderr] 13 |       assert_eq!(sparse.unused_1(), 0xFE); // ERROR!
[INFO] [stderr]    |                         ^^^^^^^^ method not found in `Sparse`
[INFO] [stderr] ┈┈┈┈┈┈┈┈┈┈┈┈┈┈┈┈┈┈┈┈┈┈┈┈┈┈┈┈┈┈┈┈┈┈┈┈┈┈┈┈┈┈┈┈┈┈┈┈┈┈┈┈┈┈┈┈┈┈┈┈
[INFO] [stderr] note: If the actual output is the correct output you can bless it by rerunning
[INFO] [stderr]       your test with the environment variable TRYBUILD=overwrite
[INFO] [stderr] 
[INFO] [stderr] test use-skipped-setter-1.rs [should fail to compile] ... mismatch
[INFO] [stderr] 
[INFO] [stderr] EXPECTED:
[INFO] [stderr] ┈┈┈┈┈┈┈┈┈┈┈┈┈┈┈┈┈┈┈┈┈┈┈┈┈┈┈┈┈┈┈┈┈┈┈┈┈┈┈┈┈┈┈┈┈┈┈┈┈┈┈┈┈┈┈┈┈┈┈┈
[INFO] [stderr] error[E0599]: no method named `set_unused_1` found for struct `Sparse` in the current scope
[INFO] [stderr]   --> $DIR/use-skipped-setter-1.rs:14:12
[INFO] [stderr]    |
[INFO] [stderr] 4  | / #[derive(Debug)]
[INFO] [stderr] 5  | | pub struct Sparse {
[INFO] [stderr] 6  | |     #[skip(setters)]
[INFO] [stderr] 7  | |     unused_1: B7,
[INFO] [stderr] 8  | |     a: bool,
[INFO] [stderr] 9  | | }
[INFO] [stderr]    | |_- method `set_unused_1` not found for this
[INFO] [stderr] ...
[INFO] [stderr] 14 |       sparse.set_unused_1(0b11_1111_1111); // ERROR!
[INFO] [stderr]    |              ^^^^^^^^^^^^ help: there is an associated function with a similar name: `unused_1`
[INFO] [stderr] ┈┈┈┈┈┈┈┈┈┈┈┈┈┈┈┈┈┈┈┈┈┈┈┈┈┈┈┈┈┈┈┈┈┈┈┈┈┈┈┈┈┈┈┈┈┈┈┈┈┈┈┈┈┈┈┈┈┈┈┈
[INFO] [stderr] 
[INFO] [stderr] ACTUAL OUTPUT:
[INFO] [stderr] ┈┈┈┈┈┈┈┈┈┈┈┈┈┈┈┈┈┈┈┈┈┈┈┈┈┈┈┈┈┈┈┈┈┈┈┈┈┈┈┈┈┈┈┈┈┈┈┈┈┈┈┈┈┈┈┈┈┈┈┈
[INFO] [stderr] error[E0599]: no method named `set_unused_1` found for struct `Sparse` in the current scope
[INFO] [stderr]   --> $DIR/use-skipped-setter-1.rs:14:12
[INFO] [stderr]    |
[INFO] [stderr] 4  | / #[derive(Debug)]
[INFO] [stderr] 5  | | pub struct Sparse {
[INFO] [stderr]    | |___- method `set_unused_1` not found for this struct
[INFO] [stderr] ...
[INFO] [stderr] 14 |       sparse.set_unused_1(0b11_1111_1111); // ERROR!
[INFO] [stderr]    |              ^^^^^^^^^^^^ help: there is a method with a similar name: `unused_1`
[INFO] [stderr] ┈┈┈┈┈┈┈┈┈┈┈┈┈┈┈┈┈┈┈┈┈┈┈┈┈┈┈┈┈┈┈┈┈┈┈┈┈┈┈┈┈┈┈┈┈┈┈┈┈┈┈┈┈┈┈┈┈┈┈┈
[INFO] [stderr] note: If the actual output is the correct output you can bless it by rerunning
[INFO] [stderr]       your test with the environment variable TRYBUILD=overwrite
[INFO] [stderr] 
[INFO] [stderr] test use-skipped-setter-2.rs [should fail to compile] ... mismatch
[INFO] [stderr] 
[INFO] [stderr] EXPECTED:
[INFO] [stderr] ┈┈┈┈┈┈┈┈┈┈┈┈┈┈┈┈┈┈┈┈┈┈┈┈┈┈┈┈┈┈┈┈┈┈┈┈┈┈┈┈┈┈┈┈┈┈┈┈┈┈┈┈┈┈┈┈┈┈┈┈
[INFO] [stderr] error[E0599]: no method named `set_unused_1` found for struct `Sparse` in the current scope
[INFO] [stderr]   --> $DIR/use-skipped-setter-2.rs:13:12
[INFO] [stderr]    |
[INFO] [stderr] 4  | / #[derive(Debug)]
[INFO] [stderr] 5  | | pub struct Sparse {
[INFO] [stderr] 6  | |     #[skip(getters, setters)]
[INFO] [stderr] 7  | |     unused_1: B7,
[INFO] [stderr] 8  | |     a: bool,
[INFO] [stderr] 9  | | }
[INFO] [stderr]    | |_- method `set_unused_1` not found for this
[INFO] [stderr] ...
[INFO] [stderr] 13 |       sparse.set_unused_1(0); // ERROR!
[INFO] [stderr]    |              ^^^^^^^^^^^^ method not found in `Sparse`
[INFO] [stderr] ┈┈┈┈┈┈┈┈┈┈┈┈┈┈┈┈┈┈┈┈┈┈┈┈┈┈┈┈┈┈┈┈┈┈┈┈┈┈┈┈┈┈┈┈┈┈┈┈┈┈┈┈┈┈┈┈┈┈┈┈
[INFO] [stderr] 
[INFO] [stderr] ACTUAL OUTPUT:
[INFO] [stderr] ┈┈┈┈┈┈┈┈┈┈┈┈┈┈┈┈┈┈┈┈┈┈┈┈┈┈┈┈┈┈┈┈┈┈┈┈┈┈┈┈┈┈┈┈┈┈┈┈┈┈┈┈┈┈┈┈┈┈┈┈
[INFO] [stderr] error[E0599]: no method named `set_unused_1` found for struct `Sparse` in the current scope
[INFO] [stderr]   --> $DIR/use-skipped-setter-2.rs:13:12
[INFO] [stderr]    |
[INFO] [stderr] 4  | / #[derive(Debug)]
[INFO] [stderr] 5  | | pub struct Sparse {
[INFO] [stderr]    | |___- method `set_unused_1` not found for this struct
[INFO] [stderr] ...
[INFO] [stderr] 13 |       sparse.set_unused_1(0); // ERROR!
[INFO] [stderr]    |              ^^^^^^^^^^^^ method not found in `Sparse`
[INFO] [stderr] ┈┈┈┈┈┈┈┈┈┈┈┈┈┈┈┈┈┈┈┈┈┈┈┈┈┈┈┈┈┈┈┈┈┈┈┈┈┈┈┈┈┈┈┈┈┈┈┈┈┈┈┈┈┈┈┈┈┈┈┈
[INFO] [stderr] note: If the actual output is the correct output you can bless it by rerunning
[INFO] [stderr]       your test with the environment variable TRYBUILD=overwrite
[INFO] [stderr] 
[INFO] [stderr] test use-skipped-setter-3.rs [should fail to compile] ... mismatch
[INFO] [stderr] 
[INFO] [stderr] EXPECTED:
[INFO] [stderr] ┈┈┈┈┈┈┈┈┈┈┈┈┈┈┈┈┈┈┈┈┈┈┈┈┈┈┈┈┈┈┈┈┈┈┈┈┈┈┈┈┈┈┈┈┈┈┈┈┈┈┈┈┈┈┈┈┈┈┈┈
[INFO] [stderr] error[E0599]: no method named `set_unused_1` found for struct `Sparse` in the current scope
[INFO] [stderr]   --> $DIR/use-skipped-setter-3.rs:13:12
[INFO] [stderr]    |
[INFO] [stderr] 4  | / #[derive(Debug)]
[INFO] [stderr] 5  | | pub struct Sparse {
[INFO] [stderr] 6  | |     #[skip(getters)] #[skip(setters)]
[INFO] [stderr] 7  | |     unused_1: B7,
[INFO] [stderr] 8  | |     a: bool,
[INFO] [stderr] 9  | | }
[INFO] [stderr]    | |_- method `set_unused_1` not found for this
[INFO] [stderr] ...
[INFO] [stderr] 13 |       sparse.set_unused_1(0); // ERROR!
[INFO] [stderr]    |              ^^^^^^^^^^^^ method not found in `Sparse`
[INFO] [stderr] ┈┈┈┈┈┈┈┈┈┈┈┈┈┈┈┈┈┈┈┈┈┈┈┈┈┈┈┈┈┈┈┈┈┈┈┈┈┈┈┈┈┈┈┈┈┈┈┈┈┈┈┈┈┈┈┈┈┈┈┈
[INFO] [stderr] 
[INFO] [stderr] ACTUAL OUTPUT:
[INFO] [stderr] ┈┈┈┈┈┈┈┈┈┈┈┈┈┈┈┈┈┈┈┈┈┈┈┈┈┈┈┈┈┈┈┈┈┈┈┈┈┈┈┈┈┈┈┈┈┈┈┈┈┈┈┈┈┈┈┈┈┈┈┈
[INFO] [stderr] error[E0599]: no method named `set_unused_1` found for struct `Sparse` in the current scope
[INFO] [stderr]   --> $DIR/use-skipped-setter-3.rs:13:12
[INFO] [stderr]    |
[INFO] [stderr] 4  | / #[derive(Debug)]
[INFO] [stderr] 5  | | pub struct Sparse {
[INFO] [stderr]    | |___- method `set_unused_1` not found for this struct
[INFO] [stderr] ...
[INFO] [stderr] 13 |       sparse.set_unused_1(0); // ERROR!
[INFO] [stderr]    |              ^^^^^^^^^^^^ method not found in `Sparse`
[INFO] [stderr] ┈┈┈┈┈┈┈┈┈┈┈┈┈┈┈┈┈┈┈┈┈┈┈┈┈┈┈┈┈┈┈┈┈┈┈┈┈┈┈┈┈┈┈┈┈┈┈┈┈┈┈┈┈┈┈┈┈┈┈┈
[INFO] [stderr] note: If the actual output is the correct output you can bless it by rerunning
[INFO] [stderr]       your test with the environment variable TRYBUILD=overwrite
[INFO] [stderr] 
[INFO] [stderr] test duplicate-getters-1.rs [should fail to compile] ... mismatch
[INFO] [stderr] 
[INFO] [stderr] EXPECTED:
[INFO] [stderr] ┈┈┈┈┈┈┈┈┈┈┈┈┈┈┈┈┈┈┈┈┈┈┈┈┈┈┈┈┈┈┈┈┈┈┈┈┈┈┈┈┈┈┈┈┈┈┈┈┈┈┈┈┈┈┈┈┈┈┈┈
[INFO] [stderr] error: encountered duplicate `#[skip(getters)]` attribute for field
[INFO] [stderr]  --> $DIR/duplicate-getters-1.rs:5:24
[INFO] [stderr]   |
[INFO] [stderr] 5 |     #[skip(getters)] #[skip(getters)]
[INFO] [stderr]   |                        ^^^^^^^^^^^^^
[INFO] [stderr] 
[INFO] [stderr] error: duplicate `#[skip(getters)]` here
[INFO] [stderr]  --> $DIR/duplicate-getters-1.rs:5:7
[INFO] [stderr]   |
[INFO] [stderr] 5 |     #[skip(getters)] #[skip(getters)]
[INFO] [stderr]   |       ^^^^^^^^^^^^^
[INFO] [stderr] ┈┈┈┈┈┈┈┈┈┈┈┈┈┈┈┈┈┈┈┈┈┈┈┈┈┈┈┈┈┈┈┈┈┈┈┈┈┈┈┈┈┈┈┈┈┈┈┈┈┈┈┈┈┈┈┈┈┈┈┈
[INFO] [stderr] 
[INFO] [stderr] ACTUAL OUTPUT:
[INFO] [stderr] ┈┈┈┈┈┈┈┈┈┈┈┈┈┈┈┈┈┈┈┈┈┈┈┈┈┈┈┈┈┈┈┈┈┈┈┈┈┈┈┈┈┈┈┈┈┈┈┈┈┈┈┈┈┈┈┈┈┈┈┈
[INFO] [stderr] error: encountered duplicate `#[skip(getters)]` attribute for field
[INFO] [stderr]  --> $DIR/duplicate-getters-1.rs:5:24
[INFO] [stderr]   |
[INFO] [stderr] 5 |     #[skip(getters)] #[skip(getters)]
[INFO] [stderr]   |                        ^^^^
[INFO] [stderr] 
[INFO] [stderr] error: duplicate `#[skip(getters)]` here
[INFO] [stderr]  --> $DIR/duplicate-getters-1.rs:5:7
[INFO] [stderr]   |
[INFO] [stderr] 5 |     #[skip(getters)] #[skip(getters)]
[INFO] [stderr]   |       ^^^^
[INFO] [stderr] ┈┈┈┈┈┈┈┈┈┈┈┈┈┈┈┈┈┈┈┈┈┈┈┈┈┈┈┈┈┈┈┈┈┈┈┈┈┈┈┈┈┈┈┈┈┈┈┈┈┈┈┈┈┈┈┈┈┈┈┈
[INFO] [stderr] note: If the actual output is the correct output you can bless it by rerunning
[INFO] [stderr]       your test with the environment variable TRYBUILD=overwrite
[INFO] [stderr] 
[INFO] [stderr] test duplicate-getters-2.rs [should fail to compile] ... mismatch
[INFO] [stderr] 
[INFO] [stderr] EXPECTED:
[INFO] [stderr] ┈┈┈┈┈┈┈┈┈┈┈┈┈┈┈┈┈┈┈┈┈┈┈┈┈┈┈┈┈┈┈┈┈┈┈┈┈┈┈┈┈┈┈┈┈┈┈┈┈┈┈┈┈┈┈┈┈┈┈┈
[INFO] [stderr] error: encountered duplicate `#[skip(getters)]` attribute for field
[INFO] [stderr]  --> $DIR/duplicate-getters-2.rs:5:15
[INFO] [stderr]   |
[INFO] [stderr] 5 |     #[skip] #[skip(getters)]
[INFO] [stderr]   |               ^^^^^^^^^^^^^
[INFO] [stderr] 
[INFO] [stderr] error: duplicate `#[skip(getters)]` here
[INFO] [stderr]  --> $DIR/duplicate-getters-2.rs:5:7
[INFO] [stderr]   |
[INFO] [stderr] 5 |     #[skip] #[skip(getters)]
[INFO] [stderr]   |       ^^^^
[INFO] [stderr] ┈┈┈┈┈┈┈┈┈┈┈┈┈┈┈┈┈┈┈┈┈┈┈┈┈┈┈┈┈┈┈┈┈┈┈┈┈┈┈┈┈┈┈┈┈┈┈┈┈┈┈┈┈┈┈┈┈┈┈┈
[INFO] [stderr] 
[INFO] [stderr] ACTUAL OUTPUT:
[INFO] [stderr] ┈┈┈┈┈┈┈┈┈┈┈┈┈┈┈┈┈┈┈┈┈┈┈┈┈┈┈┈┈┈┈┈┈┈┈┈┈┈┈┈┈┈┈┈┈┈┈┈┈┈┈┈┈┈┈┈┈┈┈┈
[INFO] [stderr] error: encountered duplicate `#[skip(getters)]` attribute for field
[INFO] [stderr]  --> $DIR/duplicate-getters-2.rs:5:15
[INFO] [stderr]   |
[INFO] [stderr] 5 |     #[skip] #[skip(getters)]
[INFO] [stderr]   |               ^^^^
[INFO] [stderr] 
[INFO] [stderr] error: duplicate `#[skip(getters)]` here
[INFO] [stderr]  --> $DIR/duplicate-getters-2.rs:5:7
[INFO] [stderr]   |
[INFO] [stderr] 5 |     #[skip] #[skip(getters)]
[INFO] [stderr]   |       ^^^^
[INFO] [stderr] ┈┈┈┈┈┈┈┈┈┈┈┈┈┈┈┈┈┈┈┈┈┈┈┈┈┈┈┈┈┈┈┈┈┈┈┈┈┈┈┈┈┈┈┈┈┈┈┈┈┈┈┈┈┈┈┈┈┈┈┈
[INFO] [stderr] note: If the actual output is the correct output you can bless it by rerunning
[INFO] [stderr]       your test with the environment variable TRYBUILD=overwrite
[INFO] [stderr] 
[INFO] [stderr] test duplicate-getters-3.rs [should fail to compile] ... mismatch
[INFO] [stderr] 
[INFO] [stderr] EXPECTED:
[INFO] [stderr] ┈┈┈┈┈┈┈┈┈┈┈┈┈┈┈┈┈┈┈┈┈┈┈┈┈┈┈┈┈┈┈┈┈┈┈┈┈┈┈┈┈┈┈┈┈┈┈┈┈┈┈┈┈┈┈┈┈┈┈┈
[INFO] [stderr] error: encountered duplicate `#[skip]` attribute for field
[INFO] [stderr]  --> $DIR/duplicate-getters-3.rs:5:24
[INFO] [stderr]   |
[INFO] [stderr] 5 |     #[skip(getters)] #[skip]
[INFO] [stderr]   |                        ^^^^
[INFO] [stderr] 
[INFO] [stderr] error: duplicate `#[skip]` here
[INFO] [stderr]  --> $DIR/duplicate-getters-3.rs:5:7
[INFO] [stderr]   |
[INFO] [stderr] 5 |     #[skip(getters)] #[skip]
[INFO] [stderr]   |       ^^^^^^^^^^^^^
[INFO] [stderr] ┈┈┈┈┈┈┈┈┈┈┈┈┈┈┈┈┈┈┈┈┈┈┈┈┈┈┈┈┈┈┈┈┈┈┈┈┈┈┈┈┈┈┈┈┈┈┈┈┈┈┈┈┈┈┈┈┈┈┈┈
[INFO] [stderr] 
[INFO] [stderr] ACTUAL OUTPUT:
[INFO] [stderr] ┈┈┈┈┈┈┈┈┈┈┈┈┈┈┈┈┈┈┈┈┈┈┈┈┈┈┈┈┈┈┈┈┈┈┈┈┈┈┈┈┈┈┈┈┈┈┈┈┈┈┈┈┈┈┈┈┈┈┈┈
[INFO] [stderr] error: encountered duplicate `#[skip]` attribute for field
[INFO] [stderr]  --> $DIR/duplicate-getters-3.rs:5:24
[INFO] [stderr]   |
[INFO] [stderr] 5 |     #[skip(getters)] #[skip]
[INFO] [stderr]   |                        ^^^^
[INFO] [stderr] 
[INFO] [stderr] error: duplicate `#[skip]` here
[INFO] [stderr]  --> $DIR/duplicate-getters-3.rs:5:7
[INFO] [stderr]   |
[INFO] [stderr] 5 |     #[skip(getters)] #[skip]
[INFO] [stderr]   |       ^^^^
[INFO] [stderr] ┈┈┈┈┈┈┈┈┈┈┈┈┈┈┈┈┈┈┈┈┈┈┈┈┈┈┈┈┈┈┈┈┈┈┈┈┈┈┈┈┈┈┈┈┈┈┈┈┈┈┈┈┈┈┈┈┈┈┈┈
[INFO] [stderr] note: If the actual output is the correct output you can bless it by rerunning
[INFO] [stderr]       your test with the environment variable TRYBUILD=overwrite
[INFO] [stderr] 
[INFO] [stderr] test duplicate-setters-1.rs [should fail to compile] ... mismatch
[INFO] [stderr] 
[INFO] [stderr] EXPECTED:
[INFO] [stderr] ┈┈┈┈┈┈┈┈┈┈┈┈┈┈┈┈┈┈┈┈┈┈┈┈┈┈┈┈┈┈┈┈┈┈┈┈┈┈┈┈┈┈┈┈┈┈┈┈┈┈┈┈┈┈┈┈┈┈┈┈
[INFO] [stderr] error: encountered duplicate `#[skip(setters)]` attribute for field
[INFO] [stderr]  --> $DIR/duplicate-setters-1.rs:5:24
[INFO] [stderr]   |
[INFO] [stderr] 5 |     #[skip(setters)] #[skip(setters)]
[INFO] [stderr]   |                        ^^^^^^^^^^^^^
[INFO] [stderr] 
[INFO] [stderr] error: duplicate `#[skip(setters)]` here
[INFO] [stderr]  --> $DIR/duplicate-setters-1.rs:5:7
[INFO] [stderr]   |
[INFO] [stderr] 5 |     #[skip(setters)] #[skip(setters)]
[INFO] [stderr]   |       ^^^^^^^^^^^^^
[INFO] [stderr] ┈┈┈┈┈┈┈┈┈┈┈┈┈┈┈┈┈┈┈┈┈┈┈┈┈┈┈┈┈┈┈┈┈┈┈┈┈┈┈┈┈┈┈┈┈┈┈┈┈┈┈┈┈┈┈┈┈┈┈┈
[INFO] [stderr] 
[INFO] [stderr] ACTUAL OUTPUT:
[INFO] [stderr] ┈┈┈┈┈┈┈┈┈┈┈┈┈┈┈┈┈┈┈┈┈┈┈┈┈┈┈┈┈┈┈┈┈┈┈┈┈┈┈┈┈┈┈┈┈┈┈┈┈┈┈┈┈┈┈┈┈┈┈┈
[INFO] [stderr] error: encountered duplicate `#[skip(setters)]` attribute for field
[INFO] [stderr]  --> $DIR/duplicate-setters-1.rs:5:24
[INFO] [stderr]   |
[INFO] [stderr] 5 |     #[skip(setters)] #[skip(setters)]
[INFO] [stderr]   |                        ^^^^
[INFO] [stderr] 
[INFO] [stderr] error: duplicate `#[skip(setters)]` here
[INFO] [stderr]  --> $DIR/duplicate-setters-1.rs:5:7
[INFO] [stderr]   |
[INFO] [stderr] 5 |     #[skip(setters)] #[skip(setters)]
[INFO] [stderr]   |       ^^^^
[INFO] [stderr] ┈┈┈┈┈┈┈┈┈┈┈┈┈┈┈┈┈┈┈┈┈┈┈┈┈┈┈┈┈┈┈┈┈┈┈┈┈┈┈┈┈┈┈┈┈┈┈┈┈┈┈┈┈┈┈┈┈┈┈┈
[INFO] [stderr] note: If the actual output is the correct output you can bless it by rerunning
[INFO] [stderr]       your test with the environment variable TRYBUILD=overwrite
[INFO] [stderr] 
[INFO] [stderr] test duplicate-setters-2.rs [should fail to compile] ... mismatch
[INFO] [stderr] 
[INFO] [stderr] EXPECTED:
[INFO] [stderr] ┈┈┈┈┈┈┈┈┈┈┈┈┈┈┈┈┈┈┈┈┈┈┈┈┈┈┈┈┈┈┈┈┈┈┈┈┈┈┈┈┈┈┈┈┈┈┈┈┈┈┈┈┈┈┈┈┈┈┈┈
[INFO] [stderr] error: encountered duplicate `#[skip(setters)]` attribute for field
[INFO] [stderr]  --> $DIR/duplicate-setters-2.rs:5:15
[INFO] [stderr]   |
[INFO] [stderr] 5 |     #[skip] #[skip(setters)]
[INFO] [stderr]   |               ^^^^^^^^^^^^^
[INFO] [stderr] 
[INFO] [stderr] error: duplicate `#[skip(setters)]` here
[INFO] [stderr]  --> $DIR/duplicate-setters-2.rs:5:7
[INFO] [stderr]   |
[INFO] [stderr] 5 |     #[skip] #[skip(setters)]
[INFO] [stderr]   |       ^^^^
[INFO] [stderr] ┈┈┈┈┈┈┈┈┈┈┈┈┈┈┈┈┈┈┈┈┈┈┈┈┈┈┈┈┈┈┈┈┈┈┈┈┈┈┈┈┈┈┈┈┈┈┈┈┈┈┈┈┈┈┈┈┈┈┈┈
[INFO] [stderr] 
[INFO] [stderr] ACTUAL OUTPUT:
[INFO] [stderr] ┈┈┈┈┈┈┈┈┈┈┈┈┈┈┈┈┈┈┈┈┈┈┈┈┈┈┈┈┈┈┈┈┈┈┈┈┈┈┈┈┈┈┈┈┈┈┈┈┈┈┈┈┈┈┈┈┈┈┈┈
[INFO] [stderr] error: encountered duplicate `#[skip(setters)]` attribute for field
[INFO] [stderr]  --> $DIR/duplicate-setters-2.rs:5:15
[INFO] [stderr]   |
[INFO] [stderr] 5 |     #[skip] #[skip(setters)]
[INFO] [stderr]   |               ^^^^
[INFO] [stderr] 
[INFO] [stderr] error: duplicate `#[skip(setters)]` here
[INFO] [stderr]  --> $DIR/duplicate-setters-2.rs:5:7
[INFO] [stderr]   |
[INFO] [stderr] 5 |     #[skip] #[skip(setters)]
[INFO] [stderr]   |       ^^^^
[INFO] [stderr] ┈┈┈┈┈┈┈┈┈┈┈┈┈┈┈┈┈┈┈┈┈┈┈┈┈┈┈┈┈┈┈┈┈┈┈┈┈┈┈┈┈┈┈┈┈┈┈┈┈┈┈┈┈┈┈┈┈┈┈┈
[INFO] [stderr] note: If the actual output is the correct output you can bless it by rerunning
[INFO] [stderr]       your test with the environment variable TRYBUILD=overwrite
[INFO] [stderr] 
[INFO] [stderr] test duplicate-setters-3.rs [should fail to compile] ... mismatch
[INFO] [stderr] 
[INFO] [stderr] EXPECTED:
[INFO] [stderr] ┈┈┈┈┈┈┈┈┈┈┈┈┈┈┈┈┈┈┈┈┈┈┈┈┈┈┈┈┈┈┈┈┈┈┈┈┈┈┈┈┈┈┈┈┈┈┈┈┈┈┈┈┈┈┈┈┈┈┈┈
[INFO] [stderr] error: encountered duplicate `#[skip]` attribute for field
[INFO] [stderr]  --> $DIR/duplicate-setters-3.rs:5:24
[INFO] [stderr]   |
[INFO] [stderr] 5 |     #[skip(setters)] #[skip]
[INFO] [stderr]   |                        ^^^^
[INFO] [stderr] 
[INFO] [stderr] error: duplicate `#[skip]` here
[INFO] [stderr]  --> $DIR/duplicate-setters-3.rs:5:7
[INFO] [stderr]   |
[INFO] [stderr] 5 |     #[skip(setters)] #[skip]
[INFO] [stderr]   |       ^^^^^^^^^^^^^
[INFO] [stderr] ┈┈┈┈┈┈┈┈┈┈┈┈┈┈┈┈┈┈┈┈┈┈┈┈┈┈┈┈┈┈┈┈┈┈┈┈┈┈┈┈┈┈┈┈┈┈┈┈┈┈┈┈┈┈┈┈┈┈┈┈
[INFO] [stderr] 
[INFO] [stderr] ACTUAL OUTPUT:
[INFO] [stderr] ┈┈┈┈┈┈┈┈┈┈┈┈┈┈┈┈┈┈┈┈┈┈┈┈┈┈┈┈┈┈┈┈┈┈┈┈┈┈┈┈┈┈┈┈┈┈┈┈┈┈┈┈┈┈┈┈┈┈┈┈
[INFO] [stderr] error: encountered duplicate `#[skip]` attribute for field
[INFO] [stderr]  --> $DIR/duplicate-setters-3.rs:5:24
[INFO] [stderr]   |
[INFO] [stderr] 5 |     #[skip(setters)] #[skip]
[INFO] [stderr]   |                        ^^^^
[INFO] [stderr] 
[INFO] [stderr] error: duplicate `#[skip]` here
[INFO] [stderr]  --> $DIR/duplicate-setters-3.rs:5:7
[INFO] [stderr]   |
[INFO] [stderr] 5 |     #[skip(setters)] #[skip]
[INFO] [stderr]   |       ^^^^
[INFO] [stderr] ┈┈┈┈┈┈┈┈┈┈┈┈┈┈┈┈┈┈┈┈┈┈┈┈┈┈┈┈┈┈┈┈┈┈┈┈┈┈┈┈┈┈┈┈┈┈┈┈┈┈┈┈┈┈┈┈┈┈┈┈
[INFO] [stderr] note: If the actual output is the correct output you can bless it by rerunning
[INFO] [stderr]       your test with the environment variable TRYBUILD=overwrite
[INFO] [stderr] 
[INFO] [stderr] test valid-use.rs [should pass] ... ok
[INFO] [stderr] test struct-in-struct.rs [should pass] ... ok
[INFO] [stderr] test unfilled-from-bytes.rs [should pass] ... ok
[INFO] [stderr] test out-of-bounds.rs [should fail to compile] ... mismatch
[INFO] [stderr] 
[INFO] [stderr] EXPECTED:
[INFO] [stderr] ┈┈┈┈┈┈┈┈┈┈┈┈┈┈┈┈┈┈┈┈┈┈┈┈┈┈┈┈┈┈┈┈┈┈┈┈┈┈┈┈┈┈┈┈┈┈┈┈┈┈┈┈┈┈┈┈┈┈┈┈
[INFO] [stderr] error[E0277]: the trait bound `False: SpecifierHasAtMost128Bits` is not satisfied
[INFO] [stderr]    --> $DIR/out-of-bounds.rs:4:1
[INFO] [stderr]     |
[INFO] [stderr] 4   | / #[derive(BitfieldSpecifier, Debug)]
[INFO] [stderr] 5   | | pub struct Header {
[INFO] [stderr] 6   | |     a: B1,
[INFO] [stderr] 7   | |     b: B128,
[INFO] [stderr] 8   | | }
[INFO] [stderr]     | |_^ the trait `SpecifierHasAtMost128Bits` is not implemented for `False`
[INFO] [stderr]     |
[INFO] [stderr]    ::: $WORKSPACE/src/private/checks.rs
[INFO] [stderr]     |
[INFO] [stderr]     |       <Self::CheckType as DispatchTrueFalse>::Out: SpecifierHasAtMost128Bits,
[INFO] [stderr]     |                                                    ------------------------- required by this bound in `CheckSpecifierHasAtMost128Bits`
[INFO] [stderr] ┈┈┈┈┈┈┈┈┈┈┈┈┈┈┈┈┈┈┈┈┈┈┈┈┈┈┈┈┈┈┈┈┈┈┈┈┈┈┈┈┈┈┈┈┈┈┈┈┈┈┈┈┈┈┈┈┈┈┈┈
[INFO] [stderr] 
[INFO] [stderr] ACTUAL OUTPUT:
[INFO] [stderr] ┈┈┈┈┈┈┈┈┈┈┈┈┈┈┈┈┈┈┈┈┈┈┈┈┈┈┈┈┈┈┈┈┈┈┈┈┈┈┈┈┈┈┈┈┈┈┈┈┈┈┈┈┈┈┈┈┈┈┈┈
[INFO] [stderr] error[E0277]: the trait bound `False: SpecifierHasAtMost128Bits` is not satisfied
[INFO] [stderr]    --> $DIR/out-of-bounds.rs:4:1
[INFO] [stderr]     |
[INFO] [stderr] 4   | #[derive(BitfieldSpecifier, Debug)]
[INFO] [stderr]     | ^ the trait `SpecifierHasAtMost128Bits` is not implemented for `False`
[INFO] [stderr]     |
[INFO] [stderr]     = help: the trait `SpecifierHasAtMost128Bits` is implemented for `True`
[INFO] [stderr] note: required by a bound in `CheckSpecifierHasAtMost128Bits`
[INFO] [stderr]    --> $DIR/checks.rs:141:50
[INFO] [stderr]     |
[INFO] [stderr] 141 |     <Self::CheckType as DispatchTrueFalse>::Out: SpecifierHasAtMost128Bits,
[INFO] [stderr]     |                                                  ^^^^^^^^^^^^^^^^^^^^^^^^^ required by this bound in `CheckSpecifierHasAtMost128Bits`
[INFO] [stderr] ┈┈┈┈┈┈┈┈┈┈┈┈┈┈┈┈┈┈┈┈┈┈┈┈┈┈┈┈┈┈┈┈┈┈┈┈┈┈┈┈┈┈┈┈┈┈┈┈┈┈┈┈┈┈┈┈┈┈┈┈
[INFO] [stderr] note: If the actual output is the correct output you can bless it by rerunning
[INFO] [stderr]       your test with the environment variable TRYBUILD=overwrite
[INFO] [stderr] 
[INFO] [stderr] test duplicate-derive-1.rs [should fail to compile] ... ok
[INFO] [stderr] test duplicate-derive-2.rs [should fail to compile] ... ok
[INFO] [stderr] test valid-use-1.rs [should pass] ... ok
[INFO] [stderr] test valid-use-2.rs [should pass] ... ok
[INFO] [stderr] test valid-use-3.rs [should pass] ... ok
[INFO] [stderr] test valid-use-4.rs [should pass] ... ok
[INFO] [stderr] test bits-non-filled-1.rs [should pass] ... ok
[INFO] [stderr] test bits-non-filled-2.rs [should pass] ... ok
[INFO] [stderr] test low-bits-filled.rs [should pass] ... ok
[INFO] [stderr] test complex-use-case.rs [should pass] ... ok
[INFO] [stderr] test conflicting-params.rs [should fail to compile] ... mismatch
[INFO] [stderr] 
[INFO] [stderr] EXPECTED:
[INFO] [stderr] ┈┈┈┈┈┈┈┈┈┈┈┈┈┈┈┈┈┈┈┈┈┈┈┈┈┈┈┈┈┈┈┈┈┈┈┈┈┈┈┈┈┈┈┈┈┈┈┈┈┈┈┈┈┈┈┈┈┈┈┈
[INFO] [stderr] error: encountered conflicting `bits = 16` and `bytes = 4` parameters
[INFO] [stderr]  --> $DIR/conflicting-params.rs:3:1
[INFO] [stderr]   |
[INFO] [stderr] 3 | #[bitfield(bits = 16, bytes = 4)]
[INFO] [stderr]   | ^^^^^^^^^^^^^^^^^^^^^^^^^^^^^^^^^
[INFO] [stderr]   |
[INFO] [stderr]   = note: this error originates in the attribute macro `bitfield` (in Nightly builds, run with -Z macro-backtrace for more info)
[INFO] [stderr] 
[INFO] [stderr] error: conflicting `bits = 16` here
[INFO] [stderr]  --> $DIR/conflicting-params.rs:3:12
[INFO] [stderr]   |
[INFO] [stderr] 3 | #[bitfield(bits = 16, bytes = 4)]
[INFO] [stderr]   |            ^^^^^^^^^
[INFO] [stderr] 
[INFO] [stderr] error: conflicting `bytes = 4` here
[INFO] [stderr]  --> $DIR/conflicting-params.rs:3:23
[INFO] [stderr]   |
[INFO] [stderr] 3 | #[bitfield(bits = 16, bytes = 4)]
[INFO] [stderr]   |                       ^^^^^^^^^
[INFO] [stderr] ┈┈┈┈┈┈┈┈┈┈┈┈┈┈┈┈┈┈┈┈┈┈┈┈┈┈┈┈┈┈┈┈┈┈┈┈┈┈┈┈┈┈┈┈┈┈┈┈┈┈┈┈┈┈┈┈┈┈┈┈
[INFO] [stderr] 
[INFO] [stderr] ACTUAL OUTPUT:
[INFO] [stderr] ┈┈┈┈┈┈┈┈┈┈┈┈┈┈┈┈┈┈┈┈┈┈┈┈┈┈┈┈┈┈┈┈┈┈┈┈┈┈┈┈┈┈┈┈┈┈┈┈┈┈┈┈┈┈┈┈┈┈┈┈
[INFO] [stderr] error: encountered conflicting `bits = 16` and `bytes = 4` parameters
[INFO] [stderr]  --> $DIR/conflicting-params.rs:3:1
[INFO] [stderr]   |
[INFO] [stderr] 3 | #[bitfield(bits = 16, bytes = 4)]
[INFO] [stderr]   | ^^^^^^^^^^^^^^^^^^^^^^^^^^^^^^^^^
[INFO] [stderr]   |
[INFO] [stderr]   = note: this error originates in the attribute macro `bitfield` (in Nightly builds, run with -Z macro-backtrace for more info)
[INFO] [stderr] 
[INFO] [stderr] error: conflicting `bits = 16` here
[INFO] [stderr]  --> $DIR/conflicting-params.rs:3:12
[INFO] [stderr]   |
[INFO] [stderr] 3 | #[bitfield(bits = 16, bytes = 4)]
[INFO] [stderr]   |            ^^^^
[INFO] [stderr] 
[INFO] [stderr] error: conflicting `bytes = 4` here
[INFO] [stderr]  --> $DIR/conflicting-params.rs:3:23
[INFO] [stderr]   |
[INFO] [stderr] 3 | #[bitfield(bits = 16, bytes = 4)]
[INFO] [stderr]   |                       ^^^^^
[INFO] [stderr] ┈┈┈┈┈┈┈┈┈┈┈┈┈┈┈┈┈┈┈┈┈┈┈┈┈┈┈┈┈┈┈┈┈┈┈┈┈┈┈┈┈┈┈┈┈┈┈┈┈┈┈┈┈┈┈┈┈┈┈┈
[INFO] [stderr] note: If the actual output is the correct output you can bless it by rerunning
[INFO] [stderr]       your test with the environment variable TRYBUILD=overwrite
[INFO] [stderr] 
[INFO] [stderr] test conflicting-repr.rs [should fail to compile] ... mismatch
[INFO] [stderr] 
[INFO] [stderr] EXPECTED:
[INFO] [stderr] ┈┈┈┈┈┈┈┈┈┈┈┈┈┈┈┈┈┈┈┈┈┈┈┈┈┈┈┈┈┈┈┈┈┈┈┈┈┈┈┈┈┈┈┈┈┈┈┈┈┈┈┈┈┈┈┈┈┈┈┈
[INFO] [stderr] error: encountered conflicting `bits = 16` and #[repr(u32)] parameters
[INFO] [stderr]  --> $DIR/conflicting-repr.rs:3:1
[INFO] [stderr]   |
[INFO] [stderr] 3 | #[bitfield(bits = 16)]
[INFO] [stderr]   | ^^^^^^^^^^^^^^^^^^^^^^
[INFO] [stderr]   |
[INFO] [stderr]   = note: this error originates in the attribute macro `bitfield` (in Nightly builds, run with -Z macro-backtrace for more info)
[INFO] [stderr] 
[INFO] [stderr] error: conflicting `bits = 16` here
[INFO] [stderr]  --> $DIR/conflicting-repr.rs:3:12
[INFO] [stderr]   |
[INFO] [stderr] 3 | #[bitfield(bits = 16)]
[INFO] [stderr]   |            ^^^^^^^^^
[INFO] [stderr] 
[INFO] [stderr] error: conflicting #[repr(u32)] here
[INFO] [stderr]  --> $DIR/conflicting-repr.rs:4:8
[INFO] [stderr]   |
[INFO] [stderr] 4 | #[repr(u32)]
[INFO] [stderr]   |        ^^^
[INFO] [stderr] ┈┈┈┈┈┈┈┈┈┈┈┈┈┈┈┈┈┈┈┈┈┈┈┈┈┈┈┈┈┈┈┈┈┈┈┈┈┈┈┈┈┈┈┈┈┈┈┈┈┈┈┈┈┈┈┈┈┈┈┈
[INFO] [stderr] 
[INFO] [stderr] ACTUAL OUTPUT:
[INFO] [stderr] ┈┈┈┈┈┈┈┈┈┈┈┈┈┈┈┈┈┈┈┈┈┈┈┈┈┈┈┈┈┈┈┈┈┈┈┈┈┈┈┈┈┈┈┈┈┈┈┈┈┈┈┈┈┈┈┈┈┈┈┈
[INFO] [stderr] error: encountered conflicting `bits = 16` and #[repr(u32)] parameters
[INFO] [stderr]  --> $DIR/conflicting-repr.rs:3:1
[INFO] [stderr]   |
[INFO] [stderr] 3 | #[bitfield(bits = 16)]
[INFO] [stderr]   | ^^^^^^^^^^^^^^^^^^^^^^
[INFO] [stderr]   |
[INFO] [stderr]   = note: this error originates in the attribute macro `bitfield` (in Nightly builds, run with -Z macro-backtrace for more info)
[INFO] [stderr] 
[INFO] [stderr] error: conflicting `bits = 16` here
[INFO] [stderr]  --> $DIR/conflicting-repr.rs:3:12
[INFO] [stderr]   |
[INFO] [stderr] 3 | #[bitfield(bits = 16)]
[INFO] [stderr]   |            ^^^^
[INFO] [stderr] 
[INFO] [stderr] error: conflicting #[repr(u32)] here
[INFO] [stderr]  --> $DIR/conflicting-repr.rs:4:8
[INFO] [stderr]   |
[INFO] [stderr] 4 | #[repr(u32)]
[INFO] [stderr]   |        ^^^
[INFO] [stderr] ┈┈┈┈┈┈┈┈┈┈┈┈┈┈┈┈┈┈┈┈┈┈┈┈┈┈┈┈┈┈┈┈┈┈┈┈┈┈┈┈┈┈┈┈┈┈┈┈┈┈┈┈┈┈┈┈┈┈┈┈
[INFO] [stderr] note: If the actual output is the correct output you can bless it by rerunning
[INFO] [stderr]       your test with the environment variable TRYBUILD=overwrite
[INFO] [stderr] 
[INFO] [stderr] test duplicate-param-1.rs [should fail to compile] ... mismatch
[INFO] [stderr] 
[INFO] [stderr] EXPECTED:
[INFO] [stderr] ┈┈┈┈┈┈┈┈┈┈┈┈┈┈┈┈┈┈┈┈┈┈┈┈┈┈┈┈┈┈┈┈┈┈┈┈┈┈┈┈┈┈┈┈┈┈┈┈┈┈┈┈┈┈┈┈┈┈┈┈
[INFO] [stderr] error: encountered duplicate `bits` parameter: duplicate set to 32
[INFO] [stderr]  --> $DIR/duplicate-param-1.rs:3:23
[INFO] [stderr]   |
[INFO] [stderr] 3 | #[bitfield(bits = 32, bits = 32)]
[INFO] [stderr]   |                       ^^^^^^^^^
[INFO] [stderr] 
[INFO] [stderr] error: previous `bits` parameter here
[INFO] [stderr]  --> $DIR/duplicate-param-1.rs:3:12
[INFO] [stderr]   |
[INFO] [stderr] 3 | #[bitfield(bits = 32, bits = 32)]
[INFO] [stderr]   |            ^^^^^^^^^
[INFO] [stderr] ┈┈┈┈┈┈┈┈┈┈┈┈┈┈┈┈┈┈┈┈┈┈┈┈┈┈┈┈┈┈┈┈┈┈┈┈┈┈┈┈┈┈┈┈┈┈┈┈┈┈┈┈┈┈┈┈┈┈┈┈
[INFO] [stderr] 
[INFO] [stderr] ACTUAL OUTPUT:
[INFO] [stderr] ┈┈┈┈┈┈┈┈┈┈┈┈┈┈┈┈┈┈┈┈┈┈┈┈┈┈┈┈┈┈┈┈┈┈┈┈┈┈┈┈┈┈┈┈┈┈┈┈┈┈┈┈┈┈┈┈┈┈┈┈
[INFO] [stderr] error: encountered duplicate `bits` parameter: duplicate set to 32
[INFO] [stderr]  --> $DIR/duplicate-param-1.rs:3:23
[INFO] [stderr]   |
[INFO] [stderr] 3 | #[bitfield(bits = 32, bits = 32)]
[INFO] [stderr]   |                       ^^^^
[INFO] [stderr] 
[INFO] [stderr] error: previous `bits` parameter here
[INFO] [stderr]  --> $DIR/duplicate-param-1.rs:3:12
[INFO] [stderr]   |
[INFO] [stderr] 3 | #[bitfield(bits = 32, bits = 32)]
[INFO] [stderr]   |            ^^^^
[INFO] [stderr] ┈┈┈┈┈┈┈┈┈┈┈┈┈┈┈┈┈┈┈┈┈┈┈┈┈┈┈┈┈┈┈┈┈┈┈┈┈┈┈┈┈┈┈┈┈┈┈┈┈┈┈┈┈┈┈┈┈┈┈┈
[INFO] [stderr] note: If the actual output is the correct output you can bless it by rerunning
[INFO] [stderr]       your test with the environment variable TRYBUILD=overwrite
[INFO] [stderr] 
[INFO] [stderr] test duplicate-param-2.rs [should fail to compile] ... mismatch
[INFO] [stderr] 
[INFO] [stderr] EXPECTED:
[INFO] [stderr] ┈┈┈┈┈┈┈┈┈┈┈┈┈┈┈┈┈┈┈┈┈┈┈┈┈┈┈┈┈┈┈┈┈┈┈┈┈┈┈┈┈┈┈┈┈┈┈┈┈┈┈┈┈┈┈┈┈┈┈┈
[INFO] [stderr] error: encountered duplicate `bits` parameter: duplicate set to 32
[INFO] [stderr]  --> $DIR/duplicate-param-2.rs:3:23
[INFO] [stderr]   |
[INFO] [stderr] 3 | #[bitfield(bits = 32, bits = 16)]
[INFO] [stderr]   |                       ^^^^^^^^^
[INFO] [stderr] 
[INFO] [stderr] error: previous `bits` parameter here
[INFO] [stderr]  --> $DIR/duplicate-param-2.rs:3:12
[INFO] [stderr]   |
[INFO] [stderr] 3 | #[bitfield(bits = 32, bits = 16)]
[INFO] [stderr]   |            ^^^^^^^^^
[INFO] [stderr] ┈┈┈┈┈┈┈┈┈┈┈┈┈┈┈┈┈┈┈┈┈┈┈┈┈┈┈┈┈┈┈┈┈┈┈┈┈┈┈┈┈┈┈┈┈┈┈┈┈┈┈┈┈┈┈┈┈┈┈┈
[INFO] [stderr] 
[INFO] [stderr] ACTUAL OUTPUT:
[INFO] [stderr] ┈┈┈┈┈┈┈┈┈┈┈┈┈┈┈┈┈┈┈┈┈┈┈┈┈┈┈┈┈┈┈┈┈┈┈┈┈┈┈┈┈┈┈┈┈┈┈┈┈┈┈┈┈┈┈┈┈┈┈┈
[INFO] [stderr] error: encountered duplicate `bits` parameter: duplicate set to 32
[INFO] [stderr]  --> $DIR/duplicate-param-2.rs:3:23
[INFO] [stderr]   |
[INFO] [stderr] 3 | #[bitfield(bits = 32, bits = 16)]
[INFO] [stderr]   |                       ^^^^
[INFO] [stderr] 
[INFO] [stderr] error: previous `bits` parameter here
[INFO] [stderr]  --> $DIR/duplicate-param-2.rs:3:12
[INFO] [stderr]   |
[INFO] [stderr] 3 | #[bitfield(bits = 32, bits = 16)]
[INFO] [stderr]   |            ^^^^
[INFO] [stderr] ┈┈┈┈┈┈┈┈┈┈┈┈┈┈┈┈┈┈┈┈┈┈┈┈┈┈┈┈┈┈┈┈┈┈┈┈┈┈┈┈┈┈┈┈┈┈┈┈┈┈┈┈┈┈┈┈┈┈┈┈
[INFO] [stderr] note: If the actual output is the correct output you can bless it by rerunning
[INFO] [stderr]       your test with the environment variable TRYBUILD=overwrite
[INFO] [stderr] 
[INFO] [stderr] test invalid-param-value-1.rs [should fail to compile] ... ok
[INFO] [stderr] test invalid-param-value-2.rs [should fail to compile] ... mismatch
[INFO] [stderr] 
[INFO] [stderr] EXPECTED:
[INFO] [stderr] ┈┈┈┈┈┈┈┈┈┈┈┈┈┈┈┈┈┈┈┈┈┈┈┈┈┈┈┈┈┈┈┈┈┈┈┈┈┈┈┈┈┈┈┈┈┈┈┈┈┈┈┈┈┈┈┈┈┈┈┈
[INFO] [stderr] error: encountered malformatted integer value for `bits` parameter: invalid digit found in string
[INFO] [stderr]  --> $DIR/invalid-param-value-2.rs:3:19
[INFO] [stderr]   |
[INFO] [stderr] 3 | #[bitfield(bits = -1)]
[INFO] [stderr]   |                   ^^
[INFO] [stderr] ┈┈┈┈┈┈┈┈┈┈┈┈┈┈┈┈┈┈┈┈┈┈┈┈┈┈┈┈┈┈┈┈┈┈┈┈┈┈┈┈┈┈┈┈┈┈┈┈┈┈┈┈┈┈┈┈┈┈┈┈
[INFO] [stderr] 
[INFO] [stderr] ACTUAL OUTPUT:
[INFO] [stderr] ┈┈┈┈┈┈┈┈┈┈┈┈┈┈┈┈┈┈┈┈┈┈┈┈┈┈┈┈┈┈┈┈┈┈┈┈┈┈┈┈┈┈┈┈┈┈┈┈┈┈┈┈┈┈┈┈┈┈┈┈
[INFO] [stderr] error: encountered malformatted integer value for `bits` parameter: invalid digit found in string
[INFO] [stderr]  --> $DIR/invalid-param-value-2.rs:3:19
[INFO] [stderr]   |
[INFO] [stderr] 3 | #[bitfield(bits = -1)]
[INFO] [stderr]   |                   ^
[INFO] [stderr] ┈┈┈┈┈┈┈┈┈┈┈┈┈┈┈┈┈┈┈┈┈┈┈┈┈┈┈┈┈┈┈┈┈┈┈┈┈┈┈┈┈┈┈┈┈┈┈┈┈┈┈┈┈┈┈┈┈┈┈┈
[INFO] [stderr] note: If the actual output is the correct output you can bless it by rerunning
[INFO] [stderr]       your test with the environment variable TRYBUILD=overwrite
[INFO] [stderr] 
[INFO] [stderr] test missing-param-value.rs [should fail to compile] ... ok
[INFO] [stderr] test too-few-bits.rs [should fail to compile] ... mismatch
[INFO] [stderr] 
[INFO] [stderr] EXPECTED:
[INFO] [stderr] ┈┈┈┈┈┈┈┈┈┈┈┈┈┈┈┈┈┈┈┈┈┈┈┈┈┈┈┈┈┈┈┈┈┈┈┈┈┈┈┈┈┈┈┈┈┈┈┈┈┈┈┈┈┈┈┈┈┈┈┈
[INFO] [stderr] error[E0277]: the trait bound `False: FillsUnalignedBits` is not satisfied
[INFO] [stderr]    --> $DIR/too-few-bits.rs:4:1
[INFO] [stderr]     |
[INFO] [stderr] 4   | / pub struct SignInteger {
[INFO] [stderr] 5   | |     sign: bool,
[INFO] [stderr] 6   | |     value: B31,
[INFO] [stderr] 7   | | }
[INFO] [stderr]     | |_^ the trait `FillsUnalignedBits` is not implemented for `False`
[INFO] [stderr]     |
[INFO] [stderr]    ::: $WORKSPACE/src/private/checks.rs
[INFO] [stderr]     |
[INFO] [stderr]     |       <Self::CheckType as DispatchTrueFalse>::Out: FillsUnalignedBits,
[INFO] [stderr]     |                                                    ------------------ required by this bound in `CheckFillsUnalignedBits`
[INFO] [stderr] ┈┈┈┈┈┈┈┈┈┈┈┈┈┈┈┈┈┈┈┈┈┈┈┈┈┈┈┈┈┈┈┈┈┈┈┈┈┈┈┈┈┈┈┈┈┈┈┈┈┈┈┈┈┈┈┈┈┈┈┈
[INFO] [stderr] 
[INFO] [stderr] ACTUAL OUTPUT:
[INFO] [stderr] ┈┈┈┈┈┈┈┈┈┈┈┈┈┈┈┈┈┈┈┈┈┈┈┈┈┈┈┈┈┈┈┈┈┈┈┈┈┈┈┈┈┈┈┈┈┈┈┈┈┈┈┈┈┈┈┈┈┈┈┈
[INFO] [stderr] error[E0277]: the trait bound `False: FillsUnalignedBits` is not satisfied
[INFO] [stderr]    --> $DIR/too-few-bits.rs:4:1
[INFO] [stderr]     |
[INFO] [stderr] 4   | pub struct SignInteger {
[INFO] [stderr]     | ^^^ the trait `FillsUnalignedBits` is not implemented for `False`
[INFO] [stderr]     |
[INFO] [stderr]     = help: the trait `FillsUnalignedBits` is implemented for `True`
[INFO] [stderr] note: required by a bound in `CheckFillsUnalignedBits`
[INFO] [stderr]    --> $DIR/checks.rs:154:50
[INFO] [stderr]     |
[INFO] [stderr] 154 |     <Self::CheckType as DispatchTrueFalse>::Out: FillsUnalignedBits,
[INFO] [stderr]     |                                                  ^^^^^^^^^^^^^^^^^^ required by this bound in `CheckFillsUnalignedBits`
[INFO] [stderr] ┈┈┈┈┈┈┈┈┈┈┈┈┈┈┈┈┈┈┈┈┈┈┈┈┈┈┈┈┈┈┈┈┈┈┈┈┈┈┈┈┈┈┈┈┈┈┈┈┈┈┈┈┈┈┈┈┈┈┈┈
[INFO] [stderr] note: If the actual output is the correct output you can bless it by rerunning
[INFO] [stderr]       your test with the environment variable TRYBUILD=overwrite
[INFO] [stderr] 
[INFO] [stderr] test too-many-bits.rs [should fail to compile] ... mismatch
[INFO] [stderr] 
[INFO] [stderr] EXPECTED:
[INFO] [stderr] ┈┈┈┈┈┈┈┈┈┈┈┈┈┈┈┈┈┈┈┈┈┈┈┈┈┈┈┈┈┈┈┈┈┈┈┈┈┈┈┈┈┈┈┈┈┈┈┈┈┈┈┈┈┈┈┈┈┈┈┈
[INFO] [stderr] error[E0277]: the trait bound `False: FillsUnalignedBits` is not satisfied
[INFO] [stderr]    --> $DIR/too-many-bits.rs:4:1
[INFO] [stderr]     |
[INFO] [stderr] 4   | / pub struct SignInteger {
[INFO] [stderr] 5   | |     sign: bool,
[INFO] [stderr] 6   | |     value: B31,
[INFO] [stderr] 7   | | }
[INFO] [stderr]     | |_^ the trait `FillsUnalignedBits` is not implemented for `False`
[INFO] [stderr]     |
[INFO] [stderr]    ::: $WORKSPACE/src/private/checks.rs
[INFO] [stderr]     |
[INFO] [stderr]     |       <Self::CheckType as DispatchTrueFalse>::Out: FillsUnalignedBits,
[INFO] [stderr]     |                                                    ------------------ required by this bound in `CheckFillsUnalignedBits`
[INFO] [stderr] ┈┈┈┈┈┈┈┈┈┈┈┈┈┈┈┈┈┈┈┈┈┈┈┈┈┈┈┈┈┈┈┈┈┈┈┈┈┈┈┈┈┈┈┈┈┈┈┈┈┈┈┈┈┈┈┈┈┈┈┈
[INFO] [stderr] 
[INFO] [stderr] ACTUAL OUTPUT:
[INFO] [stderr] ┈┈┈┈┈┈┈┈┈┈┈┈┈┈┈┈┈┈┈┈┈┈┈┈┈┈┈┈┈┈┈┈┈┈┈┈┈┈┈┈┈┈┈┈┈┈┈┈┈┈┈┈┈┈┈┈┈┈┈┈
[INFO] [stderr] error[E0277]: the trait bound `False: FillsUnalignedBits` is not satisfied
[INFO] [stderr]    --> $DIR/too-many-bits.rs:4:1
[INFO] [stderr]     |
[INFO] [stderr] 4   | pub struct SignInteger {
[INFO] [stderr]     | ^^^ the trait `FillsUnalignedBits` is not implemented for `False`
[INFO] [stderr]     |
[INFO] [stderr]     = help: the trait `FillsUnalignedBits` is implemented for `True`
[INFO] [stderr] note: required by a bound in `CheckFillsUnalignedBits`
[INFO] [stderr]    --> $DIR/checks.rs:154:50
[INFO] [stderr]     |
[INFO] [stderr] 154 |     <Self::CheckType as DispatchTrueFalse>::Out: FillsUnalignedBits,
[INFO] [stderr]     |                                                  ^^^^^^^^^^^^^^^^^^ required by this bound in `CheckFillsUnalignedBits`
[INFO] [stderr] ┈┈┈┈┈┈┈┈┈┈┈┈┈┈┈┈┈┈┈┈┈┈┈┈┈┈┈┈┈┈┈┈┈┈┈┈┈┈┈┈┈┈┈┈┈┈┈┈┈┈┈┈┈┈┈┈┈┈┈┈
[INFO] [stderr] note: If the actual output is the correct output you can bless it by rerunning
[INFO] [stderr]       your test with the environment variable TRYBUILD=overwrite
[INFO] [stderr] 
[INFO] [stderr] 
[INFO] [stderr] 
[INFO] [stdout] test tests ... FAILED
[INFO] [stdout] 
[INFO] [stdout] failures:
[INFO] [stdout] 
[INFO] [stdout] ---- tests stdout ----
[INFO] [stdout] thread 'tests' panicked at '41 of 114 tests failed', /opt/rustwide/cargo-home/registry/src/index.crates.io-6f17d22bba15001f/trybuild-1.0.42/src/run.rs:73:13
[INFO] [stdout] stack backtrace:
[INFO] [stdout]    0:     0x55a47cc1a72a - std::backtrace_rs::backtrace::libunwind::trace::h2f05d0192276a8f6
[INFO] [stdout]                                at /rustc/1b7dd2252b99671ce5d1cb9664c5f8636329436d/library/std/src/../../backtrace/src/backtrace/libunwind.rs:93:5
[INFO] [stdout]    1:     0x55a47cc1a72a - std::backtrace_rs::backtrace::trace_unsynchronized::hedc23dff7a1af150
[INFO] [stdout]                                at /rustc/1b7dd2252b99671ce5d1cb9664c5f8636329436d/library/std/src/../../backtrace/src/backtrace/mod.rs:66:5
[INFO] [stdout]    2:     0x55a47cc1a72a - std::sys_common::backtrace::_print_fmt::h17541ef7592f3ce2
[INFO] [stdout]                                at /rustc/1b7dd2252b99671ce5d1cb9664c5f8636329436d/library/std/src/sys_common/backtrace.rs:65:5
[INFO] [stdout]    3:     0x55a47cc1a72a - <std::sys_common::backtrace::_print::DisplayBacktrace as core::fmt::Display>::fmt::h20f75df5ab0c0792
[INFO] [stdout]                                at /rustc/1b7dd2252b99671ce5d1cb9664c5f8636329436d/library/std/src/sys_common/backtrace.rs:44:22
[INFO] [stdout]    4:     0x55a47cc40a9f - core::fmt::write::h78109e6f466b3af6
[INFO] [stdout]                                at /rustc/1b7dd2252b99671ce5d1cb9664c5f8636329436d/library/core/src/fmt/mod.rs:1254:17
[INFO] [stdout]    5:     0x55a47cc16cb5 - std::io::Write::write_fmt::hd24bfb68a1b35a25
[INFO] [stdout]                                at /rustc/1b7dd2252b99671ce5d1cb9664c5f8636329436d/library/std/src/io/mod.rs:1698:15
[INFO] [stdout]    6:     0x55a47cc1a4f5 - std::sys_common::backtrace::_print::h8dac57a9f8fbf9a5
[INFO] [stdout]                                at /rustc/1b7dd2252b99671ce5d1cb9664c5f8636329436d/library/std/src/sys_common/backtrace.rs:47:5
[INFO] [stdout]    7:     0x55a47cc1a4f5 - std::sys_common::backtrace::print::hf9ecbf41d1aa712f
[INFO] [stdout]                                at /rustc/1b7dd2252b99671ce5d1cb9664c5f8636329436d/library/std/src/sys_common/backtrace.rs:34:9
[INFO] [stdout]    8:     0x55a47cc1c1ae - std::panicking::default_hook::{{closure}}::h04c07acfc84ca028
[INFO] [stdout]                                at /rustc/1b7dd2252b99671ce5d1cb9664c5f8636329436d/library/std/src/panicking.rs:269:22
[INFO] [stdout]    9:     0x55a47cc1bee1 - std::panicking::default_hook::h01f6bb23e1eceb2c
[INFO] [stdout]                                at /rustc/1b7dd2252b99671ce5d1cb9664c5f8636329436d/library/std/src/panicking.rs:285:9
[INFO] [stdout]   10:     0x55a47cbed88b - <alloc::boxed::Box<F,A> as core::ops::function::Fn<Args>>::call::h87fe9f7b2fd49e4c
[INFO] [stdout]                                at /rustc/1b7dd2252b99671ce5d1cb9664c5f8636329436d/library/alloc/src/boxed.rs:1987:9
[INFO] [stdout]   11:     0x55a47cbed88b - test::test_main::{{closure}}::he94d679243a7531b
[INFO] [stdout]                                at /rustc/1b7dd2252b99671ce5d1cb9664c5f8636329436d/library/test/src/lib.rs:134:21
[INFO] [stdout]   12:     0x55a47cc1c894 - <alloc::boxed::Box<F,A> as core::ops::function::Fn<Args>>::call::h3f2d6d8b14c4769f
[INFO] [stdout]                                at /rustc/1b7dd2252b99671ce5d1cb9664c5f8636329436d/library/alloc/src/boxed.rs:1987:9
[INFO] [stdout]   13:     0x55a47cc1c894 - std::panicking::rust_panic_with_hook::h2bb3722bbaf2f6df
[INFO] [stdout]                                at /rustc/1b7dd2252b99671ce5d1cb9664c5f8636329436d/library/std/src/panicking.rs:695:13
[INFO] [stdout]   14:     0x55a47cc1c609 - std::panicking::begin_panic_handler::{{closure}}::h91bc7f36a4be011b
[INFO] [stdout]                                at /rustc/1b7dd2252b99671ce5d1cb9664c5f8636329436d/library/std/src/panicking.rs:582:13
[INFO] [stdout]   15:     0x55a47cc1ab96 - std::sys_common::backtrace::__rust_end_short_backtrace::h8b3d3717114f9e59
[INFO] [stdout]                                at /rustc/1b7dd2252b99671ce5d1cb9664c5f8636329436d/library/std/src/sys_common/backtrace.rs:150:18
[INFO] [stdout]   16:     0x55a47cc1c362 - rust_begin_unwind
[INFO] [stdout]                                at /rustc/1b7dd2252b99671ce5d1cb9664c5f8636329436d/library/std/src/panicking.rs:578:5
[INFO] [stdout]   17:     0x55a47c9f9e73 - core::panicking::panic_fmt::hfd368e3fbdabea26
[INFO] [stdout]                                at /rustc/1b7dd2252b99671ce5d1cb9664c5f8636329436d/library/core/src/panicking.rs:67:14
[INFO] [stdout]   18:     0x55a47ca302c3 - trybuild::run::<impl trybuild::Runner>::run::h64b4253110a273c0
[INFO] [stdout]                                at /opt/rustwide/cargo-home/registry/src/index.crates.io-6f17d22bba15001f/trybuild-1.0.42/src/run.rs:73:13
[INFO] [stdout]   19:     0x55a47ca3470a - <trybuild::TestCases as core::ops::drop::Drop>::drop::h66111bb00b56c960
[INFO] [stdout]                                at /opt/rustwide/cargo-home/registry/src/index.crates.io-6f17d22bba15001f/trybuild-1.0.42/src/lib.rs:305:13
[INFO] [stdout]   20:     0x55a47c9fed67 - core::ptr::drop_in_place<trybuild::TestCases>::hdc2d432066c9fa2c
[INFO] [stdout]                                at /rustc/1b7dd2252b99671ce5d1cb9664c5f8636329436d/library/core/src/ptr/mod.rs:490:1
[INFO] [stdout]   21:     0x55a47ca0098e - tests::tests::hd525a6763fe0854b
[INFO] [stdout]                                at /opt/rustwide/workdir/tests/progress.rs:140:1
[INFO] [stdout]   22:     0x55a47c9ffe87 - tests::tests::{{closure}}::hc545645fa831f42a
[INFO] [stdout]                                at /opt/rustwide/workdir/tests/progress.rs:5:12
[INFO] [stdout]   23:     0x55a47c9fecc5 - core::ops::function::FnOnce::call_once::hc82d77a4406f604a
[INFO] [stdout]                                at /rustc/1b7dd2252b99671ce5d1cb9664c5f8636329436d/library/core/src/ops/function.rs:250:5
[INFO] [stdout]   24:     0x55a47cbf275f - core::ops::function::FnOnce::call_once::ha6a70e79f7481a7e
[INFO] [stdout]                                at /rustc/1b7dd2252b99671ce5d1cb9664c5f8636329436d/library/core/src/ops/function.rs:250:5
[INFO] [stdout]   25:     0x55a47cbf275f - test::__rust_begin_short_backtrace::hce33033019b61e69
[INFO] [stdout]                                at /rustc/1b7dd2252b99671ce5d1cb9664c5f8636329436d/library/test/src/lib.rs:655:18
[INFO] [stdout]   26:     0x55a47cbbff4c - test::run_test::{{closure}}::h858d3528838ae3e5
[INFO] [stdout]                                at /rustc/1b7dd2252b99671ce5d1cb9664c5f8636329436d/library/test/src/lib.rs:646:30
[INFO] [stdout]   27:     0x55a47cbbff4c - core::ops::function::FnOnce::call_once{{vtable.shim}}::he8ac2b00f01ae79e
[INFO] [stdout]                                at /rustc/1b7dd2252b99671ce5d1cb9664c5f8636329436d/library/core/src/ops/function.rs:250:5
[INFO] [stdout]   28:     0x55a47cbf1836 - <alloc::boxed::Box<F,A> as core::ops::function::FnOnce<Args>>::call_once::h8093d25b522725ef
[INFO] [stdout]                                at /rustc/1b7dd2252b99671ce5d1cb9664c5f8636329436d/library/alloc/src/boxed.rs:1973:9
[INFO] [stdout]   29:     0x55a47cbf1836 - <core::panic::unwind_safe::AssertUnwindSafe<F> as core::ops::function::FnOnce<()>>::call_once::h5c334c204e4a3913
[INFO] [stdout]                                at /rustc/1b7dd2252b99671ce5d1cb9664c5f8636329436d/library/core/src/panic/unwind_safe.rs:271:9
[INFO] [stdout]   30:     0x55a47cbf1836 - std::panicking::try::do_call::ha8b740c7b9478074
[INFO] [stdout]                                at /rustc/1b7dd2252b99671ce5d1cb9664c5f8636329436d/library/std/src/panicking.rs:485:40
[INFO] [stdout]   31:     0x55a47cbf1836 - std::panicking::try::h5d34f63d0e41b64e
[INFO] [stdout]                                at /rustc/1b7dd2252b99671ce5d1cb9664c5f8636329436d/library/std/src/panicking.rs:449:19
[INFO] [stdout]   32:     0x55a47cbf1836 - std::panic::catch_unwind::hcfbb511e1aa7fc67
[INFO] [stdout]                                at /rustc/1b7dd2252b99671ce5d1cb9664c5f8636329436d/library/std/src/panic.rs:140:14
[INFO] [stdout]   33:     0x55a47cbf1836 - test::run_test_in_process::h9abda90f802eaf21
[INFO] [stdout]                                at /rustc/1b7dd2252b99671ce5d1cb9664c5f8636329436d/library/test/src/lib.rs:678:27
[INFO] [stdout]   34:     0x55a47cbf1836 - test::run_test::run_test_inner::{{closure}}::h0f058de91f6c6edf
[INFO] [stdout]                                at /rustc/1b7dd2252b99671ce5d1cb9664c5f8636329436d/library/test/src/lib.rs:572:39
[INFO] [stdout]   35:     0x55a47cbba755 - test::run_test::run_test_inner::{{closure}}::h5ca48a4c59c6c1fb
[INFO] [stdout]                                at /rustc/1b7dd2252b99671ce5d1cb9664c5f8636329436d/library/test/src/lib.rs:599:37
[INFO] [stdout]   36:     0x55a47cbba755 - std::sys_common::backtrace::__rust_begin_short_backtrace::h32bd51e1495d4a33
[INFO] [stdout]                                at /rustc/1b7dd2252b99671ce5d1cb9664c5f8636329436d/library/std/src/sys_common/backtrace.rs:134:18
[INFO] [stdout]   37:     0x55a47cbbfc91 - std::thread::Builder::spawn_unchecked_::{{closure}}::{{closure}}::hc086fae9b128b2db
[INFO] [stdout]                                at /rustc/1b7dd2252b99671ce5d1cb9664c5f8636329436d/library/std/src/thread/mod.rs:526:17
[INFO] [stdout]   38:     0x55a47cbbfc91 - <core::panic::unwind_safe::AssertUnwindSafe<F> as core::ops::function::FnOnce<()>>::call_once::hb66571888d270d43
[INFO] [stdout]                                at /rustc/1b7dd2252b99671ce5d1cb9664c5f8636329436d/library/core/src/panic/unwind_safe.rs:271:9
[INFO] [stdout]   39:     0x55a47cbbfc91 - std::panicking::try::do_call::h4fa2ef4f6e51fecf
[INFO] [stdout]                                at /rustc/1b7dd2252b99671ce5d1cb9664c5f8636329436d/library/std/src/panicking.rs:485:40
[INFO] [stdout]   40:     0x55a47cbbfc91 - std::panicking::try::h1e9e22b8584489b5
[INFO] [stdout]                                at /rustc/1b7dd2252b99671ce5d1cb9664c5f8636329436d/library/std/src/panicking.rs:449:19
[INFO] [stdout]   41:     0x55a47cbbfc91 - std::panic::catch_unwind::h44698a3de0e0769e
[INFO] [stdout]                                at /rustc/1b7dd2252b99671ce5d1cb9664c5f8636329436d/library/std/src/panic.rs:140:14
[INFO] [stdout]   42:     0x55a47cbbfc91 - std::thread::Builder::spawn_unchecked_::{{closure}}::h50153abde3fe239e
[INFO] [stdout]                                at /rustc/1b7dd2252b99671ce5d1cb9664c5f8636329436d/library/std/src/thread/mod.rs:525:30
[INFO] [stdout]   43:     0x55a47cbbfc91 - core::ops::function::FnOnce::call_once{{vtable.shim}}::hbe5bbf6f38394364
[INFO] [stdout]                                at /rustc/1b7dd2252b99671ce5d1cb9664c5f8636329436d/library/core/src/ops/function.rs:250:5
[INFO] [stdout]   44:     0x55a47cc21ce5 - <alloc::boxed::Box<F,A> as core::ops::function::FnOnce<Args>>::call_once::h0d83cb2920a49046
[INFO] [stdout]                                at /rustc/1b7dd2252b99671ce5d1cb9664c5f8636329436d/library/alloc/src/boxed.rs:1973:9
[INFO] [stdout]   45:     0x55a47cc21ce5 - <alloc::boxed::Box<F,A> as core::ops::function::FnOnce<Args>>::call_once::hbe0a008aa7d9ef59
[INFO] [stdout]                                at /rustc/1b7dd2252b99671ce5d1cb9664c5f8636329436d/library/alloc/src/boxed.rs:1973:9
[INFO] [stdout]   46:     0x55a47cc21ce5 - std::sys::unix::thread::Thread::new::thread_start::h3a466996bdf6b1f9
[INFO] [stdout]                                at /rustc/1b7dd2252b99671ce5d1cb9664c5f8636329436d/library/std/src/sys/unix/thread.rs:108:17
[INFO] [stdout]   47:     0x7f794413ab43 - <unknown>
[INFO] [stdout]   48:     0x7f79441cbbb4 - __clone
[INFO] [stdout]   49:                0x0 - <unknown>
[INFO] [stdout] 
[INFO] [stdout] 
[INFO] [stdout] failures:
[INFO] [stdout]     tests
[INFO] [stdout] 
[INFO] [stdout] test result: FAILED. 4 passed; 1 failed; 0 ignored; 0 measured; 0 filtered out; finished in 168.23s
[INFO] [stdout] 
[INFO] [stderr] error: test failed, to rerun pass `--test tests`
[INFO] running `Command { std: "docker" "inspect" "837eb56eb3341c08174d7730e2b369fd1d2f9704d6a7fe04cb6b6ad4068bc9a5", kill_on_drop: false }`
[INFO] running `Command { std: "docker" "rm" "-f" "837eb56eb3341c08174d7730e2b369fd1d2f9704d6a7fe04cb6b6ad4068bc9a5", kill_on_drop: false }`
[INFO] [stdout] 837eb56eb3341c08174d7730e2b369fd1d2f9704d6a7fe04cb6b6ad4068bc9a5
