[INFO] fetching crate modalkit 0.0.15...
[INFO] testing modalkit-0.0.15 against beta-2023-04-20 for beta-1.70-1
[INFO] extracting crate modalkit 0.0.15 into /workspace/builds/worker-3-tc2/source
[INFO] validating manifest of crates.io crate modalkit 0.0.15 on toolchain beta-2023-04-20
[INFO] running `Command { std: CARGO_HOME="/workspace/cargo-home" RUSTUP_HOME="/workspace/rustup-home" "/workspace/cargo-home/bin/cargo" "+beta-2023-04-20" "metadata" "--manifest-path" "Cargo.toml" "--no-deps", kill_on_drop: false }`
[INFO] started tweaking crates.io crate modalkit 0.0.15
[INFO] finished tweaking crates.io crate modalkit 0.0.15
[INFO] tweaked toml for crates.io crate modalkit 0.0.15 written to /workspace/builds/worker-3-tc2/source/Cargo.toml
[INFO] crate crates.io crate modalkit 0.0.15 already has a lockfile, it will not be regenerated
[INFO] running `Command { std: CARGO_HOME="/workspace/cargo-home" RUSTUP_HOME="/workspace/rustup-home" "/workspace/cargo-home/bin/cargo" "+beta-2023-04-20" "fetch" "--manifest-path" "Cargo.toml", kill_on_drop: false }`
[INFO] [stderr]     Updating crates.io index
[INFO] [stderr]  Downloading crates ...
[INFO] [stderr]   Downloaded intervaltree v0.2.7
[INFO] [stderr]   Downloaded temp-dir v0.1.11
[INFO] [stderr]   Downloaded anymap2 v0.13.0
[INFO] [stderr]   Downloaded ratatui v0.20.1
[INFO] [stderr]   Downloaded unicode-linebreak v0.1.4
[INFO] running `Command { std: "docker" "create" "-v" "/var/lib/crater-agent-workspace/builds/worker-3-tc2/target:/opt/rustwide/target:rw,Z" "-v" "/var/lib/crater-agent-workspace/builds/worker-3-tc2/source:/opt/rustwide/workdir:ro,Z" "-v" "/var/lib/crater-agent-workspace/cargo-home:/opt/rustwide/cargo-home:ro,Z" "-v" "/var/lib/crater-agent-workspace/rustup-home:/opt/rustwide/rustup-home:ro,Z" "-e" "SOURCE_DIR=/opt/rustwide/workdir" "-e" "CARGO_TARGET_DIR=/opt/rustwide/target" "-e" "CARGO_HOME=/opt/rustwide/cargo-home" "-e" "RUSTUP_HOME=/opt/rustwide/rustup-home" "-w" "/opt/rustwide/workdir" "-m" "1610612736" "--user" "0:0" "--network" "none" "ghcr.io/rust-lang/crates-build-env/linux@sha256:5ff2268d62e97bff2cde7d5815dd6ed5b47097566f13b8d0ca110b04b60e07ed" "/opt/rustwide/cargo-home/bin/cargo" "+beta-2023-04-20" "metadata" "--no-deps" "--format-version=1", kill_on_drop: false }`
[INFO] [stdout] c73c671959f24a68384c00206bb3fdf12225f5d3ea778fd4b0ba579a7bba4eb3
[INFO] running `Command { std: "docker" "start" "-a" "c73c671959f24a68384c00206bb3fdf12225f5d3ea778fd4b0ba579a7bba4eb3", kill_on_drop: false }`
[INFO] running `Command { std: "docker" "inspect" "c73c671959f24a68384c00206bb3fdf12225f5d3ea778fd4b0ba579a7bba4eb3", kill_on_drop: false }`
[INFO] running `Command { std: "docker" "rm" "-f" "c73c671959f24a68384c00206bb3fdf12225f5d3ea778fd4b0ba579a7bba4eb3", kill_on_drop: false }`
[INFO] [stdout] c73c671959f24a68384c00206bb3fdf12225f5d3ea778fd4b0ba579a7bba4eb3
[INFO] running `Command { std: "docker" "create" "-v" "/var/lib/crater-agent-workspace/builds/worker-3-tc2/target:/opt/rustwide/target:rw,Z" "-v" "/var/lib/crater-agent-workspace/builds/worker-3-tc2/source:/opt/rustwide/workdir:ro,Z" "-v" "/var/lib/crater-agent-workspace/cargo-home:/opt/rustwide/cargo-home:ro,Z" "-v" "/var/lib/crater-agent-workspace/rustup-home:/opt/rustwide/rustup-home:ro,Z" "-e" "SOURCE_DIR=/opt/rustwide/workdir" "-e" "CARGO_TARGET_DIR=/opt/rustwide/target" "-e" "CARGO_INCREMENTAL=0" "-e" "RUST_BACKTRACE=full" "-e" "RUSTFLAGS=--cap-lints=warn" "-e" "RUSTDOCFLAGS=--cap-lints=warn" "-e" "CARGO_HOME=/opt/rustwide/cargo-home" "-e" "RUSTUP_HOME=/opt/rustwide/rustup-home" "-w" "/opt/rustwide/workdir" "-m" "1610612736" "--user" "0:0" "--network" "none" "ghcr.io/rust-lang/crates-build-env/linux@sha256:5ff2268d62e97bff2cde7d5815dd6ed5b47097566f13b8d0ca110b04b60e07ed" "/opt/rustwide/cargo-home/bin/cargo" "+beta-2023-04-20" "build" "--frozen" "--message-format=json", kill_on_drop: false }`
[INFO] [stdout] 202404a528267f923176a1d470e9ff803fe5c787b8ad54eb04aaa56d1675e1f6
[INFO] running `Command { std: "docker" "start" "-a" "202404a528267f923176a1d470e9ff803fe5c787b8ad54eb04aaa56d1675e1f6", kill_on_drop: false }`
[INFO] [stderr]    Compiling cfg-if v1.0.0
[INFO] [stderr]    Compiling autocfg v1.1.0
[INFO] [stderr]    Compiling libc v0.2.139
[INFO] [stderr]    Compiling smallvec v1.10.0
[INFO] [stderr]    Compiling bitflags v1.3.2
[INFO] [stderr]    Compiling memchr v2.5.0
[INFO] [stderr]    Compiling proc-macro2 v1.0.51
[INFO] [stderr]    Compiling version_check v0.9.4
[INFO] [stderr]    Compiling log v0.4.17
[INFO] [stderr]    Compiling crc32fast v1.3.2
[INFO] [stderr]    Compiling parking_lot_core v0.9.7
[INFO] [stderr]    Compiling ahash v0.7.6
[INFO] [stderr]    Compiling quote v1.0.23
[INFO] [stderr]    Compiling unicode-ident v1.0.8
[INFO] [stderr]    Compiling lock_api v0.4.9
[INFO] [stderr]    Compiling num-traits v0.2.15
[INFO] [stderr]    Compiling memoffset v0.6.5
[INFO] [stderr]    Compiling signal-hook v0.3.15
[INFO] [stderr]    Compiling syn v1.0.109
[INFO] [stderr]    Compiling once_cell v1.17.1
[INFO] [stderr]    Compiling scopeguard v1.1.0
[INFO] [stderr]    Compiling adler v1.0.2
[INFO] [stderr]    Compiling miniz_oxide v0.6.2
[INFO] [stderr]    Compiling aho-corasick v0.7.20
[INFO] [stderr]    Compiling num-integer v0.1.45
[INFO] [stderr]    Compiling regex-syntax v0.6.28
[INFO] [stderr]    Compiling getrandom v0.2.8
[INFO] [stderr]    Compiling signal-hook-registry v1.4.1
[INFO] [stderr]    Compiling hashbrown v0.12.3
[INFO] [stderr]    Compiling parking_lot v0.12.1
[INFO] [stderr]    Compiling flate2 v1.0.25
[INFO] [stderr]    Compiling mio v0.8.6
[INFO] [stderr]    Compiling num-rational v0.4.1
[INFO] [stderr]    Compiling signal-hook-mio v0.2.3
[INFO] [stderr]    Compiling nix v0.24.3
[INFO] [stderr]    Compiling jpeg-decoder v0.3.0
[INFO] [stderr]    Compiling weezl v0.1.7
[INFO] [stderr]    Compiling thiserror v1.0.39
[INFO] [stderr]    Compiling png v0.17.7
[INFO] [stderr]    Compiling regex v1.7.1
[INFO] [stderr]    Compiling gethostname v0.2.3
[INFO] [stderr]    Compiling unicode-width v0.1.10
[INFO] [stderr]    Compiling tiff v0.8.1
[INFO] [stderr]    Compiling bytemuck v1.13.1
[INFO] [stderr]    Compiling byteorder v1.4.3
[INFO] [stderr]    Compiling color_quant v1.1.0
[INFO] [stderr]    Compiling crossterm v0.26.1
[INFO] [stderr]    Compiling nibble_vec v0.1.0
[INFO] [stderr]    Compiling image v0.24.5
[INFO] [stderr]    Compiling endian-type v0.1.2
[INFO] [stderr]    Compiling smawk v0.3.1
[INFO] [stderr]    Compiling unicode-segmentation v1.10.1
[INFO] [stderr]    Compiling convert_case v0.4.0
[INFO] [stderr]    Compiling cassowary v0.3.0
[INFO] [stderr]    Compiling x11rb-protocol v0.10.0
[INFO] [stderr]    Compiling minimal-lexical v0.2.1
[INFO] [stderr]    Compiling str_indices v0.4.1
[INFO] [stderr]    Compiling thiserror-impl v1.0.39
[INFO] [stderr]    Compiling derive_more v0.99.17
[INFO] [stderr]    Compiling ropey v1.6.0
[INFO] [stderr]    Compiling nom v7.1.3
[INFO] [stderr]    Compiling unicode-linebreak v0.1.4
[INFO] [stderr]    Compiling ratatui v0.20.1
[INFO] [stderr]    Compiling radix_trie v0.2.1
[INFO] [stderr]    Compiling crossterm v0.25.0
[INFO] [stderr]    Compiling intervaltree v0.2.7
[INFO] [stderr]    Compiling anymap2 v0.13.0
[INFO] [stderr]    Compiling textwrap v0.16.0
[INFO] [stderr]    Compiling x11rb v0.10.1
[INFO] [stderr]    Compiling arboard v3.2.0
[INFO] [stderr]    Compiling modalkit v0.0.15 (/opt/rustwide/workdir)
[INFO] [stderr]     Finished dev [unoptimized + debuginfo] target(s) in 52.03s
[INFO] running `Command { std: "docker" "inspect" "202404a528267f923176a1d470e9ff803fe5c787b8ad54eb04aaa56d1675e1f6", kill_on_drop: false }`
[INFO] running `Command { std: "docker" "rm" "-f" "202404a528267f923176a1d470e9ff803fe5c787b8ad54eb04aaa56d1675e1f6", kill_on_drop: false }`
[INFO] [stdout] 202404a528267f923176a1d470e9ff803fe5c787b8ad54eb04aaa56d1675e1f6
[INFO] running `Command { std: "docker" "create" "-v" "/var/lib/crater-agent-workspace/builds/worker-3-tc2/target:/opt/rustwide/target:rw,Z" "-v" "/var/lib/crater-agent-workspace/builds/worker-3-tc2/source:/opt/rustwide/workdir:ro,Z" "-v" "/var/lib/crater-agent-workspace/cargo-home:/opt/rustwide/cargo-home:ro,Z" "-v" "/var/lib/crater-agent-workspace/rustup-home:/opt/rustwide/rustup-home:ro,Z" "-e" "SOURCE_DIR=/opt/rustwide/workdir" "-e" "CARGO_TARGET_DIR=/opt/rustwide/target" "-e" "CARGO_INCREMENTAL=0" "-e" "RUST_BACKTRACE=full" "-e" "RUSTFLAGS=--cap-lints=warn" "-e" "RUSTDOCFLAGS=--cap-lints=warn" "-e" "CARGO_HOME=/opt/rustwide/cargo-home" "-e" "RUSTUP_HOME=/opt/rustwide/rustup-home" "-w" "/opt/rustwide/workdir" "-m" "1610612736" "--user" "0:0" "--network" "none" "ghcr.io/rust-lang/crates-build-env/linux@sha256:5ff2268d62e97bff2cde7d5815dd6ed5b47097566f13b8d0ca110b04b60e07ed" "/opt/rustwide/cargo-home/bin/cargo" "+beta-2023-04-20" "test" "--frozen" "--no-run" "--message-format=json", kill_on_drop: false }`
[INFO] [stdout] 3af5e9fc003e0368bdd71bc2ac071112e13debe2ef2e8458dd0ded358427ea4e
[INFO] running `Command { std: "docker" "start" "-a" "3af5e9fc003e0368bdd71bc2ac071112e13debe2ef2e8458dd0ded358427ea4e", kill_on_drop: false }`
[INFO] [stderr]     Blocking waiting for file lock on package cache
[INFO] [stderr]    Compiling getrandom v0.2.8
[INFO] [stderr]    Compiling ppv-lite86 v0.2.17
[INFO] [stderr]    Compiling temp-dir v0.1.11
[INFO] [stderr]    Compiling ahash v0.7.6
[INFO] [stderr]    Compiling rand_core v0.6.4
[INFO] [stderr]    Compiling hashbrown v0.12.3
[INFO] [stderr]    Compiling rand_chacha v0.3.1
[INFO] [stderr]    Compiling rand v0.8.5
[INFO] [stderr]    Compiling unicode-linebreak v0.1.4
[INFO] [stderr]    Compiling textwrap v0.16.0
[INFO] [stderr]    Compiling modalkit v0.0.15 (/opt/rustwide/workdir)
[INFO] [stderr]     Finished test [unoptimized + debuginfo] target(s) in 35.25s
[INFO] running `Command { std: "docker" "inspect" "3af5e9fc003e0368bdd71bc2ac071112e13debe2ef2e8458dd0ded358427ea4e", kill_on_drop: false }`
[INFO] running `Command { std: "docker" "rm" "-f" "3af5e9fc003e0368bdd71bc2ac071112e13debe2ef2e8458dd0ded358427ea4e", kill_on_drop: false }`
[INFO] [stdout] 3af5e9fc003e0368bdd71bc2ac071112e13debe2ef2e8458dd0ded358427ea4e
[INFO] running `Command { std: "docker" "create" "-v" "/var/lib/crater-agent-workspace/builds/worker-3-tc2/target:/opt/rustwide/target:rw,Z" "-v" "/var/lib/crater-agent-workspace/builds/worker-3-tc2/source:/opt/rustwide/workdir:ro,Z" "-v" "/var/lib/crater-agent-workspace/cargo-home:/opt/rustwide/cargo-home:ro,Z" "-v" "/var/lib/crater-agent-workspace/rustup-home:/opt/rustwide/rustup-home:ro,Z" "-e" "SOURCE_DIR=/opt/rustwide/workdir" "-e" "CARGO_TARGET_DIR=/opt/rustwide/target" "-e" "CARGO_INCREMENTAL=0" "-e" "RUST_BACKTRACE=full" "-e" "RUSTFLAGS=--cap-lints=warn" "-e" "RUSTDOCFLAGS=--cap-lints=warn" "-e" "CARGO_HOME=/opt/rustwide/cargo-home" "-e" "RUSTUP_HOME=/opt/rustwide/rustup-home" "-w" "/opt/rustwide/workdir" "-m" "1610612736" "--user" "0:0" "--network" "none" "ghcr.io/rust-lang/crates-build-env/linux@sha256:5ff2268d62e97bff2cde7d5815dd6ed5b47097566f13b8d0ca110b04b60e07ed" "/opt/rustwide/cargo-home/bin/cargo" "+beta-2023-04-20" "test" "--frozen", kill_on_drop: false }`
[INFO] [stdout] 09869df250747c705b3cda6921f6def38b022cc7adcd6dec7f726f9f09b1287f
[INFO] running `Command { std: "docker" "start" "-a" "09869df250747c705b3cda6921f6def38b022cc7adcd6dec7f726f9f09b1287f", kill_on_drop: false }`
[INFO] [stderr]     Finished test [unoptimized + debuginfo] target(s) in 0.11s
[INFO] [stderr]      Running unittests src/lib.rs (/opt/rustwide/target/debug/deps/modalkit-26c86b975baad6fb)
[INFO] [stdout] 
[INFO] [stdout] running 340 tests
[INFO] [stdout] test editing::buffer::complete::tests::test_complete_word ... ok
[INFO] [stdout] test editing::action::tests::test_is_readonly ... ok
[INFO] [stdout] test editing::buffer::edit::tests::test_changecase ... ok
[INFO] [stdout] test editing::buffer::edit::tests::test_change ... ok
[INFO] [stdout] test editing::buffer::complete::tests::test_complete_auto ... ok
[INFO] [stdout] test editing::buffer::edit::tests::test_changecase_tilde ... ok
[INFO] [stdout] test editing::buffer::complete::tests::test_complete_file ... ok
[INFO] [stdout] test editing::buffer::complete::tests::test_complete_line ... ok
[INFO] [stdout] test editing::buffer::cursor::tests::test_cursor_group ... ok
[INFO] [stdout] test editing::buffer::edit::tests::test_changenum_mul ... ok
[INFO] [stdout] test editing::buffer::edit::tests::test_delete_eol ... ok
[INFO] [stdout] test editing::buffer::edit::tests::test_delete_blockwise ... ok
[INFO] [stdout] test editing::buffer::edit::tests::test_delete ... ok
[INFO] [stdout] test editing::buffer::edit::tests::test_forced_motion_line ... ok
[INFO] [stdout] test editing::buffer::edit::tests::test_changenum ... ok
[INFO] [stdout] test editing::buffer::edit::tests::test_join_new_spaces ... ok
[INFO] [stdout] test editing::buffer::edit::tests::test_forced_motion_char ... ok
[INFO] [stdout] test editing::buffer::edit::tests::test_join_blanks ... ok
[INFO] [stdout] test editing::buffer::edit::tests::test_join_nospaces ... ok
[INFO] [stdout] test editing::buffer::edit::tests::test_forced_motion_block ... ok
[INFO] [stdout] test editing::buffer::edit::tests::test_join_spaces ... ok
[INFO] [stdout] test editing::buffer::insert_text::tests::test_open_line ... ok
[INFO] [stdout] test editing::buffer::edit::tests::test_replace ... ok
[INFO] [stdout] test editing::buffer::edit::tests::test_yank ... ok
[INFO] [stdout] test editing::buffer::insert_text::tests::test_paste_empty_charwise_next ... ok
[INFO] [stdout] test editing::buffer::insert_text::tests::test_paste_empty_linewise_next ... ok
[INFO] [stdout] test editing::buffer::edit::tests::test_yank_word_search ... ok
[INFO] [stdout] test editing::buffer::insert_text::tests::test_paste_insert ... ok
[INFO] [stdout] test editing::buffer::insert_text::tests::test_typing_insert_copy_line ... ok
[INFO] [stdout] test editing::buffer::insert_text::tests::test_paste ... ok
[INFO] [stdout] test editing::buffer::insert_text::tests::test_paste_empty_blockwise_next ... ok
[INFO] [stdout] test editing::buffer::insert_text::tests::test_typing_insert_char ... ok
[INFO] [stdout] test editing::buffer::selection::tests::test_selection_cursor_set_charwise ... ok
[INFO] [stdout] test editing::buffer::selection::tests::test_selection_duplicate_and_close ... ok
[INFO] [stdout] test editing::buffer::insert_text::tests::test_typing_insert_digraph ... ok
[INFO] [stdout] test editing::buffer::selection::tests::test_selection_cursor_set_blockwise ... ok
[INFO] [stdout] test editing::buffer::insert_text::tests::test_paste_repeat ... ok
[INFO] [stdout] test editing::buffer::selection::tests::test_selection_expand_line_linewise ... ok
[INFO] [stdout] test editing::buffer::selection::tests::test_selection_expand_line_charwise ... ok
[INFO] [stdout] test editing::buffer::selection::tests::test_selection_duplicate_and_rotate ... ok
[INFO] [stdout] test editing::buffer::insert_text::tests::test_typing_replace ... ok
[INFO] [stdout] test editing::buffer::selection::tests::test_selection_cursor_set_linewise ... ok
[INFO] [stdout] test editing::buffer::selection::tests::test_selection_split_lines_linewise ... ok
[INFO] [stdout] test editing::buffer::selection::tests::test_selection_resize_range_grows ... ok
[INFO] [stdout] test editing::buffer::selection::tests::test_selection_join ... ok
[INFO] [stdout] test editing::buffer::selection::tests::test_selection_trim_line_charwise ... ok
[INFO] [stdout] test editing::buffer::selection::tests::test_selection_restart ... ok
[INFO] [stdout] test editing::buffer::selection::tests::test_selection_split_lines_blockwise ... ok
[INFO] [stdout] test editing::buffer::selection::tests::test_selection_filter_drop_matches ... ok
[INFO] [stdout] test editing::buffer::selection::tests::test_selection_split_lines_charwise ... ok
[INFO] [stdout] test editing::buffer::selection::tests::test_selection_trim_line_drop_empty ... ok
[INFO] [stdout] test editing::buffer::selection::tests::test_selection_trim_nws_charwise ... ok
[INFO] [stdout] test editing::buffer::selection::tests::test_selection_filter_keep_matches ... ok
[INFO] [stdout] test editing::buffer::selection::tests::test_selection_trim_nws_drop_empty ... ok
[INFO] [stdout] test editing::buffer::selection::tests::test_selection_trim_nws_linewise ... ok
[INFO] [stdout] test editing::buffer::tests::test_ensure_nl ... ok
[INFO] [stdout] test editing::buffer::tests::test_get_lines ... ok
[INFO] [stdout] test editing::buffer::tests::test_motion_mark_jump ... ok
[INFO] [stdout] test editing::buffer::tests::test_search_char_inclusive_backwards ... ok
[INFO] [stdout] test editing::buffer::tests::test_changelist ... ok
[INFO] [stdout] test editing::buffer::tests::test_search_word_no_bound ... ok
[INFO] [stdout] test editing::buffer::tests::test_marks ... ok
[INFO] [stdout] test editing::buffer::tests::test_visual_motion ... ok
[INFO] [stdout] test editing::completion::tests::test_line_complete ... ok
[INFO] [stdout] test editing::buffer::tests::test_search_char_inclusive_forwards ... ok
[INFO] [stdout] test editing::buffer::tests::test_search_word_bound ... ok
[INFO] [stdout] test editing::buffer::tests::test_history ... ok
[INFO] [stdout] test editing::buffer::tests::test_jumplist ... ok
[INFO] [stdout] test editing::completion::tests::test_line_incr_decr ... ok
[INFO] [stdout] test editing::buffer::tests::test_search_regex ... ok
[INFO] [stdout] test editing::completion::tests::test_map_complete ... ok
[INFO] [stdout] test editing::cursor::choice::tests::test_choice_keep ... ok
[INFO] [stdout] test editing::cursor::choice::tests::test_choice_range ... ok
[INFO] [stdout] test editing::cursor::choice::tests::test_choice_single ... ok
[INFO] [stdout] test editing::cursor::group::tests::test_group_iter_mut ... ok
[INFO] [stdout] test editing::cursor::group::tests::test_group_iter ... ok
[INFO] [stdout] test editing::cursor::group::tests::test_group_merge ... ok
[INFO] [stdout] test editing::cursor::group::tests::test_combine_replace ... ok
[INFO] [stdout] test editing::cursor::state::tests::test_merge_intersect ... ok
[INFO] [stdout] test editing::cursor::group::tests::test_group_rotate ... ok
[INFO] [stdout] test editing::cursor::state::tests::test_merge_select_cursor_next ... ok
[INFO] [stdout] test editing::cursor::state::tests::test_merge_select_cursor_prev ... ok
[INFO] [stdout] test editing::cursor::state::tests::test_merge_select_short ... ok
[INFO] [stdout] test editing::cursor::state::tests::test_merge_union ... ok
[INFO] [stdout] test editing::cursor::state::tests::test_overlaps ... ok
[INFO] [stdout] test editing::cursor::tests::test_cursor_cmp ... ok
[INFO] [stdout] test editing::history::tests::test_history_append ... ok
[INFO] [stdout] test editing::history::tests::test_history_find ... ok
[INFO] [stdout] test editing::history::tests::test_history_limit_append ... ok
[INFO] [stdout] test editing::history::tests::test_history_limit_push ... ok
[INFO] [stdout] test editing::history::tests::test_history_nav ... ok
[INFO] [stdout] test editing::history::tests::test_history_push ... ok
[INFO] [stdout] test editing::cursor::choice::tests::test_choice_get ... ok
[INFO] [stdout] test editing::history::tests::test_history_recall_prefixed ... ok
[INFO] [stdout] test editing::history::tests::test_history_select ... ok
[INFO] [stdout] test editing::cursor::choice::tests::test_choice_empty ... ok
[INFO] [stdout] test editing::cursor::group::tests::test_combine_append ... ok
[INFO] [stdout] test editing::cursor::group::tests::test_combine_merge_error ... ok
[INFO] [stdout] test editing::cursor::state::tests::test_merge_select_long ... ok
[INFO] [stdout] test editing::cursor::tests::test_cursor_getters ... ok
[INFO] [stdout] test editing::key::tests::test_record_and_execute ... ok
[INFO] [stdout] test editing::rope::diff::tests::test_ne_char ... ok
[INFO] [stdout] test editing::rope::tests::test_chars_double_ended_iter ... ok
[INFO] [stdout] test editing::key::tests::test_macro_dialog ... ok
[INFO] [stdout] test editing::rope::diff::tests::test_min_diff_range ... ok
[INFO] [stdout] test editing::rope::tests::test_chars_iter ... ok
[INFO] [stdout] test editing::rope::tests::test_chars_until_iter ... ok
[INFO] [stdout] test editing::rope::tests::test_diff_add_start ... ok
[INFO] [stdout] test editing::rope::tests::test_diff_add_end ... ok
[INFO] [stdout] test editing::rope::tests::test_diff_del_end ... ok
[INFO] [stdout] test editing::rope::tests::test_diff_del_start ... ok
[INFO] [stdout] test editing::rope::tests::test_diff_del_middle ... ok
[INFO] [stdout] test editing::rope::tests::test_final_non_blank ... ok
[INFO] [stdout] test editing::rope::tests::test_find_item_double_quote ... ok
[INFO] [stdout] test editing::rope::tests::test_find_item_single_quote ... ok
[INFO] [stdout] test editing::rope::diff::tests::test_ne_char_back ... ok
[INFO] [stdout] test editing::rope::tests::test_find_regex_previous ... ok
[INFO] [stdout] test editing::rope::tests::test_get_cursor_word_big ... ok
[INFO] [stdout] test editing::rope::tests::test_get_cursor_word_little ... ok
[INFO] [stdout] test editing::rope::tests::test_get_cursor_word_mut ... ok
[INFO] [stdout] test editing::rope::tests::test_diff_add_middle ... ok
[INFO] [stdout] test editing::rope::tests::test_first_word ... ok
[INFO] [stdout] test editing::rope::tests::test_find_regex_next ... ok
[INFO] [stdout] test editing::rope::tests::test_get_line_columns ... ok
[INFO] [stdout] test editing::rope::tests::test_find_char ... ok
[INFO] [stdout] test editing::rope::tests::test_find_item ... ok
[INFO] [stdout] test editing::rope::tests::test_get_prefix_word_mut ... ok
[INFO] [stdout] test editing::rope::tests::test_line_of_offset ... ok
[INFO] [stdout] test editing::rope::tests::test_is_blank_range ... ok
[INFO] [stdout] test editing::rope::tests::test_len ... ok
[INFO] [stdout] test editing::rope::tests::test_lines_at_iter ... ok
[INFO] [stdout] test editing::rope::tests::test_line_after ... ok
[INFO] [stdout] test editing::rope::tests::test_max_line_idx ... ok
[INFO] [stdout] test editing::rope::tests::test_lines_iter ... ok
[INFO] [stdout] test editing::rope::tests::test_is_blank_line ... ok
[INFO] [stdout] test editing::rope::tests::test_motion_buffer_byte_offset ... ok
[INFO] [stdout] test editing::rope::tests::test_motion_column_wrap ... ok
[INFO] [stdout] test editing::rope::tests::test_motion_line_column ... ok
[INFO] [stdout] test editing::rope::tests::test_motion_line_percent ... ok
[INFO] [stdout] test editing::rope::tests::test_motion_char_line ... ok
[INFO] [stdout] test editing::rope::tests::test_motion_line_pos ... ok
[INFO] [stdout] test editing::rope::tests::test_motion_screen_nowrap ... ok
[INFO] [stdout] test editing::rope::tests::test_motion_buffer_pos ... ok
[INFO] [stdout] test editing::rope::tests::test_motion_screen_first_word_nowrap ... ok
[INFO] [stdout] test editing::rope::tests::test_motion_buffer_line_offset ... ok
[INFO] [stdout] test editing::rope::tests::test_motion_screen_first_word_wrap ... ok
[INFO] [stdout] test editing::rope::tests::test_motion_screen_wrap ... ok
[INFO] [stdout] test editing::rope::tests::test_motion_word_accents ... ok
[INFO] [stdout] test editing::rope::tests::test_motion_buffer_line_percent ... ok
[INFO] [stdout] test editing::rope::tests::test_motion_viewport_pos ... ok
[INFO] [stdout] test editing::rope::tests::test_motion_word_begin_nonalphanum ... ok
[INFO] [stdout] test editing::rope::tests::test_offset_of_line_blank_line ... ok
[INFO] [stdout] test editing::rope::tests::test_offset_of_line_nl_end ... ok
[INFO] [stdout] test editing::rope::tests::test_offset_of_line_no_nl_end ... ok
[INFO] [stdout] test editing::rope::tests::test_offset_to_cursor ... ok
[INFO] [stdout] test editing::rope::tests::test_range_bracketed_backward ... ok
[INFO] [stdout] test editing::rope::tests::test_range_line ... ok
[INFO] [stdout] test editing::rope::tests::test_range_number_base10 ... ok
[INFO] [stdout] test editing::rope::tests::test_range_bracketed_no_surrounding_parens ... ok
[INFO] [stdout] test editing::rope::tests::test_range_buffer ... ok
[INFO] [stdout] test editing::rope::tests::test_range_bracketed_exclusive ... ok
[INFO] [stdout] test editing::rope::tests::test_range_bracketed_start_at_paren ... ok
[INFO] [stdout] test editing::rope::tests::test_range_number_base16 ... ok
[INFO] [stdout] test editing::rope::tests::test_range_bracketed_forward ... ok
[INFO] [stdout] test editing::rope::tests::test_motion_word_alphanum ... ok
[INFO] [stdout] test editing::rope::tests::test_motion_word ... ok
[INFO] [stdout] test editing::rope::tests::test_range_number_base8 ... ok
[INFO] [stdout] test editing::rope::tests::test_rope_paste_empty ... ok
[INFO] [stdout] test editing::rope::tests::test_rope_repeat ... ok
[INFO] [stdout] test editing::rope::tests::test_rope_replace_insert_nl ... ok
[INFO] [stdout] test editing::rope::tests::test_rope_first_last ... ok
[INFO] [stdout] test editing::rope::tests::test_range_whitespace ... ok
[INFO] [stdout] test editing::rope::tests::test_rope_changecase ... ok
[INFO] [stdout] test editing::rope::tests::test_rope_insert ... ok
[INFO] [stdout] test editing::rope::tests::test_range_quoted ... ok
[INFO] [stdout] test editing::rope::tests::test_rope_insert_empty ... ok
[INFO] [stdout] test editing::rope::tests::test_range_number_base2 ... ok
[INFO] [stdout] test editing::rope::tests::test_rope_replace_multiline ... ok
[INFO] [stdout] test editing::rope::tests::test_rope_replace_nonl ... ok
[INFO] [stdout] test editing::rope::tests::test_rope_trim_end ... ok
[INFO] [stdout] test editing::rope::tests::test_rope_trim ... ok
[INFO] [stdout] test editing::rope::tests::test_rope_replace_remove_nl ... ok
[INFO] [stdout] test editing::rope::tests::test_rope_trim_end_matches ... ok
[INFO] [stdout] test env::emacs::keybindings::tests::test_selection_no_shift ... ok
[INFO] [stdout] test editing::rope::tests::test_rope_trim_start_matches ... ok
[INFO] [stdout] test env::emacs::keybindings::tests::test_repeat_action ... ok
[INFO] [stdout] test editing::store::register::tests::test_cell_merge ... ok
[INFO] [stdout] test editing::rope::tests::test_trailing_newline ... ok
[INFO] [stdout] test editing::rope::tests::test_rope_trim_start ... ok
[INFO] [stdout] test env::keyparse::tests::test_arrow_key ... ok
[INFO] [stdout] test env::keyparse::tests::test_ctl_lowercase ... ok
[INFO] [stdout] test env::keyparse::tests::test_ctl_rename ... ok
[INFO] [stdout] test env::keyparse::tests::test_ctl_uppercase ... ok
[INFO] [stdout] test env::keyparse::tests::test_edges ... ok
[INFO] [stdout] test env::keyparse::tests::test_function_key ... ok
[INFO] [stdout] test env::keyparse::tests::test_multiple_modifiers ... ok
[INFO] [stdout] test env::keyparse::tests::test_named_ascii ... ok
[INFO] [stdout] test env::keyparse::tests::test_named_ctl ... ok
[INFO] [stdout] test env::keyparse::tests::test_sequence ... ok
[INFO] [stdout] test env::keyparse::tests::test_shift_alt ... ok
[INFO] [stdout] test env::keyparse::tests::test_shift_lowercase ... ok
[INFO] [stdout] test env::keyparse::tests::test_shift_uppercase ... ok
[INFO] [stdout] test env::keyparse::tests::test_special_key ... ok
[INFO] [stdout] test env::vim::command::parse::tests::test_arg_options ... ok
[INFO] [stdout] test env::emacs::keybindings::tests::test_selection_shift ... ok
[INFO] [stdout] test env::vim::command::parse::tests::test_arg_split_hash ... ok
[INFO] [stdout] test env::emacs::keybindings::tests::test_count ... ok
[INFO] [stdout] test env::keyparse::tests::test_alt_lowercase ... ok
[INFO] [stdout] test env::emacs::keybindings::tests::test_search ... ok
[INFO] [stdout] test env::emacs::tests::test_mode_show ... ok
[INFO] [stdout] test env::keyparse::tests::test_alt_uppercase ... ok
[INFO] [stdout] test env::keyparse::tests::test_angle_bracket ... ok
[INFO] [stdout] test env::vim::command::parse::tests::test_arg_split_kitchen_sink ... ok
[INFO] [stdout] test env::vim::command::parse::tests::test_arg_split_names_quoted ... ok
[INFO] [stdout] test env::vim::command::parse::tests::test_arg_split_perc ... ok
[INFO] [stdout] test env::vim::command::parse::tests::test_cmd_name ... ok
[INFO] [stdout] test env::vim::command::parse::tests::test_arg_strings ... ok
[INFO] [stdout] test env::vim::command::parse::tests::test_extra_colons ... ok
[INFO] [stdout] test env::vim::command::parse::tests::test_arg_split_names_unquoted ... ok
[INFO] [stdout] test env::vim::command::parse::tests::test_cmd_empty ... ok
[INFO] [stdout] test env::vim::command::parse::tests::test_extra_spaces ... ok
[INFO] [stdout] test env::vim::command::parse::tests::test_ranges_double_comma ... ok
[INFO] [stdout] test env::vim::command::tests::test_split_direction ... ok
[INFO] [stdout] test env::vim::command::tests::test_tab_move ... ok
[INFO] [stdout] test env::vim::command::tests::test_empty ... ok
[INFO] [stdout] test env::vim::command::tests::test_split_side ... ok
[INFO] [stdout] test env::vim::command::tests::test_split_tab ... ok
[INFO] [stdout] test env::vim::command::parse::tests::test_ranges_single ... ok
[INFO] [stdout] test env::vim::command::tests::test_unmapped ... ok
[INFO] [stdout] test env::vim::command::tests::test_aliases ... ok
[INFO] [stdout] test env::vim::command::parse::tests::test_ranges_double_semicolon ... ok
[INFO] [stdout] test env::vim::keybindings::tests::test_edit_repeat ... ok
[INFO] [stdout] test env::vim::keybindings::tests::test_edit_repeat_append_line ... ok
[INFO] [stdout] test env::vim::keybindings::tests::test_count_nullifies ... ok
[INFO] [stdout] test env::vim::keybindings::tests::test_change_ops ... ok
[INFO] [stdout] test env::vim::keybindings::tests::test_force_motion ... ok
[INFO] [stdout] test env::vim::keybindings::tests::test_count_alters_motion ... ok
[INFO] [stdout] test env::vim::keybindings::tests::test_delete_ops ... ok
[INFO] [stdout] test env::vim::keybindings::tests::test_count_alters_window ... ok
[INFO] [stdout] test env::vim::keybindings::tests::test_custom_operators ... ok
[INFO] [stdout] test env::vim::keybindings::tests::test_insert_mode ... ok
[INFO] [stdout] test env::vim::keybindings::tests::test_count ... ok
[INFO] [stdout] test env::vim::keybindings::tests::test_mark ... ok
[INFO] [stdout] test env::vim::keybindings::tests::test_normal_motion_charsearch ... ok
[INFO] [stdout] test env::vim::keybindings::tests::test_macro_toggle ... ok
[INFO] [stdout] test env::vim::keybindings::tests::test_literal ... ok
[INFO] [stdout] test env::vim::keybindings::tests::test_override ... ok
[INFO] [stdout] test env::vim::keybindings::tests::test_normal_ops ... ok
[INFO] [stdout] test env::vim::keybindings::tests::test_normal_motion_special_key ... ok
[INFO] [stdout] test env::vim::keybindings::tests::test_transitions_select ... ok
[INFO] [stdout] test env::vim::keybindings::tests::test_scrollcp ... ok
[INFO] [stdout] test env::vim::keybindings::tests::test_register ... ok
[INFO] [stdout] test env::vim::keybindings::tests::test_transitions_visual_select ... ok
[INFO] [stdout] test env::vim::keybindings::tests::test_transitions_command ... ok
[INFO] [stdout] test env::vim::keybindings::tests::test_visual_block_insert ... ok
[INFO] [stdout] test env::vim::tests::test_show_mode ... ok
[INFO] [stdout] test input::bindings::tests::test_add_mapping ... ok
[INFO] [stdout] test input::bindings::tests::test_add_mapping_max ... ok
[INFO] [stdout] test input::bindings::tests::test_add_mapping_min ... ok
[INFO] [stdout] test input::bindings::tests::test_add_prefix ... ok
[INFO] [stdout] test input::bindings::tests::test_add_prefix_max ... ok
[INFO] [stdout] test input::bindings::tests::test_add_prefix_min ... ok
[INFO] [stdout] test env::vim::keybindings::tests::test_visual_ops ... ok
[INFO] [stdout] test input::bindings::tests::test_context_persist ... ok
[INFO] [stdout] test env::vim::keybindings::tests::test_transitions_visual ... ok
[INFO] [stdout] test env::vim::keybindings::tests::test_transitions_normal ... ok
[INFO] [stdout] test env::vim::tests::test_char_to_register ... ok
[INFO] [stdout] test env::vim::keybindings::tests::test_visual_motion ... ok
[INFO] [stdout] test env::vim::tests::test_register_to_char ... ok
[INFO] [stdout] test input::bindings::tests::test_cursor_indicator ... ok
[INFO] [stdout] test input::bindings::tests::test_decompose ... ok
[INFO] [stdout] test input::bindings::tests::test_input_prefix ... ok
[INFO] [stdout] test input::bindings::tests::test_input_unmapped ... ok
[INFO] [stdout] test input::bindings::tests::test_input_mapped ... ok
[INFO] [stdout] test input::bindings::tests::test_show_mode ... ok
[INFO] [stdout] test input::dialog::tests::test_yes_no ... ok
[INFO] [stdout] test input::bindings::tests::test_repeat_sequence ... ok
[INFO] [stdout] test readline::editor::tests::test_find_typed ... ok
[INFO] [stdout] test readline::editor::tests::test_find_empty ... ok
[INFO] [stdout] test readline::editor::tests::test_recall_typed ... ok
[INFO] [stdout] test input::bindings::tests::test_update_mapping ... ok
[INFO] [stdout] test input::dialog::tests::test_pager ... ok
[INFO] [stdout] test readline::editor::tests::test_line_leftover ... ok
[INFO] [stdout] test readline::editor::tests::test_recall_empty ... ok
[INFO] [stdout] test util::tests::test_idx_move_before_cross ... ok
[INFO] [stdout] test util::tests::test_idx_move_before_no_cross ... ok
[INFO] [stdout] test util::tests::test_idx_move_before_equal ... ok
[INFO] [stdout] test widgets::list::tests::test_mark_and_jumps ... ok
[INFO] [stdout] test widgets::list::tests::test_motion_buffer_line_percent ... ok
[INFO] [stdout] test widgets::list::tests::test_motion_viewport ... ok
[INFO] [stdout] test widgets::list::tests::test_motion_buffer_line_offset ... ok
[INFO] [stdout] test widgets::list::tests::test_motion_buffer_pos ... ok
[INFO] [stdout] test widgets::list::tests::test_motion_line ... ok
[INFO] [stdout] test widgets::list::tests::test_submit ... ok
[INFO] [stdout] test widgets::list::tests::test_scroll_linepos ... ok
[INFO] [stdout] test widgets::list::tests::test_render_cursor ... ok
[INFO] [stdout] test widgets::list::tests::test_yank ... ok
[INFO] [stdout] test widgets::screen::tests::test_focus_dir ... ok
[INFO] [stdout] test widgets::list::tests::test_scroll_cursorpos ... ok
[INFO] [stdout] test widgets::list::tests::test_search ... ok
[INFO] [stdout] test widgets::list::tests::test_scroll_dirscroll ... ok
[INFO] [stdout] test widgets::screen::tests::test_focus_position ... ok
[INFO] [stdout] test widgets::screen::tests::test_insert ... ok
[INFO] [stdout] test widgets::screen::tests::test_remove ... ok
[INFO] [stdout] test widgets::screen::tests::test_try_close_all ... ok
[INFO] [stdout] test widgets::screen::tests::test_try_close_single ... ok
[INFO] [stdout] test widgets::textbox::tests::test_reset_text ... ok
[INFO] [stdout] test widgets::screen::tests::test_try_close_all_but ... ok
[INFO] [stdout] test widgets::screen::tests::test_move_item ... ok
[INFO] [stdout] test widgets::textbox::tests::test_render_nowrap ... ok
[INFO] [stdout] test widgets::textbox::tests::test_scroll_cursorpos ... ok
[INFO] [stdout] test widgets::screen::tests::test_focus_previously_focused ... ok
[INFO] [stdout] test widgets::textbox::tests::test_scroll_dir1d ... ok
[INFO] [stdout] test widgets::windows::layout::tests::test_window_close ... ok
[INFO] [stdout] test widgets::textbox::tests::test_scroll_linepos ... ok
[INFO] [stdout] test widgets::screen::tests::test_focus_offset ... ok
[INFO] [stdout] test widgets::windows::layout::tests::test_window_close_all ... ok
[INFO] [stdout] test widgets::windows::layout::tests::test_window_exchange ... ok
[INFO] [stdout] test widgets::windows::layout::tests::test_tree_get ... ok
[INFO] [stdout] test env::vim::keybindings::tests::test_unmapped_reset ... ok
[INFO] [stdout] test widgets::windows::layout::tests::test_window_move_side ... ok
[INFO] [stdout] test widgets::windows::layout::tests::test_window_nav_1d ... ok
[INFO] [stdout] test widgets::windows::layout::tests::test_window_resize_vertical_increase ... ok
[INFO] [stdout] test widgets::windows::layout::tests::test_window_split ... ok
[INFO] [stdout] test widgets::windows::layout::tests::test_window_write ... ok
[INFO] [stdout] test widgets::windows::layout::tests::test_window_switch_and_jump ... ok
[INFO] [stdout] test widgets::windows::layout::tests::test_window_nav_2d ... ok
[INFO] [stdout] test widgets::windows::size::tests::test_clear_axis_horizontal ... ok
[INFO] [stdout] test widgets::windows::size::tests::test_clear_axis_vertical ... ok
[INFO] [stdout] test widgets::windows::size::tests::test_set_size_1_bigger_vertical ... ok
[INFO] [stdout] test widgets::windows::size::tests::test_set_size_5_bigger_horizontal ... ok
[INFO] [stdout] test widgets::windows::size::tests::test_set_size_5_smaller_horizontal ... ok
[INFO] [stdout] test widgets::windows::size::tests::test_set_size_5_smaller_vertical ... ok
[INFO] [stdout] test widgets::windows::size::tests::test_split_vertical ... ok
[INFO] [stdout] test widgets::windows::layout::tests::test_window_open_vertical_no_size ... ok
[INFO] [stdout] test widgets::windows::layout::tests::test_window_open_vertical_size ... ok
[INFO] [stdout] test widgets::windows::size::tests::test_set_size_1_bigger_horizontal ... ok
[INFO] [stdout] test widgets::windows::layout::tests::test_window_close_allbut ... ok
[INFO] [stdout] test widgets::windows::size::tests::test_set_size_5_bigger_vertical ... ok
[INFO] [stdout] test widgets::windows::layout::tests::test_tree_rotations ... ok
[INFO] [stderr]    Doc-tests modalkit
[INFO] [stdout] 
[INFO] [stdout] test result: ok. 340 passed; 0 failed; 0 ignored; 0 measured; 0 filtered out; finished in 0.72s
[INFO] [stdout] 
[INFO] [stdout] 
[INFO] [stdout] running 10 tests
[INFO] [stdout] test src/readline/mod.rs - readline (line 10) - compile ... ok
[INFO] [stdout] test src/lib.rs - (line 16) - compile ... ok
[INFO] [stdout] test src/editing/application.rs - editing::application (line 10) ... ok
[INFO] [stdout] test src/editing/store/mod.rs - editing::store (line 11) ... FAILED
[INFO] [stdout] test src/widgets/list.rs - widgets::list (line 9) ... FAILED
[INFO] [stdout] test src/editing/action.rs - editing::action (line 13) ... ok
[INFO] [stdout] test src/input/bindings.rs - input::bindings (line 34) ... ok
[INFO] [stdout] test src/widgets/textbox.rs - widgets::textbox (line 16) ... ok
[INFO] [stdout] test src/editing/key.rs - editing::key (line 16) ... ok
[INFO] [stdout] test src/env/vim/keybindings.rs - env::vim::keybindings (line 10) ... ok
[INFO] [stderr] error: doctest failed, to rerun pass `--doc`
[INFO] [stdout] 
[INFO] [stdout] failures:
[INFO] [stdout] 
[INFO] [stdout] ---- src/editing/store/mod.rs - editing::store (line 11) stdout ----
[INFO] [stdout] error: linking with `cc` failed: exit status: 1
[INFO] [stdout]   |
[INFO] [stdout]   = note: LC_ALL="C" PATH="/opt/rustwide/rustup-home/toolchains/beta-2023-04-20-x86_64-unknown-linux-gnu/lib/rustlib/x86_64-unknown-linux-gnu/bin:/opt/rustwide/cargo-home/bin:/usr/local/sbin:/usr/local/bin:/usr/sbin:/usr/bin:/sbin:/bin" VSLANG="1033" "cc" "-m64" "/tmp/rustcNjRw6Z/symbols.o" "/tmp/rustdoctest5jzudZ/rust_out.rust_out.c38b68ff-cgu.0.rcgu.o" "/tmp/rustdoctest5jzudZ/rust_out.38a7fyhsvjn6z0qy.rcgu.o" "-Wl,--as-needed" "-L" "/opt/rustwide/target/debug/deps" "-L" "/opt/rustwide/target/debug/deps" "-L" "/opt/rustwide/rustup-home/toolchains/beta-2023-04-20-x86_64-unknown-linux-gnu/lib/rustlib/x86_64-unknown-linux-gnu/lib" "-Wl,-Bstatic" "/opt/rustwide/target/debug/deps/libmodalkit-95730c14db421a3d.rlib" "/opt/rustwide/target/debug/deps/libratatui-b8605be99409a5bb.rlib" "/opt/rustwide/target/debug/deps/libcassowary-4f140fa84f5bc83f.rlib" "/opt/rustwide/target/debug/deps/libcrossterm-5c0a6ed3a215155d.rlib" "/opt/rustwide/target/debug/deps/libtextwrap-2e26855316112b87.rlib" "/opt/rustwide/target/debug/deps/libunicode_width-6b812fea5297095e.rlib" "/opt/rustwide/target/debug/deps/libsmawk-9d183beafe294b20.rlib" "/opt/rustwide/target/debug/deps/libunicode_linebreak-276a44a134de8be5.rlib" "/opt/rustwide/target/debug/deps/libnom-f349c4f51bc0ac36.rlib" "/opt/rustwide/target/debug/deps/libarboard-809ed5940a46e8d4.rlib" "/opt/rustwide/target/debug/deps/libimage-e5aac02363bfe928.rlib" "/opt/rustwide/target/debug/deps/libbytemuck-dc2f2b16fd7111ad.rlib" "/opt/rustwide/target/debug/deps/libcolor_quant-76ea6da9e2ca7302.rlib" "/opt/rustwide/target/debug/deps/libbyteorder-614d7e4e7f7903e2.rlib" "/opt/rustwide/target/debug/deps/libpng-1a756eed8e5b66d7.rlib" "/opt/rustwide/target/debug/deps/libnum_rational-708e5a5207deb3b1.rlib" "/opt/rustwide/target/debug/deps/libnum_integer-367d151531b10829.rlib" "/opt/rustwide/target/debug/deps/libnum_traits-ab4e79417a15ff02.rlib" "/opt/rustwide/target/debug/deps/libtiff-54833f3b32aa04e5.rlib" "/opt/rustwide/target/debug/deps/libflate2-f5232b7be75204a2.rlib" "/opt/rustwide/target/debug/deps/libminiz_oxide-a98a29256d197c42.rlib" "/opt/rustwide/target/debug/deps/libadler-92f8db84032ff960.rlib" "/opt/rustwide/target/debug/deps/libcrc32fast-fc15e7c737c5fb18.rlib" "/opt/rustwide/target/debug/deps/libweezl-6d214f873043ab2a.rlib" "/opt/rustwide/target/debug/deps/libjpeg_decoder-1fd0d71f5d25f438.rlib" "/opt/rustwide/target/debug/deps/libx11rb-e69611ffa545718b.rlib" "/opt/rustwide/target/debug/deps/libgethostname-08e98dbd2b13653d.rlib" "/opt/rustwide/target/debug/deps/libx11rb_protocol-fd154aaaf1ad0de0.rlib" "/opt/rustwide/target/debug/deps/libnix-bd0f4d1eb0d6fbc7.rlib" "/opt/rustwide/target/debug/deps/libmemoffset-749f689bcd552c65.rlib" "/opt/rustwide/target/debug/deps/libthiserror-4f15350c630b72b4.rlib" "/opt/rustwide/target/debug/deps/libropey-25c9e529a7ec7300.rlib" "/opt/rustwide/target/debug/deps/libstr_indices-cbc618bb404e7faa.rlib" "/opt/rustwide/target/debug/deps/libanymap2-60c09f55a67a3c9e.rlib" "/opt/rustwide/target/debug/deps/libintervaltree-8ff280046f83b5fe.rlib" "/opt/rustwide/target/debug/deps/libregex-db8c7999dd704062.rlib" "/opt/rustwide/target/debug/deps/libaho_corasick-b661dc89bb765c3e.rlib" "/opt/rustwide/target/debug/deps/libmemchr-f4ebff342237ab92.rlib" "/opt/rustwide/target/debug/deps/libregex_syntax-76edd62c84e6a263.rlib" "/opt/rustwide/target/debug/deps/libcrossterm-c9386b7fe806fa1b.rlib" "/opt/rustwide/target/debug/deps/libsignal_hook_mio-7ff9a8d7f63739f7.rlib" "/opt/rustwide/target/debug/deps/libsignal_hook-7539a11b96045a36.rlib" "/opt/rustwide/target/debug/deps/libsignal_hook_registry-54885bb3adfb168d.rlib" "/opt/rustwide/target/debug/deps/libmio-32cf4fe5fe773a6a.rlib" "/opt/rustwide/target/debug/deps/liblog-6f3e788ba8b980aa.rlib" "/opt/rustwide/target/debug/deps/libparking_lot-f6ed327f2e8d3fcf.rlib" "/opt/rustwide/target/debug/deps/libparking_lot_core-f16ee2e92a7d7e44.rlib" "/opt/rustwide/target/debug/deps/liblibc-4e38cca82ff32ef8.rlib" "/opt/rustwide/target/debug/deps/libcfg_if-97437e183f3ae6e4.rlib" "/opt/rustwide/target/debug/deps/liblock_api-83dbbbc23913e320.rlib" "/opt/rustwide/target/debug/deps/libscopeguard-54ff2283d814f48f.rlib" "/opt/rustwide/target/debug/deps/libbitflags-610a73087f46ba3b.rlib" "/opt/rustwide/target/debug/deps/libunicode_segmentation-20fe25a5000cf224.rlib" "/opt/rustwide/target/debug/deps/libradix_trie-2fb3e27d0445f300.rlib" "/opt/rustwide/target/debug/deps/libnibble_vec-c1f9b31d36774313.rlib" "/opt/rustwide/target/debug/deps/libsmallvec-a078f506e4f080f1.rlib" "/opt/rustwide/target/debug/deps/libendian_type-3e82273a5a1c18f4.rlib" "/opt/rustwide/rustup-home/toolchains/beta-2023-04-20-x86_64-unknown-linux-gnu/lib/rustlib/x86_64-unknown-linux-gnu/lib/libstd-0e29cc23c5e02021.rlib" "/opt/rustwide/rustup-home/toolchains/beta-2023-04-20-x86_64-unknown-linux-gnu/lib/rustlib/x86_64-unknown-linux-gnu/lib/libpanic_unwind-d903621768a861d9.rlib" "/opt/rustwide/rustup-home/toolchains/beta-2023-04-20-x86_64-unknown-linux-gnu/lib/rustlib/x86_64-unknown-linux-gnu/lib/libobject-6d0225e655f31c13.rlib" "/opt/rustwide/rustup-home/toolchains/beta-2023-04-20-x86_64-unknown-linux-gnu/lib/rustlib/x86_64-unknown-linux-gnu/lib/libmemchr-9dbaf4eac7eaa079.rlib" "/opt/rustwide/rustup-home/toolchains/beta-2023-04-20-x86_64-unknown-linux-gnu/lib/rustlib/x86_64-unknown-linux-gnu/lib/libaddr2line-27f05b3d42a66dd0.rlib" "/opt/rustwide/rustup-home/toolchains/beta-2023-04-20-x86_64-unknown-linux-gnu/lib/rustlib/x86_64-unknown-linux-gnu/lib/libgimli-4d73f1030321c9a2.rlib" "/opt/rustwide/rustup-home/toolchains/beta-2023-04-20-x86_64-unknown-linux-gnu/lib/rustlib/x86_64-unknown-linux-gnu/lib/librustc_demangle-2846c9e58abd0acb.rlib" "/opt/rustwide/rustup-home/toolchains/beta-2023-04-20-x86_64-unknown-linux-gnu/lib/rustlib/x86_64-unknown-linux-gnu/lib/libstd_detect-a53d0f50415947be.rlib" "/opt/rustwide/rustup-home/toolchains/beta-2023-04-20-x86_64-unknown-linux-gnu/lib/rustlib/x86_64-unknown-linux-gnu/lib/libhashbrown-d48e4b6abc25b9dc.rlib" "/opt/rustwide/rustup-home/toolchains/beta-2023-04-20-x86_64-unknown-linux-gnu/lib/rustlib/x86_64-unknown-linux-gnu/lib/libminiz_oxide-2991859439ef1207.rlib" "/opt/rustwide/rustup-home/toolchains/beta-2023-04-20-x86_64-unknown-linux-gnu/lib/rustlib/x86_64-unknown-linux-gnu/lib/libadler-8a687517e4221bae.rlib" "/opt/rustwide/rustup-home/toolchains/beta-2023-04-20-x86_64-unknown-linux-gnu/lib/rustlib/x86_64-unknown-linux-gnu/lib/librustc_std_workspace_alloc-e07b554f6a67f5b3.rlib" "/opt/rustwide/rustup-home/toolchains/beta-2023-04-20-x86_64-unknown-linux-gnu/lib/rustlib/x86_64-unknown-linux-gnu/lib/libunwind-b68238b7c3c619dd.rlib" "/opt/rustwide/rustup-home/toolchains/beta-2023-04-20-x86_64-unknown-linux-gnu/lib/rustlib/x86_64-unknown-linux-gnu/lib/libcfg_if-d5e213e896c017e4.rlib" "/opt/rustwide/rustup-home/toolchains/beta-2023-04-20-x86_64-unknown-linux-gnu/lib/rustlib/x86_64-unknown-linux-gnu/lib/liblibc-0211a3b2e61d8689.rlib" "/opt/rustwide/rustup-home/toolchains/beta-2023-04-20-x86_64-unknown-linux-gnu/lib/rustlib/x86_64-unknown-linux-gnu/lib/liballoc-b371f055239ba51f.rlib" "/opt/rustwide/rustup-home/toolchains/beta-2023-04-20-x86_64-unknown-linux-gnu/lib/rustlib/x86_64-unknown-linux-gnu/lib/librustc_std_workspace_core-e60518d2760eb01e.rlib" "/opt/rustwide/rustup-home/toolchains/beta-2023-04-20-x86_64-unknown-linux-gnu/lib/rustlib/x86_64-unknown-linux-gnu/lib/libcore-1ad943f92a4b1081.rlib" "/opt/rustwide/rustup-home/toolchains/beta-2023-04-20-x86_64-unknown-linux-gnu/lib/rustlib/x86_64-unknown-linux-gnu/lib/libcompiler_builtins-f0d6e4d0fc1e80b4.rlib" "-Wl,-Bdynamic" "-lgcc_s" "-lutil" "-lrt" "-lpthread" "-lm" "-ldl" "-lc" "-Wl,--eh-frame-hdr" "-Wl,-z,noexecstack" "-L" "/opt/rustwide/rustup-home/toolchains/beta-2023-04-20-x86_64-unknown-linux-gnu/lib/rustlib/x86_64-unknown-linux-gnu/lib" "-o" "/tmp/rustdoctest5jzudZ/rust_out" "-Wl,--gc-sections" "-pie" "-Wl,-z,relro,-z,now" "-nodefaultlibs"
[INFO] [stdout]   = note: collect2: fatal error: ld terminated with signal 9 [Killed]
[INFO] [stdout]           compilation terminated.
[INFO] [stdout]           
[INFO] [stdout] 
[INFO] [stdout] error: aborting due to previous error
[INFO] [stdout] 
[INFO] [stdout] Couldn't compile the test.
[INFO] [stdout] ---- src/widgets/list.rs - widgets::list (line 9) stdout ----
[INFO] [stdout] error: linking with `cc` failed: exit status: 1
[INFO] [stdout]   |
[INFO] [stdout]   = note: LC_ALL="C" PATH="/opt/rustwide/rustup-home/toolchains/beta-2023-04-20-x86_64-unknown-linux-gnu/lib/rustlib/x86_64-unknown-linux-gnu/bin:/opt/rustwide/cargo-home/bin:/usr/local/sbin:/usr/local/bin:/usr/sbin:/usr/bin:/sbin:/bin" VSLANG="1033" "cc" "-m64" "/tmp/rustcuRi9qu/symbols.o" "/tmp/rustdoctestXA72cj/rust_out.rust_out.c38b68ff-cgu.0.rcgu.o" "/tmp/rustdoctestXA72cj/rust_out.38a7fyhsvjn6z0qy.rcgu.o" "-Wl,--as-needed" "-L" "/opt/rustwide/target/debug/deps" "-L" "/opt/rustwide/target/debug/deps" "-L" "/opt/rustwide/rustup-home/toolchains/beta-2023-04-20-x86_64-unknown-linux-gnu/lib/rustlib/x86_64-unknown-linux-gnu/lib" "-Wl,-Bstatic" "/opt/rustwide/target/debug/deps/libmodalkit-95730c14db421a3d.rlib" "/opt/rustwide/target/debug/deps/libratatui-b8605be99409a5bb.rlib" "/opt/rustwide/target/debug/deps/libcassowary-4f140fa84f5bc83f.rlib" "/opt/rustwide/target/debug/deps/libcrossterm-5c0a6ed3a215155d.rlib" "/opt/rustwide/target/debug/deps/libtextwrap-2e26855316112b87.rlib" "/opt/rustwide/target/debug/deps/libunicode_width-6b812fea5297095e.rlib" "/opt/rustwide/target/debug/deps/libsmawk-9d183beafe294b20.rlib" "/opt/rustwide/target/debug/deps/libunicode_linebreak-276a44a134de8be5.rlib" "/opt/rustwide/target/debug/deps/libnom-f349c4f51bc0ac36.rlib" "/opt/rustwide/target/debug/deps/libarboard-809ed5940a46e8d4.rlib" "/opt/rustwide/target/debug/deps/libimage-e5aac02363bfe928.rlib" "/opt/rustwide/target/debug/deps/libbytemuck-dc2f2b16fd7111ad.rlib" "/opt/rustwide/target/debug/deps/libcolor_quant-76ea6da9e2ca7302.rlib" "/opt/rustwide/target/debug/deps/libbyteorder-614d7e4e7f7903e2.rlib" "/opt/rustwide/target/debug/deps/libpng-1a756eed8e5b66d7.rlib" "/opt/rustwide/target/debug/deps/libnum_rational-708e5a5207deb3b1.rlib" "/opt/rustwide/target/debug/deps/libnum_integer-367d151531b10829.rlib" "/opt/rustwide/target/debug/deps/libnum_traits-ab4e79417a15ff02.rlib" "/opt/rustwide/target/debug/deps/libtiff-54833f3b32aa04e5.rlib" "/opt/rustwide/target/debug/deps/libflate2-f5232b7be75204a2.rlib" "/opt/rustwide/target/debug/deps/libminiz_oxide-a98a29256d197c42.rlib" "/opt/rustwide/target/debug/deps/libadler-92f8db84032ff960.rlib" "/opt/rustwide/target/debug/deps/libcrc32fast-fc15e7c737c5fb18.rlib" "/opt/rustwide/target/debug/deps/libweezl-6d214f873043ab2a.rlib" "/opt/rustwide/target/debug/deps/libjpeg_decoder-1fd0d71f5d25f438.rlib" "/opt/rustwide/target/debug/deps/libx11rb-e69611ffa545718b.rlib" "/opt/rustwide/target/debug/deps/libgethostname-08e98dbd2b13653d.rlib" "/opt/rustwide/target/debug/deps/libx11rb_protocol-fd154aaaf1ad0de0.rlib" "/opt/rustwide/target/debug/deps/libnix-bd0f4d1eb0d6fbc7.rlib" "/opt/rustwide/target/debug/deps/libmemoffset-749f689bcd552c65.rlib" "/opt/rustwide/target/debug/deps/libthiserror-4f15350c630b72b4.rlib" "/opt/rustwide/target/debug/deps/libropey-25c9e529a7ec7300.rlib" "/opt/rustwide/target/debug/deps/libstr_indices-cbc618bb404e7faa.rlib" "/opt/rustwide/target/debug/deps/libanymap2-60c09f55a67a3c9e.rlib" "/opt/rustwide/target/debug/deps/libintervaltree-8ff280046f83b5fe.rlib" "/opt/rustwide/target/debug/deps/libregex-db8c7999dd704062.rlib" "/opt/rustwide/target/debug/deps/libaho_corasick-b661dc89bb765c3e.rlib" "/opt/rustwide/target/debug/deps/libmemchr-f4ebff342237ab92.rlib" "/opt/rustwide/target/debug/deps/libregex_syntax-76edd62c84e6a263.rlib" "/opt/rustwide/target/debug/deps/libcrossterm-c9386b7fe806fa1b.rlib" "/opt/rustwide/target/debug/deps/libsignal_hook_mio-7ff9a8d7f63739f7.rlib" "/opt/rustwide/target/debug/deps/libsignal_hook-7539a11b96045a36.rlib" "/opt/rustwide/target/debug/deps/libsignal_hook_registry-54885bb3adfb168d.rlib" "/opt/rustwide/target/debug/deps/libmio-32cf4fe5fe773a6a.rlib" "/opt/rustwide/target/debug/deps/liblog-6f3e788ba8b980aa.rlib" "/opt/rustwide/target/debug/deps/libparking_lot-f6ed327f2e8d3fcf.rlib" "/opt/rustwide/target/debug/deps/libparking_lot_core-f16ee2e92a7d7e44.rlib" "/opt/rustwide/target/debug/deps/liblibc-4e38cca82ff32ef8.rlib" "/opt/rustwide/target/debug/deps/libcfg_if-97437e183f3ae6e4.rlib" "/opt/rustwide/target/debug/deps/liblock_api-83dbbbc23913e320.rlib" "/opt/rustwide/target/debug/deps/libscopeguard-54ff2283d814f48f.rlib" "/opt/rustwide/target/debug/deps/libbitflags-610a73087f46ba3b.rlib" "/opt/rustwide/target/debug/deps/libunicode_segmentation-20fe25a5000cf224.rlib" "/opt/rustwide/target/debug/deps/libradix_trie-2fb3e27d0445f300.rlib" "/opt/rustwide/target/debug/deps/libnibble_vec-c1f9b31d36774313.rlib" "/opt/rustwide/target/debug/deps/libsmallvec-a078f506e4f080f1.rlib" "/opt/rustwide/target/debug/deps/libendian_type-3e82273a5a1c18f4.rlib" "/opt/rustwide/rustup-home/toolchains/beta-2023-04-20-x86_64-unknown-linux-gnu/lib/rustlib/x86_64-unknown-linux-gnu/lib/libstd-0e29cc23c5e02021.rlib" "/opt/rustwide/rustup-home/toolchains/beta-2023-04-20-x86_64-unknown-linux-gnu/lib/rustlib/x86_64-unknown-linux-gnu/lib/libpanic_unwind-d903621768a861d9.rlib" "/opt/rustwide/rustup-home/toolchains/beta-2023-04-20-x86_64-unknown-linux-gnu/lib/rustlib/x86_64-unknown-linux-gnu/lib/libobject-6d0225e655f31c13.rlib" "/opt/rustwide/rustup-home/toolchains/beta-2023-04-20-x86_64-unknown-linux-gnu/lib/rustlib/x86_64-unknown-linux-gnu/lib/libmemchr-9dbaf4eac7eaa079.rlib" "/opt/rustwide/rustup-home/toolchains/beta-2023-04-20-x86_64-unknown-linux-gnu/lib/rustlib/x86_64-unknown-linux-gnu/lib/libaddr2line-27f05b3d42a66dd0.rlib" "/opt/rustwide/rustup-home/toolchains/beta-2023-04-20-x86_64-unknown-linux-gnu/lib/rustlib/x86_64-unknown-linux-gnu/lib/libgimli-4d73f1030321c9a2.rlib" "/opt/rustwide/rustup-home/toolchains/beta-2023-04-20-x86_64-unknown-linux-gnu/lib/rustlib/x86_64-unknown-linux-gnu/lib/librustc_demangle-2846c9e58abd0acb.rlib" "/opt/rustwide/rustup-home/toolchains/beta-2023-04-20-x86_64-unknown-linux-gnu/lib/rustlib/x86_64-unknown-linux-gnu/lib/libstd_detect-a53d0f50415947be.rlib" "/opt/rustwide/rustup-home/toolchains/beta-2023-04-20-x86_64-unknown-linux-gnu/lib/rustlib/x86_64-unknown-linux-gnu/lib/libhashbrown-d48e4b6abc25b9dc.rlib" "/opt/rustwide/rustup-home/toolchains/beta-2023-04-20-x86_64-unknown-linux-gnu/lib/rustlib/x86_64-unknown-linux-gnu/lib/libminiz_oxide-2991859439ef1207.rlib" "/opt/rustwide/rustup-home/toolchains/beta-2023-04-20-x86_64-unknown-linux-gnu/lib/rustlib/x86_64-unknown-linux-gnu/lib/libadler-8a687517e4221bae.rlib" "/opt/rustwide/rustup-home/toolchains/beta-2023-04-20-x86_64-unknown-linux-gnu/lib/rustlib/x86_64-unknown-linux-gnu/lib/librustc_std_workspace_alloc-e07b554f6a67f5b3.rlib" "/opt/rustwide/rustup-home/toolchains/beta-2023-04-20-x86_64-unknown-linux-gnu/lib/rustlib/x86_64-unknown-linux-gnu/lib/libunwind-b68238b7c3c619dd.rlib" "/opt/rustwide/rustup-home/toolchains/beta-2023-04-20-x86_64-unknown-linux-gnu/lib/rustlib/x86_64-unknown-linux-gnu/lib/libcfg_if-d5e213e896c017e4.rlib" "/opt/rustwide/rustup-home/toolchains/beta-2023-04-20-x86_64-unknown-linux-gnu/lib/rustlib/x86_64-unknown-linux-gnu/lib/liblibc-0211a3b2e61d8689.rlib" "/opt/rustwide/rustup-home/toolchains/beta-2023-04-20-x86_64-unknown-linux-gnu/lib/rustlib/x86_64-unknown-linux-gnu/lib/liballoc-b371f055239ba51f.rlib" "/opt/rustwide/rustup-home/toolchains/beta-2023-04-20-x86_64-unknown-linux-gnu/lib/rustlib/x86_64-unknown-linux-gnu/lib/librustc_std_workspace_core-e60518d2760eb01e.rlib" "/opt/rustwide/rustup-home/toolchains/beta-2023-04-20-x86_64-unknown-linux-gnu/lib/rustlib/x86_64-unknown-linux-gnu/lib/libcore-1ad943f92a4b1081.rlib" "/opt/rustwide/rustup-home/toolchains/beta-2023-04-20-x86_64-unknown-linux-gnu/lib/rustlib/x86_64-unknown-linux-gnu/lib/libcompiler_builtins-f0d6e4d0fc1e80b4.rlib" "-Wl,-Bdynamic" "-lgcc_s" "-lutil" "-lrt" "-lpthread" "-lm" "-ldl" "-lc" "-Wl,--eh-frame-hdr" "-Wl,-z,noexecstack" "-L" "/opt/rustwide/rustup-home/toolchains/beta-2023-04-20-x86_64-unknown-linux-gnu/lib/rustlib/x86_64-unknown-linux-gnu/lib" "-o" "/tmp/rustdoctestXA72cj/rust_out" "-Wl,--gc-sections" "-pie" "-Wl,-z,relro,-z,now" "-nodefaultlibs"
[INFO] [stdout]   = note: collect2: fatal error: ld terminated with signal 9 [Killed]
[INFO] [stdout]           compilation terminated.
[INFO] [stdout]           
[INFO] [stdout] 
[INFO] [stdout] error: aborting due to previous error
[INFO] [stdout] 
[INFO] [stdout] Couldn't compile the test.
[INFO] [stdout] 
[INFO] [stdout] failures:
[INFO] [stdout]     src/editing/store/mod.rs - editing::store (line 11)
[INFO] [stdout]     src/widgets/list.rs - widgets::list (line 9)
[INFO] [stdout] 
[INFO] [stdout] test result: FAILED. 8 passed; 2 failed; 0 ignored; 0 measured; 0 filtered out; finished in 9.59s
[INFO] [stdout] 
[INFO] running `Command { std: "docker" "inspect" "09869df250747c705b3cda6921f6def38b022cc7adcd6dec7f726f9f09b1287f", kill_on_drop: false }`
[INFO] running `Command { std: "docker" "rm" "-f" "09869df250747c705b3cda6921f6def38b022cc7adcd6dec7f726f9f09b1287f", kill_on_drop: false }`
[INFO] [stdout] 09869df250747c705b3cda6921f6def38b022cc7adcd6dec7f726f9f09b1287f
