[INFO] fetching crate mjpeg_rs 0.0.1...
[INFO] testing mjpeg_rs-0.0.1 against 1.69.0 for beta-1.70-1
[INFO] extracting crate mjpeg_rs 0.0.1 into /workspace/builds/worker-7-tc1/source
[INFO] validating manifest of crates.io crate mjpeg_rs 0.0.1 on toolchain 1.69.0
[INFO] running `Command { std: CARGO_HOME="/workspace/cargo-home" RUSTUP_HOME="/workspace/rustup-home" "/workspace/cargo-home/bin/cargo" "+1.69.0" "metadata" "--manifest-path" "Cargo.toml" "--no-deps", kill_on_drop: false }`
[INFO] started tweaking crates.io crate mjpeg_rs 0.0.1
[INFO] finished tweaking crates.io crate mjpeg_rs 0.0.1
[INFO] tweaked toml for crates.io crate mjpeg_rs 0.0.1 written to /workspace/builds/worker-7-tc1/source/Cargo.toml
[INFO] crate crates.io crate mjpeg_rs 0.0.1 already has a lockfile, it will not be regenerated
[INFO] running `Command { std: CARGO_HOME="/workspace/cargo-home" RUSTUP_HOME="/workspace/rustup-home" "/workspace/cargo-home/bin/cargo" "+1.69.0" "fetch" "--manifest-path" "Cargo.toml", kill_on_drop: false }`
[INFO] [stderr]     Blocking waiting for file lock on package cache
[INFO] running `Command { std: "docker" "create" "-v" "/var/lib/crater-agent-workspace/builds/worker-7-tc1/target:/opt/rustwide/target:rw,Z" "-v" "/var/lib/crater-agent-workspace/builds/worker-7-tc1/source:/opt/rustwide/workdir:ro,Z" "-v" "/var/lib/crater-agent-workspace/cargo-home:/opt/rustwide/cargo-home:ro,Z" "-v" "/var/lib/crater-agent-workspace/rustup-home:/opt/rustwide/rustup-home:ro,Z" "-e" "SOURCE_DIR=/opt/rustwide/workdir" "-e" "CARGO_TARGET_DIR=/opt/rustwide/target" "-e" "CARGO_HOME=/opt/rustwide/cargo-home" "-e" "RUSTUP_HOME=/opt/rustwide/rustup-home" "-w" "/opt/rustwide/workdir" "-m" "1610612736" "--user" "0:0" "--network" "none" "ghcr.io/rust-lang/crates-build-env/linux@sha256:5ff2268d62e97bff2cde7d5815dd6ed5b47097566f13b8d0ca110b04b60e07ed" "/opt/rustwide/cargo-home/bin/cargo" "+1.69.0" "metadata" "--no-deps" "--format-version=1", kill_on_drop: false }`
[INFO] [stdout] 4a3e758c09d256b470815ccbff0cb65ae9b1f3eec98e6c0dec0c7e273f72234a
[INFO] running `Command { std: "docker" "start" "-a" "4a3e758c09d256b470815ccbff0cb65ae9b1f3eec98e6c0dec0c7e273f72234a", kill_on_drop: false }`
[INFO] running `Command { std: "docker" "inspect" "4a3e758c09d256b470815ccbff0cb65ae9b1f3eec98e6c0dec0c7e273f72234a", kill_on_drop: false }`
[INFO] running `Command { std: "docker" "rm" "-f" "4a3e758c09d256b470815ccbff0cb65ae9b1f3eec98e6c0dec0c7e273f72234a", kill_on_drop: false }`
[INFO] [stdout] 4a3e758c09d256b470815ccbff0cb65ae9b1f3eec98e6c0dec0c7e273f72234a
[INFO] running `Command { std: "docker" "create" "-v" "/var/lib/crater-agent-workspace/builds/worker-7-tc1/target:/opt/rustwide/target:rw,Z" "-v" "/var/lib/crater-agent-workspace/builds/worker-7-tc1/source:/opt/rustwide/workdir:ro,Z" "-v" "/var/lib/crater-agent-workspace/cargo-home:/opt/rustwide/cargo-home:ro,Z" "-v" "/var/lib/crater-agent-workspace/rustup-home:/opt/rustwide/rustup-home:ro,Z" "-e" "SOURCE_DIR=/opt/rustwide/workdir" "-e" "CARGO_TARGET_DIR=/opt/rustwide/target" "-e" "CARGO_INCREMENTAL=0" "-e" "RUST_BACKTRACE=full" "-e" "RUSTFLAGS=--cap-lints=warn" "-e" "RUSTDOCFLAGS=--cap-lints=warn" "-e" "CARGO_HOME=/opt/rustwide/cargo-home" "-e" "RUSTUP_HOME=/opt/rustwide/rustup-home" "-w" "/opt/rustwide/workdir" "-m" "1610612736" "--user" "0:0" "--network" "none" "ghcr.io/rust-lang/crates-build-env/linux@sha256:5ff2268d62e97bff2cde7d5815dd6ed5b47097566f13b8d0ca110b04b60e07ed" "/opt/rustwide/cargo-home/bin/cargo" "+1.69.0" "build" "--frozen" "--message-format=json", kill_on_drop: false }`
[INFO] [stdout] a04c49259792d19e75c0f63e42af812ab698240e510d93ed46e1b8d273b8c5f7
[INFO] running `Command { std: "docker" "start" "-a" "a04c49259792d19e75c0f63e42af812ab698240e510d93ed46e1b8d273b8c5f7", kill_on_drop: false }`
[INFO] [stderr]    Compiling mjpeg_rs v0.0.1 (/opt/rustwide/workdir)
[INFO] [stderr]     Finished dev [unoptimized + debuginfo] target(s) in 0.35s
[INFO] running `Command { std: "docker" "inspect" "a04c49259792d19e75c0f63e42af812ab698240e510d93ed46e1b8d273b8c5f7", kill_on_drop: false }`
[INFO] running `Command { std: "docker" "rm" "-f" "a04c49259792d19e75c0f63e42af812ab698240e510d93ed46e1b8d273b8c5f7", kill_on_drop: false }`
[INFO] [stdout] a04c49259792d19e75c0f63e42af812ab698240e510d93ed46e1b8d273b8c5f7
[INFO] running `Command { std: "docker" "create" "-v" "/var/lib/crater-agent-workspace/builds/worker-7-tc1/target:/opt/rustwide/target:rw,Z" "-v" "/var/lib/crater-agent-workspace/builds/worker-7-tc1/source:/opt/rustwide/workdir:ro,Z" "-v" "/var/lib/crater-agent-workspace/cargo-home:/opt/rustwide/cargo-home:ro,Z" "-v" "/var/lib/crater-agent-workspace/rustup-home:/opt/rustwide/rustup-home:ro,Z" "-e" "SOURCE_DIR=/opt/rustwide/workdir" "-e" "CARGO_TARGET_DIR=/opt/rustwide/target" "-e" "CARGO_INCREMENTAL=0" "-e" "RUST_BACKTRACE=full" "-e" "RUSTFLAGS=--cap-lints=warn" "-e" "RUSTDOCFLAGS=--cap-lints=warn" "-e" "CARGO_HOME=/opt/rustwide/cargo-home" "-e" "RUSTUP_HOME=/opt/rustwide/rustup-home" "-w" "/opt/rustwide/workdir" "-m" "1610612736" "--user" "0:0" "--network" "none" "ghcr.io/rust-lang/crates-build-env/linux@sha256:5ff2268d62e97bff2cde7d5815dd6ed5b47097566f13b8d0ca110b04b60e07ed" "/opt/rustwide/cargo-home/bin/cargo" "+1.69.0" "test" "--frozen" "--no-run" "--message-format=json", kill_on_drop: false }`
[INFO] [stdout] 579ab68fee935dc8241dbcb711ea55a4710b9a3d42d963d9b9e8d68fd9523606
[INFO] running `Command { std: "docker" "start" "-a" "579ab68fee935dc8241dbcb711ea55a4710b9a3d42d963d9b9e8d68fd9523606", kill_on_drop: false }`
[INFO] [stderr]    Compiling mjpeg_rs v0.0.1 (/opt/rustwide/workdir)
[INFO] [stderr]     Finished test [unoptimized + debuginfo] target(s) in 0.37s
[INFO] running `Command { std: "docker" "inspect" "579ab68fee935dc8241dbcb711ea55a4710b9a3d42d963d9b9e8d68fd9523606", kill_on_drop: false }`
[INFO] running `Command { std: "docker" "rm" "-f" "579ab68fee935dc8241dbcb711ea55a4710b9a3d42d963d9b9e8d68fd9523606", kill_on_drop: false }`
[INFO] [stdout] 579ab68fee935dc8241dbcb711ea55a4710b9a3d42d963d9b9e8d68fd9523606
[INFO] running `Command { std: "docker" "create" "-v" "/var/lib/crater-agent-workspace/builds/worker-7-tc1/target:/opt/rustwide/target:rw,Z" "-v" "/var/lib/crater-agent-workspace/builds/worker-7-tc1/source:/opt/rustwide/workdir:ro,Z" "-v" "/var/lib/crater-agent-workspace/cargo-home:/opt/rustwide/cargo-home:ro,Z" "-v" "/var/lib/crater-agent-workspace/rustup-home:/opt/rustwide/rustup-home:ro,Z" "-e" "SOURCE_DIR=/opt/rustwide/workdir" "-e" "CARGO_TARGET_DIR=/opt/rustwide/target" "-e" "CARGO_INCREMENTAL=0" "-e" "RUST_BACKTRACE=full" "-e" "RUSTFLAGS=--cap-lints=warn" "-e" "RUSTDOCFLAGS=--cap-lints=warn" "-e" "CARGO_HOME=/opt/rustwide/cargo-home" "-e" "RUSTUP_HOME=/opt/rustwide/rustup-home" "-w" "/opt/rustwide/workdir" "-m" "1610612736" "--user" "0:0" "--network" "none" "ghcr.io/rust-lang/crates-build-env/linux@sha256:5ff2268d62e97bff2cde7d5815dd6ed5b47097566f13b8d0ca110b04b60e07ed" "/opt/rustwide/cargo-home/bin/cargo" "+1.69.0" "test" "--frozen", kill_on_drop: false }`
[INFO] [stdout] 678e9d62708c30735ad9c3b0ee33d3a4445834682c48eef8b8db2aa4c9502af2
[INFO] running `Command { std: "docker" "start" "-a" "678e9d62708c30735ad9c3b0ee33d3a4445834682c48eef8b8db2aa4c9502af2", kill_on_drop: false }`
[INFO] [stderr]     Finished test [unoptimized + debuginfo] target(s) in 0.00s
[INFO] [stderr]      Running unittests src/lib.rs (/opt/rustwide/target/debug/deps/mjpeg_rs-e8001546a58a2583)
[INFO] [stdout] 
[INFO] [stdout] running 0 tests
[INFO] [stdout] 
[INFO] [stdout] test result: ok. 0 passed; 0 failed; 0 ignored; 0 measured; 0 filtered out; finished in 0.00s
[INFO] [stdout] 
[INFO] [stderr]    Doc-tests mjpeg_rs
[INFO] [stdout] 
[INFO] [stdout] running 3 tests
[INFO] [stdout] test src/lib.rs - MJpeg::new (line 20) ... FAILED
[INFO] [stdout] test src/lib.rs - MJpeg::run (line 47) ... FAILED
[INFO] [stdout] test src/lib.rs - MJpeg::update_jpeg (line 31) ... FAILED
[INFO] [stderr] error: doctest failed, to rerun pass `--doc`
[INFO] [stdout] 
[INFO] [stdout] failures:
[INFO] [stdout] 
[INFO] [stdout] ---- src/lib.rs - MJpeg::new (line 20) stdout ----
[INFO] [stdout] error[E0433]: failed to resolve: use of undeclared type `Arc`
[INFO] [stdout]  --> src/lib.rs:21:9
[INFO] [stdout]   |
[INFO] [stdout] 3 | let m = Arc::new(MJpeg::new());
[INFO] [stdout]   |         ^^^ use of undeclared type `Arc`
[INFO] [stdout]   |
[INFO] [stdout] help: consider importing this struct
[INFO] [stdout]   |
[INFO] [stdout] 2 | use std::sync::Arc;
[INFO] [stdout]   |
[INFO] [stdout] 
[INFO] [stdout] error[E0433]: failed to resolve: use of undeclared type `MJpeg`
[INFO] [stdout]  --> src/lib.rs:21:18
[INFO] [stdout]   |
[INFO] [stdout] 3 | let m = Arc::new(MJpeg::new());
[INFO] [stdout]   |                  ^^^^^ use of undeclared type `MJpeg`
[INFO] [stdout]   |
[INFO] [stdout] help: consider importing this struct
[INFO] [stdout]   |
[INFO] [stdout] 2 | use mjpeg_rs::MJpeg;
[INFO] [stdout]   |
[INFO] [stdout] 
[INFO] [stdout] error: aborting due to 2 previous errors
[INFO] [stdout] 
[INFO] [stdout] For more information about this error, try `rustc --explain E0433`.
[INFO] [stdout] Couldn't compile the test.
[INFO] [stdout] ---- src/lib.rs - MJpeg::run (line 47) stdout ----
[INFO] [stdout] error[E0433]: failed to resolve: use of undeclared type `Arc`
[INFO] [stdout]  --> src/lib.rs:48:9
[INFO] [stdout]   |
[INFO] [stdout] 3 | let m = Arc::new(MJpeg::new());
[INFO] [stdout]   |         ^^^ use of undeclared type `Arc`
[INFO] [stdout]   |
[INFO] [stdout] help: consider importing this struct
[INFO] [stdout]   |
[INFO] [stdout] 2 | use std::sync::Arc;
[INFO] [stdout]   |
[INFO] [stdout] 
[INFO] [stdout] error[E0433]: failed to resolve: use of undeclared type `MJpeg`
[INFO] [stdout]  --> src/lib.rs:48:18
[INFO] [stdout]   |
[INFO] [stdout] 3 | let m = Arc::new(MJpeg::new());
[INFO] [stdout]   |                  ^^^^^ use of undeclared type `MJpeg`
[INFO] [stdout]   |
[INFO] [stdout] help: consider importing this struct
[INFO] [stdout]   |
[INFO] [stdout] 2 | use mjpeg_rs::MJpeg;
[INFO] [stdout]   |
[INFO] [stdout] 
[INFO] [stdout] error[E0425]: cannot find value `camera` in this scope
[INFO] [stdout]  --> src/lib.rs:53:13
[INFO] [stdout]   |
[INFO] [stdout] 8 |     let b = camera.take_one().unwrap();
[INFO] [stdout]   |             ^^^^^^ not found in this scope
[INFO] [stdout] 
[INFO] [stdout] error[E0433]: failed to resolve: use of undeclared crate or module `thread`
[INFO] [stdout]  --> src/lib.rs:51:1
[INFO] [stdout]   |
[INFO] [stdout] 6 | thread::spawn(move || mrc.run("0.0.0.0:8088").unwrap());
[INFO] [stdout]   | ^^^^^^ use of undeclared crate or module `thread`
[INFO] [stdout] 
[INFO] [stdout] error: aborting due to 4 previous errors
[INFO] [stdout] 
[INFO] [stdout] Some errors have detailed explanations: E0425, E0433.
[INFO] [stdout] For more information about an error, try `rustc --explain E0425`.
[INFO] [stdout] Couldn't compile the test.
[INFO] [stdout] ---- src/lib.rs - MJpeg::update_jpeg (line 31) stdout ----
[INFO] [stdout] error[E0433]: failed to resolve: use of undeclared type `Arc`
[INFO] [stdout]  --> src/lib.rs:32:9
[INFO] [stdout]   |
[INFO] [stdout] 3 | let m = Arc::new(MJpeg::new());
[INFO] [stdout]   |         ^^^ use of undeclared type `Arc`
[INFO] [stdout]   |
[INFO] [stdout] help: consider importing this struct
[INFO] [stdout]   |
[INFO] [stdout] 2 | use std::sync::Arc;
[INFO] [stdout]   |
[INFO] [stdout] 
[INFO] [stdout] error[E0433]: failed to resolve: use of undeclared type `MJpeg`
[INFO] [stdout]  --> src/lib.rs:32:18
[INFO] [stdout]   |
[INFO] [stdout] 3 | let m = Arc::new(MJpeg::new());
[INFO] [stdout]   |                  ^^^^^ use of undeclared type `MJpeg`
[INFO] [stdout]   |
[INFO] [stdout] help: consider importing this struct
[INFO] [stdout]   |
[INFO] [stdout] 2 | use mjpeg_rs::MJpeg;
[INFO] [stdout]   |
[INFO] [stdout] 
[INFO] [stdout] error[E0425]: cannot find value `camera` in this scope
[INFO] [stdout]  --> src/lib.rs:36:13
[INFO] [stdout]   |
[INFO] [stdout] 7 |     let b = camera.take_one().unwrap();
[INFO] [stdout]   |             ^^^^^^ not found in this scope
[INFO] [stdout] 
[INFO] [stdout] error[E0433]: failed to resolve: use of undeclared crate or module `thread`
[INFO] [stdout]  --> src/lib.rs:34:1
[INFO] [stdout]   |
[INFO] [stdout] 5 | thread::spawn(move || mrc.run("0.0.0.0:8088").unwrap());
[INFO] [stdout]   | ^^^^^^ use of undeclared crate or module `thread`
[INFO] [stdout] 
[INFO] [stdout] error: aborting due to 4 previous errors
[INFO] [stdout] 
[INFO] [stdout] Some errors have detailed explanations: E0425, E0433.
[INFO] [stdout] For more information about an error, try `rustc --explain E0425`.
[INFO] [stdout] Couldn't compile the test.
[INFO] [stdout] 
[INFO] [stdout] failures:
[INFO] [stdout]     src/lib.rs - MJpeg::new (line 20)
[INFO] [stdout]     src/lib.rs - MJpeg::run (line 47)
[INFO] [stdout]     src/lib.rs - MJpeg::update_jpeg (line 31)
[INFO] [stdout] 
[INFO] [stdout] test result: FAILED. 0 passed; 3 failed; 0 ignored; 0 measured; 0 filtered out; finished in 0.08s
[INFO] [stdout] 
[INFO] running `Command { std: "docker" "inspect" "678e9d62708c30735ad9c3b0ee33d3a4445834682c48eef8b8db2aa4c9502af2", kill_on_drop: false }`
[INFO] running `Command { std: "docker" "rm" "-f" "678e9d62708c30735ad9c3b0ee33d3a4445834682c48eef8b8db2aa4c9502af2", kill_on_drop: false }`
[INFO] [stdout] 678e9d62708c30735ad9c3b0ee33d3a4445834682c48eef8b8db2aa4c9502af2
