[INFO] fetching crate misc_ecs 0.1.14...
[INFO] testing misc_ecs-0.1.14 against 1.69.0 for beta-1.70-1
[INFO] extracting crate misc_ecs 0.1.14 into /workspace/builds/worker-0-tc1/source
[INFO] validating manifest of crates.io crate misc_ecs 0.1.14 on toolchain 1.69.0
[INFO] running `Command { std: CARGO_HOME="/workspace/cargo-home" RUSTUP_HOME="/workspace/rustup-home" "/workspace/cargo-home/bin/cargo" "+1.69.0" "metadata" "--manifest-path" "Cargo.toml" "--no-deps", kill_on_drop: false }`
[INFO] started tweaking crates.io crate misc_ecs 0.1.14
[INFO] finished tweaking crates.io crate misc_ecs 0.1.14
[INFO] tweaked toml for crates.io crate misc_ecs 0.1.14 written to /workspace/builds/worker-0-tc1/source/Cargo.toml
[INFO] crate crates.io crate misc_ecs 0.1.14 already has a lockfile, it will not be regenerated
[INFO] running `Command { std: CARGO_HOME="/workspace/cargo-home" RUSTUP_HOME="/workspace/rustup-home" "/workspace/cargo-home/bin/cargo" "+1.69.0" "fetch" "--manifest-path" "Cargo.toml", kill_on_drop: false }`
[INFO] running `Command { std: "docker" "create" "-v" "/var/lib/crater-agent-workspace/builds/worker-0-tc1/target:/opt/rustwide/target:rw,Z" "-v" "/var/lib/crater-agent-workspace/builds/worker-0-tc1/source:/opt/rustwide/workdir:ro,Z" "-v" "/var/lib/crater-agent-workspace/cargo-home:/opt/rustwide/cargo-home:ro,Z" "-v" "/var/lib/crater-agent-workspace/rustup-home:/opt/rustwide/rustup-home:ro,Z" "-e" "SOURCE_DIR=/opt/rustwide/workdir" "-e" "CARGO_TARGET_DIR=/opt/rustwide/target" "-e" "CARGO_HOME=/opt/rustwide/cargo-home" "-e" "RUSTUP_HOME=/opt/rustwide/rustup-home" "-w" "/opt/rustwide/workdir" "-m" "1610612736" "--user" "0:0" "--network" "none" "ghcr.io/rust-lang/crates-build-env/linux@sha256:5ff2268d62e97bff2cde7d5815dd6ed5b47097566f13b8d0ca110b04b60e07ed" "/opt/rustwide/cargo-home/bin/cargo" "+1.69.0" "metadata" "--no-deps" "--format-version=1", kill_on_drop: false }`
[INFO] [stdout] f0726ec224e930801080214c0407bba5954b1ee30f972682ea197ae2902c4fc1
[INFO] running `Command { std: "docker" "start" "-a" "f0726ec224e930801080214c0407bba5954b1ee30f972682ea197ae2902c4fc1", kill_on_drop: false }`
[INFO] running `Command { std: "docker" "inspect" "f0726ec224e930801080214c0407bba5954b1ee30f972682ea197ae2902c4fc1", kill_on_drop: false }`
[INFO] running `Command { std: "docker" "rm" "-f" "f0726ec224e930801080214c0407bba5954b1ee30f972682ea197ae2902c4fc1", kill_on_drop: false }`
[INFO] [stdout] f0726ec224e930801080214c0407bba5954b1ee30f972682ea197ae2902c4fc1
[INFO] running `Command { std: "docker" "create" "-v" "/var/lib/crater-agent-workspace/builds/worker-0-tc1/target:/opt/rustwide/target:rw,Z" "-v" "/var/lib/crater-agent-workspace/builds/worker-0-tc1/source:/opt/rustwide/workdir:ro,Z" "-v" "/var/lib/crater-agent-workspace/cargo-home:/opt/rustwide/cargo-home:ro,Z" "-v" "/var/lib/crater-agent-workspace/rustup-home:/opt/rustwide/rustup-home:ro,Z" "-e" "SOURCE_DIR=/opt/rustwide/workdir" "-e" "CARGO_TARGET_DIR=/opt/rustwide/target" "-e" "CARGO_INCREMENTAL=0" "-e" "RUST_BACKTRACE=full" "-e" "RUSTFLAGS=--cap-lints=warn" "-e" "RUSTDOCFLAGS=--cap-lints=warn" "-e" "CARGO_HOME=/opt/rustwide/cargo-home" "-e" "RUSTUP_HOME=/opt/rustwide/rustup-home" "-w" "/opt/rustwide/workdir" "-m" "1610612736" "--user" "0:0" "--network" "none" "ghcr.io/rust-lang/crates-build-env/linux@sha256:5ff2268d62e97bff2cde7d5815dd6ed5b47097566f13b8d0ca110b04b60e07ed" "/opt/rustwide/cargo-home/bin/cargo" "+1.69.0" "build" "--frozen" "--message-format=json", kill_on_drop: false }`
[INFO] [stdout] 321f5d8e4f1ed6a0467315fd79a95d1b070ab78f71e979798552e259477c9a53
[INFO] running `Command { std: "docker" "start" "-a" "321f5d8e4f1ed6a0467315fd79a95d1b070ab78f71e979798552e259477c9a53", kill_on_drop: false }`
[INFO] [stderr]    Compiling libc v0.2.139
[INFO] [stderr]    Compiling cfg-if v1.0.0
[INFO] [stderr]    Compiling ppv-lite86 v0.2.17
[INFO] [stderr]    Compiling getrandom v0.2.8
[INFO] [stderr]    Compiling rand_core v0.6.4
[INFO] [stderr]    Compiling rand_chacha v0.3.1
[INFO] [stderr]    Compiling rand v0.8.5
[INFO] [stderr]    Compiling misc_ecs v0.1.14 (/opt/rustwide/workdir)
[INFO] [stderr]     Finished dev [unoptimized + debuginfo] target(s) in 4.63s
[INFO] running `Command { std: "docker" "inspect" "321f5d8e4f1ed6a0467315fd79a95d1b070ab78f71e979798552e259477c9a53", kill_on_drop: false }`
[INFO] running `Command { std: "docker" "rm" "-f" "321f5d8e4f1ed6a0467315fd79a95d1b070ab78f71e979798552e259477c9a53", kill_on_drop: false }`
[INFO] [stdout] 321f5d8e4f1ed6a0467315fd79a95d1b070ab78f71e979798552e259477c9a53
[INFO] running `Command { std: "docker" "create" "-v" "/var/lib/crater-agent-workspace/builds/worker-0-tc1/target:/opt/rustwide/target:rw,Z" "-v" "/var/lib/crater-agent-workspace/builds/worker-0-tc1/source:/opt/rustwide/workdir:ro,Z" "-v" "/var/lib/crater-agent-workspace/cargo-home:/opt/rustwide/cargo-home:ro,Z" "-v" "/var/lib/crater-agent-workspace/rustup-home:/opt/rustwide/rustup-home:ro,Z" "-e" "SOURCE_DIR=/opt/rustwide/workdir" "-e" "CARGO_TARGET_DIR=/opt/rustwide/target" "-e" "CARGO_INCREMENTAL=0" "-e" "RUST_BACKTRACE=full" "-e" "RUSTFLAGS=--cap-lints=warn" "-e" "RUSTDOCFLAGS=--cap-lints=warn" "-e" "CARGO_HOME=/opt/rustwide/cargo-home" "-e" "RUSTUP_HOME=/opt/rustwide/rustup-home" "-w" "/opt/rustwide/workdir" "-m" "1610612736" "--user" "0:0" "--network" "none" "ghcr.io/rust-lang/crates-build-env/linux@sha256:5ff2268d62e97bff2cde7d5815dd6ed5b47097566f13b8d0ca110b04b60e07ed" "/opt/rustwide/cargo-home/bin/cargo" "+1.69.0" "test" "--frozen" "--no-run" "--message-format=json", kill_on_drop: false }`
[INFO] [stdout] c790e09d57ed820e1ddf5959c57a716d464bff01fd6060d15fcd1cd68cd8519e
[INFO] running `Command { std: "docker" "start" "-a" "c790e09d57ed820e1ddf5959c57a716d464bff01fd6060d15fcd1cd68cd8519e", kill_on_drop: false }`
[INFO] [stderr]    Compiling misc_ecs v0.1.14 (/opt/rustwide/workdir)
[INFO] [stderr]     Finished test [unoptimized + debuginfo] target(s) in 0.56s
[INFO] running `Command { std: "docker" "inspect" "c790e09d57ed820e1ddf5959c57a716d464bff01fd6060d15fcd1cd68cd8519e", kill_on_drop: false }`
[INFO] running `Command { std: "docker" "rm" "-f" "c790e09d57ed820e1ddf5959c57a716d464bff01fd6060d15fcd1cd68cd8519e", kill_on_drop: false }`
[INFO] [stdout] c790e09d57ed820e1ddf5959c57a716d464bff01fd6060d15fcd1cd68cd8519e
[INFO] running `Command { std: "docker" "create" "-v" "/var/lib/crater-agent-workspace/builds/worker-0-tc1/target:/opt/rustwide/target:rw,Z" "-v" "/var/lib/crater-agent-workspace/builds/worker-0-tc1/source:/opt/rustwide/workdir:ro,Z" "-v" "/var/lib/crater-agent-workspace/cargo-home:/opt/rustwide/cargo-home:ro,Z" "-v" "/var/lib/crater-agent-workspace/rustup-home:/opt/rustwide/rustup-home:ro,Z" "-e" "SOURCE_DIR=/opt/rustwide/workdir" "-e" "CARGO_TARGET_DIR=/opt/rustwide/target" "-e" "CARGO_INCREMENTAL=0" "-e" "RUST_BACKTRACE=full" "-e" "RUSTFLAGS=--cap-lints=warn" "-e" "RUSTDOCFLAGS=--cap-lints=warn" "-e" "CARGO_HOME=/opt/rustwide/cargo-home" "-e" "RUSTUP_HOME=/opt/rustwide/rustup-home" "-w" "/opt/rustwide/workdir" "-m" "1610612736" "--user" "0:0" "--network" "none" "ghcr.io/rust-lang/crates-build-env/linux@sha256:5ff2268d62e97bff2cde7d5815dd6ed5b47097566f13b8d0ca110b04b60e07ed" "/opt/rustwide/cargo-home/bin/cargo" "+1.69.0" "test" "--frozen", kill_on_drop: false }`
[INFO] [stdout] ec1489956853e41e391d7e446908da9079ff3c501c7ae3bdefe87e09af23d607
[INFO] running `Command { std: "docker" "start" "-a" "ec1489956853e41e391d7e446908da9079ff3c501c7ae3bdefe87e09af23d607", kill_on_drop: false }`
[INFO] [stderr]     Finished test [unoptimized + debuginfo] target(s) in 0.01s
[INFO] [stderr]      Running unittests src/lib.rs (/opt/rustwide/target/debug/deps/misc_ecs-db3530cb752a3e85)
[INFO] [stdout] 
[INFO] [stdout] running 0 tests
[INFO] [stdout] 
[INFO] [stdout] test result: ok. 0 passed; 0 failed; 0 ignored; 0 measured; 0 filtered out; finished in 0.00s
[INFO] [stdout] 
[INFO] [stderr]      Running unittests src/main.rs (/opt/rustwide/target/debug/deps/misc_ecs-4bf011a6f94ed344)
[INFO] [stdout] 
[INFO] [stdout] running 0 tests
[INFO] [stdout] 
[INFO] [stdout] test result: ok. 0 passed; 0 failed; 0 ignored; 0 measured; 0 filtered out; finished in 0.00s
[INFO] [stdout] 
[INFO] [stderr]    Doc-tests misc_ecs
[INFO] [stdout] 
[INFO] [stdout] running 30 tests
[INFO] [stdout] test src/ecs/component.rs - ecs::component::Component (line 8) ... ok
[INFO] [stdout] test src/ecs/entity.rs - ecs::entity::EntityBuilder (line 174) ... ok
[INFO] [stdout] test src/ecs/entity.rs - ecs::entity::Builder::with (line 153) ... ok
[INFO] [stdout] test src/ecs/entity.rs - ecs::entity::Entity (line 10) ... ok
[INFO] [stdout] test src/ecs/component.rs - ecs::component::ComponentID (line 20) ... ok
[INFO] [stdout] test src/ecs/entity.rs - ecs::entity::EntityManager::drop (line 133) ... ok
[INFO] [stdout] test src/ecs/entity.rs - ecs::entity::EntityManager::len (line 96) ... ok
[INFO] [stdout] test src/ecs/entity.rs - ecs::entity::EntityManager (line 64) ... ok
[INFO] [stdout] test src/ecs/entity.rs - ecs::entity::Builder::build (line 163) ... ok
[INFO] [stdout] test src/ecs/store.rs - ecs::store::HashStore (line 41) ... ok
[INFO] [stdout] test src/ecs/store.rs - ecs::store::HashStore<T>::add (line 90) ... ok
[INFO] [stdout] test src/ecs/entity.rs - ecs::entity::EntityManager::new (line 81) ... ok
[INFO] [stdout] test src/ecs/entity.rs - ecs::entity::EntityManager::next (line 108) ... ok
[INFO] [stdout] test src/ecs/store.rs - ecs::store::HashStore<T>::for_each_mut (line 154) ... ok
[INFO] [stdout] test src/ecs/store.rs - ecs::store::HashStore<T>::for_each (line 138) ... ok
[INFO] [stdout] test src/ecs/store.rs - ecs::store::HashStore<T>::drop (line 126) ... ok
[INFO] [stdout] test src/ecs/store.rs - ecs::store::HashStore<T>::get (line 102) ... ok
[INFO] [stdout] test src/ecs/store.rs - ecs::store::HashStore<T>::get_mut (line 114) ... ok
[INFO] [stdout] test src/ecs/store.rs - ecs::store::HashStore<T>::iter (line 170) ... ok
[INFO] [stdout] test src/ecs/store.rs - ecs::store::HashStore<T>::iter_mut (line 182) ... ok
[INFO] [stdout] test src/ecs/store.rs - ecs::store::HashStore<T>::len (line 194) ... ok
[INFO] [stdout] test src/ecs/store.rs - ecs::store::HashStore<T>::new (line 70) ... ok
[INFO] [stdout] test src/ecs/store.rs - ecs::store::Store (line 9) ... ok
[INFO] [stdout] test src/ecs/system.rs - ecs::system::System (line 7) ... ok
[INFO] [stdout] test src/ecs/world.rs - ecs::world::World::register (line 72) ... FAILED
[INFO] [stdout] test src/ecs/world.rs - ecs::world::World (line 14) ... ok
[INFO] [stdout] test src/ecs/store.rs - ecs::store::Storage (line 29) ... ok
[INFO] [stdout] test src/ecs/system.rs - ecs::system::SystemID (line 21) ... ok
[INFO] [stdout] test src/ecs/world.rs - ecs::world::World::new (line 30) ... ok
[INFO] [stdout] test src/ecs/world.rs - ecs::world::World::create_entity (line 56) ... ok
[INFO] [stdout] 
[INFO] [stdout] failures:
[INFO] [stdout] 
[INFO] [stdout] ---- src/ecs/world.rs - ecs::world::World::register (line 72) stdout ----
[INFO] [stdout] error[E0405]: cannot find trait `Component` in this scope
[INFO] [stdout]   --> src/ecs/world.rs:82:6
[INFO] [stdout]    |
[INFO] [stdout] 13 | impl Component for Pos {
[INFO] [stdout]    |      ^^^^^^^^^ not found in this scope
[INFO] [stdout]    |
[INFO] [stdout] help: consider importing this trait
[INFO] [stdout]    |
[INFO] [stdout] 2  | use misc_ecs::ecs::component::Component;
[INFO] [stdout]    |
[INFO] [stdout] 
[INFO] [stdout] error[E0433]: failed to resolve: use of undeclared type `World`
[INFO] [stdout]   --> src/ecs/world.rs:86:17
[INFO] [stdout]    |
[INFO] [stdout] 17 | let mut world = World::new();
[INFO] [stdout]    |                 ^^^^^ use of undeclared type `World`
[INFO] [stdout]    |
[INFO] [stdout] help: consider importing this struct
[INFO] [stdout]    |
[INFO] [stdout] 2  | use misc_ecs::ecs::world::World;
[INFO] [stdout]    |
[INFO] [stdout] 
[INFO] [stdout] error: aborting due to 2 previous errors
[INFO] [stdout] 
[INFO] [stdout] Some errors have detailed explanations: E0405, E0433.
[INFO] [stdout] For more information about an error, try `rustc --explain E0405`.
[INFO] [stdout] Couldn't compile the test.
[INFO] [stdout] 
[INFO] [stdout] failures:
[INFO] [stdout]     src/ecs/world.rs - ecs::world::World::register (line 72)
[INFO] [stdout] 
[INFO] [stdout] test result: FAILED. 29 passed; 1 failed; 0 ignored; 0 measured; 0 filtered out; finished in 1.84s
[INFO] [stdout] 
[INFO] [stderr] error: doctest failed, to rerun pass `--doc`
[INFO] running `Command { std: "docker" "inspect" "ec1489956853e41e391d7e446908da9079ff3c501c7ae3bdefe87e09af23d607", kill_on_drop: false }`
[INFO] running `Command { std: "docker" "rm" "-f" "ec1489956853e41e391d7e446908da9079ff3c501c7ae3bdefe87e09af23d607", kill_on_drop: false }`
[INFO] [stdout] ec1489956853e41e391d7e446908da9079ff3c501c7ae3bdefe87e09af23d607
