[INFO] fetching crate misc-conf 0.1.2...
[INFO] testing misc-conf-0.1.2 against beta-2023-04-20 for beta-1.70-1
[INFO] extracting crate misc-conf 0.1.2 into /workspace/builds/worker-2-tc2/source
[INFO] validating manifest of crates.io crate misc-conf 0.1.2 on toolchain beta-2023-04-20
[INFO] running `Command { std: CARGO_HOME="/workspace/cargo-home" RUSTUP_HOME="/workspace/rustup-home" "/workspace/cargo-home/bin/cargo" "+beta-2023-04-20" "metadata" "--manifest-path" "Cargo.toml" "--no-deps", kill_on_drop: false }`
[INFO] started tweaking crates.io crate misc-conf 0.1.2
[INFO] finished tweaking crates.io crate misc-conf 0.1.2
[INFO] tweaked toml for crates.io crate misc-conf 0.1.2 written to /workspace/builds/worker-2-tc2/source/Cargo.toml
[INFO] crate crates.io crate misc-conf 0.1.2 already has a lockfile, it will not be regenerated
[INFO] running `Command { std: CARGO_HOME="/workspace/cargo-home" RUSTUP_HOME="/workspace/rustup-home" "/workspace/cargo-home/bin/cargo" "+beta-2023-04-20" "fetch" "--manifest-path" "Cargo.toml", kill_on_drop: false }`
[INFO] [stderr]     Updating crates.io index
[INFO] [stderr]  Downloading crates ...
[INFO] [stderr]   Downloaded luaparse v0.2.0
[INFO] running `Command { std: "docker" "create" "-v" "/var/lib/crater-agent-workspace/builds/worker-2-tc2/target:/opt/rustwide/target:rw,Z" "-v" "/var/lib/crater-agent-workspace/builds/worker-2-tc2/source:/opt/rustwide/workdir:ro,Z" "-v" "/var/lib/crater-agent-workspace/cargo-home:/opt/rustwide/cargo-home:ro,Z" "-v" "/var/lib/crater-agent-workspace/rustup-home:/opt/rustwide/rustup-home:ro,Z" "-e" "SOURCE_DIR=/opt/rustwide/workdir" "-e" "CARGO_TARGET_DIR=/opt/rustwide/target" "-e" "CARGO_HOME=/opt/rustwide/cargo-home" "-e" "RUSTUP_HOME=/opt/rustwide/rustup-home" "-w" "/opt/rustwide/workdir" "-m" "1610612736" "--user" "0:0" "--network" "none" "ghcr.io/rust-lang/crates-build-env/linux@sha256:5ff2268d62e97bff2cde7d5815dd6ed5b47097566f13b8d0ca110b04b60e07ed" "/opt/rustwide/cargo-home/bin/cargo" "+beta-2023-04-20" "metadata" "--no-deps" "--format-version=1", kill_on_drop: false }`
[INFO] [stdout] fc2f718bbd5004a87f95d3d7a6e4f3e7cf9e037c37f1f67e6f3244c82743e463
[INFO] running `Command { std: "docker" "start" "-a" "fc2f718bbd5004a87f95d3d7a6e4f3e7cf9e037c37f1f67e6f3244c82743e463", kill_on_drop: false }`
[INFO] running `Command { std: "docker" "inspect" "fc2f718bbd5004a87f95d3d7a6e4f3e7cf9e037c37f1f67e6f3244c82743e463", kill_on_drop: false }`
[INFO] running `Command { std: "docker" "rm" "-f" "fc2f718bbd5004a87f95d3d7a6e4f3e7cf9e037c37f1f67e6f3244c82743e463", kill_on_drop: false }`
[INFO] [stdout] fc2f718bbd5004a87f95d3d7a6e4f3e7cf9e037c37f1f67e6f3244c82743e463
[INFO] running `Command { std: "docker" "create" "-v" "/var/lib/crater-agent-workspace/builds/worker-2-tc2/target:/opt/rustwide/target:rw,Z" "-v" "/var/lib/crater-agent-workspace/builds/worker-2-tc2/source:/opt/rustwide/workdir:ro,Z" "-v" "/var/lib/crater-agent-workspace/cargo-home:/opt/rustwide/cargo-home:ro,Z" "-v" "/var/lib/crater-agent-workspace/rustup-home:/opt/rustwide/rustup-home:ro,Z" "-e" "SOURCE_DIR=/opt/rustwide/workdir" "-e" "CARGO_TARGET_DIR=/opt/rustwide/target" "-e" "CARGO_INCREMENTAL=0" "-e" "RUST_BACKTRACE=full" "-e" "RUSTFLAGS=--cap-lints=warn" "-e" "RUSTDOCFLAGS=--cap-lints=warn" "-e" "CARGO_HOME=/opt/rustwide/cargo-home" "-e" "RUSTUP_HOME=/opt/rustwide/rustup-home" "-w" "/opt/rustwide/workdir" "-m" "1610612736" "--user" "0:0" "--network" "none" "ghcr.io/rust-lang/crates-build-env/linux@sha256:5ff2268d62e97bff2cde7d5815dd6ed5b47097566f13b8d0ca110b04b60e07ed" "/opt/rustwide/cargo-home/bin/cargo" "+beta-2023-04-20" "build" "--frozen" "--message-format=json", kill_on_drop: false }`
[INFO] [stdout] 0fe36613e306981e9120262f26639a6a8bbc8df7dfef07cf6ce45d5c2849f878
[INFO] running `Command { std: "docker" "start" "-a" "0fe36613e306981e9120262f26639a6a8bbc8df7dfef07cf6ce45d5c2849f878", kill_on_drop: false }`
[INFO] [stderr]    Compiling libc v0.2.140
[INFO] [stderr]    Compiling getrandom v0.1.16
[INFO] [stderr]    Compiling cfg-if v1.0.0
[INFO] [stderr]    Compiling proc-macro2 v1.0.53
[INFO] [stderr]    Compiling ppv-lite86 v0.2.17
[INFO] [stderr]    Compiling syn v1.0.109
[INFO] [stderr]    Compiling proc-macro-hack v0.5.20+deprecated
[INFO] [stderr]    Compiling siphasher v0.3.10
[INFO] [stderr]    Compiling anyhow v1.0.66
[INFO] [stderr]    Compiling phf_shared v0.8.0
[INFO] [stderr]    Compiling aho-corasick v0.7.20
[INFO] [stderr]    Compiling regex-syntax v0.6.28
[INFO] [stderr]    Compiling unicode-width v0.1.10
[INFO] [stderr]    Compiling nom v7.1.1
[INFO] [stderr]    Compiling glob v0.3.0
[INFO] [stderr]    Compiling quote v1.0.26
[INFO] [stderr]    Compiling atty v0.2.14
[INFO] [stderr]    Compiling rand_core v0.5.1
[INFO] [stderr]    Compiling colored v1.9.3
[INFO] [stderr]    Compiling rand_chacha v0.2.2
[INFO] [stderr]    Compiling rand_pcg v0.2.1
[INFO] [stderr]    Compiling rand v0.7.3
[INFO] [stderr]    Compiling regex v1.7.0
[INFO] [stderr]    Compiling phf_generator v0.8.0
[INFO] [stderr]    Compiling phf_macros v0.8.0
[INFO] [stderr]    Compiling phf v0.8.0
[INFO] [stderr]    Compiling luaparse v0.2.0
[INFO] [stderr]    Compiling misc-conf v0.1.2 (/opt/rustwide/workdir)
[INFO] [stdout] warning: unused import: `misc_conf::apache::Apache`
[INFO] [stdout]  --> src/main.rs:2:9
[INFO] [stdout]   |
[INFO] [stdout] 2 |     use misc_conf::apache::Apache;
[INFO] [stdout]   |         ^^^^^^^^^^^^^^^^^^^^^^^^^
[INFO] [stdout]   |
[INFO] [stdout]   = note: `#[warn(unused_imports)]` on by default
[INFO] [stdout] 
[INFO] [stdout] 
[INFO] [stdout] warning: 1 warning emitted
[INFO] [stdout] 
[INFO] [stdout] 
[INFO] [stderr]     Finished dev [unoptimized + debuginfo] target(s) in 6.14s
[INFO] running `Command { std: "docker" "inspect" "0fe36613e306981e9120262f26639a6a8bbc8df7dfef07cf6ce45d5c2849f878", kill_on_drop: false }`
[INFO] running `Command { std: "docker" "rm" "-f" "0fe36613e306981e9120262f26639a6a8bbc8df7dfef07cf6ce45d5c2849f878", kill_on_drop: false }`
[INFO] [stdout] 0fe36613e306981e9120262f26639a6a8bbc8df7dfef07cf6ce45d5c2849f878
[INFO] running `Command { std: "docker" "create" "-v" "/var/lib/crater-agent-workspace/builds/worker-2-tc2/target:/opt/rustwide/target:rw,Z" "-v" "/var/lib/crater-agent-workspace/builds/worker-2-tc2/source:/opt/rustwide/workdir:ro,Z" "-v" "/var/lib/crater-agent-workspace/cargo-home:/opt/rustwide/cargo-home:ro,Z" "-v" "/var/lib/crater-agent-workspace/rustup-home:/opt/rustwide/rustup-home:ro,Z" "-e" "SOURCE_DIR=/opt/rustwide/workdir" "-e" "CARGO_TARGET_DIR=/opt/rustwide/target" "-e" "CARGO_INCREMENTAL=0" "-e" "RUST_BACKTRACE=full" "-e" "RUSTFLAGS=--cap-lints=warn" "-e" "RUSTDOCFLAGS=--cap-lints=warn" "-e" "CARGO_HOME=/opt/rustwide/cargo-home" "-e" "RUSTUP_HOME=/opt/rustwide/rustup-home" "-w" "/opt/rustwide/workdir" "-m" "1610612736" "--user" "0:0" "--network" "none" "ghcr.io/rust-lang/crates-build-env/linux@sha256:5ff2268d62e97bff2cde7d5815dd6ed5b47097566f13b8d0ca110b04b60e07ed" "/opt/rustwide/cargo-home/bin/cargo" "+beta-2023-04-20" "test" "--frozen" "--no-run" "--message-format=json", kill_on_drop: false }`
[INFO] [stdout] b5cd0354bf96ce830a187b50076ca9a5e44a680e0c8261b97c8c753916e03a23
[INFO] running `Command { std: "docker" "start" "-a" "b5cd0354bf96ce830a187b50076ca9a5e44a680e0c8261b97c8c753916e03a23", kill_on_drop: false }`
[INFO] [stderr]    Compiling misc-conf v0.1.2 (/opt/rustwide/workdir)
[INFO] [stdout] warning: unused import: `misc_conf::apache::Apache`
[INFO] [stdout]  --> src/main.rs:2:9
[INFO] [stdout]   |
[INFO] [stdout] 2 |     use misc_conf::apache::Apache;
[INFO] [stdout]   |         ^^^^^^^^^^^^^^^^^^^^^^^^^
[INFO] [stdout]   |
[INFO] [stdout]   = note: `#[warn(unused_imports)]` on by default
[INFO] [stdout] 
[INFO] [stdout] 
[INFO] [stdout] warning: 1 warning emitted
[INFO] [stdout] 
[INFO] [stdout] 
[INFO] [stderr]     Finished test [unoptimized + debuginfo] target(s) in 0.37s
[INFO] running `Command { std: "docker" "inspect" "b5cd0354bf96ce830a187b50076ca9a5e44a680e0c8261b97c8c753916e03a23", kill_on_drop: false }`
[INFO] running `Command { std: "docker" "rm" "-f" "b5cd0354bf96ce830a187b50076ca9a5e44a680e0c8261b97c8c753916e03a23", kill_on_drop: false }`
[INFO] [stdout] b5cd0354bf96ce830a187b50076ca9a5e44a680e0c8261b97c8c753916e03a23
[INFO] running `Command { std: "docker" "create" "-v" "/var/lib/crater-agent-workspace/builds/worker-2-tc2/target:/opt/rustwide/target:rw,Z" "-v" "/var/lib/crater-agent-workspace/builds/worker-2-tc2/source:/opt/rustwide/workdir:ro,Z" "-v" "/var/lib/crater-agent-workspace/cargo-home:/opt/rustwide/cargo-home:ro,Z" "-v" "/var/lib/crater-agent-workspace/rustup-home:/opt/rustwide/rustup-home:ro,Z" "-e" "SOURCE_DIR=/opt/rustwide/workdir" "-e" "CARGO_TARGET_DIR=/opt/rustwide/target" "-e" "CARGO_INCREMENTAL=0" "-e" "RUST_BACKTRACE=full" "-e" "RUSTFLAGS=--cap-lints=warn" "-e" "RUSTDOCFLAGS=--cap-lints=warn" "-e" "CARGO_HOME=/opt/rustwide/cargo-home" "-e" "RUSTUP_HOME=/opt/rustwide/rustup-home" "-w" "/opt/rustwide/workdir" "-m" "1610612736" "--user" "0:0" "--network" "none" "ghcr.io/rust-lang/crates-build-env/linux@sha256:5ff2268d62e97bff2cde7d5815dd6ed5b47097566f13b8d0ca110b04b60e07ed" "/opt/rustwide/cargo-home/bin/cargo" "+beta-2023-04-20" "test" "--frozen", kill_on_drop: false }`
[INFO] [stdout] 1a63992f59c0e9e40706770d2a3d02c262b4a11170d7955843074673af06a545
[INFO] running `Command { std: "docker" "start" "-a" "1a63992f59c0e9e40706770d2a3d02c262b4a11170d7955843074673af06a545", kill_on_drop: false }`
[INFO] [stderr] warning: unused import: `misc_conf::apache::Apache`
[INFO] [stderr]  --> src/main.rs:2:9
[INFO] [stderr]   |
[INFO] [stderr] 2 |     use misc_conf::apache::Apache;
[INFO] [stderr]   |         ^^^^^^^^^^^^^^^^^^^^^^^^^
[INFO] [stderr]   |
[INFO] [stderr]   = note: `#[warn(unused_imports)]` on by default
[INFO] [stderr] 
[INFO] [stderr] warning: `misc-conf` (bin "misc-conf" test) generated 1 warning (run `cargo fix --bin "misc-conf" --tests` to apply 1 suggestion)
[INFO] [stderr]     Finished test [unoptimized + debuginfo] target(s) in 0.02s
[INFO] [stderr]      Running unittests src/lib.rs (/opt/rustwide/target/debug/deps/misc_conf-1a25b7e511a05b2c)
[INFO] [stdout] 
[INFO] [stdout] running 0 tests
[INFO] [stdout] 
[INFO] [stdout] test result: ok. 0 passed; 0 failed; 0 ignored; 0 measured; 0 filtered out; finished in 0.00s
[INFO] [stdout] 
[INFO] [stderr]      Running unittests src/main.rs (/opt/rustwide/target/debug/deps/misc_conf-fe9497586d3f6ad5)
[INFO] [stdout] 
[INFO] [stdout] running 0 tests
[INFO] [stdout] 
[INFO] [stdout] test result: ok. 0 passed; 0 failed; 0 ignored; 0 measured; 0 filtered out; finished in 0.00s
[INFO] [stdout] 
[INFO] [stderr]    Doc-tests misc-conf
[INFO] [stdout] 
[INFO] [stdout] running 5 tests
[INFO] [stdout] test src/lib.rs - (line 147) ... FAILED
[INFO] [stdout] test src/lib.rs - (line 42) ... FAILED
[INFO] [stdout] test src/lib.rs - (line 67) ... FAILED
[INFO] [stdout] test src/lib.rs - (line 165) ... FAILED
[INFO] [stdout] test src/lib.rs - (line 15) ... FAILED
[INFO] [stdout] 
[INFO] [stdout] failures:
[INFO] [stdout] 
[INFO] [stdout] ---- src/lib.rs - (line 147) stdout ----
[INFO] [stdout] error: unknown start of token: \
[INFO] [stdout]   --> src/lib.rs:155:49
[INFO] [stdout]    |
[INFO] [stdout] 10 |     CustomLog "${SRVROOT}/logs/ssl_request.log" \
[INFO] [stdout]    |                                                 ^
[INFO] [stdout] 
[INFO] [stdout] error: expected one of `!`, `(`, `+`, `::`, `<`, `>`, or `as`, found `_default_`
[INFO] [stdout]  --> src/lib.rs:148:14
[INFO] [stdout]   |
[INFO] [stdout] 3 | <VirtualHost _default_:443>
[INFO] [stdout]   |              ^^^^^^^^^ expected one of 7 possible tokens
[INFO] [stdout] 
[INFO] [stdout] error: aborting due to 2 previous errors
[INFO] [stdout] 
[INFO] [stdout] Couldn't compile the test.
[INFO] [stdout] ---- src/lib.rs - (line 42) stdout ----
[INFO] [stdout] error: unknown start of token: \
[INFO] [stdout]   --> src/lib.rs:54:18
[INFO] [stdout]    |
[INFO] [stdout] 14 | if ($host ~* ^www\.(.*)$) {
[INFO] [stdout]    |                  ^
[INFO] [stdout] 
[INFO] [stdout] error: expected one of `,`, `:`, or `}`, found `{`
[INFO] [stdout]  --> src/lib.rs:44:12
[INFO] [stdout]   |
[INFO] [stdout] 3 | http {
[INFO] [stdout]   | ---- while parsing this struct
[INFO] [stdout] 4 |     server {
[INFO] [stdout]   |     -      ^ expected one of `,`, `:`, or `}`
[INFO] [stdout]   |     |
[INFO] [stdout]   |     help: try naming a field: `server:`
[INFO] [stdout] 
[INFO] [stdout] error[E0422]: cannot find struct, variant or union type `http` in this scope
[INFO] [stdout]  --> src/lib.rs:43:1
[INFO] [stdout]   |
[INFO] [stdout] 3 | http {
[INFO] [stdout]   | ^^^^ not found in this scope
[INFO] [stdout] 
[INFO] [stdout] error: aborting due to 3 previous errors
[INFO] [stdout] 
[INFO] [stdout] For more information about this error, try `rustc --explain E0422`.
[INFO] [stdout] Couldn't compile the test.
[INFO] [stdout] ---- src/lib.rs - (line 67) stdout ----
[INFO] [stdout] error[E0422]: cannot find struct, variant or union type `Directive` in this scope
[INFO] [stdout]  --> src/lib.rs:68:1
[INFO] [stdout]   |
[INFO] [stdout] 3 | Directive {
[INFO] [stdout]   | ^^^^^^^^^ not found in this scope
[INFO] [stdout]   |
[INFO] [stdout] help: consider importing this struct
[INFO] [stdout]   |
[INFO] [stdout] 2 + use misc_conf::ast::Directive;
[INFO] [stdout]   |
[INFO] [stdout] 
[INFO] [stdout] error[E0422]: cannot find struct, variant or union type `Directive` in this scope
[INFO] [stdout]  --> src/lib.rs:72:9
[INFO] [stdout]   |
[INFO] [stdout] 7 |         Directive {
[INFO] [stdout]   |         ^^^^^^^^^ not found in this scope
[INFO] [stdout]   |
[INFO] [stdout] help: consider importing this struct
[INFO] [stdout]   |
[INFO] [stdout] 2 + use misc_conf::ast::Directive;
[INFO] [stdout]   |
[INFO] [stdout] 
[INFO] [stdout] error[E0422]: cannot find struct, variant or union type `Directive` in this scope
[INFO] [stdout]   --> src/lib.rs:76:17
[INFO] [stdout]    |
[INFO] [stdout] 11 |                 Directive {
[INFO] [stdout]    |                 ^^^^^^^^^ not found in this scope
[INFO] [stdout]    |
[INFO] [stdout] help: consider importing this struct
[INFO] [stdout]    |
[INFO] [stdout] 2  + use misc_conf::ast::Directive;
[INFO] [stdout]    |
[INFO] [stdout] 
[INFO] [stdout] error[E0422]: cannot find struct, variant or union type `Directive` in this scope
[INFO] [stdout]   --> src/lib.rs:84:17
[INFO] [stdout]    |
[INFO] [stdout] 19 |                 Directive {
[INFO] [stdout]    |                 ^^^^^^^^^ not found in this scope
[INFO] [stdout]    |
[INFO] [stdout] help: consider importing this struct
[INFO] [stdout]    |
[INFO] [stdout] 2  + use misc_conf::ast::Directive;
[INFO] [stdout]    |
[INFO] [stdout] 
[INFO] [stdout] error[E0422]: cannot find struct, variant or union type `Directive` in this scope
[INFO] [stdout]   --> src/lib.rs:91:17
[INFO] [stdout]    |
[INFO] [stdout] 26 |                 Directive {
[INFO] [stdout]    |                 ^^^^^^^^^ not found in this scope
[INFO] [stdout]    |
[INFO] [stdout] help: consider importing this struct
[INFO] [stdout]    |
[INFO] [stdout] 2  + use misc_conf::ast::Directive;
[INFO] [stdout]    |
[INFO] [stdout] 
[INFO] [stdout] error[E0422]: cannot find struct, variant or union type `Directive` in this scope
[INFO] [stdout]   --> src/lib.rs:98:17
[INFO] [stdout]    |
[INFO] [stdout] 33 |                 Directive {
[INFO] [stdout]    |                 ^^^^^^^^^ not found in this scope
[INFO] [stdout]    |
[INFO] [stdout] help: consider importing this struct
[INFO] [stdout]    |
[INFO] [stdout] 2  + use misc_conf::ast::Directive;
[INFO] [stdout]    |
[INFO] [stdout] 
[INFO] [stdout] error[E0422]: cannot find struct, variant or union type `Directive` in this scope
[INFO] [stdout]   --> src/lib.rs:105:17
[INFO] [stdout]    |
[INFO] [stdout] 40 |                 Directive {
[INFO] [stdout]    |                 ^^^^^^^^^ not found in this scope
[INFO] [stdout]    |
[INFO] [stdout] help: consider importing this struct
[INFO] [stdout]    |
[INFO] [stdout] 2  + use misc_conf::ast::Directive;
[INFO] [stdout]    |
[INFO] [stdout] 
[INFO] [stdout] error[E0422]: cannot find struct, variant or union type `Directive` in this scope
[INFO] [stdout]   --> src/lib.rs:112:17
[INFO] [stdout]    |
[INFO] [stdout] 47 |                 Directive {
[INFO] [stdout]    |                 ^^^^^^^^^ not found in this scope
[INFO] [stdout]    |
[INFO] [stdout] help: consider importing this struct
[INFO] [stdout]    |
[INFO] [stdout] 2  + use misc_conf::ast::Directive;
[INFO] [stdout]    |
[INFO] [stdout] 
[INFO] [stdout] error[E0422]: cannot find struct, variant or union type `Directive` in this scope
[INFO] [stdout]   --> src/lib.rs:119:17
[INFO] [stdout]    |
[INFO] [stdout] 54 |                 Directive {
[INFO] [stdout]    |                 ^^^^^^^^^ not found in this scope
[INFO] [stdout]    |
[INFO] [stdout] help: consider importing this struct
[INFO] [stdout]    |
[INFO] [stdout] 2  + use misc_conf::ast::Directive;
[INFO] [stdout]    |
[INFO] [stdout] 
[INFO] [stdout] error[E0422]: cannot find struct, variant or union type `Directive` in this scope
[INFO] [stdout]   --> src/lib.rs:125:25
[INFO] [stdout]    |
[INFO] [stdout] 60 |                         Directive {
[INFO] [stdout]    |                         ^^^^^^^^^ not found in this scope
[INFO] [stdout]    |
[INFO] [stdout] help: consider importing this struct
[INFO] [stdout]    |
[INFO] [stdout] 2  + use misc_conf::ast::Directive;
[INFO] [stdout]    |
[INFO] [stdout] 
[INFO] [stdout] error[E0422]: cannot find struct, variant or union type `Directive` in this scope
[INFO] [stdout]   --> src/lib.rs:131:25
[INFO] [stdout]    |
[INFO] [stdout] 66 |                         Directive {
[INFO] [stdout]    |                         ^^^^^^^^^ not found in this scope
[INFO] [stdout]    |
[INFO] [stdout] help: consider importing this struct
[INFO] [stdout]    |
[INFO] [stdout] 2  + use misc_conf::ast::Directive;
[INFO] [stdout]    |
[INFO] [stdout] 
[INFO] [stdout] error: aborting due to 11 previous errors
[INFO] [stdout] 
[INFO] [stdout] For more information about this error, try `rustc --explain E0422`.
[INFO] [stdout] Couldn't compile the test.
[INFO] [stdout] ---- src/lib.rs - (line 165) stdout ----
[INFO] [stdout] error[E0422]: cannot find struct, variant or union type `Directive` in this scope
[INFO] [stdout]  --> src/lib.rs:166:1
[INFO] [stdout]   |
[INFO] [stdout] 3 | Directive {
[INFO] [stdout]   | ^^^^^^^^^ not found in this scope
[INFO] [stdout]   |
[INFO] [stdout] help: consider importing this struct
[INFO] [stdout]   |
[INFO] [stdout] 2 + use misc_conf::ast::Directive;
[INFO] [stdout]   |
[INFO] [stdout] 
[INFO] [stdout] error[E0422]: cannot find struct, variant or union type `Directive` in this scope
[INFO] [stdout]  --> src/lib.rs:172:9
[INFO] [stdout]   |
[INFO] [stdout] 9 |         Directive {
[INFO] [stdout]   |         ^^^^^^^^^ not found in this scope
[INFO] [stdout]   |
[INFO] [stdout] help: consider importing this struct
[INFO] [stdout]   |
[INFO] [stdout] 2 + use misc_conf::ast::Directive;
[INFO] [stdout]   |
[INFO] [stdout] 
[INFO] [stdout] error[E0422]: cannot find struct, variant or union type `Directive` in this scope
[INFO] [stdout]   --> src/lib.rs:178:9
[INFO] [stdout]    |
[INFO] [stdout] 15 |         Directive {
[INFO] [stdout]    |         ^^^^^^^^^ not found in this scope
[INFO] [stdout]    |
[INFO] [stdout] help: consider importing this struct
[INFO] [stdout]    |
[INFO] [stdout] 2  + use misc_conf::ast::Directive;
[INFO] [stdout]    |
[INFO] [stdout] 
[INFO] [stdout] error[E0422]: cannot find struct, variant or union type `Directive` in this scope
[INFO] [stdout]   --> src/lib.rs:184:9
[INFO] [stdout]    |
[INFO] [stdout] 21 |         Directive {
[INFO] [stdout]    |         ^^^^^^^^^ not found in this scope
[INFO] [stdout]    |
[INFO] [stdout] help: consider importing this struct
[INFO] [stdout]    |
[INFO] [stdout] 2  + use misc_conf::ast::Directive;
[INFO] [stdout]    |
[INFO] [stdout] 
[INFO] [stdout] error[E0422]: cannot find struct, variant or union type `Directive` in this scope
[INFO] [stdout]   --> src/lib.rs:190:9
[INFO] [stdout]    |
[INFO] [stdout] 27 |         Directive {
[INFO] [stdout]    |         ^^^^^^^^^ not found in this scope
[INFO] [stdout]    |
[INFO] [stdout] help: consider importing this struct
[INFO] [stdout]    |
[INFO] [stdout] 2  + use misc_conf::ast::Directive;
[INFO] [stdout]    |
[INFO] [stdout] 
[INFO] [stdout] error[E0422]: cannot find struct, variant or union type `Directive` in this scope
[INFO] [stdout]   --> src/lib.rs:196:9
[INFO] [stdout]    |
[INFO] [stdout] 33 |         Directive {
[INFO] [stdout]    |         ^^^^^^^^^ not found in this scope
[INFO] [stdout]    |
[INFO] [stdout] help: consider importing this struct
[INFO] [stdout]    |
[INFO] [stdout] 2  + use misc_conf::ast::Directive;
[INFO] [stdout]    |
[INFO] [stdout] 
[INFO] [stdout] error[E0422]: cannot find struct, variant or union type `Directive` in this scope
[INFO] [stdout]   --> src/lib.rs:202:9
[INFO] [stdout]    |
[INFO] [stdout] 39 |         Directive {
[INFO] [stdout]    |         ^^^^^^^^^ not found in this scope
[INFO] [stdout]    |
[INFO] [stdout] help: consider importing this struct
[INFO] [stdout]    |
[INFO] [stdout] 2  + use misc_conf::ast::Directive;
[INFO] [stdout]    |
[INFO] [stdout] 
[INFO] [stdout] error[E0422]: cannot find struct, variant or union type `Directive` in this scope
[INFO] [stdout]   --> src/lib.rs:210:9
[INFO] [stdout]    |
[INFO] [stdout] 47 |         Directive {
[INFO] [stdout]    |         ^^^^^^^^^ not found in this scope
[INFO] [stdout]    |
[INFO] [stdout] help: consider importing this struct
[INFO] [stdout]    |
[INFO] [stdout] 2  + use misc_conf::ast::Directive;
[INFO] [stdout]    |
[INFO] [stdout] 
[INFO] [stdout] error[E0422]: cannot find struct, variant or union type `Directive` in this scope
[INFO] [stdout]   --> src/lib.rs:216:17
[INFO] [stdout]    |
[INFO] [stdout] 53 |                 Directive {
[INFO] [stdout]    |                 ^^^^^^^^^ not found in this scope
[INFO] [stdout]    |
[INFO] [stdout] help: consider importing this struct
[INFO] [stdout]    |
[INFO] [stdout] 2  + use misc_conf::ast::Directive;
[INFO] [stdout]    |
[INFO] [stdout] 
[INFO] [stdout] error[E0422]: cannot find struct, variant or union type `Directive` in this scope
[INFO] [stdout]   --> src/lib.rs:224:17
[INFO] [stdout]    |
[INFO] [stdout] 61 |                 Directive {
[INFO] [stdout]    |                 ^^^^^^^^^ not found in this scope
[INFO] [stdout]    |
[INFO] [stdout] help: consider importing this struct
[INFO] [stdout]    |
[INFO] [stdout] 2  + use misc_conf::ast::Directive;
[INFO] [stdout]    |
[INFO] [stdout] 
[INFO] [stdout] error[E0422]: cannot find struct, variant or union type `Directive` in this scope
[INFO] [stdout]   --> src/lib.rs:232:17
[INFO] [stdout]    |
[INFO] [stdout] 69 |                 Directive {
[INFO] [stdout]    |                 ^^^^^^^^^ not found in this scope
[INFO] [stdout]    |
[INFO] [stdout] help: consider importing this struct
[INFO] [stdout]    |
[INFO] [stdout] 2  + use misc_conf::ast::Directive;
[INFO] [stdout]    |
[INFO] [stdout] 
[INFO] [stdout] error: aborting due to 11 previous errors
[INFO] [stdout] 
[INFO] [stdout] For more information about this error, try `rustc --explain E0422`.
[INFO] [stdout] Couldn't compile the test.
[INFO] [stdout] ---- src/lib.rs - (line 15) stdout ----
[INFO] [stdout] Test executable failed (exit status: 101).
[INFO] [stdout] 
[INFO] [stdout] stderr:
[INFO] [stdout] thread 'main' panicked at 'index out of bounds: the len is 1 but the index is 1', src/lib.rs:9:13
[INFO] [stdout] stack backtrace:
[INFO] [stdout]    0:     0x5636d58ec84a - std::backtrace_rs::backtrace::libunwind::trace::h2f05d0192276a8f6
[INFO] [stdout]                                at /rustc/1b7dd2252b99671ce5d1cb9664c5f8636329436d/library/std/src/../../backtrace/src/backtrace/libunwind.rs:93:5
[INFO] [stdout]    1:     0x5636d58ec84a - std::backtrace_rs::backtrace::trace_unsynchronized::hedc23dff7a1af150
[INFO] [stdout]                                at /rustc/1b7dd2252b99671ce5d1cb9664c5f8636329436d/library/std/src/../../backtrace/src/backtrace/mod.rs:66:5
[INFO] [stdout]    2:     0x5636d58ec84a - std::sys_common::backtrace::_print_fmt::h17541ef7592f3ce2
[INFO] [stdout]                                at /rustc/1b7dd2252b99671ce5d1cb9664c5f8636329436d/library/std/src/sys_common/backtrace.rs:65:5
[INFO] [stdout]    3:     0x5636d58ec84a - <std::sys_common::backtrace::_print::DisplayBacktrace as core::fmt::Display>::fmt::h20f75df5ab0c0792
[INFO] [stdout]                                at /rustc/1b7dd2252b99671ce5d1cb9664c5f8636329436d/library/std/src/sys_common/backtrace.rs:44:22
[INFO] [stdout]    4:     0x5636d59076cf - core::fmt::write::h78109e6f466b3af6
[INFO] [stdout]                                at /rustc/1b7dd2252b99671ce5d1cb9664c5f8636329436d/library/core/src/fmt/mod.rs:1254:17
[INFO] [stdout]    5:     0x5636d58ea4f5 - std::io::Write::write_fmt::hc59e1b02dd273c8a
[INFO] [stdout]                                at /rustc/1b7dd2252b99671ce5d1cb9664c5f8636329436d/library/std/src/io/mod.rs:1698:15
[INFO] [stdout]    6:     0x5636d58ec615 - std::sys_common::backtrace::_print::h8dac57a9f8fbf9a5
[INFO] [stdout]                                at /rustc/1b7dd2252b99671ce5d1cb9664c5f8636329436d/library/std/src/sys_common/backtrace.rs:47:5
[INFO] [stdout]    7:     0x5636d58ec615 - std::sys_common::backtrace::print::hf9ecbf41d1aa712f
[INFO] [stdout]                                at /rustc/1b7dd2252b99671ce5d1cb9664c5f8636329436d/library/std/src/sys_common/backtrace.rs:34:9
[INFO] [stdout]    8:     0x5636d58edb9e - std::panicking::default_hook::{{closure}}::h04c07acfc84ca028
[INFO] [stdout]                                at /rustc/1b7dd2252b99671ce5d1cb9664c5f8636329436d/library/std/src/panicking.rs:269:22
[INFO] [stdout]    9:     0x5636d58ed945 - std::panicking::default_hook::h01f6bb23e1eceb2c
[INFO] [stdout]                                at /rustc/1b7dd2252b99671ce5d1cb9664c5f8636329436d/library/std/src/panicking.rs:288:9
[INFO] [stdout]   10:     0x5636d58ee0fe - std::panicking::rust_panic_with_hook::h2bb3722bbaf2f6df
[INFO] [stdout]                                at /rustc/1b7dd2252b99671ce5d1cb9664c5f8636329436d/library/std/src/panicking.rs:691:13
[INFO] [stdout]   11:     0x5636d58edff9 - std::panicking::begin_panic_handler::{{closure}}::h91bc7f36a4be011b
[INFO] [stdout]                                at /rustc/1b7dd2252b99671ce5d1cb9664c5f8636329436d/library/std/src/panicking.rs:582:13
[INFO] [stdout]   12:     0x5636d58eccb6 - std::sys_common::backtrace::__rust_end_short_backtrace::h8b3d3717114f9e59
[INFO] [stdout]                                at /rustc/1b7dd2252b99671ce5d1cb9664c5f8636329436d/library/std/src/sys_common/backtrace.rs:150:18
[INFO] [stdout]   13:     0x5636d58edd52 - rust_begin_unwind
[INFO] [stdout]                                at /rustc/1b7dd2252b99671ce5d1cb9664c5f8636329436d/library/std/src/panicking.rs:578:5
[INFO] [stdout]   14:     0x5636d5883753 - core::panicking::panic_fmt::hfd368e3fbdabea26
[INFO] [stdout]                                at /rustc/1b7dd2252b99671ce5d1cb9664c5f8636329436d/library/core/src/panicking.rs:67:14
[INFO] [stdout]   15:     0x5636d58838c2 - core::panicking::panic_bounds_check::h21bad263cb3402ae
[INFO] [stdout]                                at /rustc/1b7dd2252b99671ce5d1cb9664c5f8636329436d/library/core/src/panicking.rs:162:5
[INFO] [stdout]   16:     0x5636d58b2d5e - <usize as core::slice::index::SliceIndex<[T]>>::index::h932aab4c6c7f9661
[INFO] [stdout]                                at /rustc/1b7dd2252b99671ce5d1cb9664c5f8636329436d/library/core/src/slice/index.rs:261:10
[INFO] [stdout]   17:     0x5636d58ae438 - core::slice::index::<impl core::ops::index::Index<I> for [T]>::index::he83958b55a5fc623
[INFO] [stdout]                                at /rustc/1b7dd2252b99671ce5d1cb9664c5f8636329436d/library/core/src/slice/index.rs:19:9
[INFO] [stdout]   18:     0x5636d58ae438 - <alloc::vec::Vec<T,A> as core::ops::index::Index<I>>::index::hf0aecb80a783b9da
[INFO] [stdout]                                at /rustc/1b7dd2252b99671ce5d1cb9664c5f8636329436d/library/alloc/src/vec/mod.rs:2691:9
[INFO] [stdout]   19:     0x5636d58856f4 - rust_out::main::h603b238e685544b8
[INFO] [stdout]   20:     0x5636d58847f3 - core::ops::function::FnOnce::call_once::h9576350df7644d0b
[INFO] [stdout]   21:     0x5636d5884236 - std::sys_common::backtrace::__rust_begin_short_backtrace::h5fab22fe8285d7e8
[INFO] [stdout]   22:     0x5636d5884309 - std::rt::lang_start::{{closure}}::h98e38694e4640438
[INFO] [stdout]   23:     0x5636d58e717e - core::ops::function::impls::<impl core::ops::function::FnOnce<A> for &F>::call_once::h2eb19b8ce4148df4
[INFO] [stdout]                                at /rustc/1b7dd2252b99671ce5d1cb9664c5f8636329436d/library/core/src/ops/function.rs:287:13
[INFO] [stdout]   24:     0x5636d58e717e - std::panicking::try::do_call::h2e900feff5d504c5
[INFO] [stdout]                                at /rustc/1b7dd2252b99671ce5d1cb9664c5f8636329436d/library/std/src/panicking.rs:485:40
[INFO] [stdout]   25:     0x5636d58e717e - std::panicking::try::h8854836cb85aa9f2
[INFO] [stdout]                                at /rustc/1b7dd2252b99671ce5d1cb9664c5f8636329436d/library/std/src/panicking.rs:449:19
[INFO] [stdout]   26:     0x5636d58e717e - std::panic::catch_unwind::h706025dd4c48f64b
[INFO] [stdout]                                at /rustc/1b7dd2252b99671ce5d1cb9664c5f8636329436d/library/std/src/panic.rs:140:14
[INFO] [stdout]   27:     0x5636d58e717e - std::rt::lang_start_internal::{{closure}}::h7be5b97f4a07a91a
[INFO] [stdout]                                at /rustc/1b7dd2252b99671ce5d1cb9664c5f8636329436d/library/std/src/rt.rs:148:48
[INFO] [stdout]   28:     0x5636d58e717e - std::panicking::try::do_call::h59847e9d0a176965
[INFO] [stdout]                                at /rustc/1b7dd2252b99671ce5d1cb9664c5f8636329436d/library/std/src/panicking.rs:485:40
[INFO] [stdout]   29:     0x5636d58e717e - std::panicking::try::h399a918ba8522823
[INFO] [stdout]                                at /rustc/1b7dd2252b99671ce5d1cb9664c5f8636329436d/library/std/src/panicking.rs:449:19
[INFO] [stdout]   30:     0x5636d58e717e - std::panic::catch_unwind::hca7ca6c55b2a2e26
[INFO] [stdout]                                at /rustc/1b7dd2252b99671ce5d1cb9664c5f8636329436d/library/std/src/panic.rs:140:14
[INFO] [stdout]   31:     0x5636d58e717e - std::rt::lang_start_internal::h2c807a81560459eb
[INFO] [stdout]                                at /rustc/1b7dd2252b99671ce5d1cb9664c5f8636329436d/library/std/src/rt.rs:148:20
[INFO] [stdout]   32:     0x5636d58842e7 - std::rt::lang_start::h683c9f6d8c032e87
[INFO] [stdout]   33:     0x5636d5885eb5 - main
[INFO] [stdout]   34:     0x7f3ee9a56d90 - <unknown>
[INFO] [stdout]   35:     0x7f3ee9a56e40 - __libc_start_main
[INFO] [stdout]   36:     0x5636d5883d75 - _start
[INFO] [stdout]   37:                0x0 - <unknown>
[INFO] [stdout] 
[INFO] [stdout] 
[INFO] [stdout] 
[INFO] [stdout] failures:
[INFO] [stdout]     src/lib.rs - (line 147)
[INFO] [stdout]     src/lib.rs - (line 15)
[INFO] [stdout]     src/lib.rs - (line 165)
[INFO] [stdout]     src/lib.rs - (line 42)
[INFO] [stdout]     src/lib.rs - (line 67)
[INFO] [stdout] 
[INFO] [stdout] test result: FAILED. 0 passed; 5 failed; 0 ignored; 0 measured; 0 filtered out; finished in 0.48s
[INFO] [stdout] 
[INFO] [stderr] error: doctest failed, to rerun pass `--doc`
[INFO] running `Command { std: "docker" "inspect" "1a63992f59c0e9e40706770d2a3d02c262b4a11170d7955843074673af06a545", kill_on_drop: false }`
[INFO] running `Command { std: "docker" "rm" "-f" "1a63992f59c0e9e40706770d2a3d02c262b4a11170d7955843074673af06a545", kill_on_drop: false }`
[INFO] [stdout] 1a63992f59c0e9e40706770d2a3d02c262b4a11170d7955843074673af06a545
