[INFO] fetching crate mipsasm-rsp 1.2.0...
[INFO] testing mipsasm-rsp-1.2.0 against 1.69.0 for beta-1.70-1
[INFO] extracting crate mipsasm-rsp 1.2.0 into /workspace/builds/worker-3-tc1/source
[INFO] validating manifest of crates.io crate mipsasm-rsp 1.2.0 on toolchain 1.69.0
[INFO] running `Command { std: CARGO_HOME="/workspace/cargo-home" RUSTUP_HOME="/workspace/rustup-home" "/workspace/cargo-home/bin/cargo" "+1.69.0" "metadata" "--manifest-path" "Cargo.toml" "--no-deps", kill_on_drop: false }`
[INFO] started tweaking crates.io crate mipsasm-rsp 1.2.0
[INFO] finished tweaking crates.io crate mipsasm-rsp 1.2.0
[INFO] tweaked toml for crates.io crate mipsasm-rsp 1.2.0 written to /workspace/builds/worker-3-tc1/source/Cargo.toml
[INFO] running `Command { std: CARGO_HOME="/workspace/cargo-home" RUSTUP_HOME="/workspace/rustup-home" __CARGO_TEST_CHANNEL_OVERRIDE_DO_NOT_USE_THIS="nightly" "/workspace/cargo-home/bin/cargo" "+1.69.0" "generate-lockfile" "--manifest-path" "Cargo.toml" "-Zno-index-update", kill_on_drop: false }`
[INFO] [stderr]     Blocking waiting for file lock on package cache
[INFO] running `Command { std: CARGO_HOME="/workspace/cargo-home" RUSTUP_HOME="/workspace/rustup-home" "/workspace/cargo-home/bin/cargo" "+1.69.0" "fetch" "--manifest-path" "Cargo.toml", kill_on_drop: false }`
[INFO] running `Command { std: "docker" "create" "-v" "/var/lib/crater-agent-workspace/builds/worker-3-tc1/target:/opt/rustwide/target:rw,Z" "-v" "/var/lib/crater-agent-workspace/builds/worker-3-tc1/source:/opt/rustwide/workdir:ro,Z" "-v" "/var/lib/crater-agent-workspace/cargo-home:/opt/rustwide/cargo-home:ro,Z" "-v" "/var/lib/crater-agent-workspace/rustup-home:/opt/rustwide/rustup-home:ro,Z" "-e" "SOURCE_DIR=/opt/rustwide/workdir" "-e" "CARGO_TARGET_DIR=/opt/rustwide/target" "-e" "CARGO_HOME=/opt/rustwide/cargo-home" "-e" "RUSTUP_HOME=/opt/rustwide/rustup-home" "-w" "/opt/rustwide/workdir" "-m" "1610612736" "--user" "0:0" "--network" "none" "ghcr.io/rust-lang/crates-build-env/linux@sha256:5ff2268d62e97bff2cde7d5815dd6ed5b47097566f13b8d0ca110b04b60e07ed" "/opt/rustwide/cargo-home/bin/cargo" "+1.69.0" "metadata" "--no-deps" "--format-version=1", kill_on_drop: false }`
[INFO] [stdout] eeae73d86ab89f858422082814adbe95e616b8dbf89b05ed4ffdfe6e6a903deb
[INFO] running `Command { std: "docker" "start" "-a" "eeae73d86ab89f858422082814adbe95e616b8dbf89b05ed4ffdfe6e6a903deb", kill_on_drop: false }`
[INFO] running `Command { std: "docker" "inspect" "eeae73d86ab89f858422082814adbe95e616b8dbf89b05ed4ffdfe6e6a903deb", kill_on_drop: false }`
[INFO] running `Command { std: "docker" "rm" "-f" "eeae73d86ab89f858422082814adbe95e616b8dbf89b05ed4ffdfe6e6a903deb", kill_on_drop: false }`
[INFO] [stdout] eeae73d86ab89f858422082814adbe95e616b8dbf89b05ed4ffdfe6e6a903deb
[INFO] running `Command { std: "docker" "create" "-v" "/var/lib/crater-agent-workspace/builds/worker-3-tc1/target:/opt/rustwide/target:rw,Z" "-v" "/var/lib/crater-agent-workspace/builds/worker-3-tc1/source:/opt/rustwide/workdir:ro,Z" "-v" "/var/lib/crater-agent-workspace/cargo-home:/opt/rustwide/cargo-home:ro,Z" "-v" "/var/lib/crater-agent-workspace/rustup-home:/opt/rustwide/rustup-home:ro,Z" "-e" "SOURCE_DIR=/opt/rustwide/workdir" "-e" "CARGO_TARGET_DIR=/opt/rustwide/target" "-e" "CARGO_INCREMENTAL=0" "-e" "RUST_BACKTRACE=full" "-e" "RUSTFLAGS=--cap-lints=warn" "-e" "RUSTDOCFLAGS=--cap-lints=warn" "-e" "CARGO_HOME=/opt/rustwide/cargo-home" "-e" "RUSTUP_HOME=/opt/rustwide/rustup-home" "-w" "/opt/rustwide/workdir" "-m" "1610612736" "--user" "0:0" "--network" "none" "ghcr.io/rust-lang/crates-build-env/linux@sha256:5ff2268d62e97bff2cde7d5815dd6ed5b47097566f13b8d0ca110b04b60e07ed" "/opt/rustwide/cargo-home/bin/cargo" "+1.69.0" "build" "--frozen" "--message-format=json", kill_on_drop: false }`
[INFO] [stdout] 8b130880887411db16528c326ac008cf9420817d4c35fb47bcf499a9bc2f0843
[INFO] running `Command { std: "docker" "start" "-a" "8b130880887411db16528c326ac008cf9420817d4c35fb47bcf499a9bc2f0843", kill_on_drop: false }`
[INFO] [stderr]     Blocking waiting for file lock on package cache
[INFO] [stderr]    Compiling num-traits v0.2.15
[INFO] [stderr]    Compiling num-integer v0.1.45
[INFO] [stderr]    Compiling num-iter v0.1.43
[INFO] [stderr]    Compiling num-rational v0.4.1
[INFO] [stderr]    Compiling rustversion v1.0.12
[INFO] [stderr]    Compiling syn v1.0.109
[INFO] [stderr]    Compiling heck v0.4.1
[INFO] [stderr]    Compiling strum v0.24.1
[INFO] [stderr]    Compiling num-complex v0.4.3
[INFO] [stderr]    Compiling num v0.4.0
[INFO] [stderr]    Compiling strum_macros v0.24.3
[INFO] [stderr]    Compiling mipsasm-rsp v1.2.0 (/opt/rustwide/workdir)
[INFO] [stderr]     Finished dev [unoptimized + debuginfo] target(s) in 6.69s
[INFO] running `Command { std: "docker" "inspect" "8b130880887411db16528c326ac008cf9420817d4c35fb47bcf499a9bc2f0843", kill_on_drop: false }`
[INFO] running `Command { std: "docker" "rm" "-f" "8b130880887411db16528c326ac008cf9420817d4c35fb47bcf499a9bc2f0843", kill_on_drop: false }`
[INFO] [stdout] 8b130880887411db16528c326ac008cf9420817d4c35fb47bcf499a9bc2f0843
[INFO] running `Command { std: "docker" "create" "-v" "/var/lib/crater-agent-workspace/builds/worker-3-tc1/target:/opt/rustwide/target:rw,Z" "-v" "/var/lib/crater-agent-workspace/builds/worker-3-tc1/source:/opt/rustwide/workdir:ro,Z" "-v" "/var/lib/crater-agent-workspace/cargo-home:/opt/rustwide/cargo-home:ro,Z" "-v" "/var/lib/crater-agent-workspace/rustup-home:/opt/rustwide/rustup-home:ro,Z" "-e" "SOURCE_DIR=/opt/rustwide/workdir" "-e" "CARGO_TARGET_DIR=/opt/rustwide/target" "-e" "CARGO_INCREMENTAL=0" "-e" "RUST_BACKTRACE=full" "-e" "RUSTFLAGS=--cap-lints=warn" "-e" "RUSTDOCFLAGS=--cap-lints=warn" "-e" "CARGO_HOME=/opt/rustwide/cargo-home" "-e" "RUSTUP_HOME=/opt/rustwide/rustup-home" "-w" "/opt/rustwide/workdir" "-m" "1610612736" "--user" "0:0" "--network" "none" "ghcr.io/rust-lang/crates-build-env/linux@sha256:5ff2268d62e97bff2cde7d5815dd6ed5b47097566f13b8d0ca110b04b60e07ed" "/opt/rustwide/cargo-home/bin/cargo" "+1.69.0" "test" "--frozen" "--no-run" "--message-format=json", kill_on_drop: false }`
[INFO] [stdout] e128a01c129798f4160e44d05fa8c9df6f039d69f9f239ce4d8780c1da780ebd
[INFO] running `Command { std: "docker" "start" "-a" "e128a01c129798f4160e44d05fa8c9df6f039d69f9f239ce4d8780c1da780ebd", kill_on_drop: false }`
[INFO] [stderr]     Blocking waiting for file lock on package cache
[INFO] [stderr]    Compiling mipsasm-rsp v1.2.0 (/opt/rustwide/workdir)
[INFO] [stderr]     Finished test [unoptimized + debuginfo] target(s) in 1.13s
[INFO] running `Command { std: "docker" "inspect" "e128a01c129798f4160e44d05fa8c9df6f039d69f9f239ce4d8780c1da780ebd", kill_on_drop: false }`
[INFO] running `Command { std: "docker" "rm" "-f" "e128a01c129798f4160e44d05fa8c9df6f039d69f9f239ce4d8780c1da780ebd", kill_on_drop: false }`
[INFO] [stdout] e128a01c129798f4160e44d05fa8c9df6f039d69f9f239ce4d8780c1da780ebd
[INFO] running `Command { std: "docker" "create" "-v" "/var/lib/crater-agent-workspace/builds/worker-3-tc1/target:/opt/rustwide/target:rw,Z" "-v" "/var/lib/crater-agent-workspace/builds/worker-3-tc1/source:/opt/rustwide/workdir:ro,Z" "-v" "/var/lib/crater-agent-workspace/cargo-home:/opt/rustwide/cargo-home:ro,Z" "-v" "/var/lib/crater-agent-workspace/rustup-home:/opt/rustwide/rustup-home:ro,Z" "-e" "SOURCE_DIR=/opt/rustwide/workdir" "-e" "CARGO_TARGET_DIR=/opt/rustwide/target" "-e" "CARGO_INCREMENTAL=0" "-e" "RUST_BACKTRACE=full" "-e" "RUSTFLAGS=--cap-lints=warn" "-e" "RUSTDOCFLAGS=--cap-lints=warn" "-e" "CARGO_HOME=/opt/rustwide/cargo-home" "-e" "RUSTUP_HOME=/opt/rustwide/rustup-home" "-w" "/opt/rustwide/workdir" "-m" "1610612736" "--user" "0:0" "--network" "none" "ghcr.io/rust-lang/crates-build-env/linux@sha256:5ff2268d62e97bff2cde7d5815dd6ed5b47097566f13b8d0ca110b04b60e07ed" "/opt/rustwide/cargo-home/bin/cargo" "+1.69.0" "test" "--frozen", kill_on_drop: false }`
[INFO] [stdout] 0e8bd84881a33684e0438b265b9a5ff4441a2d33e8a05a8d7511c44d2f41a1f8
[INFO] running `Command { std: "docker" "start" "-a" "0e8bd84881a33684e0438b265b9a5ff4441a2d33e8a05a8d7511c44d2f41a1f8", kill_on_drop: false }`
[INFO] [stderr]     Finished test [unoptimized + debuginfo] target(s) in 0.05s
[INFO] [stderr]      Running unittests src/lib.rs (/opt/rustwide/target/debug/deps/mipsasm_rsp-6dfbd681c0b9559c)
[INFO] [stdout] 
[INFO] [stdout] running 0 tests
[INFO] [stdout] 
[INFO] [stdout] test result: ok. 0 passed; 0 failed; 0 ignored; 0 measured; 0 filtered out; finished in 0.00s
[INFO] [stdout] 
[INFO] [stderr]    Doc-tests mipsasm-rsp
[INFO] [stdout] 
[INFO] [stdout] running 2 tests
[INFO] [stdout] test src/lib.rs - Mipsasm<'a>::base (line 43) ... FAILED
[INFO] [stdout] test src/lib.rs - Mipsasm<'a>::disassemble (line 58) ... FAILED
[INFO] [stdout] 
[INFO] [stdout] failures:
[INFO] [stdout] 
[INFO] [stdout] ---- src/lib.rs - Mipsasm<'a>::base (line 43) stdout ----
[INFO] [stdout] error[E0432]: unresolved import `mipsasm`
[INFO] [stdout]  --> src/lib.rs:44:5
[INFO] [stdout]   |
[INFO] [stdout] 3 | use mipsasm::Mipsasm;
[INFO] [stdout]   |     ^^^^^^^ use of undeclared crate or module `mipsasm`
[INFO] [stdout] 
[INFO] [stdout] error: aborting due to previous error
[INFO] [stdout] 
[INFO] [stdout] For more information about this error, try `rustc --explain E0432`.
[INFO] [stdout] Couldn't compile the test.
[INFO] [stdout] ---- src/lib.rs - Mipsasm<'a>::disassemble (line 58) stdout ----
[INFO] [stdout] error[E0432]: unresolved import `mipsasm`
[INFO] [stdout]  --> src/lib.rs:59:5
[INFO] [stdout]   |
[INFO] [stdout] 3 | use mipsasm::Mipsasm;
[INFO] [stdout]   |     ^^^^^^^ use of undeclared crate or module `mipsasm`
[INFO] [stdout] 
[INFO] [stdout] error: aborting due to previous error
[INFO] [stdout] 
[INFO] [stdout] For more information about this error, try `rustc --explain E0432`.
[INFO] [stdout] Couldn't compile the test.
[INFO] [stdout] 
[INFO] [stdout] failures:
[INFO] [stdout]     src/lib.rs - Mipsasm<'a>::base (line 43)
[INFO] [stdout]     src/lib.rs - Mipsasm<'a>::disassemble (line 58)
[INFO] [stdout] 
[INFO] [stdout] test result: FAILED. 0 passed; 2 failed; 0 ignored; 0 measured; 0 filtered out; finished in 0.22s
[INFO] [stdout] 
[INFO] [stderr] error: doctest failed, to rerun pass `--doc`
[INFO] running `Command { std: "docker" "inspect" "0e8bd84881a33684e0438b265b9a5ff4441a2d33e8a05a8d7511c44d2f41a1f8", kill_on_drop: false }`
[INFO] running `Command { std: "docker" "rm" "-f" "0e8bd84881a33684e0438b265b9a5ff4441a2d33e8a05a8d7511c44d2f41a1f8", kill_on_drop: false }`
[INFO] [stdout] 0e8bd84881a33684e0438b265b9a5ff4441a2d33e8a05a8d7511c44d2f41a1f8
