[INFO] fetching crate minio-rsc 0.1.3...
[INFO] testing minio-rsc-0.1.3 against beta-2023-04-20 for beta-1.70-1
[INFO] extracting crate minio-rsc 0.1.3 into /workspace/builds/worker-5-tc2/source
[INFO] validating manifest of crates.io crate minio-rsc 0.1.3 on toolchain beta-2023-04-20
[INFO] running `Command { std: CARGO_HOME="/workspace/cargo-home" RUSTUP_HOME="/workspace/rustup-home" "/workspace/cargo-home/bin/cargo" "+beta-2023-04-20" "metadata" "--manifest-path" "Cargo.toml" "--no-deps", kill_on_drop: false }`
[INFO] started tweaking crates.io crate minio-rsc 0.1.3
[INFO] finished tweaking crates.io crate minio-rsc 0.1.3
[INFO] tweaked toml for crates.io crate minio-rsc 0.1.3 written to /workspace/builds/worker-5-tc2/source/Cargo.toml
[INFO] running `Command { std: CARGO_HOME="/workspace/cargo-home" RUSTUP_HOME="/workspace/rustup-home" __CARGO_TEST_CHANNEL_OVERRIDE_DO_NOT_USE_THIS="nightly" "/workspace/cargo-home/bin/cargo" "+beta-2023-04-20" "generate-lockfile" "--manifest-path" "Cargo.toml" "-Zno-index-update", kill_on_drop: false }`
[INFO] [stderr]     Blocking waiting for file lock on package cache
[INFO] running `Command { std: CARGO_HOME="/workspace/cargo-home" RUSTUP_HOME="/workspace/rustup-home" "/workspace/cargo-home/bin/cargo" "+beta-2023-04-20" "fetch" "--manifest-path" "Cargo.toml", kill_on_drop: false }`
[INFO] running `Command { std: "docker" "create" "-v" "/var/lib/crater-agent-workspace/builds/worker-5-tc2/target:/opt/rustwide/target:rw,Z" "-v" "/var/lib/crater-agent-workspace/builds/worker-5-tc2/source:/opt/rustwide/workdir:ro,Z" "-v" "/var/lib/crater-agent-workspace/cargo-home:/opt/rustwide/cargo-home:ro,Z" "-v" "/var/lib/crater-agent-workspace/rustup-home:/opt/rustwide/rustup-home:ro,Z" "-e" "SOURCE_DIR=/opt/rustwide/workdir" "-e" "CARGO_TARGET_DIR=/opt/rustwide/target" "-e" "CARGO_HOME=/opt/rustwide/cargo-home" "-e" "RUSTUP_HOME=/opt/rustwide/rustup-home" "-w" "/opt/rustwide/workdir" "-m" "1610612736" "--user" "0:0" "--network" "none" "ghcr.io/rust-lang/crates-build-env/linux@sha256:5ff2268d62e97bff2cde7d5815dd6ed5b47097566f13b8d0ca110b04b60e07ed" "/opt/rustwide/cargo-home/bin/cargo" "+beta-2023-04-20" "metadata" "--no-deps" "--format-version=1", kill_on_drop: false }`
[INFO] [stdout] 78265d582b1315742c81ad62511f54455c5af8a41e8f95b5e2aca89654e07d48
[INFO] running `Command { std: "docker" "start" "-a" "78265d582b1315742c81ad62511f54455c5af8a41e8f95b5e2aca89654e07d48", kill_on_drop: false }`
[INFO] running `Command { std: "docker" "inspect" "78265d582b1315742c81ad62511f54455c5af8a41e8f95b5e2aca89654e07d48", kill_on_drop: false }`
[INFO] running `Command { std: "docker" "rm" "-f" "78265d582b1315742c81ad62511f54455c5af8a41e8f95b5e2aca89654e07d48", kill_on_drop: false }`
[INFO] [stdout] 78265d582b1315742c81ad62511f54455c5af8a41e8f95b5e2aca89654e07d48
[INFO] running `Command { std: "docker" "create" "-v" "/var/lib/crater-agent-workspace/builds/worker-5-tc2/target:/opt/rustwide/target:rw,Z" "-v" "/var/lib/crater-agent-workspace/builds/worker-5-tc2/source:/opt/rustwide/workdir:ro,Z" "-v" "/var/lib/crater-agent-workspace/cargo-home:/opt/rustwide/cargo-home:ro,Z" "-v" "/var/lib/crater-agent-workspace/rustup-home:/opt/rustwide/rustup-home:ro,Z" "-e" "SOURCE_DIR=/opt/rustwide/workdir" "-e" "CARGO_TARGET_DIR=/opt/rustwide/target" "-e" "CARGO_INCREMENTAL=0" "-e" "RUST_BACKTRACE=full" "-e" "RUSTFLAGS=--cap-lints=warn" "-e" "RUSTDOCFLAGS=--cap-lints=warn" "-e" "CARGO_HOME=/opt/rustwide/cargo-home" "-e" "RUSTUP_HOME=/opt/rustwide/rustup-home" "-w" "/opt/rustwide/workdir" "-m" "1610612736" "--user" "0:0" "--network" "none" "ghcr.io/rust-lang/crates-build-env/linux@sha256:5ff2268d62e97bff2cde7d5815dd6ed5b47097566f13b8d0ca110b04b60e07ed" "/opt/rustwide/cargo-home/bin/cargo" "+beta-2023-04-20" "build" "--frozen" "--message-format=json", kill_on_drop: false }`
[INFO] [stdout] 7749abe537d118ccdf7a5ef03341092870a3fc99c819e32138928a68e432e1d3
[INFO] running `Command { std: "docker" "start" "-a" "7749abe537d118ccdf7a5ef03341092870a3fc99c819e32138928a68e432e1d3", kill_on_drop: false }`
[INFO] [stderr]    Compiling libc v0.2.142
[INFO] [stderr]    Compiling proc-macro2 v1.0.56
[INFO] [stderr]    Compiling quote v1.0.26
[INFO] [stderr]    Compiling unicode-ident v1.0.8
[INFO] [stderr]    Compiling cc v1.0.79
[INFO] [stderr]    Compiling log v0.4.17
[INFO] [stderr]    Compiling futures-core v0.3.28
[INFO] [stderr]    Compiling tokio v1.28.0
[INFO] [stderr]    Compiling slab v0.4.8
[INFO] [stderr]    Compiling futures-task v0.3.28
[INFO] [stderr]    Compiling futures-sink v0.3.28
[INFO] [stderr]    Compiling futures-channel v0.3.28
[INFO] [stderr]    Compiling pkg-config v0.3.26
[INFO] [stderr]    Compiling itoa v1.0.6
[INFO] [stderr]    Compiling futures-util v0.3.28
[INFO] [stderr]    Compiling futures-io v0.3.28
[INFO] [stderr]    Compiling spin v0.5.2
[INFO] [stderr]    Compiling untrusted v0.7.1
[INFO] [stderr]    Compiling indexmap v1.9.3
[INFO] [stderr]    Compiling syn v2.0.15
[INFO] [stderr]    Compiling parking_lot_core v0.9.7
[INFO] [stderr]    Compiling num_cpus v1.15.0
[INFO] [stderr]    Compiling mio v0.8.6
[INFO] [stderr]    Compiling socket2 v0.4.9
[INFO] [stderr]    Compiling signal-hook-registry v1.4.1
[INFO] [stderr]    Compiling serde_derive v1.0.160
[INFO] [stderr]    Compiling ring v0.16.20
[INFO] [stderr]    Compiling parking_lot v0.12.1
[INFO] [stderr]    Compiling openssl-sys v0.9.87
[INFO] [stderr]    Compiling http v0.2.9
[INFO] [stderr]    Compiling tracing v0.1.37
[INFO] [stderr]    Compiling serde v1.0.160
[INFO] [stderr]    Compiling openssl v0.10.52
[INFO] [stderr]    Compiling foreign-types-shared v0.1.1
[INFO] [stderr]    Compiling foreign-types v0.3.2
[INFO] [stderr]    Compiling rustls v0.20.8
[INFO] [stderr]    Compiling native-tls v0.2.11
[INFO] [stderr]    Compiling want v0.3.0
[INFO] [stderr]    Compiling openssl-probe v0.1.5
[INFO] [stderr]    Compiling http-body v0.4.5
[INFO] [stderr]    Compiling ryu v1.0.13
[INFO] [stderr]    Compiling unicode-bidi v0.3.13
[INFO] [stderr]    Compiling gcc v0.3.55
[INFO] [stderr]    Compiling time v0.1.45
[INFO] [stderr]    Compiling rand v0.4.6
[INFO] [stderr]    Compiling idna v0.3.0
[INFO] [stderr]    Compiling serde_json v1.0.96
[INFO] [stderr]    Compiling base64 v0.21.0
[INFO] [stderr]    Compiling rust-crypto v0.2.36
[INFO] [stderr]    Compiling rand v0.3.23
[INFO] [stderr]    Compiling rustls-pemfile v1.0.2
[INFO] [stderr]    Compiling url v2.3.1
[INFO] [stderr]    Compiling aho-corasick v1.0.1
[INFO] [stderr]    Compiling encoding_rs v0.8.32
[INFO] [stderr]    Compiling ipnet v2.7.2
[INFO] [stderr]    Compiling iana-time-zone v0.1.56
[INFO] [stderr]    Compiling rustc-serialize v0.3.24
[INFO] [stderr]    Compiling regex-syntax v0.7.1
[INFO] [stderr]    Compiling mime v0.3.17
[INFO] [stderr]    Compiling webpki v0.22.0
[INFO] [stderr]    Compiling sct v0.7.0
[INFO] [stderr]    Compiling chrono v0.4.24
[INFO] [stderr]    Compiling webpki-roots v0.22.6
[INFO] [stderr]    Compiling hex v0.4.3
[INFO] [stderr]    Compiling tokio-macros v2.1.0
[INFO] [stderr]    Compiling futures-macro v0.3.28
[INFO] [stderr]    Compiling openssl-macros v0.1.1
[INFO] [stderr]    Compiling regex v1.8.1
[INFO] [stderr]    Compiling urlencoding v2.1.2
[INFO] [stderr]    Compiling futures-executor v0.3.28
[INFO] [stderr]    Compiling futures v0.3.28
[INFO] [stderr]    Compiling tokio-util v0.7.8
[INFO] [stderr]    Compiling tokio-rustls v0.23.4
[INFO] [stderr]    Compiling tokio-native-tls v0.3.1
[INFO] [stderr]    Compiling h2 v0.3.18
[INFO] [stderr]    Compiling serde_urlencoded v0.7.1
[INFO] [stderr]    Compiling quick-xml v0.26.0
[INFO] [stderr]    Compiling hyper v0.14.26
[INFO] [stderr]    Compiling hyper-rustls v0.23.2
[INFO] [stderr]    Compiling hyper-tls v0.5.0
[INFO] [stderr]    Compiling reqwest v0.11.13
[INFO] [stderr]    Compiling minio-rsc v0.1.3 (/opt/rustwide/workdir)
[INFO] [stdout] warning: unused imports: `Error`, `XmlError`
[INFO] [stdout]  --> src/types/replication_confirguration.rs:3:21
[INFO] [stdout]   |
[INFO] [stdout] 3 | use crate::errors::{Error, XmlError};
[INFO] [stdout]   |                     ^^^^^  ^^^^^^^^
[INFO] [stdout]   |
[INFO] [stdout]   = note: `#[warn(unused_imports)]` on by default
[INFO] [stdout] 
[INFO] [stdout] 
[INFO] [stdout] warning: unused variable: `bucket_name`
[INFO] [stdout]    --> src/client/client.rs:194:44
[INFO] [stdout]     |
[INFO] [stdout] 194 |     fn _get_region<T: Into<String>>(&self, bucket_name: Option<T>) -> String {
[INFO] [stdout]     |                                            ^^^^^^^^^^^ help: if this is intentional, prefix it with an underscore: `_bucket_name`
[INFO] [stdout]     |
[INFO] [stdout]     = note: `#[warn(unused_variables)]` on by default
[INFO] [stdout] 
[INFO] [stdout] 
[INFO] [stdout] warning: field `secure` is never read
[INFO] [stdout]    --> src/client/client.rs:158:5
[INFO] [stdout]     |
[INFO] [stdout] 156 | struct MinioRef {
[INFO] [stdout]     |        -------- field in this struct
[INFO] [stdout] 157 |     host: String,
[INFO] [stdout] 158 |     secure: bool,
[INFO] [stdout]     |     ^^^^^^
[INFO] [stdout]     |
[INFO] [stdout]     = note: `#[warn(dead_code)]` on by default
[INFO] [stdout] 
[INFO] [stdout] 
[INFO] [stdout] warning: associated function `new` is never used
[INFO] [stdout]   --> src/errors.rs:34:8
[INFO] [stdout]    |
[INFO] [stdout] 33 | impl ValueError {
[INFO] [stdout]    | --------------- associated function in this implementation
[INFO] [stdout] 34 |     fn new<T: Into<String>>(value: T) -> Self {
[INFO] [stdout]    |        ^^^
[INFO] [stdout] 
[INFO] [stdout] 
[INFO] [stdout] warning: constant `MAX_MULTIPART_COUNT` is never used
[INFO] [stdout]   --> src/signer.rs:15:11
[INFO] [stdout]    |
[INFO] [stdout] 15 | pub const MAX_MULTIPART_COUNT: usize = 10000; // 10000 parts
[INFO] [stdout]    |           ^^^^^^^^^^^^^^^^^^^
[INFO] [stdout] 
[INFO] [stdout] 
[INFO] [stdout] warning: constant `MAX_PART_SIZE` is never used
[INFO] [stdout]   --> src/signer.rs:17:11
[INFO] [stdout]    |
[INFO] [stdout] 17 | pub const MAX_PART_SIZE: usize = 5 * 1024 * 1024 * 1024; // 5GiB
[INFO] [stdout]    |           ^^^^^^^^^^^^^
[INFO] [stdout] 
[INFO] [stdout] 
[INFO] [stdout] warning: method `bucket_name` is never used
[INFO] [stdout]   --> src/types/args/mod.rs:62:19
[INFO] [stdout]    |
[INFO] [stdout] 41 | impl BucketArgs {
[INFO] [stdout]    | --------------- method in this implementation
[INFO] [stdout] ...
[INFO] [stdout] 62 |     pub(crate) fn bucket_name(&self) -> &str {
[INFO] [stdout]    |                   ^^^^^^^^^^^
[INFO] [stdout] 
[INFO] [stdout] 
[INFO] [stdout] warning: field `region` is never read
[INFO] [stdout]   --> src/types/args/mod.rs:80:16
[INFO] [stdout]    |
[INFO] [stdout] 77 | pub struct ObjectArgs {
[INFO] [stdout]    |            ---------- field in this struct
[INFO] [stdout] ...
[INFO] [stdout] 80 |     pub(crate) region: Option<String>,
[INFO] [stdout]    |                ^^^^^^
[INFO] [stdout]    |
[INFO] [stdout]    = note: `ObjectArgs` has derived impls for the traits `Debug` and `Clone`, but these are intentionally ignored during dead code analysis
[INFO] [stdout] 
[INFO] [stdout] 
[INFO] [stdout] warning: field `region` is never read
[INFO] [stdout]    --> src/types/args/mod.rs:168:5
[INFO] [stdout]     |
[INFO] [stdout] 165 | pub struct CopySource {
[INFO] [stdout]     |            ---------- field in this struct
[INFO] [stdout] ...
[INFO] [stdout] 168 |     region: Option<String>,
[INFO] [stdout]     |     ^^^^^^
[INFO] [stdout] 
[INFO] [stdout] 
[INFO] [stdout] warning: fields `extra_headers` and `extra_query_params` are never read
[INFO] [stdout]   --> src/types/args/list_multipart_uploads_args.rs:14:5
[INFO] [stdout]    |
[INFO] [stdout] 6  | pub struct ListMultipartUploadsArgs {
[INFO] [stdout]    |            ------------------------ fields in this struct
[INFO] [stdout] ...
[INFO] [stdout] 14 |     extra_headers: Option<HeaderMap>,
[INFO] [stdout]    |     ^^^^^^^^^^^^^
[INFO] [stdout] 15 |     extra_query_params: Option<String>,
[INFO] [stdout]    |     ^^^^^^^^^^^^^^^^^^
[INFO] [stdout] 
[INFO] [stdout] 
[INFO] [stdout] warning: field `extra_headers` is never read
[INFO] [stdout]   --> src/types/args/list_objects_args.rs:25:16
[INFO] [stdout]    |
[INFO] [stdout] 15 | pub struct ListObjectsArgs {
[INFO] [stdout]    |            --------------- field in this struct
[INFO] [stdout] ...
[INFO] [stdout] 25 |     pub(crate) extra_headers: Option<HeaderMap>,
[INFO] [stdout]    |                ^^^^^^^^^^^^^
[INFO] [stdout] 
[INFO] [stdout] 
[INFO] [stdout] warning: associated function `default` is never used
[INFO] [stdout]   --> src/types/args/list_objects_args.rs:29:19
[INFO] [stdout]    |
[INFO] [stdout] 28 | impl ListObjectsArgs {
[INFO] [stdout]    | -------------------- associated function in this implementation
[INFO] [stdout] 29 |     pub(crate) fn default() -> Self {
[INFO] [stdout]    |                   ^^^^^^^
[INFO] [stdout] 
[INFO] [stdout] 
[INFO] [stdout] warning: fields `bucket_name`, `region`, `object_lock`, and `extra_headers` are never read
[INFO] [stdout]  --> src/types/args/make_bucket_args.rs:4:5
[INFO] [stdout]   |
[INFO] [stdout] 3 | struct MakeBucketArgs {
[INFO] [stdout]   |        -------------- fields in this struct
[INFO] [stdout] 4 |     bucket_name: String,
[INFO] [stdout]   |     ^^^^^^^^^^^
[INFO] [stdout] 5 |     region: Option<String>,
[INFO] [stdout]   |     ^^^^^^
[INFO] [stdout] 6 |     object_lock: bool,
[INFO] [stdout]   |     ^^^^^^^^^^^
[INFO] [stdout] 7 |     extra_headers: Option<HeaderMap>,
[INFO] [stdout]   |     ^^^^^^^^^^^^^
[INFO] [stdout] 
[INFO] [stdout] 
[INFO] [stdout] warning: methods `set_object_lock`, `bucket_name`, `region`, `object_lock`, and `extra_headers` are never used
[INFO] [stdout]   --> src/types/args/make_bucket_args.rs:21:8
[INFO] [stdout]    |
[INFO] [stdout] 10 | impl MakeBucketArgs {
[INFO] [stdout]    | ------------------- methods in this implementation
[INFO] [stdout] ...
[INFO] [stdout] 21 |     fn set_object_lock(&mut self, lock: bool) {
[INFO] [stdout]    |        ^^^^^^^^^^^^^^^
[INFO] [stdout] ...
[INFO] [stdout] 25 |     fn bucket_name(&self) -> &str {
[INFO] [stdout]    |        ^^^^^^^^^^^
[INFO] [stdout] ...
[INFO] [stdout] 29 |     fn region(&self) -> Option<&String> {
[INFO] [stdout]    |        ^^^^^^
[INFO] [stdout] ...
[INFO] [stdout] 33 |     fn object_lock(&self) -> bool {
[INFO] [stdout]    |        ^^^^^^^^^^^
[INFO] [stdout] ...
[INFO] [stdout] 37 |     fn extra_headers(&self) -> Option<&HeaderMap> {
[INFO] [stdout]    |        ^^^^^^^^^^^^^
[INFO] [stdout] 
[INFO] [stdout] 
[INFO] [stdout] warning: field `object_lock_enabled` is never read
[INFO] [stdout]   --> src/types/object_lock_configure.rs:24:5
[INFO] [stdout]    |
[INFO] [stdout] 23 | struct InnerObjectLockConfiguration {
[INFO] [stdout]    |        ---------------------------- field in this struct
[INFO] [stdout] 24 |     object_lock_enabled: String,
[INFO] [stdout]    |     ^^^^^^^^^^^^^^^^^^^
[INFO] [stdout] 
[INFO] [stdout] 
[INFO] [stdout] warning: 15 warnings emitted
[INFO] [stdout] 
[INFO] [stdout] 
[INFO] [stderr]     Finished dev [unoptimized + debuginfo] target(s) in 1m 06s
[INFO] [stderr] warning: the following packages contain code that will be rejected by a future version of Rust: rustc-serialize v0.3.24
[INFO] [stderr] note: to see what the problems were, use the option `--future-incompat-report`, or run `cargo report future-incompatibilities --id 1`
[INFO] running `Command { std: "docker" "inspect" "7749abe537d118ccdf7a5ef03341092870a3fc99c819e32138928a68e432e1d3", kill_on_drop: false }`
[INFO] running `Command { std: "docker" "rm" "-f" "7749abe537d118ccdf7a5ef03341092870a3fc99c819e32138928a68e432e1d3", kill_on_drop: false }`
[INFO] [stdout] 7749abe537d118ccdf7a5ef03341092870a3fc99c819e32138928a68e432e1d3
[INFO] running `Command { std: "docker" "create" "-v" "/var/lib/crater-agent-workspace/builds/worker-5-tc2/target:/opt/rustwide/target:rw,Z" "-v" "/var/lib/crater-agent-workspace/builds/worker-5-tc2/source:/opt/rustwide/workdir:ro,Z" "-v" "/var/lib/crater-agent-workspace/cargo-home:/opt/rustwide/cargo-home:ro,Z" "-v" "/var/lib/crater-agent-workspace/rustup-home:/opt/rustwide/rustup-home:ro,Z" "-e" "SOURCE_DIR=/opt/rustwide/workdir" "-e" "CARGO_TARGET_DIR=/opt/rustwide/target" "-e" "CARGO_INCREMENTAL=0" "-e" "RUST_BACKTRACE=full" "-e" "RUSTFLAGS=--cap-lints=warn" "-e" "RUSTDOCFLAGS=--cap-lints=warn" "-e" "CARGO_HOME=/opt/rustwide/cargo-home" "-e" "RUSTUP_HOME=/opt/rustwide/rustup-home" "-w" "/opt/rustwide/workdir" "-m" "1610612736" "--user" "0:0" "--network" "none" "ghcr.io/rust-lang/crates-build-env/linux@sha256:5ff2268d62e97bff2cde7d5815dd6ed5b47097566f13b8d0ca110b04b60e07ed" "/opt/rustwide/cargo-home/bin/cargo" "+beta-2023-04-20" "test" "--frozen" "--no-run" "--message-format=json", kill_on_drop: false }`
[INFO] [stdout] 54b1ac8d100b432ca152db08f303b65992259cc0f3b25d7dee0248aa447f3709
[INFO] running `Command { std: "docker" "start" "-a" "54b1ac8d100b432ca152db08f303b65992259cc0f3b25d7dee0248aa447f3709", kill_on_drop: false }`
[INFO] [stderr]    Compiling dotenv v0.15.0
[INFO] [stdout] warning: unused imports: `Error`, `XmlError`
[INFO] [stdout]  --> src/types/replication_confirguration.rs:3:21
[INFO] [stdout]   |
[INFO] [stdout] 3 | use crate::errors::{Error, XmlError};
[INFO] [stdout]   |                     ^^^^^  ^^^^^^^^
[INFO] [stdout]   |
[INFO] [stdout]   = note: `#[warn(unused_imports)]` on by default
[INFO] [stdout] 
[INFO] [stdout] 
[INFO] [stdout] warning: unused variable: `bucket_name`
[INFO] [stdout]    --> src/client/client.rs:194:44
[INFO] [stdout]     |
[INFO] [stdout] 194 |     fn _get_region<T: Into<String>>(&self, bucket_name: Option<T>) -> String {
[INFO] [stdout]     |                                            ^^^^^^^^^^^ help: if this is intentional, prefix it with an underscore: `_bucket_name`
[INFO] [stdout]     |
[INFO] [stdout]     = note: `#[warn(unused_variables)]` on by default
[INFO] [stdout] 
[INFO] [stdout] 
[INFO] [stdout] warning: field `secure` is never read
[INFO] [stdout]    --> src/client/client.rs:158:5
[INFO] [stdout]     |
[INFO] [stdout] 156 | struct MinioRef {
[INFO] [stdout]     |        -------- field in this struct
[INFO] [stdout] 157 |     host: String,
[INFO] [stdout] 158 |     secure: bool,
[INFO] [stdout]     |     ^^^^^^
[INFO] [stdout]     |
[INFO] [stdout]     = note: `#[warn(dead_code)]` on by default
[INFO] [stdout] 
[INFO] [stdout] 
[INFO] [stdout] warning: associated function `new` is never used
[INFO] [stdout]   --> src/errors.rs:34:8
[INFO] [stdout]    |
[INFO] [stdout] 33 | impl ValueError {
[INFO] [stdout]    | --------------- associated function in this implementation
[INFO] [stdout] 34 |     fn new<T: Into<String>>(value: T) -> Self {
[INFO] [stdout]    |        ^^^
[INFO] [stdout] 
[INFO] [stdout] 
[INFO] [stdout] warning: constant `MAX_MULTIPART_COUNT` is never used
[INFO] [stdout]   --> src/signer.rs:15:11
[INFO] [stdout]    |
[INFO] [stdout] 15 | pub const MAX_MULTIPART_COUNT: usize = 10000; // 10000 parts
[INFO] [stdout]    |           ^^^^^^^^^^^^^^^^^^^
[INFO] [stdout] 
[INFO] [stdout] 
[INFO] [stdout] warning: constant `MAX_PART_SIZE` is never used
[INFO] [stdout]   --> src/signer.rs:17:11
[INFO] [stdout]    |
[INFO] [stdout] 17 | pub const MAX_PART_SIZE: usize = 5 * 1024 * 1024 * 1024; // 5GiB
[INFO] [stdout]    |           ^^^^^^^^^^^^^
[INFO] [stdout] 
[INFO] [stdout] 
[INFO] [stdout] warning: method `bucket_name` is never used
[INFO] [stdout]   --> src/types/args/mod.rs:62:19
[INFO] [stdout]    |
[INFO] [stdout] 41 | impl BucketArgs {
[INFO] [stdout]    | --------------- method in this implementation
[INFO] [stdout] ...
[INFO] [stdout] 62 |     pub(crate) fn bucket_name(&self) -> &str {
[INFO] [stdout]    |                   ^^^^^^^^^^^
[INFO] [stdout] 
[INFO] [stdout] 
[INFO] [stdout] warning: field `region` is never read
[INFO] [stdout]   --> src/types/args/mod.rs:80:16
[INFO] [stdout]    |
[INFO] [stdout] 77 | pub struct ObjectArgs {
[INFO] [stdout]    |            ---------- field in this struct
[INFO] [stdout] ...
[INFO] [stdout] 80 |     pub(crate) region: Option<String>,
[INFO] [stdout]    |                ^^^^^^
[INFO] [stdout]    |
[INFO] [stdout]    = note: `ObjectArgs` has derived impls for the traits `Debug` and `Clone`, but these are intentionally ignored during dead code analysis
[INFO] [stdout] 
[INFO] [stdout] 
[INFO] [stdout] warning: field `region` is never read
[INFO] [stdout]    --> src/types/args/mod.rs:168:5
[INFO] [stdout]     |
[INFO] [stdout] 165 | pub struct CopySource {
[INFO] [stdout]     |            ---------- field in this struct
[INFO] [stdout] ...
[INFO] [stdout] 168 |     region: Option<String>,
[INFO] [stdout]     |     ^^^^^^
[INFO] [stdout] 
[INFO] [stdout] 
[INFO] [stdout] warning: fields `extra_headers` and `extra_query_params` are never read
[INFO] [stdout]   --> src/types/args/list_multipart_uploads_args.rs:14:5
[INFO] [stdout]    |
[INFO] [stdout] 6  | pub struct ListMultipartUploadsArgs {
[INFO] [stdout]    |            ------------------------ fields in this struct
[INFO] [stdout] ...
[INFO] [stdout] 14 |     extra_headers: Option<HeaderMap>,
[INFO] [stdout]    |     ^^^^^^^^^^^^^
[INFO] [stdout] 15 |     extra_query_params: Option<String>,
[INFO] [stdout]    |     ^^^^^^^^^^^^^^^^^^
[INFO] [stdout] 
[INFO] [stdout] 
[INFO] [stdout] warning: field `extra_headers` is never read
[INFO] [stdout]   --> src/types/args/list_objects_args.rs:25:16
[INFO] [stdout]    |
[INFO] [stdout] 15 | pub struct ListObjectsArgs {
[INFO] [stdout]    |            --------------- field in this struct
[INFO] [stdout] ...
[INFO] [stdout] 25 |     pub(crate) extra_headers: Option<HeaderMap>,
[INFO] [stdout]    |                ^^^^^^^^^^^^^
[INFO] [stdout] 
[INFO] [stdout] 
[INFO] [stdout] warning: associated function `default` is never used
[INFO] [stdout]   --> src/types/args/list_objects_args.rs:29:19
[INFO] [stdout]    |
[INFO] [stdout] 28 | impl ListObjectsArgs {
[INFO] [stdout]    | -------------------- associated function in this implementation
[INFO] [stdout] 29 |     pub(crate) fn default() -> Self {
[INFO] [stdout]    |                   ^^^^^^^
[INFO] [stdout] 
[INFO] [stdout] 
[INFO] [stdout] warning: fields `bucket_name`, `region`, `object_lock`, and `extra_headers` are never read
[INFO] [stdout]  --> src/types/args/make_bucket_args.rs:4:5
[INFO] [stdout]   |
[INFO] [stdout] 3 | struct MakeBucketArgs {
[INFO] [stdout]   |        -------------- fields in this struct
[INFO] [stdout] 4 |     bucket_name: String,
[INFO] [stdout]   |     ^^^^^^^^^^^
[INFO] [stdout] 5 |     region: Option<String>,
[INFO] [stdout]   |     ^^^^^^
[INFO] [stdout] 6 |     object_lock: bool,
[INFO] [stdout]   |     ^^^^^^^^^^^
[INFO] [stdout] 7 |     extra_headers: Option<HeaderMap>,
[INFO] [stdout]   |     ^^^^^^^^^^^^^
[INFO] [stdout] 
[INFO] [stdout] 
[INFO] [stdout] warning: methods `set_object_lock`, `bucket_name`, `region`, `object_lock`, and `extra_headers` are never used
[INFO] [stdout]   --> src/types/args/make_bucket_args.rs:21:8
[INFO] [stdout]    |
[INFO] [stdout] 10 | impl MakeBucketArgs {
[INFO] [stdout]    | ------------------- methods in this implementation
[INFO] [stdout] ...
[INFO] [stdout] 21 |     fn set_object_lock(&mut self, lock: bool) {
[INFO] [stdout]    |        ^^^^^^^^^^^^^^^
[INFO] [stdout] ...
[INFO] [stdout] 25 |     fn bucket_name(&self) -> &str {
[INFO] [stdout]    |        ^^^^^^^^^^^
[INFO] [stdout] ...
[INFO] [stdout] 29 |     fn region(&self) -> Option<&String> {
[INFO] [stdout]    |        ^^^^^^
[INFO] [stdout] ...
[INFO] [stdout] 33 |     fn object_lock(&self) -> bool {
[INFO] [stdout]    |        ^^^^^^^^^^^
[INFO] [stdout] ...
[INFO] [stdout] 37 |     fn extra_headers(&self) -> Option<&HeaderMap> {
[INFO] [stdout]    |        ^^^^^^^^^^^^^
[INFO] [stdout] 
[INFO] [stdout] 
[INFO] [stdout] warning: field `object_lock_enabled` is never read
[INFO] [stdout]   --> src/types/object_lock_configure.rs:24:5
[INFO] [stdout]    |
[INFO] [stdout] 23 | struct InnerObjectLockConfiguration {
[INFO] [stdout]    |        ---------------------------- field in this struct
[INFO] [stdout] 24 |     object_lock_enabled: String,
[INFO] [stdout]    |     ^^^^^^^^^^^^^^^^^^^
[INFO] [stdout] 
[INFO] [stdout] 
[INFO] [stdout] warning: 15 warnings emitted
[INFO] [stdout] 
[INFO] [stdout] 
[INFO] [stderr]    Compiling minio-rsc v0.1.3 (/opt/rustwide/workdir)
[INFO] [stdout] warning: unused import: `std::collections::HashMap`
[INFO] [stdout]  --> tests/test.rs:2:5
[INFO] [stdout]   |
[INFO] [stdout] 2 | use std::collections::HashMap;
[INFO] [stdout]   |     ^^^^^^^^^^^^^^^^^^^^^^^^^
[INFO] [stdout]   |
[INFO] [stdout]   = note: `#[warn(unused_imports)]` on by default
[INFO] [stdout] 
[INFO] [stdout] 
[INFO] [stdout] warning: unused import: `hyper::Method`
[INFO] [stdout]  --> tests/test.rs:5:5
[INFO] [stdout]   |
[INFO] [stdout] 5 | use hyper::Method;
[INFO] [stdout]   |     ^^^^^^^^^^^^^
[INFO] [stdout] 
[INFO] [stdout] 
[INFO] [stdout] warning: unused import: `XmlError`
[INFO] [stdout]  --> tests/test.rs:6:33
[INFO] [stdout]   |
[INFO] [stdout] 6 | use minio_rsc::errors::{Result, XmlError};
[INFO] [stdout]   |                                 ^^^^^^^^
[INFO] [stdout] 
[INFO] [stdout] 
[INFO] [stdout] warning: unused import: `BucketArgs`
[INFO] [stdout]  --> tests/test.rs:7:30
[INFO] [stdout]   |
[INFO] [stdout] 7 | use minio_rsc::types::args::{BucketArgs, ObjectArgs, PresignedArgs};
[INFO] [stdout]   |                              ^^^^^^^^^^
[INFO] [stdout] 
[INFO] [stdout] 
[INFO] [stdout] warning: unused import: `VersioningConfiguration`
[INFO] [stdout]  --> tests/test.rs:9:49
[INFO] [stdout]   |
[INFO] [stdout] 9 | use minio_rsc::types::{ObjectLockConfiguration, VersioningConfiguration};
[INFO] [stdout]   |                                                 ^^^^^^^^^^^^^^^^^^^^^^^
[INFO] [stdout] 
[INFO] [stdout] 
[INFO] [stdout] warning: unused import: `Result`
[INFO] [stdout]    --> src/errors.rs:233:25
[INFO] [stdout]     |
[INFO] [stdout] 233 |     use crate::errors::{Result, XmlError};
[INFO] [stdout]     |                         ^^^^^^
[INFO] [stdout]     |
[INFO] [stdout]     = note: `#[warn(unused_imports)]` on by default
[INFO] [stdout] 
[INFO] [stdout] 
[INFO] [stdout] warning: unused imports: `Error`, `XmlError`
[INFO] [stdout]  --> src/types/replication_confirguration.rs:3:21
[INFO] [stdout]   |
[INFO] [stdout] 3 | use crate::errors::{Error, XmlError};
[INFO] [stdout]   |                     ^^^^^  ^^^^^^^^
[INFO] [stdout] 
[INFO] [stdout] 
[INFO] [stdout] warning: unused variable: `bucket_name`
[INFO] [stdout]    --> src/client/client.rs:194:44
[INFO] [stdout]     |
[INFO] [stdout] 194 |     fn _get_region<T: Into<String>>(&self, bucket_name: Option<T>) -> String {
[INFO] [stdout]     |                                            ^^^^^^^^^^^ help: if this is intentional, prefix it with an underscore: `_bucket_name`
[INFO] [stdout]     |
[INFO] [stdout]     = note: `#[warn(unused_variables)]` on by default
[INFO] [stdout] 
[INFO] [stdout] 
[INFO] [stdout] warning: field `secure` is never read
[INFO] [stdout]    --> src/client/client.rs:158:5
[INFO] [stdout]     |
[INFO] [stdout] 156 | struct MinioRef {
[INFO] [stdout]     |        -------- field in this struct
[INFO] [stdout] 157 |     host: String,
[INFO] [stdout] 158 |     secure: bool,
[INFO] [stdout]     |     ^^^^^^
[INFO] [stdout]     |
[INFO] [stdout]     = note: `#[warn(dead_code)]` on by default
[INFO] [stdout] 
[INFO] [stdout] 
[INFO] [stdout] warning: associated function `new` is never used
[INFO] [stdout]   --> src/errors.rs:34:8
[INFO] [stdout]    |
[INFO] [stdout] 33 | impl ValueError {
[INFO] [stdout]    | --------------- associated function in this implementation
[INFO] [stdout] 34 |     fn new<T: Into<String>>(value: T) -> Self {
[INFO] [stdout]    |        ^^^
[INFO] [stdout] 
[INFO] [stdout] 
[INFO] [stdout] warning: constant `MAX_MULTIPART_COUNT` is never used
[INFO] [stdout]   --> src/signer.rs:15:11
[INFO] [stdout]    |
[INFO] [stdout] 15 | pub const MAX_MULTIPART_COUNT: usize = 10000; // 10000 parts
[INFO] [stdout]    |           ^^^^^^^^^^^^^^^^^^^
[INFO] [stdout] 
[INFO] [stdout] 
[INFO] [stdout] warning: constant `MAX_PART_SIZE` is never used
[INFO] [stdout]   --> src/signer.rs:17:11
[INFO] [stdout]    |
[INFO] [stdout] 17 | pub const MAX_PART_SIZE: usize = 5 * 1024 * 1024 * 1024; // 5GiB
[INFO] [stdout]    |           ^^^^^^^^^^^^^
[INFO] [stdout] 
[INFO] [stdout] 
[INFO] [stdout] warning: method `bucket_name` is never used
[INFO] [stdout]   --> src/types/args/mod.rs:62:19
[INFO] [stdout]    |
[INFO] [stdout] 41 | impl BucketArgs {
[INFO] [stdout]    | --------------- method in this implementation
[INFO] [stdout] ...
[INFO] [stdout] 62 |     pub(crate) fn bucket_name(&self) -> &str {
[INFO] [stdout]    |                   ^^^^^^^^^^^
[INFO] [stdout] 
[INFO] [stdout] 
[INFO] [stdout] warning: field `region` is never read
[INFO] [stdout]   --> src/types/args/mod.rs:80:16
[INFO] [stdout]    |
[INFO] [stdout] 77 | pub struct ObjectArgs {
[INFO] [stdout]    |            ---------- field in this struct
[INFO] [stdout] ...
[INFO] [stdout] 80 |     pub(crate) region: Option<String>,
[INFO] [stdout]    |                ^^^^^^
[INFO] [stdout]    |
[INFO] [stdout]    = note: `ObjectArgs` has derived impls for the traits `Debug` and `Clone`, but these are intentionally ignored during dead code analysis
[INFO] [stdout] 
[INFO] [stdout] 
[INFO] [stdout] warning: field `region` is never read
[INFO] [stdout]    --> src/types/args/mod.rs:168:5
[INFO] [stdout]     |
[INFO] [stdout] 165 | pub struct CopySource {
[INFO] [stdout]     |            ---------- field in this struct
[INFO] [stdout] ...
[INFO] [stdout] 168 |     region: Option<String>,
[INFO] [stdout]     |     ^^^^^^
[INFO] [stdout] 
[INFO] [stdout] 
[INFO] [stdout] warning: fields `extra_headers` and `extra_query_params` are never read
[INFO] [stdout]   --> src/types/args/list_multipart_uploads_args.rs:14:5
[INFO] [stdout]    |
[INFO] [stdout] 6  | pub struct ListMultipartUploadsArgs {
[INFO] [stdout]    |            ------------------------ fields in this struct
[INFO] [stdout] ...
[INFO] [stdout] 14 |     extra_headers: Option<HeaderMap>,
[INFO] [stdout]    |     ^^^^^^^^^^^^^
[INFO] [stdout] 15 |     extra_query_params: Option<String>,
[INFO] [stdout]    |     ^^^^^^^^^^^^^^^^^^
[INFO] [stdout] 
[INFO] [stdout] 
[INFO] [stdout] warning: field `extra_headers` is never read
[INFO] [stdout]   --> src/types/args/list_objects_args.rs:25:16
[INFO] [stdout]    |
[INFO] [stdout] 15 | pub struct ListObjectsArgs {
[INFO] [stdout]    |            --------------- field in this struct
[INFO] [stdout] ...
[INFO] [stdout] 25 |     pub(crate) extra_headers: Option<HeaderMap>,
[INFO] [stdout]    |                ^^^^^^^^^^^^^
[INFO] [stdout] 
[INFO] [stdout] 
[INFO] [stdout] warning: associated function `default` is never used
[INFO] [stdout]   --> src/types/args/list_objects_args.rs:29:19
[INFO] [stdout]    |
[INFO] [stdout] 28 | impl ListObjectsArgs {
[INFO] [stdout]    | -------------------- associated function in this implementation
[INFO] [stdout] 29 |     pub(crate) fn default() -> Self {
[INFO] [stdout]    |                   ^^^^^^^
[INFO] [stdout] 
[INFO] [stdout] 
[INFO] [stdout] warning: fields `bucket_name`, `region`, `object_lock`, and `extra_headers` are never read
[INFO] [stdout]  --> src/types/args/make_bucket_args.rs:4:5
[INFO] [stdout]   |
[INFO] [stdout] 3 | struct MakeBucketArgs {
[INFO] [stdout]   |        -------------- fields in this struct
[INFO] [stdout] 4 |     bucket_name: String,
[INFO] [stdout]   |     ^^^^^^^^^^^
[INFO] [stdout] 5 |     region: Option<String>,
[INFO] [stdout]   |     ^^^^^^
[INFO] [stdout] 6 |     object_lock: bool,
[INFO] [stdout]   |     ^^^^^^^^^^^
[INFO] [stdout] 7 |     extra_headers: Option<HeaderMap>,
[INFO] [stdout]   |     ^^^^^^^^^^^^^
[INFO] [stdout] 
[INFO] [stdout] 
[INFO] [stdout] warning: methods `set_object_lock`, `bucket_name`, `region`, `object_lock`, and `extra_headers` are never used
[INFO] [stdout]   --> src/types/args/make_bucket_args.rs:21:8
[INFO] [stdout]    |
[INFO] [stdout] 10 | impl MakeBucketArgs {
[INFO] [stdout]    | ------------------- methods in this implementation
[INFO] [stdout] ...
[INFO] [stdout] 21 |     fn set_object_lock(&mut self, lock: bool) {
[INFO] [stdout]    |        ^^^^^^^^^^^^^^^
[INFO] [stdout] ...
[INFO] [stdout] 25 |     fn bucket_name(&self) -> &str {
[INFO] [stdout]    |        ^^^^^^^^^^^
[INFO] [stdout] ...
[INFO] [stdout] 29 |     fn region(&self) -> Option<&String> {
[INFO] [stdout]    |        ^^^^^^
[INFO] [stdout] ...
[INFO] [stdout] 33 |     fn object_lock(&self) -> bool {
[INFO] [stdout]    |        ^^^^^^^^^^^
[INFO] [stdout] ...
[INFO] [stdout] 37 |     fn extra_headers(&self) -> Option<&HeaderMap> {
[INFO] [stdout]    |        ^^^^^^^^^^^^^
[INFO] [stdout] 
[INFO] [stdout] 
[INFO] [stdout] warning: field `object_lock_enabled` is never read
[INFO] [stdout]   --> src/types/object_lock_configure.rs:24:5
[INFO] [stdout]    |
[INFO] [stdout] 23 | struct InnerObjectLockConfiguration {
[INFO] [stdout]    |        ---------------------------- field in this struct
[INFO] [stdout] 24 |     object_lock_enabled: String,
[INFO] [stdout]    |     ^^^^^^^^^^^^^^^^^^^
[INFO] [stdout] 
[INFO] [stdout] 
[INFO] [stdout] warning: 16 warnings emitted
[INFO] [stdout] 
[INFO] [stdout] 
[INFO] [stdout] warning: 5 warnings emitted
[INFO] [stdout] 
[INFO] [stdout] 
[INFO] [stderr]     Finished test [unoptimized + debuginfo] target(s) in 8.85s
[INFO] [stderr] warning: the following packages contain code that will be rejected by a future version of Rust: rustc-serialize v0.3.24
[INFO] [stderr] note: to see what the problems were, use the option `--future-incompat-report`, or run `cargo report future-incompatibilities --id 1`
[INFO] running `Command { std: "docker" "inspect" "54b1ac8d100b432ca152db08f303b65992259cc0f3b25d7dee0248aa447f3709", kill_on_drop: false }`
[INFO] running `Command { std: "docker" "rm" "-f" "54b1ac8d100b432ca152db08f303b65992259cc0f3b25d7dee0248aa447f3709", kill_on_drop: false }`
[INFO] [stdout] 54b1ac8d100b432ca152db08f303b65992259cc0f3b25d7dee0248aa447f3709
[INFO] running `Command { std: "docker" "create" "-v" "/var/lib/crater-agent-workspace/builds/worker-5-tc2/target:/opt/rustwide/target:rw,Z" "-v" "/var/lib/crater-agent-workspace/builds/worker-5-tc2/source:/opt/rustwide/workdir:ro,Z" "-v" "/var/lib/crater-agent-workspace/cargo-home:/opt/rustwide/cargo-home:ro,Z" "-v" "/var/lib/crater-agent-workspace/rustup-home:/opt/rustwide/rustup-home:ro,Z" "-e" "SOURCE_DIR=/opt/rustwide/workdir" "-e" "CARGO_TARGET_DIR=/opt/rustwide/target" "-e" "CARGO_INCREMENTAL=0" "-e" "RUST_BACKTRACE=full" "-e" "RUSTFLAGS=--cap-lints=warn" "-e" "RUSTDOCFLAGS=--cap-lints=warn" "-e" "CARGO_HOME=/opt/rustwide/cargo-home" "-e" "RUSTUP_HOME=/opt/rustwide/rustup-home" "-w" "/opt/rustwide/workdir" "-m" "1610612736" "--user" "0:0" "--network" "none" "ghcr.io/rust-lang/crates-build-env/linux@sha256:5ff2268d62e97bff2cde7d5815dd6ed5b47097566f13b8d0ca110b04b60e07ed" "/opt/rustwide/cargo-home/bin/cargo" "+beta-2023-04-20" "test" "--frozen", kill_on_drop: false }`
[INFO] [stdout] fdf9f3e834f99bf536590b8372b28b62cf0d6dbd08696d8565bee174983fd551
[INFO] running `Command { std: "docker" "start" "-a" "fdf9f3e834f99bf536590b8372b28b62cf0d6dbd08696d8565bee174983fd551", kill_on_drop: false }`
[INFO] [stderr] warning: unused imports: `Error`, `XmlError`
[INFO] [stderr]  --> src/types/replication_confirguration.rs:3:21
[INFO] [stderr]   |
[INFO] [stderr] 3 | use crate::errors::{Error, XmlError};
[INFO] [stderr]   |                     ^^^^^  ^^^^^^^^
[INFO] [stderr]   |
[INFO] [stderr]   = note: `#[warn(unused_imports)]` on by default
[INFO] [stderr] 
[INFO] [stderr] warning: unused variable: `bucket_name`
[INFO] [stderr]    --> src/client/client.rs:194:44
[INFO] [stderr]     |
[INFO] [stderr] 194 |     fn _get_region<T: Into<String>>(&self, bucket_name: Option<T>) -> String {
[INFO] [stderr]     |                                            ^^^^^^^^^^^ help: if this is intentional, prefix it with an underscore: `_bucket_name`
[INFO] [stderr]     |
[INFO] [stderr]     = note: `#[warn(unused_variables)]` on by default
[INFO] [stderr] 
[INFO] [stderr] warning: field `secure` is never read
[INFO] [stderr]    --> src/client/client.rs:158:5
[INFO] [stderr]     |
[INFO] [stderr] 156 | struct MinioRef {
[INFO] [stderr]     |        -------- field in this struct
[INFO] [stderr] 157 |     host: String,
[INFO] [stderr] 158 |     secure: bool,
[INFO] [stderr]     |     ^^^^^^
[INFO] [stderr]     |
[INFO] [stderr]     = note: `#[warn(dead_code)]` on by default
[INFO] [stderr] 
[INFO] [stderr] warning: associated function `new` is never used
[INFO] [stderr]   --> src/errors.rs:34:8
[INFO] [stderr]    |
[INFO] [stderr] 33 | impl ValueError {
[INFO] [stderr]    | --------------- associated function in this implementation
[INFO] [stderr] 34 |     fn new<T: Into<String>>(value: T) -> Self {
[INFO] [stderr]    |        ^^^
[INFO] [stderr] 
[INFO] [stderr] warning: constant `MAX_MULTIPART_COUNT` is never used
[INFO] [stderr]   --> src/signer.rs:15:11
[INFO] [stderr]    |
[INFO] [stderr] 15 | pub const MAX_MULTIPART_COUNT: usize = 10000; // 10000 parts
[INFO] [stderr]    |           ^^^^^^^^^^^^^^^^^^^
[INFO] [stderr] 
[INFO] [stderr] warning: constant `MAX_PART_SIZE` is never used
[INFO] [stderr]   --> src/signer.rs:17:11
[INFO] [stderr]    |
[INFO] [stderr] 17 | pub const MAX_PART_SIZE: usize = 5 * 1024 * 1024 * 1024; // 5GiB
[INFO] [stderr]    |           ^^^^^^^^^^^^^
[INFO] [stderr] 
[INFO] [stderr] warning: method `bucket_name` is never used
[INFO] [stderr]   --> src/types/args/mod.rs:62:19
[INFO] [stderr]    |
[INFO] [stderr] 41 | impl BucketArgs {
[INFO] [stderr]    | --------------- method in this implementation
[INFO] [stderr] ...
[INFO] [stderr] 62 |     pub(crate) fn bucket_name(&self) -> &str {
[INFO] [stderr]    |                   ^^^^^^^^^^^
[INFO] [stderr] 
[INFO] [stderr] warning: field `region` is never read
[INFO] [stderr]   --> src/types/args/mod.rs:80:16
[INFO] [stderr]    |
[INFO] [stderr] 77 | pub struct ObjectArgs {
[INFO] [stderr]    |            ---------- field in this struct
[INFO] [stderr] ...
[INFO] [stderr] 80 |     pub(crate) region: Option<String>,
[INFO] [stderr]    |                ^^^^^^
[INFO] [stderr]    |
[INFO] [stderr]    = note: `ObjectArgs` has derived impls for the traits `Debug` and `Clone`, but these are intentionally ignored during dead code analysis
[INFO] [stderr] 
[INFO] [stderr] warning: field `region` is never read
[INFO] [stderr]    --> src/types/args/mod.rs:168:5
[INFO] [stderr]     |
[INFO] [stderr] 165 | pub struct CopySource {
[INFO] [stderr]     |            ---------- field in this struct
[INFO] [stderr] ...
[INFO] [stderr] 168 |     region: Option<String>,
[INFO] [stderr]     |     ^^^^^^
[INFO] [stderr] 
[INFO] [stderr] warning: fields `extra_headers` and `extra_query_params` are never read
[INFO] [stderr]   --> src/types/args/list_multipart_uploads_args.rs:14:5
[INFO] [stderr]    |
[INFO] [stderr] 6  | pub struct ListMultipartUploadsArgs {
[INFO] [stderr]    |            ------------------------ fields in this struct
[INFO] [stderr] ...
[INFO] [stderr] 14 |     extra_headers: Option<HeaderMap>,
[INFO] [stderr]    |     ^^^^^^^^^^^^^
[INFO] [stderr] 15 |     extra_query_params: Option<String>,
[INFO] [stderr]    |     ^^^^^^^^^^^^^^^^^^
[INFO] [stderr] 
[INFO] [stderr] warning: field `extra_headers` is never read
[INFO] [stderr]   --> src/types/args/list_objects_args.rs:25:16
[INFO] [stderr]    |
[INFO] [stderr] 15 | pub struct ListObjectsArgs {
[INFO] [stderr]    |            --------------- field in this struct
[INFO] [stderr] ...
[INFO] [stderr] 25 |     pub(crate) extra_headers: Option<HeaderMap>,
[INFO] [stderr]    |                ^^^^^^^^^^^^^
[INFO] [stderr] 
[INFO] [stderr] warning: associated function `default` is never used
[INFO] [stderr]   --> src/types/args/list_objects_args.rs:29:19
[INFO] [stderr]    |
[INFO] [stderr] 28 | impl ListObjectsArgs {
[INFO] [stderr]    | -------------------- associated function in this implementation
[INFO] [stderr] 29 |     pub(crate) fn default() -> Self {
[INFO] [stderr]    |                   ^^^^^^^
[INFO] [stderr] 
[INFO] [stderr] warning: fields `bucket_name`, `region`, `object_lock`, and `extra_headers` are never read
[INFO] [stderr]  --> src/types/args/make_bucket_args.rs:4:5
[INFO] [stderr]   |
[INFO] [stderr] 3 | struct MakeBucketArgs {
[INFO] [stderr]   |        -------------- fields in this struct
[INFO] [stderr] 4 |     bucket_name: String,
[INFO] [stderr]   |     ^^^^^^^^^^^
[INFO] [stderr] 5 |     region: Option<String>,
[INFO] [stderr]   |     ^^^^^^
[INFO] [stderr] 6 |     object_lock: bool,
[INFO] [stderr]   |     ^^^^^^^^^^^
[INFO] [stderr] 7 |     extra_headers: Option<HeaderMap>,
[INFO] [stderr]   |     ^^^^^^^^^^^^^
[INFO] [stderr] 
[INFO] [stderr] warning: methods `set_object_lock`, `bucket_name`, `region`, `object_lock`, and `extra_headers` are never used
[INFO] [stderr]   --> src/types/args/make_bucket_args.rs:21:8
[INFO] [stderr]    |
[INFO] [stderr] 10 | impl MakeBucketArgs {
[INFO] [stderr]    | ------------------- methods in this implementation
[INFO] [stderr] ...
[INFO] [stderr] 21 |     fn set_object_lock(&mut self, lock: bool) {
[INFO] [stderr]    |        ^^^^^^^^^^^^^^^
[INFO] [stderr] ...
[INFO] [stderr] 25 |     fn bucket_name(&self) -> &str {
[INFO] [stderr]    |        ^^^^^^^^^^^
[INFO] [stderr] ...
[INFO] [stderr] 29 |     fn region(&self) -> Option<&String> {
[INFO] [stderr]    |        ^^^^^^
[INFO] [stderr] ...
[INFO] [stderr] 33 |     fn object_lock(&self) -> bool {
[INFO] [stderr]    |        ^^^^^^^^^^^
[INFO] [stderr] ...
[INFO] [stderr] 37 |     fn extra_headers(&self) -> Option<&HeaderMap> {
[INFO] [stderr]    |        ^^^^^^^^^^^^^
[INFO] [stderr] 
[INFO] [stderr] warning: field `object_lock_enabled` is never read
[INFO] [stderr]   --> src/types/object_lock_configure.rs:24:5
[INFO] [stderr]    |
[INFO] [stderr] 23 | struct InnerObjectLockConfiguration {
[INFO] [stderr]    |        ---------------------------- field in this struct
[INFO] [stderr] 24 |     object_lock_enabled: String,
[INFO] [stderr]    |     ^^^^^^^^^^^^^^^^^^^
[INFO] [stderr] 
[INFO] [stderr] warning: unused import: `Result`
[INFO] [stderr]    --> src/errors.rs:233:25
[INFO] [stderr]     |
[INFO] [stderr] 233 |     use crate::errors::{Result, XmlError};
[INFO] [stderr]     |                         ^^^^^^
[INFO] [stderr]     |
[INFO] [stderr]     = note: `#[warn(unused_imports)]` on by default
[INFO] [stderr] 
[INFO] [stderr] warning: unused imports: `Error`, `XmlError`
[INFO] [stderr]  --> src/types/replication_confirguration.rs:3:21
[INFO] [stderr]   |
[INFO] [stderr] 3 | use crate::errors::{Error, XmlError};
[INFO] [stderr]   |                     ^^^^^  ^^^^^^^^
[INFO] [stderr] 
[INFO] [stderr] warning: `minio-rsc` (lib) generated 15 warnings (run `cargo fix --lib -p minio-rsc` to apply 2 suggestions)
[INFO] [stderr] warning: `minio-rsc` (lib test) generated 16 warnings (14 duplicates) (run `cargo fix --lib -p minio-rsc --tests` to apply 2 suggestions)
[INFO] [stderr] warning: unused import: `std::collections::HashMap`
[INFO] [stderr]  --> tests/test.rs:2:5
[INFO] [stderr]   |
[INFO] [stderr] 2 | use std::collections::HashMap;
[INFO] [stderr]   |     ^^^^^^^^^^^^^^^^^^^^^^^^^
[INFO] [stderr]   |
[INFO] [stderr]   = note: `#[warn(unused_imports)]` on by default
[INFO] [stderr] 
[INFO] [stderr] warning: unused import: `hyper::Method`
[INFO] [stderr]  --> tests/test.rs:5:5
[INFO] [stderr]   |
[INFO] [stderr] 5 | use hyper::Method;
[INFO] [stderr]   |     ^^^^^^^^^^^^^
[INFO] [stderr] 
[INFO] [stderr] warning: unused import: `XmlError`
[INFO] [stderr]  --> tests/test.rs:6:33
[INFO] [stderr]   |
[INFO] [stderr] 6 | use minio_rsc::errors::{Result, XmlError};
[INFO] [stderr]   |                                 ^^^^^^^^
[INFO] [stderr] 
[INFO] [stderr] warning: unused import: `BucketArgs`
[INFO] [stderr]  --> tests/test.rs:7:30
[INFO] [stderr]   |
[INFO] [stderr] 7 | use minio_rsc::types::args::{BucketArgs, ObjectArgs, PresignedArgs};
[INFO] [stderr]   |                              ^^^^^^^^^^
[INFO] [stderr] 
[INFO] [stderr] warning: unused import: `VersioningConfiguration`
[INFO] [stderr]  --> tests/test.rs:9:49
[INFO] [stderr]   |
[INFO] [stderr] 9 | use minio_rsc::types::{ObjectLockConfiguration, VersioningConfiguration};
[INFO] [stderr]   |                                                 ^^^^^^^^^^^^^^^^^^^^^^^
[INFO] [stderr] 
[INFO] [stderr] warning: `minio-rsc` (test "test") generated 5 warnings (run `cargo fix --test "test"` to apply 5 suggestions)
[INFO] [stderr]     Finished test [unoptimized + debuginfo] target(s) in 0.17s
[INFO] [stderr] warning: the following packages contain code that will be rejected by a future version of Rust: rustc-serialize v0.3.24
[INFO] [stderr] note: to see what the problems were, use the option `--future-incompat-report`, or run `cargo report future-incompatibilities --id 1`
[INFO] [stderr]      Running unittests src/lib.rs (/opt/rustwide/target/debug/deps/minio_rsc-60a477d444c67645)
[INFO] [stdout] 
[INFO] [stdout] running 12 tests
[INFO] [stdout] test types::response::complete_multipart_upload_result::test_complete_multipart_upload_result ... ok
[INFO] [stdout] test types::object_lock_configure::test_object_lock_configure ... ok
[INFO] [stdout] test signer::tests::test_get_canonical_query_string ... ok
[INFO] [stdout] test errors::tests::test_s3_error ... ok
[INFO] [stdout] test types::response::initiate_multipart_upload_result::test_list_all_my_buckets_result ... ok
[INFO] [stdout] test types::response::test_tagging ... ok
[INFO] [stdout] test types::response::list_parts_result::test_list_all_my_buckets_result ... ok
[INFO] [stdout] test types::response::list_multipart_uploads_result::test_list_multipart_uploads_result ... ok
[INFO] [stdout] test types::response::list_buckets_response::test_list_all_my_buckets_result ... ok
[INFO] [stdout] test utils::tests::test_check_bucket_name ... ok
[INFO] [stdout] test types::retention::test_retention ... ok
[INFO] [stderr]      Running tests/common.rs (/opt/rustwide/target/debug/deps/common-e7c258d60ee5bf20)
[INFO] [stdout] test types::response::list_objects_response::test_list_all_my_buckets_result ... ok
[INFO] [stdout] 
[INFO] [stdout] test result: ok. 12 passed; 0 failed; 0 ignored; 0 measured; 0 filtered out; finished in 0.01s
[INFO] [stdout] 
[INFO] [stderr]      Running tests/test.rs (/opt/rustwide/target/debug/deps/test-a9d4ac7abc9b3e0f)
[INFO] [stdout] 
[INFO] [stdout] running 0 tests
[INFO] [stdout] 
[INFO] [stdout] test result: ok. 0 passed; 0 failed; 0 ignored; 0 measured; 0 filtered out; finished in 0.00s
[INFO] [stdout] 
[INFO] [stdout] 
[INFO] [stdout] running 3 tests
[INFO] [stdout] test test_presigned ... ok
[INFO] [stdout] test test_bucket ... FAILED
[INFO] [stdout] test test_operate_object ... FAILED
[INFO] [stdout] 
[INFO] [stdout] failures:
[INFO] [stdout] 
[INFO] [stdout] ---- test_bucket stdout ----
[INFO] [stdout] thread 'test_bucket' panicked at 'called `Result::unwrap()` on an `Err` value: reqwest::Error { kind: Request, url: Url { scheme: "http", cannot_be_a_base: false, username: "", password: None, host: Some(Domain("localhost")), port: Some(9022), path: "/bucket-test-1/", query: Some(""), fragment: None }, source: hyper::Error(Connect, ConnectError("tcp connect error", Os { code: 99, kind: AddrNotAvailable, message: "Cannot assign requested address" })) }', /opt/rustwide/workdir/src/client/client.rs:251:14
[INFO] [stdout] stack backtrace:
[INFO] [stdout]    0:     0x55e7dc2330ba - std::backtrace_rs::backtrace::libunwind::trace::h2f05d0192276a8f6
[INFO] [stdout]                                at /rustc/1b7dd2252b99671ce5d1cb9664c5f8636329436d/library/std/src/../../backtrace/src/backtrace/libunwind.rs:93:5
[INFO] [stdout]    1:     0x55e7dc2330ba - std::backtrace_rs::backtrace::trace_unsynchronized::hedc23dff7a1af150
[INFO] [stdout]                                at /rustc/1b7dd2252b99671ce5d1cb9664c5f8636329436d/library/std/src/../../backtrace/src/backtrace/mod.rs:66:5
[INFO] [stdout]    2:     0x55e7dc2330ba - std::sys_common::backtrace::_print_fmt::h17541ef7592f3ce2
[INFO] [stdout]                                at /rustc/1b7dd2252b99671ce5d1cb9664c5f8636329436d/library/std/src/sys_common/backtrace.rs:65:5
[INFO] [stdout]    3:     0x55e7dc2330ba - <std::sys_common::backtrace::_print::DisplayBacktrace as core::fmt::Display>::fmt::h20f75df5ab0c0792
[INFO] [stdout]                                at /rustc/1b7dd2252b99671ce5d1cb9664c5f8636329436d/library/std/src/sys_common/backtrace.rs:44:22
[INFO] [stdout]    4:     0x55e7dc25ab4f - core::fmt::write::h78109e6f466b3af6
[INFO] [stdout]                                at /rustc/1b7dd2252b99671ce5d1cb9664c5f8636329436d/library/core/src/fmt/mod.rs:1254:17
[INFO] [stdout]    5:     0x55e7dc22f765 - std::io::Write::write_fmt::hd24bfb68a1b35a25
[INFO] [stdout]                                at /rustc/1b7dd2252b99671ce5d1cb9664c5f8636329436d/library/std/src/io/mod.rs:1698:15
[INFO] [stdout]    6:     0x55e7dc232e85 - std::sys_common::backtrace::_print::h8dac57a9f8fbf9a5
[INFO] [stdout]                                at /rustc/1b7dd2252b99671ce5d1cb9664c5f8636329436d/library/std/src/sys_common/backtrace.rs:47:5
[INFO] [stdout]    7:     0x55e7dc232e85 - std::sys_common::backtrace::print::hf9ecbf41d1aa712f
[INFO] [stdout]                                at /rustc/1b7dd2252b99671ce5d1cb9664c5f8636329436d/library/std/src/sys_common/backtrace.rs:34:9
[INFO] [stdout]    8:     0x55e7dc234b3e - std::panicking::default_hook::{{closure}}::h04c07acfc84ca028
[INFO] [stdout]                                at /rustc/1b7dd2252b99671ce5d1cb9664c5f8636329436d/library/std/src/panicking.rs:269:22
[INFO] [stdout]    9:     0x55e7dc234871 - std::panicking::default_hook::h01f6bb23e1eceb2c
[INFO] [stdout]                                at /rustc/1b7dd2252b99671ce5d1cb9664c5f8636329436d/library/std/src/panicking.rs:285:9
[INFO] [stdout]   10:     0x55e7db9adf9b - <alloc::boxed::Box<F,A> as core::ops::function::Fn<Args>>::call::h87fe9f7b2fd49e4c
[INFO] [stdout]                                at /rustc/1b7dd2252b99671ce5d1cb9664c5f8636329436d/library/alloc/src/boxed.rs:1987:9
[INFO] [stdout]   11:     0x55e7db9adf9b - test::test_main::{{closure}}::he94d679243a7531b
[INFO] [stdout]                                at /rustc/1b7dd2252b99671ce5d1cb9664c5f8636329436d/library/test/src/lib.rs:134:21
[INFO] [stdout]   12:     0x55e7dc235224 - <alloc::boxed::Box<F,A> as core::ops::function::Fn<Args>>::call::h3f2d6d8b14c4769f
[INFO] [stdout]                                at /rustc/1b7dd2252b99671ce5d1cb9664c5f8636329436d/library/alloc/src/boxed.rs:1987:9
[INFO] [stdout]   13:     0x55e7dc235224 - std::panicking::rust_panic_with_hook::h2bb3722bbaf2f6df
[INFO] [stdout]                                at /rustc/1b7dd2252b99671ce5d1cb9664c5f8636329436d/library/std/src/panicking.rs:695:13
[INFO] [stdout]   14:     0x55e7dc234f99 - std::panicking::begin_panic_handler::{{closure}}::h91bc7f36a4be011b
[INFO] [stdout]                                at /rustc/1b7dd2252b99671ce5d1cb9664c5f8636329436d/library/std/src/panicking.rs:582:13
[INFO] [stdout]   15:     0x55e7dc233526 - std::sys_common::backtrace::__rust_end_short_backtrace::h8b3d3717114f9e59
[INFO] [stdout]                                at /rustc/1b7dd2252b99671ce5d1cb9664c5f8636329436d/library/std/src/sys_common/backtrace.rs:150:18
[INFO] [stdout]   16:     0x55e7dc234cf2 - rust_begin_unwind
[INFO] [stdout]                                at /rustc/1b7dd2252b99671ce5d1cb9664c5f8636329436d/library/std/src/panicking.rs:578:5
[INFO] [stdout]   17:     0x55e7db92c4d3 - core::panicking::panic_fmt::hfd368e3fbdabea26
[INFO] [stdout]                                at /rustc/1b7dd2252b99671ce5d1cb9664c5f8636329436d/library/core/src/panicking.rs:67:14
[INFO] [stdout]   18:     0x55e7db92ca73 - core::result::unwrap_failed::he54eb4b2f125b26f
[INFO] [stdout]                                at /rustc/1b7dd2252b99671ce5d1cb9664c5f8636329436d/library/core/src/result.rs:1687:5
[INFO] [stdout]   19:     0x55e7db93c3ad - core::result::Result<T,E>::unwrap::h06b3d872a9b96fee
[INFO] [stdout]                                at /rustc/1b7dd2252b99671ce5d1cb9664c5f8636329436d/library/core/src/result.rs:1089:23
[INFO] [stdout]   20:     0x55e7db940d22 - minio_rsc::client::client::Minio::_url_open::{{closure}}::h358c25e9924c11b9
[INFO] [stdout]                                at /opt/rustwide/workdir/src/client/client.rs:243:23
[INFO] [stdout]   21:     0x55e7db93f4e1 - minio_rsc::client::client::Minio::_execute::{{closure}}::hfbd00f1fdcd0624b
[INFO] [stdout]                                at /opt/rustwide/workdir/src/client/client.rs:309:63
[INFO] [stdout]   22:     0x55e7db95a53f - minio_rsc::executor::BaseExecutor::send::{{closure}}::h7b611e4d738814b8
[INFO] [stdout]                                at /opt/rustwide/workdir/src/executor/mod.rs:254:13
[INFO] [stdout]   23:     0x55e7db95b127 - minio_rsc::executor::BaseExecutor::send_ok::{{closure}}::hd889bdb9cc6248f7
[INFO] [stdout]                                at /opt/rustwide/workdir/src/executor/mod.rs:258:30
[INFO] [stdout]   24:     0x55e7db94cfd4 - minio_rsc::client::operate_bucket::<impl minio_rsc::client::client::Minio>::make_bucket::{{closure}}::h635a19294e0f8116
[INFO] [stdout]                                at /opt/rustwide/workdir/src/client/operate_bucket.rs:126:13
[INFO] [stdout]   25:     0x55e7db93240d - test::test_bucket::{{closure}}::h0a3c031490ab0402
[INFO] [stdout]                                at /opt/rustwide/workdir/tests/test.rs:19:38
[INFO] [stdout]   26:     0x55e7db9589a3 - tokio::runtime::park::CachedParkThread::block_on::{{closure}}::h0fbfcb5c74449124
[INFO] [stdout]                                at /opt/rustwide/cargo-home/registry/src/index.crates.io-6f17d22bba15001f/tokio-1.28.0/src/runtime/park.rs:283:63
[INFO] [stdout]   27:     0x55e7db958787 - tokio::runtime::coop::with_budget::h1f736815718eab61
[INFO] [stdout]                                at /opt/rustwide/cargo-home/registry/src/index.crates.io-6f17d22bba15001f/tokio-1.28.0/src/runtime/coop.rs:107:5
[INFO] [stdout]   28:     0x55e7db958787 - tokio::runtime::coop::budget::h9b21dcb1b13c51ef
[INFO] [stdout]                                at /opt/rustwide/cargo-home/registry/src/index.crates.io-6f17d22bba15001f/tokio-1.28.0/src/runtime/coop.rs:73:5
[INFO] [stdout]   29:     0x55e7db958787 - tokio::runtime::park::CachedParkThread::block_on::hea7f380959893561
[INFO] [stdout]                                at /opt/rustwide/cargo-home/registry/src/index.crates.io-6f17d22bba15001f/tokio-1.28.0/src/runtime/park.rs:283:31
[INFO] [stdout]   30:     0x55e7db952ed2 - tokio::runtime::context::BlockingRegionGuard::block_on::h4d2fc55b7bed0467
[INFO] [stdout]                                at /opt/rustwide/cargo-home/registry/src/index.crates.io-6f17d22bba15001f/tokio-1.28.0/src/runtime/context.rs:315:13
[INFO] [stdout]   31:     0x55e7db9543a2 - tokio::runtime::scheduler::multi_thread::MultiThread::block_on::h6591bfe0a3714543
[INFO] [stdout]                                at /opt/rustwide/cargo-home/registry/src/index.crates.io-6f17d22bba15001f/tokio-1.28.0/src/runtime/scheduler/multi_thread/mod.rs:66:9
[INFO] [stdout]   32:     0x55e7db9590c7 - tokio::runtime::runtime::Runtime::block_on::h8b6851d3026f3e04
[INFO] [stdout]                                at /opt/rustwide/cargo-home/registry/src/index.crates.io-6f17d22bba15001f/tokio-1.28.0/src/runtime/runtime.rs:304:45
[INFO] [stdout]   33:     0x55e7db931a1f - test::test_bucket::h447e9464c4eaaba2
[INFO] [stdout]                                at /opt/rustwide/workdir/tests/test.rs:68:5
[INFO] [stdout]   34:     0x55e7db9318c2 - test::test_bucket::{{closure}}::h93c28ebc9d0b1945
[INFO] [stdout]                                at /opt/rustwide/workdir/tests/test.rs:14:27
[INFO] [stdout]   35:     0x55e7db92cea5 - core::ops::function::FnOnce::call_once::h9e1d046da2b809e3
[INFO] [stdout]                                at /rustc/1b7dd2252b99671ce5d1cb9664c5f8636329436d/library/core/src/ops/function.rs:250:5
[INFO] [stdout]   36:     0x55e7db9b2e6f - core::ops::function::FnOnce::call_once::ha6a70e79f7481a7e
[INFO] [stdout]                                at /rustc/1b7dd2252b99671ce5d1cb9664c5f8636329436d/library/core/src/ops/function.rs:250:5
[INFO] [stdout]   37:     0x55e7db9b2e6f - test::__rust_begin_short_backtrace::hce33033019b61e69
[INFO] [stdout]                                at /rustc/1b7dd2252b99671ce5d1cb9664c5f8636329436d/library/test/src/lib.rs:655:18
[INFO] [stdout]   38:     0x55e7db98065c - test::run_test::{{closure}}::h858d3528838ae3e5
[INFO] [stdout]                                at /rustc/1b7dd2252b99671ce5d1cb9664c5f8636329436d/library/test/src/lib.rs:646:30
[INFO] [stdout]   39:     0x55e7db98065c - core::ops::function::FnOnce::call_once{{vtable.shim}}::he8ac2b00f01ae79e
[INFO] [stdout]                                at /rustc/1b7dd2252b99671ce5d1cb9664c5f8636329436d/library/core/src/ops/function.rs:250:5
[INFO] [stdout]   40:     0x55e7db9b1f46 - <alloc::boxed::Box<F,A> as core::ops::function::FnOnce<Args>>::call_once::h8093d25b522725ef
[INFO] [stdout]                                at /rustc/1b7dd2252b99671ce5d1cb9664c5f8636329436d/library/alloc/src/boxed.rs:1973:9
[INFO] [stdout]   41:     0x55e7db9b1f46 - <core::panic::unwind_safe::AssertUnwindSafe<F> as core::ops::function::FnOnce<()>>::call_once::h5c334c204e4a3913
[INFO] [stdout]                                at /rustc/1b7dd2252b99671ce5d1cb9664c5f8636329436d/library/core/src/panic/unwind_safe.rs:271:9
[INFO] [stdout]   42:     0x55e7db9b1f46 - std::panicking::try::do_call::ha8b740c7b9478074
[INFO] [stdout]                                at /rustc/1b7dd2252b99671ce5d1cb9664c5f8636329436d/library/std/src/panicking.rs:485:40
[INFO] [stdout]   43:     0x55e7db9b1f46 - std::panicking::try::h5d34f63d0e41b64e
[INFO] [stdout]                                at /rustc/1b7dd2252b99671ce5d1cb9664c5f8636329436d/library/std/src/panicking.rs:449:19
[INFO] [stdout]   44:     0x55e7db9b1f46 - std::panic::catch_unwind::hcfbb511e1aa7fc67
[INFO] [stdout]                                at /rustc/1b7dd2252b99671ce5d1cb9664c5f8636329436d/library/std/src/panic.rs:140:14
[INFO] [stdout]   45:     0x55e7db9b1f46 - test::run_test_in_process::h9abda90f802eaf21
[INFO] [stdout]                                at /rustc/1b7dd2252b99671ce5d1cb9664c5f8636329436d/library/test/src/lib.rs:678:27
[INFO] [stdout]   46:     0x55e7db9b1f46 - test::run_test::run_test_inner::{{closure}}::h0f058de91f6c6edf
[INFO] [stdout]                                at /rustc/1b7dd2252b99671ce5d1cb9664c5f8636329436d/library/test/src/lib.rs:572:39
[INFO] [stdout]   47:     0x55e7db97ae65 - test::run_test::run_test_inner::{{closure}}::h5ca48a4c59c6c1fb
[INFO] [stdout]                                at /rustc/1b7dd2252b99671ce5d1cb9664c5f8636329436d/library/test/src/lib.rs:599:37
[INFO] [stdout]   48:     0x55e7db97ae65 - std::sys_common::backtrace::__rust_begin_short_backtrace::h32bd51e1495d4a33
[INFO] [stdout]                                at /rustc/1b7dd2252b99671ce5d1cb9664c5f8636329436d/library/std/src/sys_common/backtrace.rs:134:18
[INFO] [stdout]   49:     0x55e7db9803a1 - std::thread::Builder::spawn_unchecked_::{{closure}}::{{closure}}::hc086fae9b128b2db
[INFO] [stdout]                                at /rustc/1b7dd2252b99671ce5d1cb9664c5f8636329436d/library/std/src/thread/mod.rs:526:17
[INFO] [stdout]   50:     0x55e7db9803a1 - <core::panic::unwind_safe::AssertUnwindSafe<F> as core::ops::function::FnOnce<()>>::call_once::hb66571888d270d43
[INFO] [stdout]                                at /rustc/1b7dd2252b99671ce5d1cb9664c5f8636329436d/library/core/src/panic/unwind_safe.rs:271:9
[INFO] [stdout]   51:     0x55e7db9803a1 - std::panicking::try::do_call::h4fa2ef4f6e51fecf
[INFO] [stdout]                                at /rustc/1b7dd2252b99671ce5d1cb9664c5f8636329436d/library/std/src/panicking.rs:485:40
[INFO] [stdout]   52:     0x55e7db9803a1 - std::panicking::try::h1e9e22b8584489b5
[INFO] [stdout]                                at /rustc/1b7dd2252b99671ce5d1cb9664c5f8636329436d/library/std/src/panicking.rs:449:19
[INFO] [stdout]   53:     0x55e7db9803a1 - std::panic::catch_unwind::h44698a3de0e0769e
[INFO] [stdout]                                at /rustc/1b7dd2252b99671ce5d1cb9664c5f8636329436d/library/std/src/panic.rs:140:14
[INFO] [stdout]   54:     0x55e7db9803a1 - std::thread::Builder::spawn_unchecked_::{{closure}}::h50153abde3fe239e
[INFO] [stdout]                                at /rustc/1b7dd2252b99671ce5d1cb9664c5f8636329436d/library/std/src/thread/mod.rs:525:30
[INFO] [stdout]   55:     0x55e7db9803a1 - core::ops::function::FnOnce::call_once{{vtable.shim}}::hbe5bbf6f38394364
[INFO] [stdout]                                at /rustc/1b7dd2252b99671ce5d1cb9664c5f8636329436d/library/core/src/ops/function.rs:250:5
[INFO] [stdout]   56:     0x55e7dc239915 - <alloc::boxed::Box<F,A> as core::ops::function::FnOnce<Args>>::call_once::h0d83cb2920a49046
[INFO] [stdout]                                at /rustc/1b7dd2252b99671ce5d1cb9664c5f8636329436d/library/alloc/src/boxed.rs:1973:9
[INFO] [stdout]   57:     0x55e7dc239915 - <alloc::boxed::Box<F,A> as core::ops::function::FnOnce<Args>>::call_once::hbe0a008aa7d9ef59
[INFO] [stdout]                                at /rustc/1b7dd2252b99671ce5d1cb9664c5f8636329436d/library/alloc/src/boxed.rs:1973:9
[INFO] [stdout]   58:     0x55e7dc239915 - std::sys::unix::thread::Thread::new::thread_start::h3a466996bdf6b1f9
[INFO] [stdout]                                at /rustc/1b7dd2252b99671ce5d1cb9664c5f8636329436d/library/std/src/sys/unix/thread.rs:108:17
[INFO] [stdout]   59:     0x7f0163bfdb43 - <unknown>
[INFO] [stdout]   60:     0x7f0163c8ebb4 - __clone
[INFO] [stdout]   61:                0x0 - <unknown>
[INFO] [stdout] 
[INFO] [stdout] ---- test_operate_object stdout ----
[INFO] [stdout] thread 'test_operate_object' panicked at 'called `Result::unwrap()` on an `Err` value: reqwest::Error { kind: Request, url: Url { scheme: "http", cannot_be_a_base: false, username: "", password: None, host: Some(Domain("localhost")), port: Some(9022), path: "/bucket-test-1/", query: Some(""), fragment: None }, source: hyper::Error(Connect, ConnectError("tcp connect error", Os { code: 99, kind: AddrNotAvailable, message: "Cannot assign requested address" })) }', /opt/rustwide/workdir/src/client/client.rs:251:14
[INFO] [stdout] stack backtrace:
[INFO] [stdout]    0:     0x55e7dc2330ba - std::backtrace_rs::backtrace::libunwind::trace::h2f05d0192276a8f6
[INFO] [stdout]                                at /rustc/1b7dd2252b99671ce5d1cb9664c5f8636329436d/library/std/src/../../backtrace/src/backtrace/libunwind.rs:93:5
[INFO] [stdout]    1:     0x55e7dc2330ba - std::backtrace_rs::backtrace::trace_unsynchronized::hedc23dff7a1af150
[INFO] [stdout]                                at /rustc/1b7dd2252b99671ce5d1cb9664c5f8636329436d/library/std/src/../../backtrace/src/backtrace/mod.rs:66:5
[INFO] [stdout]    2:     0x55e7dc2330ba - std::sys_common::backtrace::_print_fmt::h17541ef7592f3ce2
[INFO] [stdout]                                at /rustc/1b7dd2252b99671ce5d1cb9664c5f8636329436d/library/std/src/sys_common/backtrace.rs:65:5
[INFO] [stdout]    3:     0x55e7dc2330ba - <std::sys_common::backtrace::_print::DisplayBacktrace as core::fmt::Display>::fmt::h20f75df5ab0c0792
[INFO] [stdout]                                at /rustc/1b7dd2252b99671ce5d1cb9664c5f8636329436d/library/std/src/sys_common/backtrace.rs:44:22
[INFO] [stdout]    4:     0x55e7dc25ab4f - core::fmt::write::h78109e6f466b3af6
[INFO] [stdout]                                at /rustc/1b7dd2252b99671ce5d1cb9664c5f8636329436d/library/core/src/fmt/mod.rs:1254:17
[INFO] [stdout]    5:     0x55e7dc22f765 - std::io::Write::write_fmt::hd24bfb68a1b35a25
[INFO] [stdout]                                at /rustc/1b7dd2252b99671ce5d1cb9664c5f8636329436d/library/std/src/io/mod.rs:1698:15
[INFO] [stdout]    6:     0x55e7dc232e85 - std::sys_common::backtrace::_print::h8dac57a9f8fbf9a5
[INFO] [stdout]                                at /rustc/1b7dd2252b99671ce5d1cb9664c5f8636329436d/library/std/src/sys_common/backtrace.rs:47:5
[INFO] [stdout]    7:     0x55e7dc232e85 - std::sys_common::backtrace::print::hf9ecbf41d1aa712f
[INFO] [stdout]                                at /rustc/1b7dd2252b99671ce5d1cb9664c5f8636329436d/library/std/src/sys_common/backtrace.rs:34:9
[INFO] [stdout]    8:     0x55e7dc234b3e - std::panicking::default_hook::{{closure}}::h04c07acfc84ca028
[INFO] [stdout]                                at /rustc/1b7dd2252b99671ce5d1cb9664c5f8636329436d/library/std/src/panicking.rs:269:22
[INFO] [stdout]    9:     0x55e7dc234871 - std::panicking::default_hook::h01f6bb23e1eceb2c
[INFO] [stdout]                                at /rustc/1b7dd2252b99671ce5d1cb9664c5f8636329436d/library/std/src/panicking.rs:285:9
[INFO] [stdout]   10:     0x55e7db9adf9b - <alloc::boxed::Box<F,A> as core::ops::function::Fn<Args>>::call::h87fe9f7b2fd49e4c
[INFO] [stdout]                                at /rustc/1b7dd2252b99671ce5d1cb9664c5f8636329436d/library/alloc/src/boxed.rs:1987:9
[INFO] [stdout]   11:     0x55e7db9adf9b - test::test_main::{{closure}}::he94d679243a7531b
[INFO] [stdout]                                at /rustc/1b7dd2252b99671ce5d1cb9664c5f8636329436d/library/test/src/lib.rs:134:21
[INFO] [stdout]   12:     0x55e7dc235224 - <alloc::boxed::Box<F,A> as core::ops::function::Fn<Args>>::call::h3f2d6d8b14c4769f
[INFO] [stdout]                                at /rustc/1b7dd2252b99671ce5d1cb9664c5f8636329436d/library/alloc/src/boxed.rs:1987:9
[INFO] [stdout]   13:     0x55e7dc235224 - std::panicking::rust_panic_with_hook::h2bb3722bbaf2f6df
[INFO] [stdout]                                at /rustc/1b7dd2252b99671ce5d1cb9664c5f8636329436d/library/std/src/panicking.rs:695:13
[INFO] [stdout]   14:     0x55e7dc234f99 - std::panicking::begin_panic_handler::{{closure}}::h91bc7f36a4be011b
[INFO] [stdout]                                at /rustc/1b7dd2252b99671ce5d1cb9664c5f8636329436d/library/std/src/panicking.rs:582:13
[INFO] [stdout]   15:     0x55e7dc233526 - std::sys_common::backtrace::__rust_end_short_backtrace::h8b3d3717114f9e59
[INFO] [stdout]                                at /rustc/1b7dd2252b99671ce5d1cb9664c5f8636329436d/library/std/src/sys_common/backtrace.rs:150:18
[INFO] [stdout]   16:     0x55e7dc234cf2 - rust_begin_unwind
[INFO] [stdout]                                at /rustc/1b7dd2252b99671ce5d1cb9664c5f8636329436d/library/std/src/panicking.rs:578:5
[INFO] [stdout]   17:     0x55e7db92c4d3 - core::panicking::panic_fmt::hfd368e3fbdabea26
[INFO] [stdout]                                at /rustc/1b7dd2252b99671ce5d1cb9664c5f8636329436d/library/core/src/panicking.rs:67:14
[INFO] [stdout]   18:     0x55e7db92ca73 - core::result::unwrap_failed::he54eb4b2f125b26f
[INFO] [stdout]                                at /rustc/1b7dd2252b99671ce5d1cb9664c5f8636329436d/library/core/src/result.rs:1687:5
[INFO] [stdout]   19:     0x55e7db93c3ad - core::result::Result<T,E>::unwrap::h06b3d872a9b96fee
[INFO] [stdout]                                at /rustc/1b7dd2252b99671ce5d1cb9664c5f8636329436d/library/core/src/result.rs:1089:23
[INFO] [stdout]   20:     0x55e7db940d22 - minio_rsc::client::client::Minio::_url_open::{{closure}}::h358c25e9924c11b9
[INFO] [stdout]                                at /opt/rustwide/workdir/src/client/client.rs:243:23
[INFO] [stdout]   21:     0x55e7db93f4e1 - minio_rsc::client::client::Minio::_execute::{{closure}}::hfbd00f1fdcd0624b
[INFO] [stdout]                                at /opt/rustwide/workdir/src/client/client.rs:309:63
[INFO] [stdout]   22:     0x55e7db95a53f - minio_rsc::executor::BaseExecutor::send::{{closure}}::h7b611e4d738814b8
[INFO] [stdout]                                at /opt/rustwide/workdir/src/executor/mod.rs:254:13
[INFO] [stdout]   23:     0x55e7db94ddec - minio_rsc::client::operate_bucket::<impl minio_rsc::client::client::Minio>::bucket_exists::{{closure}}::h204518a7c37419e4
[INFO] [stdout]                                at /opt/rustwide/workdir/src/client/operate_bucket.rs:44:13
[INFO] [stdout]   24:     0x55e7db9372b9 - test::test_operate_object::{{closure}}::h91d300a87884eabd
[INFO] [stdout]                                at /opt/rustwide/workdir/tests/test.rs:96:50
[INFO] [stdout]   25:     0x55e7db958ac3 - tokio::runtime::park::CachedParkThread::block_on::{{closure}}::ha7efbf2b24bcbaf6
[INFO] [stdout]                                at /opt/rustwide/cargo-home/registry/src/index.crates.io-6f17d22bba15001f/tokio-1.28.0/src/runtime/park.rs:283:63
[INFO] [stdout]   26:     0x55e7db957356 - tokio::runtime::coop::with_budget::hc0b19c4f5173986c
[INFO] [stdout]                                at /opt/rustwide/cargo-home/registry/src/index.crates.io-6f17d22bba15001f/tokio-1.28.0/src/runtime/coop.rs:107:5
[INFO] [stdout]   27:     0x55e7db957356 - tokio::runtime::coop::budget::h700559902456dc82
[INFO] [stdout]                                at /opt/rustwide/cargo-home/registry/src/index.crates.io-6f17d22bba15001f/tokio-1.28.0/src/runtime/coop.rs:73:5
[INFO] [stdout]   28:     0x55e7db957356 - tokio::runtime::park::CachedParkThread::block_on::h18d1660d612fe8e9
[INFO] [stdout]                                at /opt/rustwide/cargo-home/registry/src/index.crates.io-6f17d22bba15001f/tokio-1.28.0/src/runtime/park.rs:283:31
[INFO] [stdout]   29:     0x55e7db952fa2 - tokio::runtime::context::BlockingRegionGuard::block_on::h5c876a6191f5625b
[INFO] [stdout]                                at /opt/rustwide/cargo-home/registry/src/index.crates.io-6f17d22bba15001f/tokio-1.28.0/src/runtime/context.rs:315:13
[INFO] [stdout]   30:     0x55e7db95424b - tokio::runtime::scheduler::multi_thread::MultiThread::block_on::h3a4f08ce2fc248d4
[INFO] [stdout]                                at /opt/rustwide/cargo-home/registry/src/index.crates.io-6f17d22bba15001f/tokio-1.28.0/src/runtime/scheduler/multi_thread/mod.rs:66:9
[INFO] [stdout]   31:     0x55e7db958ee7 - tokio::runtime::runtime::Runtime::block_on::h5d98ca1055ec6f70
[INFO] [stdout]                                at /opt/rustwide/cargo-home/registry/src/index.crates.io-6f17d22bba15001f/tokio-1.28.0/src/runtime/runtime.rs:304:45
[INFO] [stdout]   32:     0x55e7db936d2f - test::test_operate_object::h0957634f2911dfb3
[INFO] [stdout]                                at /opt/rustwide/workdir/tests/test.rs:109:5
[INFO] [stdout]   33:     0x55e7db936bd2 - test::test_operate_object::{{closure}}::h889ddb74d4d14c35
[INFO] [stdout]                                at /opt/rustwide/workdir/tests/test.rs:90:35
[INFO] [stdout]   34:     0x55e7db92cee5 - core::ops::function::FnOnce::call_once::had9ab12449a7c5a9
[INFO] [stdout]                                at /rustc/1b7dd2252b99671ce5d1cb9664c5f8636329436d/library/core/src/ops/function.rs:250:5
[INFO] [stdout]   35:     0x55e7db9b2e6f - core::ops::function::FnOnce::call_once::ha6a70e79f7481a7e
[INFO] [stdout]                                at /rustc/1b7dd2252b99671ce5d1cb9664c5f8636329436d/library/core/src/ops/function.rs:250:5
[INFO] [stdout]   36:     0x55e7db9b2e6f - test::__rust_begin_short_backtrace::hce33033019b61e69
[INFO] [stdout]                                at /rustc/1b7dd2252b99671ce5d1cb9664c5f8636329436d/library/test/src/lib.rs:655:18
[INFO] [stdout]   37:     0x55e7db98065c - test::run_test::{{closure}}::h858d3528838ae3e5
[INFO] [stdout]                                at /rustc/1b7dd2252b99671ce5d1cb9664c5f8636329436d/library/test/src/lib.rs:646:30
[INFO] [stdout]   38:     0x55e7db98065c - core::ops::function::FnOnce::call_once{{vtable.shim}}::he8ac2b00f01ae79e
[INFO] [stdout]                                at /rustc/1b7dd2252b99671ce5d1cb9664c5f8636329436d/library/core/src/ops/function.rs:250:5
[INFO] [stdout]   39:     0x55e7db9b1f46 - <alloc::boxed::Box<F,A> as core::ops::function::FnOnce<Args>>::call_once::h8093d25b522725ef
[INFO] [stdout]                                at /rustc/1b7dd2252b99671ce5d1cb9664c5f8636329436d/library/alloc/src/boxed.rs:1973:9
[INFO] [stdout]   40:     0x55e7db9b1f46 - <core::panic::unwind_safe::AssertUnwindSafe<F> as core::ops::function::FnOnce<()>>::call_once::h5c334c204e4a3913
[INFO] [stdout]                                at /rustc/1b7dd2252b99671ce5d1cb9664c5f8636329436d/library/core/src/panic/unwind_safe.rs:271:9
[INFO] [stdout]   41:     0x55e7db9b1f46 - std::panicking::try::do_call::ha8b740c7b9478074
[INFO] [stdout]                                at /rustc/1b7dd2252b99671ce5d1cb9664c5f8636329436d/library/std/src/panicking.rs:485:40
[INFO] [stdout]   42:     0x55e7db9b1f46 - std::panicking::try::h5d34f63d0e41b64e
[INFO] [stdout]                                at /rustc/1b7dd2252b99671ce5d1cb9664c5f8636329436d/library/std/src/panicking.rs:449:19
[INFO] [stdout]   43:     0x55e7db9b1f46 - std::panic::catch_unwind::hcfbb511e1aa7fc67
[INFO] [stdout]                                at /rustc/1b7dd2252b99671ce5d1cb9664c5f8636329436d/library/std/src/panic.rs:140:14
[INFO] [stdout]   44:     0x55e7db9b1f46 - test::run_test_in_process::h9abda90f802eaf21
[INFO] [stdout]                                at /rustc/1b7dd2252b99671ce5d1cb9664c5f8636329436d/library/test/src/lib.rs:678:27
[INFO] [stdout]   45:     0x55e7db9b1f46 - test::run_test::run_test_inner::{{closure}}::h0f058de91f6c6edf
[INFO] [stdout]                                at /rustc/1b7dd2252b99671ce5d1cb9664c5f8636329436d/library/test/src/lib.rs:572:39
[INFO] [stdout]   46:     0x55e7db97ae65 - test::run_test::run_test_inner::{{closure}}::h5ca48a4c59c6c1fb
[INFO] [stdout]                                at /rustc/1b7dd2252b99671ce5d1cb9664c5f8636329436d/library/test/src/lib.rs:599:37
[INFO] [stdout]   47:     0x55e7db97ae65 - std::sys_common::backtrace::__rust_begin_short_backtrace::h32bd51e1495d4a33
[INFO] [stdout]                                at /rustc/1b7dd2252b99671ce5d1cb9664c5f8636329436d/library/std/src/sys_common/backtrace.rs:134:18
[INFO] [stdout]   48:     0x55e7db9803a1 - std::thread::Builder::spawn_unchecked_::{{closure}}::{{closure}}::hc086fae9b128b2db
[INFO] [stdout]                                at /rustc/1b7dd2252b99671ce5d1cb9664c5f8636329436d/library/std/src/thread/mod.rs:526:17
[INFO] [stdout]   49:     0x55e7db9803a1 - <core::panic::unwind_safe::AssertUnwindSafe<F> as core::ops::function::FnOnce<()>>::call_once::hb66571888d270d43
[INFO] [stdout]                                at /rustc/1b7dd2252b99671ce5d1cb9664c5f8636329436d/library/core/src/panic/unwind_safe.rs:271:9
[INFO] [stdout]   50:     0x55e7db9803a1 - std::panicking::try::do_call::h4fa2ef4f6e51fecf
[INFO] [stdout]                                at /rustc/1b7dd2252b99671ce5d1cb9664c5f8636329436d/library/std/src/panicking.rs:485:40
[INFO] [stdout]   51:     0x55e7db9803a1 - std::panicking::try::h1e9e22b8584489b5
[INFO] [stdout]                                at /rustc/1b7dd2252b99671ce5d1cb9664c5f8636329436d/library/std/src/panicking.rs:449:19
[INFO] [stdout]   52:     0x55e7db9803a1 - std::panic::catch_unwind::h44698a3de0e0769e
[INFO] [stdout]                                at /rustc/1b7dd2252b99671ce5d1cb9664c5f8636329436d/library/std/src/panic.rs:140:14
[INFO] [stdout]   53:     0x55e7db9803a1 - std::thread::Builder::spawn_unchecked_::{{closure}}::h50153abde3fe239e
[INFO] [stdout]                                at /rustc/1b7dd2252b99671ce5d1cb9664c5f8636329436d/library/std/src/thread/mod.rs:525:30
[INFO] [stdout]   54:     0x55e7db9803a1 - core::ops::function::FnOnce::call_once{{vtable.shim}}::hbe5bbf6f38394364
[INFO] [stdout]                                at /rustc/1b7dd2252b99671ce5d1cb9664c5f8636329436d/library/core/src/ops/function.rs:250:5
[INFO] [stdout]   55:     0x55e7dc239915 - <alloc::boxed::Box<F,A> as core::ops::function::FnOnce<Args>>::call_once::h0d83cb2920a49046
[INFO] [stderr] error: test failed, to rerun pass `--test test`
[INFO] [stdout]                                at /rustc/1b7dd2252b99671ce5d1cb9664c5f8636329436d/library/alloc/src/boxed.rs:1973:9
[INFO] [stdout]   56:     0x55e7dc239915 - <alloc::boxed::Box<F,A> as core::ops::function::FnOnce<Args>>::call_once::hbe0a008aa7d9ef59
[INFO] [stdout]                                at /rustc/1b7dd2252b99671ce5d1cb9664c5f8636329436d/library/alloc/src/boxed.rs:1973:9
[INFO] [stdout]   57:     0x55e7dc239915 - std::sys::unix::thread::Thread::new::thread_start::h3a466996bdf6b1f9
[INFO] [stdout]                                at /rustc/1b7dd2252b99671ce5d1cb9664c5f8636329436d/library/std/src/sys/unix/thread.rs:108:17
[INFO] [stdout]   58:     0x7f0163bfdb43 - <unknown>
[INFO] [stdout]   59:     0x7f0163c8ebb4 - __clone
[INFO] [stdout]   60:                0x0 - <unknown>
[INFO] [stdout] 
[INFO] [stdout] 
[INFO] [stdout] failures:
[INFO] [stdout]     test_bucket
[INFO] [stdout]     test_operate_object
[INFO] [stdout] 
[INFO] [stdout] test result: FAILED. 1 passed; 2 failed; 0 ignored; 0 measured; 0 filtered out; finished in 0.39s
[INFO] [stdout] 
[INFO] running `Command { std: "docker" "inspect" "fdf9f3e834f99bf536590b8372b28b62cf0d6dbd08696d8565bee174983fd551", kill_on_drop: false }`
[INFO] running `Command { std: "docker" "rm" "-f" "fdf9f3e834f99bf536590b8372b28b62cf0d6dbd08696d8565bee174983fd551", kill_on_drop: false }`
[INFO] [stdout] fdf9f3e834f99bf536590b8372b28b62cf0d6dbd08696d8565bee174983fd551
