[INFO] fetching crate minigrep_boypaper 0.1.2...
[INFO] testing minigrep_boypaper-0.1.2 against 1.69.0 for beta-1.70-1
[INFO] extracting crate minigrep_boypaper 0.1.2 into /workspace/builds/worker-3-tc1/source
[INFO] validating manifest of crates.io crate minigrep_boypaper 0.1.2 on toolchain 1.69.0
[INFO] running `Command { std: CARGO_HOME="/workspace/cargo-home" RUSTUP_HOME="/workspace/rustup-home" "/workspace/cargo-home/bin/cargo" "+1.69.0" "metadata" "--manifest-path" "Cargo.toml" "--no-deps", kill_on_drop: false }`
[INFO] started tweaking crates.io crate minigrep_boypaper 0.1.2
[INFO] finished tweaking crates.io crate minigrep_boypaper 0.1.2
[INFO] tweaked toml for crates.io crate minigrep_boypaper 0.1.2 written to /workspace/builds/worker-3-tc1/source/Cargo.toml
[INFO] crate crates.io crate minigrep_boypaper 0.1.2 already has a lockfile, it will not be regenerated
[INFO] running `Command { std: CARGO_HOME="/workspace/cargo-home" RUSTUP_HOME="/workspace/rustup-home" "/workspace/cargo-home/bin/cargo" "+1.69.0" "fetch" "--manifest-path" "Cargo.toml", kill_on_drop: false }`
[INFO] running `Command { std: "docker" "create" "-v" "/var/lib/crater-agent-workspace/builds/worker-3-tc1/target:/opt/rustwide/target:rw,Z" "-v" "/var/lib/crater-agent-workspace/builds/worker-3-tc1/source:/opt/rustwide/workdir:ro,Z" "-v" "/var/lib/crater-agent-workspace/cargo-home:/opt/rustwide/cargo-home:ro,Z" "-v" "/var/lib/crater-agent-workspace/rustup-home:/opt/rustwide/rustup-home:ro,Z" "-e" "SOURCE_DIR=/opt/rustwide/workdir" "-e" "CARGO_TARGET_DIR=/opt/rustwide/target" "-e" "CARGO_HOME=/opt/rustwide/cargo-home" "-e" "RUSTUP_HOME=/opt/rustwide/rustup-home" "-w" "/opt/rustwide/workdir" "-m" "1610612736" "--user" "0:0" "--network" "none" "ghcr.io/rust-lang/crates-build-env/linux@sha256:5ff2268d62e97bff2cde7d5815dd6ed5b47097566f13b8d0ca110b04b60e07ed" "/opt/rustwide/cargo-home/bin/cargo" "+1.69.0" "metadata" "--no-deps" "--format-version=1", kill_on_drop: false }`
[INFO] [stdout] 0c9db8b5f04dc6d5ae6432c15f7773ac0d56beb2701691bd39a3f50088e7460c
[INFO] running `Command { std: "docker" "start" "-a" "0c9db8b5f04dc6d5ae6432c15f7773ac0d56beb2701691bd39a3f50088e7460c", kill_on_drop: false }`
[INFO] running `Command { std: "docker" "inspect" "0c9db8b5f04dc6d5ae6432c15f7773ac0d56beb2701691bd39a3f50088e7460c", kill_on_drop: false }`
[INFO] running `Command { std: "docker" "rm" "-f" "0c9db8b5f04dc6d5ae6432c15f7773ac0d56beb2701691bd39a3f50088e7460c", kill_on_drop: false }`
[INFO] [stdout] 0c9db8b5f04dc6d5ae6432c15f7773ac0d56beb2701691bd39a3f50088e7460c
[INFO] running `Command { std: "docker" "create" "-v" "/var/lib/crater-agent-workspace/builds/worker-3-tc1/target:/opt/rustwide/target:rw,Z" "-v" "/var/lib/crater-agent-workspace/builds/worker-3-tc1/source:/opt/rustwide/workdir:ro,Z" "-v" "/var/lib/crater-agent-workspace/cargo-home:/opt/rustwide/cargo-home:ro,Z" "-v" "/var/lib/crater-agent-workspace/rustup-home:/opt/rustwide/rustup-home:ro,Z" "-e" "SOURCE_DIR=/opt/rustwide/workdir" "-e" "CARGO_TARGET_DIR=/opt/rustwide/target" "-e" "CARGO_INCREMENTAL=0" "-e" "RUST_BACKTRACE=full" "-e" "RUSTFLAGS=--cap-lints=warn" "-e" "RUSTDOCFLAGS=--cap-lints=warn" "-e" "CARGO_HOME=/opt/rustwide/cargo-home" "-e" "RUSTUP_HOME=/opt/rustwide/rustup-home" "-w" "/opt/rustwide/workdir" "-m" "1610612736" "--user" "0:0" "--network" "none" "ghcr.io/rust-lang/crates-build-env/linux@sha256:5ff2268d62e97bff2cde7d5815dd6ed5b47097566f13b8d0ca110b04b60e07ed" "/opt/rustwide/cargo-home/bin/cargo" "+1.69.0" "build" "--frozen" "--message-format=json", kill_on_drop: false }`
[INFO] [stdout] c5b52e839829bc4d3b44ea2837633790ae0cc50ae241e3fa40fee4d2219ecc89
[INFO] running `Command { std: "docker" "start" "-a" "c5b52e839829bc4d3b44ea2837633790ae0cc50ae241e3fa40fee4d2219ecc89", kill_on_drop: false }`
[INFO] [stderr]    Compiling minigrep_boypaper v0.1.2 (/opt/rustwide/workdir)
[INFO] [stderr]     Finished dev [unoptimized + debuginfo] target(s) in 0.84s
[INFO] running `Command { std: "docker" "inspect" "c5b52e839829bc4d3b44ea2837633790ae0cc50ae241e3fa40fee4d2219ecc89", kill_on_drop: false }`
[INFO] running `Command { std: "docker" "rm" "-f" "c5b52e839829bc4d3b44ea2837633790ae0cc50ae241e3fa40fee4d2219ecc89", kill_on_drop: false }`
[INFO] [stdout] c5b52e839829bc4d3b44ea2837633790ae0cc50ae241e3fa40fee4d2219ecc89
[INFO] running `Command { std: "docker" "create" "-v" "/var/lib/crater-agent-workspace/builds/worker-3-tc1/target:/opt/rustwide/target:rw,Z" "-v" "/var/lib/crater-agent-workspace/builds/worker-3-tc1/source:/opt/rustwide/workdir:ro,Z" "-v" "/var/lib/crater-agent-workspace/cargo-home:/opt/rustwide/cargo-home:ro,Z" "-v" "/var/lib/crater-agent-workspace/rustup-home:/opt/rustwide/rustup-home:ro,Z" "-e" "SOURCE_DIR=/opt/rustwide/workdir" "-e" "CARGO_TARGET_DIR=/opt/rustwide/target" "-e" "CARGO_INCREMENTAL=0" "-e" "RUST_BACKTRACE=full" "-e" "RUSTFLAGS=--cap-lints=warn" "-e" "RUSTDOCFLAGS=--cap-lints=warn" "-e" "CARGO_HOME=/opt/rustwide/cargo-home" "-e" "RUSTUP_HOME=/opt/rustwide/rustup-home" "-w" "/opt/rustwide/workdir" "-m" "1610612736" "--user" "0:0" "--network" "none" "ghcr.io/rust-lang/crates-build-env/linux@sha256:5ff2268d62e97bff2cde7d5815dd6ed5b47097566f13b8d0ca110b04b60e07ed" "/opt/rustwide/cargo-home/bin/cargo" "+1.69.0" "test" "--frozen" "--no-run" "--message-format=json", kill_on_drop: false }`
[INFO] [stdout] fff574075bbd36d21d57994c5a5265a26a3d289d1f5ca130d43c8234cffc19a8
[INFO] running `Command { std: "docker" "start" "-a" "fff574075bbd36d21d57994c5a5265a26a3d289d1f5ca130d43c8234cffc19a8", kill_on_drop: false }`
[INFO] [stderr]    Compiling minigrep_boypaper v0.1.2 (/opt/rustwide/workdir)
[INFO] [stderr]     Finished test [unoptimized + debuginfo] target(s) in 0.58s
[INFO] running `Command { std: "docker" "inspect" "fff574075bbd36d21d57994c5a5265a26a3d289d1f5ca130d43c8234cffc19a8", kill_on_drop: false }`
[INFO] running `Command { std: "docker" "rm" "-f" "fff574075bbd36d21d57994c5a5265a26a3d289d1f5ca130d43c8234cffc19a8", kill_on_drop: false }`
[INFO] [stdout] fff574075bbd36d21d57994c5a5265a26a3d289d1f5ca130d43c8234cffc19a8
[INFO] running `Command { std: "docker" "create" "-v" "/var/lib/crater-agent-workspace/builds/worker-3-tc1/target:/opt/rustwide/target:rw,Z" "-v" "/var/lib/crater-agent-workspace/builds/worker-3-tc1/source:/opt/rustwide/workdir:ro,Z" "-v" "/var/lib/crater-agent-workspace/cargo-home:/opt/rustwide/cargo-home:ro,Z" "-v" "/var/lib/crater-agent-workspace/rustup-home:/opt/rustwide/rustup-home:ro,Z" "-e" "SOURCE_DIR=/opt/rustwide/workdir" "-e" "CARGO_TARGET_DIR=/opt/rustwide/target" "-e" "CARGO_INCREMENTAL=0" "-e" "RUST_BACKTRACE=full" "-e" "RUSTFLAGS=--cap-lints=warn" "-e" "RUSTDOCFLAGS=--cap-lints=warn" "-e" "CARGO_HOME=/opt/rustwide/cargo-home" "-e" "RUSTUP_HOME=/opt/rustwide/rustup-home" "-w" "/opt/rustwide/workdir" "-m" "1610612736" "--user" "0:0" "--network" "none" "ghcr.io/rust-lang/crates-build-env/linux@sha256:5ff2268d62e97bff2cde7d5815dd6ed5b47097566f13b8d0ca110b04b60e07ed" "/opt/rustwide/cargo-home/bin/cargo" "+1.69.0" "test" "--frozen", kill_on_drop: false }`
[INFO] [stdout] 95c51fae354b050015ccbc9c64842f64ef69d181d3107abd93ac6c79ab3526a0
[INFO] running `Command { std: "docker" "start" "-a" "95c51fae354b050015ccbc9c64842f64ef69d181d3107abd93ac6c79ab3526a0", kill_on_drop: false }`
[INFO] [stderr]     Blocking waiting for file lock on package cache
[INFO] [stderr]     Finished test [unoptimized + debuginfo] target(s) in 0.04s
[INFO] [stderr]      Running unittests src/lib.rs (/opt/rustwide/target/debug/deps/minigrep_boypaper-18b5a1fe6bcf2c8f)
[INFO] [stderr]      Running unittests src/main.rs (/opt/rustwide/target/debug/deps/minigrep_boypaper-631df5c71e38d39e)
[INFO] [stdout] 
[INFO] [stdout] running 0 tests
[INFO] [stdout] 
[INFO] [stdout] test result: ok. 0 passed; 0 failed; 0 ignored; 0 measured; 0 filtered out; finished in 0.00s
[INFO] [stdout] 
[INFO] [stdout] 
[INFO] [stdout] running 0 tests
[INFO] [stdout] 
[INFO] [stdout] test result: ok. 0 passed; 0 failed; 0 ignored; 0 measured; 0 filtered out; finished in 0.00s
[INFO] [stdout] 
[INFO] [stderr]    Doc-tests minigrep_boypaper
[INFO] [stdout] 
[INFO] [stdout] running 1 test
[INFO] [stdout] test src/lib.rs - search (line 40) ... FAILED
[INFO] [stdout] 
[INFO] [stdout] failures:
[INFO] [stdout] 
[INFO] [stdout] ---- src/lib.rs - search (line 40) stdout ----
[INFO] [stdout] error[E0425]: cannot find value `to` in this scope
[INFO] [stdout]  --> src/lib.rs:41:11
[INFO] [stdout]   |
[INFO] [stdout] 3 | let query=to;
[INFO] [stdout]   |           ^^ not found in this scope
[INFO] [stdout] 
[INFO] [stdout] error[E0425]: cannot find function `search` in this scope
[INFO] [stdout]   --> src/lib.rs:48:1
[INFO] [stdout]    |
[INFO] [stdout] 10 | search(query, contents)
[INFO] [stdout]    | ^^^^^^ not found in this scope
[INFO] [stdout]    |
[INFO] [stdout] help: consider importing this function
[INFO] [stdout]    |
[INFO] [stdout] 2  | use minigrep_boypaper::search;
[INFO] [stdout]    |
[INFO] [stdout] 
[INFO] [stdout] error: aborting due to 2 previous errors
[INFO] [stdout] 
[INFO] [stdout] For more information about this error, try `rustc --explain E0425`.
[INFO] [stdout] Couldn't compile the test.
[INFO] [stdout] 
[INFO] [stdout] failures:
[INFO] [stdout]     src/lib.rs - search (line 40)
[INFO] [stdout] 
[INFO] [stdout] test result: FAILED. 0 passed; 1 failed; 0 ignored; 0 measured; 0 filtered out; finished in 0.05s
[INFO] [stdout] 
[INFO] [stderr] error: doctest failed, to rerun pass `--doc`
[INFO] running `Command { std: "docker" "inspect" "95c51fae354b050015ccbc9c64842f64ef69d181d3107abd93ac6c79ab3526a0", kill_on_drop: false }`
[INFO] running `Command { std: "docker" "rm" "-f" "95c51fae354b050015ccbc9c64842f64ef69d181d3107abd93ac6c79ab3526a0", kill_on_drop: false }`
[INFO] [stdout] 95c51fae354b050015ccbc9c64842f64ef69d181d3107abd93ac6c79ab3526a0
