[INFO] fetching crate mini_template_macro 0.1.0...
[INFO] testing mini_template_macro-0.1.0 against beta-2023-04-20 for beta-1.70-1
[INFO] extracting crate mini_template_macro 0.1.0 into /workspace/builds/worker-1-tc2/source
[INFO] validating manifest of crates.io crate mini_template_macro 0.1.0 on toolchain beta-2023-04-20
[INFO] running `Command { std: CARGO_HOME="/workspace/cargo-home" RUSTUP_HOME="/workspace/rustup-home" "/workspace/cargo-home/bin/cargo" "+beta-2023-04-20" "metadata" "--manifest-path" "Cargo.toml" "--no-deps", kill_on_drop: false }`
[INFO] started tweaking crates.io crate mini_template_macro 0.1.0
[INFO] finished tweaking crates.io crate mini_template_macro 0.1.0
[INFO] tweaked toml for crates.io crate mini_template_macro 0.1.0 written to /workspace/builds/worker-1-tc2/source/Cargo.toml
[INFO] running `Command { std: CARGO_HOME="/workspace/cargo-home" RUSTUP_HOME="/workspace/rustup-home" __CARGO_TEST_CHANNEL_OVERRIDE_DO_NOT_USE_THIS="nightly" "/workspace/cargo-home/bin/cargo" "+beta-2023-04-20" "generate-lockfile" "--manifest-path" "Cargo.toml" "-Zno-index-update", kill_on_drop: false }`
[INFO] running `Command { std: CARGO_HOME="/workspace/cargo-home" RUSTUP_HOME="/workspace/rustup-home" "/workspace/cargo-home/bin/cargo" "+beta-2023-04-20" "fetch" "--manifest-path" "Cargo.toml", kill_on_drop: false }`
[INFO] running `Command { std: "docker" "create" "-v" "/var/lib/crater-agent-workspace/builds/worker-1-tc2/target:/opt/rustwide/target:rw,Z" "-v" "/var/lib/crater-agent-workspace/builds/worker-1-tc2/source:/opt/rustwide/workdir:ro,Z" "-v" "/var/lib/crater-agent-workspace/cargo-home:/opt/rustwide/cargo-home:ro,Z" "-v" "/var/lib/crater-agent-workspace/rustup-home:/opt/rustwide/rustup-home:ro,Z" "-e" "SOURCE_DIR=/opt/rustwide/workdir" "-e" "CARGO_TARGET_DIR=/opt/rustwide/target" "-e" "CARGO_HOME=/opt/rustwide/cargo-home" "-e" "RUSTUP_HOME=/opt/rustwide/rustup-home" "-w" "/opt/rustwide/workdir" "-m" "1610612736" "--user" "0:0" "--network" "none" "ghcr.io/rust-lang/crates-build-env/linux@sha256:5ff2268d62e97bff2cde7d5815dd6ed5b47097566f13b8d0ca110b04b60e07ed" "/opt/rustwide/cargo-home/bin/cargo" "+beta-2023-04-20" "metadata" "--no-deps" "--format-version=1", kill_on_drop: false }`
[INFO] [stdout] 0d40171f819cb4be04467221a3c778179a0c6ee126af2f4a29b61b5e918d949c
[INFO] running `Command { std: "docker" "start" "-a" "0d40171f819cb4be04467221a3c778179a0c6ee126af2f4a29b61b5e918d949c", kill_on_drop: false }`
[INFO] running `Command { std: "docker" "inspect" "0d40171f819cb4be04467221a3c778179a0c6ee126af2f4a29b61b5e918d949c", kill_on_drop: false }`
[INFO] running `Command { std: "docker" "rm" "-f" "0d40171f819cb4be04467221a3c778179a0c6ee126af2f4a29b61b5e918d949c", kill_on_drop: false }`
[INFO] [stdout] 0d40171f819cb4be04467221a3c778179a0c6ee126af2f4a29b61b5e918d949c
[INFO] running `Command { std: "docker" "create" "-v" "/var/lib/crater-agent-workspace/builds/worker-1-tc2/target:/opt/rustwide/target:rw,Z" "-v" "/var/lib/crater-agent-workspace/builds/worker-1-tc2/source:/opt/rustwide/workdir:ro,Z" "-v" "/var/lib/crater-agent-workspace/cargo-home:/opt/rustwide/cargo-home:ro,Z" "-v" "/var/lib/crater-agent-workspace/rustup-home:/opt/rustwide/rustup-home:ro,Z" "-e" "SOURCE_DIR=/opt/rustwide/workdir" "-e" "CARGO_TARGET_DIR=/opt/rustwide/target" "-e" "CARGO_INCREMENTAL=0" "-e" "RUST_BACKTRACE=full" "-e" "RUSTFLAGS=--cap-lints=warn" "-e" "RUSTDOCFLAGS=--cap-lints=warn" "-e" "CARGO_HOME=/opt/rustwide/cargo-home" "-e" "RUSTUP_HOME=/opt/rustwide/rustup-home" "-w" "/opt/rustwide/workdir" "-m" "1610612736" "--user" "0:0" "--network" "none" "ghcr.io/rust-lang/crates-build-env/linux@sha256:5ff2268d62e97bff2cde7d5815dd6ed5b47097566f13b8d0ca110b04b60e07ed" "/opt/rustwide/cargo-home/bin/cargo" "+beta-2023-04-20" "build" "--frozen" "--message-format=json", kill_on_drop: false }`
[INFO] [stdout] 694769f242d4bf00f1a0a3e1d2d905ee4c5ffb84b82d78e895f7c42051ab7aef
[INFO] running `Command { std: "docker" "start" "-a" "694769f242d4bf00f1a0a3e1d2d905ee4c5ffb84b82d78e895f7c42051ab7aef", kill_on_drop: false }`
[INFO] [stderr]    Compiling autocfg v1.1.0
[INFO] [stderr]    Compiling proc-macro2 v1.0.56
[INFO] [stderr]    Compiling hashbrown v0.12.3
[INFO] [stderr]    Compiling unicode-ident v1.0.8
[INFO] [stderr]    Compiling quote v1.0.26
[INFO] [stderr]    Compiling syn v1.0.109
[INFO] [stderr]    Compiling winnow v0.4.4
[INFO] [stderr]    Compiling toml_datetime v0.6.1
[INFO] [stderr]    Compiling once_cell v1.17.1
[INFO] [stderr]    Compiling indexmap v1.9.3
[INFO] [stderr]    Compiling toml_edit v0.19.8
[INFO] [stderr]    Compiling proc-macro-crate v1.3.1
[INFO] [stderr]    Compiling mini_template_macro v0.1.0 (/opt/rustwide/workdir)
[INFO] [stderr]     Finished dev [unoptimized + debuginfo] target(s) in 7.74s
[INFO] running `Command { std: "docker" "inspect" "694769f242d4bf00f1a0a3e1d2d905ee4c5ffb84b82d78e895f7c42051ab7aef", kill_on_drop: false }`
[INFO] running `Command { std: "docker" "rm" "-f" "694769f242d4bf00f1a0a3e1d2d905ee4c5ffb84b82d78e895f7c42051ab7aef", kill_on_drop: false }`
[INFO] [stdout] 694769f242d4bf00f1a0a3e1d2d905ee4c5ffb84b82d78e895f7c42051ab7aef
[INFO] running `Command { std: "docker" "create" "-v" "/var/lib/crater-agent-workspace/builds/worker-1-tc2/target:/opt/rustwide/target:rw,Z" "-v" "/var/lib/crater-agent-workspace/builds/worker-1-tc2/source:/opt/rustwide/workdir:ro,Z" "-v" "/var/lib/crater-agent-workspace/cargo-home:/opt/rustwide/cargo-home:ro,Z" "-v" "/var/lib/crater-agent-workspace/rustup-home:/opt/rustwide/rustup-home:ro,Z" "-e" "SOURCE_DIR=/opt/rustwide/workdir" "-e" "CARGO_TARGET_DIR=/opt/rustwide/target" "-e" "CARGO_INCREMENTAL=0" "-e" "RUST_BACKTRACE=full" "-e" "RUSTFLAGS=--cap-lints=warn" "-e" "RUSTDOCFLAGS=--cap-lints=warn" "-e" "CARGO_HOME=/opt/rustwide/cargo-home" "-e" "RUSTUP_HOME=/opt/rustwide/rustup-home" "-w" "/opt/rustwide/workdir" "-m" "1610612736" "--user" "0:0" "--network" "none" "ghcr.io/rust-lang/crates-build-env/linux@sha256:5ff2268d62e97bff2cde7d5815dd6ed5b47097566f13b8d0ca110b04b60e07ed" "/opt/rustwide/cargo-home/bin/cargo" "+beta-2023-04-20" "test" "--frozen" "--no-run" "--message-format=json", kill_on_drop: false }`
[INFO] [stdout] 0e211730953cb48917eef36d4f59f3fd92192b0f7b2998ba01cdbf99c27d5eec
[INFO] running `Command { std: "docker" "start" "-a" "0e211730953cb48917eef36d4f59f3fd92192b0f7b2998ba01cdbf99c27d5eec", kill_on_drop: false }`
[INFO] [stderr]    Compiling mini_template_macro v0.1.0 (/opt/rustwide/workdir)
[INFO] [stderr]     Finished test [unoptimized + debuginfo] target(s) in 1.16s
[INFO] running `Command { std: "docker" "inspect" "0e211730953cb48917eef36d4f59f3fd92192b0f7b2998ba01cdbf99c27d5eec", kill_on_drop: false }`
[INFO] running `Command { std: "docker" "rm" "-f" "0e211730953cb48917eef36d4f59f3fd92192b0f7b2998ba01cdbf99c27d5eec", kill_on_drop: false }`
[INFO] [stdout] 0e211730953cb48917eef36d4f59f3fd92192b0f7b2998ba01cdbf99c27d5eec
[INFO] running `Command { std: "docker" "create" "-v" "/var/lib/crater-agent-workspace/builds/worker-1-tc2/target:/opt/rustwide/target:rw,Z" "-v" "/var/lib/crater-agent-workspace/builds/worker-1-tc2/source:/opt/rustwide/workdir:ro,Z" "-v" "/var/lib/crater-agent-workspace/cargo-home:/opt/rustwide/cargo-home:ro,Z" "-v" "/var/lib/crater-agent-workspace/rustup-home:/opt/rustwide/rustup-home:ro,Z" "-e" "SOURCE_DIR=/opt/rustwide/workdir" "-e" "CARGO_TARGET_DIR=/opt/rustwide/target" "-e" "CARGO_INCREMENTAL=0" "-e" "RUST_BACKTRACE=full" "-e" "RUSTFLAGS=--cap-lints=warn" "-e" "RUSTDOCFLAGS=--cap-lints=warn" "-e" "CARGO_HOME=/opt/rustwide/cargo-home" "-e" "RUSTUP_HOME=/opt/rustwide/rustup-home" "-w" "/opt/rustwide/workdir" "-m" "1610612736" "--user" "0:0" "--network" "none" "ghcr.io/rust-lang/crates-build-env/linux@sha256:5ff2268d62e97bff2cde7d5815dd6ed5b47097566f13b8d0ca110b04b60e07ed" "/opt/rustwide/cargo-home/bin/cargo" "+beta-2023-04-20" "test" "--frozen", kill_on_drop: false }`
[INFO] [stdout] 4d99eb19ca61012304b9c0c2825693799d347e05c2e1a0fdf4638428de3d65b5
[INFO] running `Command { std: "docker" "start" "-a" "4d99eb19ca61012304b9c0c2825693799d347e05c2e1a0fdf4638428de3d65b5", kill_on_drop: false }`
[INFO] [stderr]     Finished test [unoptimized + debuginfo] target(s) in 0.01s
[INFO] [stderr]      Running unittests src/lib.rs (/opt/rustwide/target/debug/deps/mini_template_macro-43f3cfb48006adbb)
[INFO] [stdout] 
[INFO] [stdout] running 0 tests
[INFO] [stdout] 
[INFO] [stdout] test result: ok. 0 passed; 0 failed; 0 ignored; 0 measured; 0 filtered out; finished in 0.00s
[INFO] [stdout] 
[INFO] [stderr]    Doc-tests mini_template_macro
[INFO] [stdout] 
[INFO] [stdout] running 2 tests
[INFO] [stdout] test src/create_modifier.rs - create_modifier::create_modifier (line 8) ... FAILED
[INFO] [stdout] test src/create_modifier.rs - create_modifier::create_modifier (line 32) ... FAILED
[INFO] [stdout] 
[INFO] [stdout] failures:
[INFO] [stdout] 
[INFO] [stdout] ---- src/create_modifier.rs - create_modifier::create_modifier (line 8) stdout ----
[INFO] [stdout] error[E0433]: failed to resolve: use of undeclared crate or module `mini_template`
[INFO] [stdout]  --> src/create_modifier.rs:9:5
[INFO] [stdout]   |
[INFO] [stdout] 3 | use mini_template::value::Value;
[INFO] [stdout]   |     ^^^^^^^^^^^^^ use of undeclared crate or module `mini_template`
[INFO] [stdout] 
[INFO] [stdout] error[E0432]: unresolved import `mini_template_derive`
[INFO] [stdout]  --> src/create_modifier.rs:10:5
[INFO] [stdout]   |
[INFO] [stdout] 4 | use mini_template_derive::create_modifier;
[INFO] [stdout]   |     ^^^^^^^^^^^^^^^^^^^^ use of undeclared crate or module `mini_template_derive`
[INFO] [stdout]   |
[INFO] [stdout] help: there is a crate or module with a similar name
[INFO] [stdout]   |
[INFO] [stdout] 4 | use mini_template_macro::create_modifier;
[INFO] [stdout]   |     ~~~~~~~~~~~~~~~~~~~
[INFO] [stdout] 
[INFO] [stdout] error: cannot determine resolution for the attribute macro `create_modifier`
[INFO] [stdout]  --> src/create_modifier.rs:12:3
[INFO] [stdout]   |
[INFO] [stdout] 6 | #[create_modifier]
[INFO] [stdout]   |   ^^^^^^^^^^^^^^^
[INFO] [stdout]   |
[INFO] [stdout]   = note: import resolution is stuck, try simplifying macro imports
[INFO] [stdout] 
[INFO] [stdout] error[E0061]: this function takes 1 argument but 2 arguments were supplied
[INFO] [stdout]   --> src/create_modifier.rs:24:5
[INFO] [stdout]    |
[INFO] [stdout] 18 |       fizz_buzz(
[INFO] [stdout]    |       ^^^^^^^^^
[INFO] [stdout] 19 |           &Value::Number(3.),
[INFO] [stdout]    |  ___________________________-
[INFO] [stdout] 20 | |         Vec::default()
[INFO] [stdout]    | |         --------------
[INFO] [stdout]    | |_________|____________|
[INFO] [stdout]    |           |            help: remove the extra argument
[INFO] [stdout]    |           unexpected argument of type `Vec<_>`
[INFO] [stdout]    |
[INFO] [stdout] note: function defined here
[INFO] [stdout]   --> src/create_modifier.rs:13:4
[INFO] [stdout]    |
[INFO] [stdout] 7  | fn fizz_buzz(n: usize) -> String {
[INFO] [stdout]    |    ^^^^^^^^^ --------
[INFO] [stdout] 
[INFO] [stdout] error: aborting due to 4 previous errors
[INFO] [stdout] 
[INFO] [stdout] Some errors have detailed explanations: E0061, E0432, E0433.
[INFO] [stdout] For more information about an error, try `rustc --explain E0061`.
[INFO] [stdout] Couldn't compile the test.
[INFO] [stdout] ---- src/create_modifier.rs - create_modifier::create_modifier (line 32) stdout ----
[INFO] [stdout] error[E0433]: failed to resolve: use of undeclared crate or module `mini_template`
[INFO] [stdout]  --> src/create_modifier.rs:33:5
[INFO] [stdout]   |
[INFO] [stdout] 3 | use mini_template::value::Value;
[INFO] [stdout]   |     ^^^^^^^^^^^^^ use of undeclared crate or module `mini_template`
[INFO] [stdout] 
[INFO] [stdout] error[E0432]: unresolved import `mini_template_derive`
[INFO] [stdout]  --> src/create_modifier.rs:34:5
[INFO] [stdout]   |
[INFO] [stdout] 4 | use mini_template_derive::create_modifier;
[INFO] [stdout]   |     ^^^^^^^^^^^^^^^^^^^^ use of undeclared crate or module `mini_template_derive`
[INFO] [stdout]   |
[INFO] [stdout] help: there is a crate or module with a similar name
[INFO] [stdout]   |
[INFO] [stdout] 4 | use mini_template_macro::create_modifier;
[INFO] [stdout]   |     ~~~~~~~~~~~~~~~~~~~
[INFO] [stdout] 
[INFO] [stdout] error: cannot determine resolution for the attribute macro `create_modifier`
[INFO] [stdout]  --> src/create_modifier.rs:36:3
[INFO] [stdout]   |
[INFO] [stdout] 6 | #[create_modifier(returns_result = true)]
[INFO] [stdout]   |   ^^^^^^^^^^^^^^^
[INFO] [stdout]   |
[INFO] [stdout]   = note: import resolution is stuck, try simplifying macro imports
[INFO] [stdout] 
[INFO] [stdout] error[E0061]: this function takes 1 argument but 2 arguments were supplied
[INFO] [stdout]   --> src/create_modifier.rs:45:9
[INFO] [stdout]    |
[INFO] [stdout] 15 | assert!(as_usize(&Value::String("17".to_owned()), Vec::default()).is_ok());
[INFO] [stdout]    |         ^^^^^^^^                                ----------------
[INFO] [stdout]    |                                                 | |
[INFO] [stdout]    |                                                 | unexpected argument of type `Vec<_>`
[INFO] [stdout]    |                                                 help: remove the extra argument
[INFO] [stdout]    |
[INFO] [stdout] note: function defined here
[INFO] [stdout]   --> src/create_modifier.rs:37:4
[INFO] [stdout]    |
[INFO] [stdout] 7  | fn as_usize(n: String) -> Result<usize, String> {
[INFO] [stdout]    |    ^^^^^^^^ ---------
[INFO] [stdout] 
[INFO] [stdout] error[E0061]: this function takes 1 argument but 2 arguments were supplied
[INFO] [stdout]   --> src/create_modifier.rs:46:9
[INFO] [stdout]    |
[INFO] [stdout] 16 | assert!(as_usize(&Value::String("Foo".to_owned()), Vec::default()).is_err());
[INFO] [stdout]    |         ^^^^^^^^                                 ----------------
[INFO] [stdout]    |                                                  | |
[INFO] [stdout]    |                                                  | unexpected argument of type `Vec<_>`
[INFO] [stdout]    |                                                  help: remove the extra argument
[INFO] [stdout]    |
[INFO] [stdout] note: function defined here
[INFO] [stdout]   --> src/create_modifier.rs:37:4
[INFO] [stdout]    |
[INFO] [stdout] 7  | fn as_usize(n: String) -> Result<usize, String> {
[INFO] [stdout]    |    ^^^^^^^^ ---------
[INFO] [stdout] 
[INFO] [stdout] error: aborting due to 5 previous errors
[INFO] [stdout] 
[INFO] [stdout] Some errors have detailed explanations: E0061, E0432, E0433.
[INFO] [stdout] For more information about an error, try `rustc --explain E0061`.
[INFO] [stdout] Couldn't compile the test.
[INFO] [stdout] 
[INFO] [stdout] failures:
[INFO] [stdout]     src/create_modifier.rs - create_modifier::create_modifier (line 32)
[INFO] [stdout]     src/create_modifier.rs - create_modifier::create_modifier (line 8)
[INFO] [stdout] 
[INFO] [stdout] test result: FAILED. 0 passed; 2 failed; 0 ignored; 0 measured; 0 filtered out; finished in 0.04s
[INFO] [stdout] 
[INFO] [stderr] error: doctest failed, to rerun pass `--doc`
[INFO] running `Command { std: "docker" "inspect" "4d99eb19ca61012304b9c0c2825693799d347e05c2e1a0fdf4638428de3d65b5", kill_on_drop: false }`
[INFO] running `Command { std: "docker" "rm" "-f" "4d99eb19ca61012304b9c0c2825693799d347e05c2e1a0fdf4638428de3d65b5", kill_on_drop: false }`
[INFO] [stdout] 4d99eb19ca61012304b9c0c2825693799d347e05c2e1a0fdf4638428de3d65b5
