[INFO] fetching crate mime 0.3.17...
[INFO] testing mime-0.3.17 against beta-2023-04-20 for beta-1.70-1
[INFO] extracting crate mime 0.3.17 into /workspace/builds/worker-0-tc2/source
[INFO] validating manifest of crates.io crate mime 0.3.17 on toolchain beta-2023-04-20
[INFO] running `Command { std: CARGO_HOME="/workspace/cargo-home" RUSTUP_HOME="/workspace/rustup-home" "/workspace/cargo-home/bin/cargo" "+beta-2023-04-20" "metadata" "--manifest-path" "Cargo.toml" "--no-deps", kill_on_drop: false }`
[INFO] started tweaking crates.io crate mime 0.3.17
[INFO] finished tweaking crates.io crate mime 0.3.17
[INFO] tweaked toml for crates.io crate mime 0.3.17 written to /workspace/builds/worker-0-tc2/source/Cargo.toml
[INFO] running `Command { std: CARGO_HOME="/workspace/cargo-home" RUSTUP_HOME="/workspace/rustup-home" __CARGO_TEST_CHANNEL_OVERRIDE_DO_NOT_USE_THIS="nightly" "/workspace/cargo-home/bin/cargo" "+beta-2023-04-20" "generate-lockfile" "--manifest-path" "Cargo.toml" "-Zno-index-update", kill_on_drop: false }`
[INFO] running `Command { std: CARGO_HOME="/workspace/cargo-home" RUSTUP_HOME="/workspace/rustup-home" "/workspace/cargo-home/bin/cargo" "+beta-2023-04-20" "fetch" "--manifest-path" "Cargo.toml", kill_on_drop: false }`
[INFO] running `Command { std: "docker" "create" "-v" "/var/lib/crater-agent-workspace/builds/worker-0-tc2/target:/opt/rustwide/target:rw,Z" "-v" "/var/lib/crater-agent-workspace/builds/worker-0-tc2/source:/opt/rustwide/workdir:ro,Z" "-v" "/var/lib/crater-agent-workspace/cargo-home:/opt/rustwide/cargo-home:ro,Z" "-v" "/var/lib/crater-agent-workspace/rustup-home:/opt/rustwide/rustup-home:ro,Z" "-e" "SOURCE_DIR=/opt/rustwide/workdir" "-e" "CARGO_TARGET_DIR=/opt/rustwide/target" "-e" "CARGO_HOME=/opt/rustwide/cargo-home" "-e" "RUSTUP_HOME=/opt/rustwide/rustup-home" "-w" "/opt/rustwide/workdir" "-m" "1610612736" "--user" "0:0" "--network" "none" "ghcr.io/rust-lang/crates-build-env/linux@sha256:5ff2268d62e97bff2cde7d5815dd6ed5b47097566f13b8d0ca110b04b60e07ed" "/opt/rustwide/cargo-home/bin/cargo" "+beta-2023-04-20" "metadata" "--no-deps" "--format-version=1", kill_on_drop: false }`
[INFO] [stdout] 6cc9bc8a7d971cda7adbe6a9f297120f62ee37d4d6c1ff1a27a53e50204b0a49
[INFO] running `Command { std: "docker" "start" "-a" "6cc9bc8a7d971cda7adbe6a9f297120f62ee37d4d6c1ff1a27a53e50204b0a49", kill_on_drop: false }`
[INFO] running `Command { std: "docker" "inspect" "6cc9bc8a7d971cda7adbe6a9f297120f62ee37d4d6c1ff1a27a53e50204b0a49", kill_on_drop: false }`
[INFO] running `Command { std: "docker" "rm" "-f" "6cc9bc8a7d971cda7adbe6a9f297120f62ee37d4d6c1ff1a27a53e50204b0a49", kill_on_drop: false }`
[INFO] [stdout] 6cc9bc8a7d971cda7adbe6a9f297120f62ee37d4d6c1ff1a27a53e50204b0a49
[INFO] running `Command { std: "docker" "create" "-v" "/var/lib/crater-agent-workspace/builds/worker-0-tc2/target:/opt/rustwide/target:rw,Z" "-v" "/var/lib/crater-agent-workspace/builds/worker-0-tc2/source:/opt/rustwide/workdir:ro,Z" "-v" "/var/lib/crater-agent-workspace/cargo-home:/opt/rustwide/cargo-home:ro,Z" "-v" "/var/lib/crater-agent-workspace/rustup-home:/opt/rustwide/rustup-home:ro,Z" "-e" "SOURCE_DIR=/opt/rustwide/workdir" "-e" "CARGO_TARGET_DIR=/opt/rustwide/target" "-e" "CARGO_INCREMENTAL=0" "-e" "RUST_BACKTRACE=full" "-e" "RUSTFLAGS=--cap-lints=warn" "-e" "RUSTDOCFLAGS=--cap-lints=warn" "-e" "CARGO_HOME=/opt/rustwide/cargo-home" "-e" "RUSTUP_HOME=/opt/rustwide/rustup-home" "-w" "/opt/rustwide/workdir" "-m" "1610612736" "--user" "0:0" "--network" "none" "ghcr.io/rust-lang/crates-build-env/linux@sha256:5ff2268d62e97bff2cde7d5815dd6ed5b47097566f13b8d0ca110b04b60e07ed" "/opt/rustwide/cargo-home/bin/cargo" "+beta-2023-04-20" "build" "--frozen" "--message-format=json", kill_on_drop: false }`
[INFO] [stdout] e8a36b5ee172fb80057ef00a97d30aea42cbd55541fa4c587c85a852c5c4b430
[INFO] running `Command { std: "docker" "start" "-a" "e8a36b5ee172fb80057ef00a97d30aea42cbd55541fa4c587c85a852c5c4b430", kill_on_drop: false }`
[INFO] [stderr]    Compiling mime v0.3.17 (/opt/rustwide/workdir)
[INFO] [stderr]     Finished dev [unoptimized + debuginfo] target(s) in 0.36s
[INFO] running `Command { std: "docker" "inspect" "e8a36b5ee172fb80057ef00a97d30aea42cbd55541fa4c587c85a852c5c4b430", kill_on_drop: false }`
[INFO] running `Command { std: "docker" "rm" "-f" "e8a36b5ee172fb80057ef00a97d30aea42cbd55541fa4c587c85a852c5c4b430", kill_on_drop: false }`
[INFO] [stdout] e8a36b5ee172fb80057ef00a97d30aea42cbd55541fa4c587c85a852c5c4b430
[INFO] running `Command { std: "docker" "create" "-v" "/var/lib/crater-agent-workspace/builds/worker-0-tc2/target:/opt/rustwide/target:rw,Z" "-v" "/var/lib/crater-agent-workspace/builds/worker-0-tc2/source:/opt/rustwide/workdir:ro,Z" "-v" "/var/lib/crater-agent-workspace/cargo-home:/opt/rustwide/cargo-home:ro,Z" "-v" "/var/lib/crater-agent-workspace/rustup-home:/opt/rustwide/rustup-home:ro,Z" "-e" "SOURCE_DIR=/opt/rustwide/workdir" "-e" "CARGO_TARGET_DIR=/opt/rustwide/target" "-e" "CARGO_INCREMENTAL=0" "-e" "RUST_BACKTRACE=full" "-e" "RUSTFLAGS=--cap-lints=warn" "-e" "RUSTDOCFLAGS=--cap-lints=warn" "-e" "CARGO_HOME=/opt/rustwide/cargo-home" "-e" "RUSTUP_HOME=/opt/rustwide/rustup-home" "-w" "/opt/rustwide/workdir" "-m" "1610612736" "--user" "0:0" "--network" "none" "ghcr.io/rust-lang/crates-build-env/linux@sha256:5ff2268d62e97bff2cde7d5815dd6ed5b47097566f13b8d0ca110b04b60e07ed" "/opt/rustwide/cargo-home/bin/cargo" "+beta-2023-04-20" "test" "--frozen" "--no-run" "--message-format=json", kill_on_drop: false }`
[INFO] [stdout] c37fa040bf30dee043e515a1830e1e011ad10971adf1f10914a113d26622912a
[INFO] running `Command { std: "docker" "start" "-a" "c37fa040bf30dee043e515a1830e1e011ad10971adf1f10914a113d26622912a", kill_on_drop: false }`
[INFO] [stderr]    Compiling mime v0.3.17 (/opt/rustwide/workdir)
[INFO] [stdout] warning: trailing semicolon in macro used in expression position
[INFO] [stdout]    --> src/lib.rs:713:53
[INFO] [stdout]     |
[INFO] [stdout] 713 |           mime_constant_test!($id, $src, $slash, None);
[INFO] [stdout]     |                                                       ^
[INFO] [stdout] ...
[INFO] [stdout] 746 | / mimes! {
[INFO] [stdout] 747 | |     STAR_STAR, "*/*", 1;
[INFO] [stdout] 748 | |
[INFO] [stdout] 749 | |     TEXT_STAR, "text/*", 4;
[INFO] [stdout] ...   |
[INFO] [stdout] 783 | |     MULTIPART_FORM_DATA, "multipart/form-data", 9;
[INFO] [stdout] 784 | | }
[INFO] [stdout]     | |_- in this macro invocation
[INFO] [stdout]     |
[INFO] [stdout]     = warning: this was previously accepted by the compiler but is being phased out; it will become a hard error in a future release!
[INFO] [stdout]     = note: for more information, see issue #79813 <https://github.com/rust-lang/rust/issues/79813>
[INFO] [stdout] note: the lint level is defined here
[INFO] [stdout]    --> src/lib.rs:27:9
[INFO] [stdout]     |
[INFO] [stdout] 27  | #![deny(warnings)]
[INFO] [stdout]     |         ^^^^^^^^
[INFO] [stdout]     = note: `#[warn(semicolon_in_expressions_from_macros)]` implied by `#[warn(warnings)]`
[INFO] [stdout]     = note: this warning originates in the macro `mime_constant_test` which comes from the expansion of the macro `mimes` (in Nightly builds, run with -Z macro-backtrace for more info)
[INFO] [stdout] 
[INFO] [stdout] 
[INFO] [stdout] warning: trailing semicolon in macro used in expression position
[INFO] [stdout]    --> src/lib.rs:716:78
[INFO] [stdout]     |
[INFO] [stdout] 716 |           mime_constant_test!(FULL $id, $src, $slash, $plus, ParamSource::None);
[INFO] [stdout]     |                                                                                ^
[INFO] [stdout] ...
[INFO] [stdout] 746 | / mimes! {
[INFO] [stdout] 747 | |     STAR_STAR, "*/*", 1;
[INFO] [stdout] 748 | |
[INFO] [stdout] 749 | |     TEXT_STAR, "text/*", 4;
[INFO] [stdout] ...   |
[INFO] [stdout] 783 | |     MULTIPART_FORM_DATA, "multipart/form-data", 9;
[INFO] [stdout] 784 | | }
[INFO] [stdout]     | |_- in this macro invocation
[INFO] [stdout]     |
[INFO] [stdout]     = warning: this was previously accepted by the compiler but is being phased out; it will become a hard error in a future release!
[INFO] [stdout]     = note: for more information, see issue #79813 <https://github.com/rust-lang/rust/issues/79813>
[INFO] [stdout]     = note: this warning originates in the macro `mime_constant_test` which comes from the expansion of the macro `mimes` (in Nightly builds, run with -Z macro-backtrace for more info)
[INFO] [stdout] 
[INFO] [stdout] 
[INFO] [stdout] warning: trailing semicolon in macro used in expression position
[INFO] [stdout]    --> src/lib.rs:713:53
[INFO] [stdout]     |
[INFO] [stdout] 713 |           mime_constant_test!($id, $src, $slash, None);
[INFO] [stdout]     |                                                       ^
[INFO] [stdout] ...
[INFO] [stdout] 746 | / mimes! {
[INFO] [stdout] 747 | |     STAR_STAR, "*/*", 1;
[INFO] [stdout] 748 | |
[INFO] [stdout] 749 | |     TEXT_STAR, "text/*", 4;
[INFO] [stdout] ...   |
[INFO] [stdout] 783 | |     MULTIPART_FORM_DATA, "multipart/form-data", 9;
[INFO] [stdout] 784 | | }
[INFO] [stdout]     | |_- in this macro invocation
[INFO] [stdout]     |
[INFO] [stdout]     = warning: this was previously accepted by the compiler but is being phased out; it will become a hard error in a future release!
[INFO] [stdout]     = note: for more information, see issue #79813 <https://github.com/rust-lang/rust/issues/79813>
[INFO] [stdout]     = note: this warning originates in the macro `mime_constant_test` which comes from the expansion of the macro `mimes` (in Nightly builds, run with -Z macro-backtrace for more info)
[INFO] [stdout] 
[INFO] [stdout] 
[INFO] [stdout] warning: trailing semicolon in macro used in expression position
[INFO] [stdout]    --> src/lib.rs:716:78
[INFO] [stdout]     |
[INFO] [stdout] 716 |           mime_constant_test!(FULL $id, $src, $slash, $plus, ParamSource::None);
[INFO] [stdout]     |                                                                                ^
[INFO] [stdout] ...
[INFO] [stdout] 746 | / mimes! {
[INFO] [stdout] 747 | |     STAR_STAR, "*/*", 1;
[INFO] [stdout] 748 | |
[INFO] [stdout] 749 | |     TEXT_STAR, "text/*", 4;
[INFO] [stdout] ...   |
[INFO] [stdout] 783 | |     MULTIPART_FORM_DATA, "multipart/form-data", 9;
[INFO] [stdout] 784 | | }
[INFO] [stdout]     | |_- in this macro invocation
[INFO] [stdout]     |
[INFO] [stdout]     = warning: this was previously accepted by the compiler but is being phased out; it will become a hard error in a future release!
[INFO] [stdout]     = note: for more information, see issue #79813 <https://github.com/rust-lang/rust/issues/79813>
[INFO] [stdout]     = note: this warning originates in the macro `mime_constant_test` which comes from the expansion of the macro `mimes` (in Nightly builds, run with -Z macro-backtrace for more info)
[INFO] [stdout] 
[INFO] [stdout] 
[INFO] [stdout] warning: trailing semicolon in macro used in expression position
[INFO] [stdout]    --> src/lib.rs:713:53
[INFO] [stdout]     |
[INFO] [stdout] 713 |           mime_constant_test!($id, $src, $slash, None);
[INFO] [stdout]     |                                                       ^
[INFO] [stdout] ...
[INFO] [stdout] 746 | / mimes! {
[INFO] [stdout] 747 | |     STAR_STAR, "*/*", 1;
[INFO] [stdout] 748 | |
[INFO] [stdout] 749 | |     TEXT_STAR, "text/*", 4;
[INFO] [stdout] ...   |
[INFO] [stdout] 783 | |     MULTIPART_FORM_DATA, "multipart/form-data", 9;
[INFO] [stdout] 784 | | }
[INFO] [stdout]     | |_- in this macro invocation
[INFO] [stdout]     |
[INFO] [stdout]     = warning: this was previously accepted by the compiler but is being phased out; it will become a hard error in a future release!
[INFO] [stdout]     = note: for more information, see issue #79813 <https://github.com/rust-lang/rust/issues/79813>
[INFO] [stdout]     = note: this warning originates in the macro `mime_constant_test` which comes from the expansion of the macro `mimes` (in Nightly builds, run with -Z macro-backtrace for more info)
[INFO] [stdout] 
[INFO] [stdout] 
[INFO] [stdout] warning: trailing semicolon in macro used in expression position
[INFO] [stdout]    --> src/lib.rs:716:78
[INFO] [stdout]     |
[INFO] [stdout] 716 |           mime_constant_test!(FULL $id, $src, $slash, $plus, ParamSource::None);
[INFO] [stdout]     |                                                                                ^
[INFO] [stdout] ...
[INFO] [stdout] 746 | / mimes! {
[INFO] [stdout] 747 | |     STAR_STAR, "*/*", 1;
[INFO] [stdout] 748 | |
[INFO] [stdout] 749 | |     TEXT_STAR, "text/*", 4;
[INFO] [stdout] ...   |
[INFO] [stdout] 783 | |     MULTIPART_FORM_DATA, "multipart/form-data", 9;
[INFO] [stdout] 784 | | }
[INFO] [stdout]     | |_- in this macro invocation
[INFO] [stdout]     |
[INFO] [stdout]     = warning: this was previously accepted by the compiler but is being phased out; it will become a hard error in a future release!
[INFO] [stdout]     = note: for more information, see issue #79813 <https://github.com/rust-lang/rust/issues/79813>
[INFO] [stdout]     = note: this warning originates in the macro `mime_constant_test` which comes from the expansion of the macro `mimes` (in Nightly builds, run with -Z macro-backtrace for more info)
[INFO] [stdout] 
[INFO] [stdout] 
[INFO] [stdout] warning: trailing semicolon in macro used in expression position
[INFO] [stdout]    --> src/lib.rs:720:87
[INFO] [stdout]     |
[INFO] [stdout] 720 |           mime_constant_test!(FULL $id, $src, $slash, $plus, ParamSource::Utf8($params));
[INFO] [stdout]     |                                                                                         ^
[INFO] [stdout] ...
[INFO] [stdout] 746 | / mimes! {
[INFO] [stdout] 747 | |     STAR_STAR, "*/*", 1;
[INFO] [stdout] 748 | |
[INFO] [stdout] 749 | |     TEXT_STAR, "text/*", 4;
[INFO] [stdout] ...   |
[INFO] [stdout] 783 | |     MULTIPART_FORM_DATA, "multipart/form-data", 9;
[INFO] [stdout] 784 | | }
[INFO] [stdout]     | |_- in this macro invocation
[INFO] [stdout]     |
[INFO] [stdout]     = warning: this was previously accepted by the compiler but is being phased out; it will become a hard error in a future release!
[INFO] [stdout]     = note: for more information, see issue #79813 <https://github.com/rust-lang/rust/issues/79813>
[INFO] [stdout]     = note: this warning originates in the macro `mime_constant_test` which comes from the expansion of the macro `mimes` (in Nightly builds, run with -Z macro-backtrace for more info)
[INFO] [stdout] 
[INFO] [stdout] 
[INFO] [stdout] warning: trailing semicolon in macro used in expression position
[INFO] [stdout]    --> src/lib.rs:713:53
[INFO] [stdout]     |
[INFO] [stdout] 713 |           mime_constant_test!($id, $src, $slash, None);
[INFO] [stdout]     |                                                       ^
[INFO] [stdout] ...
[INFO] [stdout] 746 | / mimes! {
[INFO] [stdout] 747 | |     STAR_STAR, "*/*", 1;
[INFO] [stdout] 748 | |
[INFO] [stdout] 749 | |     TEXT_STAR, "text/*", 4;
[INFO] [stdout] ...   |
[INFO] [stdout] 783 | |     MULTIPART_FORM_DATA, "multipart/form-data", 9;
[INFO] [stdout] 784 | | }
[INFO] [stdout]     | |_- in this macro invocation
[INFO] [stdout]     |
[INFO] [stdout]     = warning: this was previously accepted by the compiler but is being phased out; it will become a hard error in a future release!
[INFO] [stdout]     = note: for more information, see issue #79813 <https://github.com/rust-lang/rust/issues/79813>
[INFO] [stdout]     = note: this warning originates in the macro `mime_constant_test` which comes from the expansion of the macro `mimes` (in Nightly builds, run with -Z macro-backtrace for more info)
[INFO] [stdout] 
[INFO] [stdout] 
[INFO] [stdout] warning: trailing semicolon in macro used in expression position
[INFO] [stdout]    --> src/lib.rs:716:78
[INFO] [stdout]     |
[INFO] [stdout] 716 |           mime_constant_test!(FULL $id, $src, $slash, $plus, ParamSource::None);
[INFO] [stdout]     |                                                                                ^
[INFO] [stdout] ...
[INFO] [stdout] 746 | / mimes! {
[INFO] [stdout] 747 | |     STAR_STAR, "*/*", 1;
[INFO] [stdout] 748 | |
[INFO] [stdout] 749 | |     TEXT_STAR, "text/*", 4;
[INFO] [stdout] ...   |
[INFO] [stdout] 783 | |     MULTIPART_FORM_DATA, "multipart/form-data", 9;
[INFO] [stdout] 784 | | }
[INFO] [stdout]     | |_- in this macro invocation
[INFO] [stdout]     |
[INFO] [stdout]     = warning: this was previously accepted by the compiler but is being phased out; it will become a hard error in a future release!
[INFO] [stdout]     = note: for more information, see issue #79813 <https://github.com/rust-lang/rust/issues/79813>
[INFO] [stdout]     = note: this warning originates in the macro `mime_constant_test` which comes from the expansion of the macro `mimes` (in Nightly builds, run with -Z macro-backtrace for more info)
[INFO] [stdout] 
[INFO] [stdout] 
[INFO] [stdout] warning: trailing semicolon in macro used in expression position
[INFO] [stdout]    --> src/lib.rs:720:87
[INFO] [stdout]     |
[INFO] [stdout] 720 |           mime_constant_test!(FULL $id, $src, $slash, $plus, ParamSource::Utf8($params));
[INFO] [stdout]     |                                                                                         ^
[INFO] [stdout] ...
[INFO] [stdout] 746 | / mimes! {
[INFO] [stdout] 747 | |     STAR_STAR, "*/*", 1;
[INFO] [stdout] 748 | |
[INFO] [stdout] 749 | |     TEXT_STAR, "text/*", 4;
[INFO] [stdout] ...   |
[INFO] [stdout] 783 | |     MULTIPART_FORM_DATA, "multipart/form-data", 9;
[INFO] [stdout] 784 | | }
[INFO] [stdout]     | |_- in this macro invocation
[INFO] [stdout]     |
[INFO] [stdout]     = warning: this was previously accepted by the compiler but is being phased out; it will become a hard error in a future release!
[INFO] [stdout]     = note: for more information, see issue #79813 <https://github.com/rust-lang/rust/issues/79813>
[INFO] [stdout]     = note: this warning originates in the macro `mime_constant_test` which comes from the expansion of the macro `mimes` (in Nightly builds, run with -Z macro-backtrace for more info)
[INFO] [stdout] 
[INFO] [stdout] 
[INFO] [stdout] warning: trailing semicolon in macro used in expression position
[INFO] [stdout]    --> src/lib.rs:713:53
[INFO] [stdout]     |
[INFO] [stdout] 713 |           mime_constant_test!($id, $src, $slash, None);
[INFO] [stdout]     |                                                       ^
[INFO] [stdout] ...
[INFO] [stdout] 746 | / mimes! {
[INFO] [stdout] 747 | |     STAR_STAR, "*/*", 1;
[INFO] [stdout] 748 | |
[INFO] [stdout] 749 | |     TEXT_STAR, "text/*", 4;
[INFO] [stdout] ...   |
[INFO] [stdout] 783 | |     MULTIPART_FORM_DATA, "multipart/form-data", 9;
[INFO] [stdout] 784 | | }
[INFO] [stdout]     | |_- in this macro invocation
[INFO] [stdout]     |
[INFO] [stdout]     = warning: this was previously accepted by the compiler but is being phased out; it will become a hard error in a future release!
[INFO] [stdout]     = note: for more information, see issue #79813 <https://github.com/rust-lang/rust/issues/79813>
[INFO] [stdout]     = note: this warning originates in the macro `mime_constant_test` which comes from the expansion of the macro `mimes` (in Nightly builds, run with -Z macro-backtrace for more info)
[INFO] [stdout] 
[INFO] [stdout] 
[INFO] [stdout] warning: trailing semicolon in macro used in expression position
[INFO] [stdout]    --> src/lib.rs:716:78
[INFO] [stdout]     |
[INFO] [stdout] 716 |           mime_constant_test!(FULL $id, $src, $slash, $plus, ParamSource::None);
[INFO] [stdout]     |                                                                                ^
[INFO] [stdout] ...
[INFO] [stdout] 746 | / mimes! {
[INFO] [stdout] 747 | |     STAR_STAR, "*/*", 1;
[INFO] [stdout] 748 | |
[INFO] [stdout] 749 | |     TEXT_STAR, "text/*", 4;
[INFO] [stdout] ...   |
[INFO] [stdout] 783 | |     MULTIPART_FORM_DATA, "multipart/form-data", 9;
[INFO] [stdout] 784 | | }
[INFO] [stdout]     | |_- in this macro invocation
[INFO] [stdout]     |
[INFO] [stdout]     = warning: this was previously accepted by the compiler but is being phased out; it will become a hard error in a future release!
[INFO] [stdout]     = note: for more information, see issue #79813 <https://github.com/rust-lang/rust/issues/79813>
[INFO] [stdout]     = note: this warning originates in the macro `mime_constant_test` which comes from the expansion of the macro `mimes` (in Nightly builds, run with -Z macro-backtrace for more info)
[INFO] [stdout] 
[INFO] [stdout] 
[INFO] [stdout] warning: trailing semicolon in macro used in expression position
[INFO] [stdout]    --> src/lib.rs:720:87
[INFO] [stdout]     |
[INFO] [stdout] 720 |           mime_constant_test!(FULL $id, $src, $slash, $plus, ParamSource::Utf8($params));
[INFO] [stdout]     |                                                                                         ^
[INFO] [stdout] ...
[INFO] [stdout] 746 | / mimes! {
[INFO] [stdout] 747 | |     STAR_STAR, "*/*", 1;
[INFO] [stdout] 748 | |
[INFO] [stdout] 749 | |     TEXT_STAR, "text/*", 4;
[INFO] [stdout] ...   |
[INFO] [stdout] 783 | |     MULTIPART_FORM_DATA, "multipart/form-data", 9;
[INFO] [stdout] 784 | | }
[INFO] [stdout]     | |_- in this macro invocation
[INFO] [stdout]     |
[INFO] [stdout]     = warning: this was previously accepted by the compiler but is being phased out; it will become a hard error in a future release!
[INFO] [stdout]     = note: for more information, see issue #79813 <https://github.com/rust-lang/rust/issues/79813>
[INFO] [stdout]     = note: this warning originates in the macro `mime_constant_test` which comes from the expansion of the macro `mimes` (in Nightly builds, run with -Z macro-backtrace for more info)
[INFO] [stdout] 
[INFO] [stdout] 
[INFO] [stdout] warning: trailing semicolon in macro used in expression position
[INFO] [stdout]    --> src/lib.rs:713:53
[INFO] [stdout]     |
[INFO] [stdout] 713 |           mime_constant_test!($id, $src, $slash, None);
[INFO] [stdout]     |                                                       ^
[INFO] [stdout] ...
[INFO] [stdout] 746 | / mimes! {
[INFO] [stdout] 747 | |     STAR_STAR, "*/*", 1;
[INFO] [stdout] 748 | |
[INFO] [stdout] 749 | |     TEXT_STAR, "text/*", 4;
[INFO] [stdout] ...   |
[INFO] [stdout] 783 | |     MULTIPART_FORM_DATA, "multipart/form-data", 9;
[INFO] [stdout] 784 | | }
[INFO] [stdout]     | |_- in this macro invocation
[INFO] [stdout]     |
[INFO] [stdout]     = warning: this was previously accepted by the compiler but is being phased out; it will become a hard error in a future release!
[INFO] [stdout]     = note: for more information, see issue #79813 <https://github.com/rust-lang/rust/issues/79813>
[INFO] [stdout]     = note: this warning originates in the macro `mime_constant_test` which comes from the expansion of the macro `mimes` (in Nightly builds, run with -Z macro-backtrace for more info)
[INFO] [stdout] 
[INFO] [stdout] 
[INFO] [stdout] warning: trailing semicolon in macro used in expression position
[INFO] [stdout]    --> src/lib.rs:716:78
[INFO] [stdout]     |
[INFO] [stdout] 716 |           mime_constant_test!(FULL $id, $src, $slash, $plus, ParamSource::None);
[INFO] [stdout]     |                                                                                ^
[INFO] [stdout] ...
[INFO] [stdout] 746 | / mimes! {
[INFO] [stdout] 747 | |     STAR_STAR, "*/*", 1;
[INFO] [stdout] 748 | |
[INFO] [stdout] 749 | |     TEXT_STAR, "text/*", 4;
[INFO] [stdout] ...   |
[INFO] [stdout] 783 | |     MULTIPART_FORM_DATA, "multipart/form-data", 9;
[INFO] [stdout] 784 | | }
[INFO] [stdout]     | |_- in this macro invocation
[INFO] [stdout]     |
[INFO] [stdout]     = warning: this was previously accepted by the compiler but is being phased out; it will become a hard error in a future release!
[INFO] [stdout]     = note: for more information, see issue #79813 <https://github.com/rust-lang/rust/issues/79813>
[INFO] [stdout]     = note: this warning originates in the macro `mime_constant_test` which comes from the expansion of the macro `mimes` (in Nightly builds, run with -Z macro-backtrace for more info)
[INFO] [stdout] 
[INFO] [stdout] 
[INFO] [stdout] warning: trailing semicolon in macro used in expression position
[INFO] [stdout]    --> src/lib.rs:713:53
[INFO] [stdout]     |
[INFO] [stdout] 713 |           mime_constant_test!($id, $src, $slash, None);
[INFO] [stdout]     |                                                       ^
[INFO] [stdout] ...
[INFO] [stdout] 746 | / mimes! {
[INFO] [stdout] 747 | |     STAR_STAR, "*/*", 1;
[INFO] [stdout] 748 | |
[INFO] [stdout] 749 | |     TEXT_STAR, "text/*", 4;
[INFO] [stdout] ...   |
[INFO] [stdout] 783 | |     MULTIPART_FORM_DATA, "multipart/form-data", 9;
[INFO] [stdout] 784 | | }
[INFO] [stdout]     | |_- in this macro invocation
[INFO] [stdout]     |
[INFO] [stdout]     = warning: this was previously accepted by the compiler but is being phased out; it will become a hard error in a future release!
[INFO] [stdout]     = note: for more information, see issue #79813 <https://github.com/rust-lang/rust/issues/79813>
[INFO] [stdout]     = note: this warning originates in the macro `mime_constant_test` which comes from the expansion of the macro `mimes` (in Nightly builds, run with -Z macro-backtrace for more info)
[INFO] [stdout] 
[INFO] [stdout] 
[INFO] [stdout] warning: trailing semicolon in macro used in expression position
[INFO] [stdout]    --> src/lib.rs:716:78
[INFO] [stdout]     |
[INFO] [stdout] 716 |           mime_constant_test!(FULL $id, $src, $slash, $plus, ParamSource::None);
[INFO] [stdout]     |                                                                                ^
[INFO] [stdout] ...
[INFO] [stdout] 746 | / mimes! {
[INFO] [stdout] 747 | |     STAR_STAR, "*/*", 1;
[INFO] [stdout] 748 | |
[INFO] [stdout] 749 | |     TEXT_STAR, "text/*", 4;
[INFO] [stdout] ...   |
[INFO] [stdout] 783 | |     MULTIPART_FORM_DATA, "multipart/form-data", 9;
[INFO] [stdout] 784 | | }
[INFO] [stdout]     | |_- in this macro invocation
[INFO] [stdout]     |
[INFO] [stdout]     = warning: this was previously accepted by the compiler but is being phased out; it will become a hard error in a future release!
[INFO] [stdout]     = note: for more information, see issue #79813 <https://github.com/rust-lang/rust/issues/79813>
[INFO] [stdout]     = note: this warning originates in the macro `mime_constant_test` which comes from the expansion of the macro `mimes` (in Nightly builds, run with -Z macro-backtrace for more info)
[INFO] [stdout] 
[INFO] [stdout] 
[INFO] [stdout] warning: trailing semicolon in macro used in expression position
[INFO] [stdout]    --> src/lib.rs:713:53
[INFO] [stdout]     |
[INFO] [stdout] 713 |           mime_constant_test!($id, $src, $slash, None);
[INFO] [stdout]     |                                                       ^
[INFO] [stdout] ...
[INFO] [stdout] 746 | / mimes! {
[INFO] [stdout] 747 | |     STAR_STAR, "*/*", 1;
[INFO] [stdout] 748 | |
[INFO] [stdout] 749 | |     TEXT_STAR, "text/*", 4;
[INFO] [stdout] ...   |
[INFO] [stdout] 783 | |     MULTIPART_FORM_DATA, "multipart/form-data", 9;
[INFO] [stdout] 784 | | }
[INFO] [stdout]     | |_- in this macro invocation
[INFO] [stdout]     |
[INFO] [stdout]     = warning: this was previously accepted by the compiler but is being phased out; it will become a hard error in a future release!
[INFO] [stdout]     = note: for more information, see issue #79813 <https://github.com/rust-lang/rust/issues/79813>
[INFO] [stdout]     = note: this warning originates in the macro `mime_constant_test` which comes from the expansion of the macro `mimes` (in Nightly builds, run with -Z macro-backtrace for more info)
[INFO] [stdout] 
[INFO] [stdout] 
[INFO] [stdout] warning: trailing semicolon in macro used in expression position
[INFO] [stdout]    --> src/lib.rs:716:78
[INFO] [stdout]     |
[INFO] [stdout] 716 |           mime_constant_test!(FULL $id, $src, $slash, $plus, ParamSource::None);
[INFO] [stdout]     |                                                                                ^
[INFO] [stdout] ...
[INFO] [stdout] 746 | / mimes! {
[INFO] [stdout] 747 | |     STAR_STAR, "*/*", 1;
[INFO] [stdout] 748 | |
[INFO] [stdout] 749 | |     TEXT_STAR, "text/*", 4;
[INFO] [stdout] ...   |
[INFO] [stdout] 783 | |     MULTIPART_FORM_DATA, "multipart/form-data", 9;
[INFO] [stdout] 784 | | }
[INFO] [stdout]     | |_- in this macro invocation
[INFO] [stdout]     |
[INFO] [stdout]     = warning: this was previously accepted by the compiler but is being phased out; it will become a hard error in a future release!
[INFO] [stdout]     = note: for more information, see issue #79813 <https://github.com/rust-lang/rust/issues/79813>
[INFO] [stdout]     = note: this warning originates in the macro `mime_constant_test` which comes from the expansion of the macro `mimes` (in Nightly builds, run with -Z macro-backtrace for more info)
[INFO] [stdout] 
[INFO] [stdout] 
[INFO] [stdout] warning: trailing semicolon in macro used in expression position
[INFO] [stdout]    --> src/lib.rs:713:53
[INFO] [stdout]     |
[INFO] [stdout] 713 |           mime_constant_test!($id, $src, $slash, None);
[INFO] [stdout]     |                                                       ^
[INFO] [stdout] ...
[INFO] [stdout] 746 | / mimes! {
[INFO] [stdout] 747 | |     STAR_STAR, "*/*", 1;
[INFO] [stdout] 748 | |
[INFO] [stdout] 749 | |     TEXT_STAR, "text/*", 4;
[INFO] [stdout] ...   |
[INFO] [stdout] 783 | |     MULTIPART_FORM_DATA, "multipart/form-data", 9;
[INFO] [stdout] 784 | | }
[INFO] [stdout]     | |_- in this macro invocation
[INFO] [stdout]     |
[INFO] [stdout]     = warning: this was previously accepted by the compiler but is being phased out; it will become a hard error in a future release!
[INFO] [stdout]     = note: for more information, see issue #79813 <https://github.com/rust-lang/rust/issues/79813>
[INFO] [stdout]     = note: this warning originates in the macro `mime_constant_test` which comes from the expansion of the macro `mimes` (in Nightly builds, run with -Z macro-backtrace for more info)
[INFO] [stdout] 
[INFO] [stdout] 
[INFO] [stdout] warning: trailing semicolon in macro used in expression position
[INFO] [stdout]    --> src/lib.rs:716:78
[INFO] [stdout]     |
[INFO] [stdout] 716 |           mime_constant_test!(FULL $id, $src, $slash, $plus, ParamSource::None);
[INFO] [stdout]     |                                                                                ^
[INFO] [stdout] ...
[INFO] [stdout] 746 | / mimes! {
[INFO] [stdout] 747 | |     STAR_STAR, "*/*", 1;
[INFO] [stdout] 748 | |
[INFO] [stdout] 749 | |     TEXT_STAR, "text/*", 4;
[INFO] [stdout] ...   |
[INFO] [stdout] 783 | |     MULTIPART_FORM_DATA, "multipart/form-data", 9;
[INFO] [stdout] 784 | | }
[INFO] [stdout]     | |_- in this macro invocation
[INFO] [stdout]     |
[INFO] [stdout]     = warning: this was previously accepted by the compiler but is being phased out; it will become a hard error in a future release!
[INFO] [stdout]     = note: for more information, see issue #79813 <https://github.com/rust-lang/rust/issues/79813>
[INFO] [stdout]     = note: this warning originates in the macro `mime_constant_test` which comes from the expansion of the macro `mimes` (in Nightly builds, run with -Z macro-backtrace for more info)
[INFO] [stdout] 
[INFO] [stdout] 
[INFO] [stdout] warning: trailing semicolon in macro used in expression position
[INFO] [stdout]    --> src/lib.rs:720:87
[INFO] [stdout]     |
[INFO] [stdout] 720 |           mime_constant_test!(FULL $id, $src, $slash, $plus, ParamSource::Utf8($params));
[INFO] [stdout]     |                                                                                         ^
[INFO] [stdout] ...
[INFO] [stdout] 746 | / mimes! {
[INFO] [stdout] 747 | |     STAR_STAR, "*/*", 1;
[INFO] [stdout] 748 | |
[INFO] [stdout] 749 | |     TEXT_STAR, "text/*", 4;
[INFO] [stdout] ...   |
[INFO] [stdout] 783 | |     MULTIPART_FORM_DATA, "multipart/form-data", 9;
[INFO] [stdout] 784 | | }
[INFO] [stdout]     | |_- in this macro invocation
[INFO] [stdout]     |
[INFO] [stdout]     = warning: this was previously accepted by the compiler but is being phased out; it will become a hard error in a future release!
[INFO] [stdout]     = note: for more information, see issue #79813 <https://github.com/rust-lang/rust/issues/79813>
[INFO] [stdout]     = note: this warning originates in the macro `mime_constant_test` which comes from the expansion of the macro `mimes` (in Nightly builds, run with -Z macro-backtrace for more info)
[INFO] [stdout] 
[INFO] [stdout] 
[INFO] [stdout] warning: trailing semicolon in macro used in expression position
[INFO] [stdout]    --> src/lib.rs:713:53
[INFO] [stdout]     |
[INFO] [stdout] 713 |           mime_constant_test!($id, $src, $slash, None);
[INFO] [stdout]     |                                                       ^
[INFO] [stdout] ...
[INFO] [stdout] 746 | / mimes! {
[INFO] [stdout] 747 | |     STAR_STAR, "*/*", 1;
[INFO] [stdout] 748 | |
[INFO] [stdout] 749 | |     TEXT_STAR, "text/*", 4;
[INFO] [stdout] ...   |
[INFO] [stdout] 783 | |     MULTIPART_FORM_DATA, "multipart/form-data", 9;
[INFO] [stdout] 784 | | }
[INFO] [stdout]     | |_- in this macro invocation
[INFO] [stdout]     |
[INFO] [stdout]     = warning: this was previously accepted by the compiler but is being phased out; it will become a hard error in a future release!
[INFO] [stdout]     = note: for more information, see issue #79813 <https://github.com/rust-lang/rust/issues/79813>
[INFO] [stdout]     = note: this warning originates in the macro `mime_constant_test` which comes from the expansion of the macro `mimes` (in Nightly builds, run with -Z macro-backtrace for more info)
[INFO] [stdout] 
[INFO] [stdout] 
[INFO] [stdout] warning: trailing semicolon in macro used in expression position
[INFO] [stdout]    --> src/lib.rs:716:78
[INFO] [stdout]     |
[INFO] [stdout] 716 |           mime_constant_test!(FULL $id, $src, $slash, $plus, ParamSource::None);
[INFO] [stdout]     |                                                                                ^
[INFO] [stdout] ...
[INFO] [stdout] 746 | / mimes! {
[INFO] [stdout] 747 | |     STAR_STAR, "*/*", 1;
[INFO] [stdout] 748 | |
[INFO] [stdout] 749 | |     TEXT_STAR, "text/*", 4;
[INFO] [stdout] ...   |
[INFO] [stdout] 783 | |     MULTIPART_FORM_DATA, "multipart/form-data", 9;
[INFO] [stdout] 784 | | }
[INFO] [stdout]     | |_- in this macro invocation
[INFO] [stdout]     |
[INFO] [stdout]     = warning: this was previously accepted by the compiler but is being phased out; it will become a hard error in a future release!
[INFO] [stdout]     = note: for more information, see issue #79813 <https://github.com/rust-lang/rust/issues/79813>
[INFO] [stdout]     = note: this warning originates in the macro `mime_constant_test` which comes from the expansion of the macro `mimes` (in Nightly builds, run with -Z macro-backtrace for more info)
[INFO] [stdout] 
[INFO] [stdout] 
[INFO] [stdout] warning: trailing semicolon in macro used in expression position
[INFO] [stdout]    --> src/lib.rs:720:87
[INFO] [stdout]     |
[INFO] [stdout] 720 |           mime_constant_test!(FULL $id, $src, $slash, $plus, ParamSource::Utf8($params));
[INFO] [stdout]     |                                                                                         ^
[INFO] [stdout] ...
[INFO] [stdout] 746 | / mimes! {
[INFO] [stdout] 747 | |     STAR_STAR, "*/*", 1;
[INFO] [stdout] 748 | |
[INFO] [stdout] 749 | |     TEXT_STAR, "text/*", 4;
[INFO] [stdout] ...   |
[INFO] [stdout] 783 | |     MULTIPART_FORM_DATA, "multipart/form-data", 9;
[INFO] [stdout] 784 | | }
[INFO] [stdout]     | |_- in this macro invocation
[INFO] [stdout]     |
[INFO] [stdout]     = warning: this was previously accepted by the compiler but is being phased out; it will become a hard error in a future release!
[INFO] [stdout]     = note: for more information, see issue #79813 <https://github.com/rust-lang/rust/issues/79813>
[INFO] [stdout]     = note: this warning originates in the macro `mime_constant_test` which comes from the expansion of the macro `mimes` (in Nightly builds, run with -Z macro-backtrace for more info)
[INFO] [stdout] 
[INFO] [stdout] 
[INFO] [stdout] warning: trailing semicolon in macro used in expression position
[INFO] [stdout]    --> src/lib.rs:713:53
[INFO] [stdout]     |
[INFO] [stdout] 713 |           mime_constant_test!($id, $src, $slash, None);
[INFO] [stdout]     |                                                       ^
[INFO] [stdout] ...
[INFO] [stdout] 746 | / mimes! {
[INFO] [stdout] 747 | |     STAR_STAR, "*/*", 1;
[INFO] [stdout] 748 | |
[INFO] [stdout] 749 | |     TEXT_STAR, "text/*", 4;
[INFO] [stdout] ...   |
[INFO] [stdout] 783 | |     MULTIPART_FORM_DATA, "multipart/form-data", 9;
[INFO] [stdout] 784 | | }
[INFO] [stdout]     | |_- in this macro invocation
[INFO] [stdout]     |
[INFO] [stdout]     = warning: this was previously accepted by the compiler but is being phased out; it will become a hard error in a future release!
[INFO] [stdout]     = note: for more information, see issue #79813 <https://github.com/rust-lang/rust/issues/79813>
[INFO] [stdout]     = note: this warning originates in the macro `mime_constant_test` which comes from the expansion of the macro `mimes` (in Nightly builds, run with -Z macro-backtrace for more info)
[INFO] [stdout] 
[INFO] [stdout] 
[INFO] [stdout] warning: trailing semicolon in macro used in expression position
[INFO] [stdout]    --> src/lib.rs:716:78
[INFO] [stdout]     |
[INFO] [stdout] 716 |           mime_constant_test!(FULL $id, $src, $slash, $plus, ParamSource::None);
[INFO] [stdout]     |                                                                                ^
[INFO] [stdout] ...
[INFO] [stdout] 746 | / mimes! {
[INFO] [stdout] 747 | |     STAR_STAR, "*/*", 1;
[INFO] [stdout] 748 | |
[INFO] [stdout] 749 | |     TEXT_STAR, "text/*", 4;
[INFO] [stdout] ...   |
[INFO] [stdout] 783 | |     MULTIPART_FORM_DATA, "multipart/form-data", 9;
[INFO] [stdout] 784 | | }
[INFO] [stdout]     | |_- in this macro invocation
[INFO] [stdout]     |
[INFO] [stdout]     = warning: this was previously accepted by the compiler but is being phased out; it will become a hard error in a future release!
[INFO] [stdout]     = note: for more information, see issue #79813 <https://github.com/rust-lang/rust/issues/79813>
[INFO] [stdout]     = note: this warning originates in the macro `mime_constant_test` which comes from the expansion of the macro `mimes` (in Nightly builds, run with -Z macro-backtrace for more info)
[INFO] [stdout] 
[INFO] [stdout] 
[INFO] [stdout] warning: trailing semicolon in macro used in expression position
[INFO] [stdout]    --> src/lib.rs:713:53
[INFO] [stdout]     |
[INFO] [stdout] 713 |           mime_constant_test!($id, $src, $slash, None);
[INFO] [stdout]     |                                                       ^
[INFO] [stdout] ...
[INFO] [stdout] 746 | / mimes! {
[INFO] [stdout] 747 | |     STAR_STAR, "*/*", 1;
[INFO] [stdout] 748 | |
[INFO] [stdout] 749 | |     TEXT_STAR, "text/*", 4;
[INFO] [stdout] ...   |
[INFO] [stdout] 783 | |     MULTIPART_FORM_DATA, "multipart/form-data", 9;
[INFO] [stdout] 784 | | }
[INFO] [stdout]     | |_- in this macro invocation
[INFO] [stdout]     |
[INFO] [stdout]     = warning: this was previously accepted by the compiler but is being phased out; it will become a hard error in a future release!
[INFO] [stdout]     = note: for more information, see issue #79813 <https://github.com/rust-lang/rust/issues/79813>
[INFO] [stdout]     = note: this warning originates in the macro `mime_constant_test` which comes from the expansion of the macro `mimes` (in Nightly builds, run with -Z macro-backtrace for more info)
[INFO] [stdout] 
[INFO] [stdout] 
[INFO] [stdout] warning: trailing semicolon in macro used in expression position
[INFO] [stdout]    --> src/lib.rs:716:78
[INFO] [stdout]     |
[INFO] [stdout] 716 |           mime_constant_test!(FULL $id, $src, $slash, $plus, ParamSource::None);
[INFO] [stdout]     |                                                                                ^
[INFO] [stdout] ...
[INFO] [stdout] 746 | / mimes! {
[INFO] [stdout] 747 | |     STAR_STAR, "*/*", 1;
[INFO] [stdout] 748 | |
[INFO] [stdout] 749 | |     TEXT_STAR, "text/*", 4;
[INFO] [stdout] ...   |
[INFO] [stdout] 783 | |     MULTIPART_FORM_DATA, "multipart/form-data", 9;
[INFO] [stdout] 784 | | }
[INFO] [stdout]     | |_- in this macro invocation
[INFO] [stdout]     |
[INFO] [stdout]     = warning: this was previously accepted by the compiler but is being phased out; it will become a hard error in a future release!
[INFO] [stdout]     = note: for more information, see issue #79813 <https://github.com/rust-lang/rust/issues/79813>
[INFO] [stdout]     = note: this warning originates in the macro `mime_constant_test` which comes from the expansion of the macro `mimes` (in Nightly builds, run with -Z macro-backtrace for more info)
[INFO] [stdout] 
[INFO] [stdout] 
[INFO] [stdout] warning: trailing semicolon in macro used in expression position
[INFO] [stdout]    --> src/lib.rs:713:53
[INFO] [stdout]     |
[INFO] [stdout] 713 |           mime_constant_test!($id, $src, $slash, None);
[INFO] [stdout]     |                                                       ^
[INFO] [stdout] ...
[INFO] [stdout] 746 | / mimes! {
[INFO] [stdout] 747 | |     STAR_STAR, "*/*", 1;
[INFO] [stdout] 748 | |
[INFO] [stdout] 749 | |     TEXT_STAR, "text/*", 4;
[INFO] [stdout] ...   |
[INFO] [stdout] 783 | |     MULTIPART_FORM_DATA, "multipart/form-data", 9;
[INFO] [stdout] 784 | | }
[INFO] [stdout]     | |_- in this macro invocation
[INFO] [stdout]     |
[INFO] [stdout]     = warning: this was previously accepted by the compiler but is being phased out; it will become a hard error in a future release!
[INFO] [stdout]     = note: for more information, see issue #79813 <https://github.com/rust-lang/rust/issues/79813>
[INFO] [stdout]     = note: this warning originates in the macro `mime_constant_test` which comes from the expansion of the macro `mimes` (in Nightly builds, run with -Z macro-backtrace for more info)
[INFO] [stdout] 
[INFO] [stdout] 
[INFO] [stdout] warning: trailing semicolon in macro used in expression position
[INFO] [stdout]    --> src/lib.rs:716:78
[INFO] [stdout]     |
[INFO] [stdout] 716 |           mime_constant_test!(FULL $id, $src, $slash, $plus, ParamSource::None);
[INFO] [stdout]     |                                                                                ^
[INFO] [stdout] ...
[INFO] [stdout] 746 | / mimes! {
[INFO] [stdout] 747 | |     STAR_STAR, "*/*", 1;
[INFO] [stdout] 748 | |
[INFO] [stdout] 749 | |     TEXT_STAR, "text/*", 4;
[INFO] [stdout] ...   |
[INFO] [stdout] 783 | |     MULTIPART_FORM_DATA, "multipart/form-data", 9;
[INFO] [stdout] 784 | | }
[INFO] [stdout]     | |_- in this macro invocation
[INFO] [stdout]     |
[INFO] [stdout]     = warning: this was previously accepted by the compiler but is being phased out; it will become a hard error in a future release!
[INFO] [stdout]     = note: for more information, see issue #79813 <https://github.com/rust-lang/rust/issues/79813>
[INFO] [stdout]     = note: this warning originates in the macro `mime_constant_test` which comes from the expansion of the macro `mimes` (in Nightly builds, run with -Z macro-backtrace for more info)
[INFO] [stdout] 
[INFO] [stdout] 
[INFO] [stdout] warning: trailing semicolon in macro used in expression position
[INFO] [stdout]    --> src/lib.rs:713:53
[INFO] [stdout]     |
[INFO] [stdout] 713 |           mime_constant_test!($id, $src, $slash, None);
[INFO] [stdout]     |                                                       ^
[INFO] [stdout] ...
[INFO] [stdout] 746 | / mimes! {
[INFO] [stdout] 747 | |     STAR_STAR, "*/*", 1;
[INFO] [stdout] 748 | |
[INFO] [stdout] 749 | |     TEXT_STAR, "text/*", 4;
[INFO] [stdout] ...   |
[INFO] [stdout] 783 | |     MULTIPART_FORM_DATA, "multipart/form-data", 9;
[INFO] [stdout] 784 | | }
[INFO] [stdout]     | |_- in this macro invocation
[INFO] [stdout]     |
[INFO] [stdout]     = warning: this was previously accepted by the compiler but is being phased out; it will become a hard error in a future release!
[INFO] [stdout]     = note: for more information, see issue #79813 <https://github.com/rust-lang/rust/issues/79813>
[INFO] [stdout]     = note: this warning originates in the macro `mime_constant_test` which comes from the expansion of the macro `mimes` (in Nightly builds, run with -Z macro-backtrace for more info)
[INFO] [stdout] 
[INFO] [stdout] 
[INFO] [stdout] warning: trailing semicolon in macro used in expression position
[INFO] [stdout]    --> src/lib.rs:716:78
[INFO] [stdout]     |
[INFO] [stdout] 716 |           mime_constant_test!(FULL $id, $src, $slash, $plus, ParamSource::None);
[INFO] [stdout]     |                                                                                ^
[INFO] [stdout] ...
[INFO] [stdout] 746 | / mimes! {
[INFO] [stdout] 747 | |     STAR_STAR, "*/*", 1;
[INFO] [stdout] 748 | |
[INFO] [stdout] 749 | |     TEXT_STAR, "text/*", 4;
[INFO] [stdout] ...   |
[INFO] [stdout] 783 | |     MULTIPART_FORM_DATA, "multipart/form-data", 9;
[INFO] [stdout] 784 | | }
[INFO] [stdout]     | |_- in this macro invocation
[INFO] [stdout]     |
[INFO] [stdout]     = warning: this was previously accepted by the compiler but is being phased out; it will become a hard error in a future release!
[INFO] [stdout]     = note: for more information, see issue #79813 <https://github.com/rust-lang/rust/issues/79813>
[INFO] [stdout]     = note: this warning originates in the macro `mime_constant_test` which comes from the expansion of the macro `mimes` (in Nightly builds, run with -Z macro-backtrace for more info)
[INFO] [stdout] 
[INFO] [stdout] 
[INFO] [stdout] warning: trailing semicolon in macro used in expression position
[INFO] [stdout]    --> src/lib.rs:713:53
[INFO] [stdout]     |
[INFO] [stdout] 713 |           mime_constant_test!($id, $src, $slash, None);
[INFO] [stdout]     |                                                       ^
[INFO] [stdout] ...
[INFO] [stdout] 746 | / mimes! {
[INFO] [stdout] 747 | |     STAR_STAR, "*/*", 1;
[INFO] [stdout] 748 | |
[INFO] [stdout] 749 | |     TEXT_STAR, "text/*", 4;
[INFO] [stdout] ...   |
[INFO] [stdout] 783 | |     MULTIPART_FORM_DATA, "multipart/form-data", 9;
[INFO] [stdout] 784 | | }
[INFO] [stdout]     | |_- in this macro invocation
[INFO] [stdout]     |
[INFO] [stdout]     = warning: this was previously accepted by the compiler but is being phased out; it will become a hard error in a future release!
[INFO] [stdout]     = note: for more information, see issue #79813 <https://github.com/rust-lang/rust/issues/79813>
[INFO] [stdout]     = note: this warning originates in the macro `mime_constant_test` which comes from the expansion of the macro `mimes` (in Nightly builds, run with -Z macro-backtrace for more info)
[INFO] [stdout] 
[INFO] [stdout] 
[INFO] [stdout] warning: trailing semicolon in macro used in expression position
[INFO] [stdout]    --> src/lib.rs:716:78
[INFO] [stdout]     |
[INFO] [stdout] 716 |           mime_constant_test!(FULL $id, $src, $slash, $plus, ParamSource::None);
[INFO] [stdout]     |                                                                                ^
[INFO] [stdout] ...
[INFO] [stdout] 746 | / mimes! {
[INFO] [stdout] 747 | |     STAR_STAR, "*/*", 1;
[INFO] [stdout] 748 | |
[INFO] [stdout] 749 | |     TEXT_STAR, "text/*", 4;
[INFO] [stdout] ...   |
[INFO] [stdout] 783 | |     MULTIPART_FORM_DATA, "multipart/form-data", 9;
[INFO] [stdout] 784 | | }
[INFO] [stdout]     | |_- in this macro invocation
[INFO] [stdout]     |
[INFO] [stdout]     = warning: this was previously accepted by the compiler but is being phased out; it will become a hard error in a future release!
[INFO] [stdout]     = note: for more information, see issue #79813 <https://github.com/rust-lang/rust/issues/79813>
[INFO] [stdout]     = note: this warning originates in the macro `mime_constant_test` which comes from the expansion of the macro `mimes` (in Nightly builds, run with -Z macro-backtrace for more info)
[INFO] [stdout] 
[INFO] [stdout] 
[INFO] [stdout] warning: trailing semicolon in macro used in expression position
[INFO] [stdout]    --> src/lib.rs:713:53
[INFO] [stdout]     |
[INFO] [stdout] 713 |           mime_constant_test!($id, $src, $slash, None);
[INFO] [stdout]     |                                                       ^
[INFO] [stdout] ...
[INFO] [stdout] 746 | / mimes! {
[INFO] [stdout] 747 | |     STAR_STAR, "*/*", 1;
[INFO] [stdout] 748 | |
[INFO] [stdout] 749 | |     TEXT_STAR, "text/*", 4;
[INFO] [stdout] ...   |
[INFO] [stdout] 783 | |     MULTIPART_FORM_DATA, "multipart/form-data", 9;
[INFO] [stdout] 784 | | }
[INFO] [stdout]     | |_- in this macro invocation
[INFO] [stdout]     |
[INFO] [stdout]     = warning: this was previously accepted by the compiler but is being phased out; it will become a hard error in a future release!
[INFO] [stdout]     = note: for more information, see issue #79813 <https://github.com/rust-lang/rust/issues/79813>
[INFO] [stdout]     = note: this warning originates in the macro `mime_constant_test` which comes from the expansion of the macro `mimes` (in Nightly builds, run with -Z macro-backtrace for more info)
[INFO] [stdout] 
[INFO] [stdout] 
[INFO] [stdout] warning: trailing semicolon in macro used in expression position
[INFO] [stdout]    --> src/lib.rs:716:78
[INFO] [stdout]     |
[INFO] [stdout] 716 |           mime_constant_test!(FULL $id, $src, $slash, $plus, ParamSource::None);
[INFO] [stdout]     |                                                                                ^
[INFO] [stdout] ...
[INFO] [stdout] 746 | / mimes! {
[INFO] [stdout] 747 | |     STAR_STAR, "*/*", 1;
[INFO] [stdout] 748 | |
[INFO] [stdout] 749 | |     TEXT_STAR, "text/*", 4;
[INFO] [stdout] ...   |
[INFO] [stdout] 783 | |     MULTIPART_FORM_DATA, "multipart/form-data", 9;
[INFO] [stdout] 784 | | }
[INFO] [stdout]     | |_- in this macro invocation
[INFO] [stdout]     |
[INFO] [stdout]     = warning: this was previously accepted by the compiler but is being phased out; it will become a hard error in a future release!
[INFO] [stdout]     = note: for more information, see issue #79813 <https://github.com/rust-lang/rust/issues/79813>
[INFO] [stdout]     = note: this warning originates in the macro `mime_constant_test` which comes from the expansion of the macro `mimes` (in Nightly builds, run with -Z macro-backtrace for more info)
[INFO] [stdout] 
[INFO] [stdout] 
[INFO] [stdout] warning: trailing semicolon in macro used in expression position
[INFO] [stdout]    --> src/lib.rs:716:78
[INFO] [stdout]     |
[INFO] [stdout] 716 |           mime_constant_test!(FULL $id, $src, $slash, $plus, ParamSource::None);
[INFO] [stdout]     |                                                                                ^
[INFO] [stdout] ...
[INFO] [stdout] 746 | / mimes! {
[INFO] [stdout] 747 | |     STAR_STAR, "*/*", 1;
[INFO] [stdout] 748 | |
[INFO] [stdout] 749 | |     TEXT_STAR, "text/*", 4;
[INFO] [stdout] ...   |
[INFO] [stdout] 783 | |     MULTIPART_FORM_DATA, "multipart/form-data", 9;
[INFO] [stdout] 784 | | }
[INFO] [stdout]     | |_- in this macro invocation
[INFO] [stdout]     |
[INFO] [stdout]     = warning: this was previously accepted by the compiler but is being phased out; it will become a hard error in a future release!
[INFO] [stdout]     = note: for more information, see issue #79813 <https://github.com/rust-lang/rust/issues/79813>
[INFO] [stdout]     = note: this warning originates in the macro `mime_constant_test` which comes from the expansion of the macro `mimes` (in Nightly builds, run with -Z macro-backtrace for more info)
[INFO] [stdout] 
[INFO] [stdout] 
[INFO] [stdout] warning: trailing semicolon in macro used in expression position
[INFO] [stdout]    --> src/lib.rs:713:53
[INFO] [stdout]     |
[INFO] [stdout] 713 |           mime_constant_test!($id, $src, $slash, None);
[INFO] [stdout]     |                                                       ^
[INFO] [stdout] ...
[INFO] [stdout] 746 | / mimes! {
[INFO] [stdout] 747 | |     STAR_STAR, "*/*", 1;
[INFO] [stdout] 748 | |
[INFO] [stdout] 749 | |     TEXT_STAR, "text/*", 4;
[INFO] [stdout] ...   |
[INFO] [stdout] 783 | |     MULTIPART_FORM_DATA, "multipart/form-data", 9;
[INFO] [stdout] 784 | | }
[INFO] [stdout]     | |_- in this macro invocation
[INFO] [stdout]     |
[INFO] [stdout]     = warning: this was previously accepted by the compiler but is being phased out; it will become a hard error in a future release!
[INFO] [stdout]     = note: for more information, see issue #79813 <https://github.com/rust-lang/rust/issues/79813>
[INFO] [stdout]     = note: this warning originates in the macro `mime_constant_test` which comes from the expansion of the macro `mimes` (in Nightly builds, run with -Z macro-backtrace for more info)
[INFO] [stdout] 
[INFO] [stdout] 
[INFO] [stdout] warning: trailing semicolon in macro used in expression position
[INFO] [stdout]    --> src/lib.rs:716:78
[INFO] [stdout]     |
[INFO] [stdout] 716 |           mime_constant_test!(FULL $id, $src, $slash, $plus, ParamSource::None);
[INFO] [stdout]     |                                                                                ^
[INFO] [stdout] ...
[INFO] [stdout] 746 | / mimes! {
[INFO] [stdout] 747 | |     STAR_STAR, "*/*", 1;
[INFO] [stdout] 748 | |
[INFO] [stdout] 749 | |     TEXT_STAR, "text/*", 4;
[INFO] [stdout] ...   |
[INFO] [stdout] 783 | |     MULTIPART_FORM_DATA, "multipart/form-data", 9;
[INFO] [stdout] 784 | | }
[INFO] [stdout]     | |_- in this macro invocation
[INFO] [stdout]     |
[INFO] [stdout]     = warning: this was previously accepted by the compiler but is being phased out; it will become a hard error in a future release!
[INFO] [stdout]     = note: for more information, see issue #79813 <https://github.com/rust-lang/rust/issues/79813>
[INFO] [stdout]     = note: this warning originates in the macro `mime_constant_test` which comes from the expansion of the macro `mimes` (in Nightly builds, run with -Z macro-backtrace for more info)
[INFO] [stdout] 
[INFO] [stdout] 
[INFO] [stdout] warning: trailing semicolon in macro used in expression position
[INFO] [stdout]    --> src/lib.rs:713:53
[INFO] [stdout]     |
[INFO] [stdout] 713 |           mime_constant_test!($id, $src, $slash, None);
[INFO] [stdout]     |                                                       ^
[INFO] [stdout] ...
[INFO] [stdout] 746 | / mimes! {
[INFO] [stdout] 747 | |     STAR_STAR, "*/*", 1;
[INFO] [stdout] 748 | |
[INFO] [stdout] 749 | |     TEXT_STAR, "text/*", 4;
[INFO] [stdout] ...   |
[INFO] [stdout] 783 | |     MULTIPART_FORM_DATA, "multipart/form-data", 9;
[INFO] [stdout] 784 | | }
[INFO] [stdout]     | |_- in this macro invocation
[INFO] [stdout]     |
[INFO] [stdout]     = warning: this was previously accepted by the compiler but is being phased out; it will become a hard error in a future release!
[INFO] [stdout]     = note: for more information, see issue #79813 <https://github.com/rust-lang/rust/issues/79813>
[INFO] [stdout]     = note: this warning originates in the macro `mime_constant_test` which comes from the expansion of the macro `mimes` (in Nightly builds, run with -Z macro-backtrace for more info)
[INFO] [stdout] 
[INFO] [stdout] 
[INFO] [stdout] warning: trailing semicolon in macro used in expression position
[INFO] [stdout]    --> src/lib.rs:716:78
[INFO] [stdout]     |
[INFO] [stdout] 716 |           mime_constant_test!(FULL $id, $src, $slash, $plus, ParamSource::None);
[INFO] [stdout]     |                                                                                ^
[INFO] [stdout] ...
[INFO] [stdout] 746 | / mimes! {
[INFO] [stdout] 747 | |     STAR_STAR, "*/*", 1;
[INFO] [stdout] 748 | |
[INFO] [stdout] 749 | |     TEXT_STAR, "text/*", 4;
[INFO] [stdout] ...   |
[INFO] [stdout] 783 | |     MULTIPART_FORM_DATA, "multipart/form-data", 9;
[INFO] [stdout] 784 | | }
[INFO] [stdout]     | |_- in this macro invocation
[INFO] [stdout]     |
[INFO] [stdout]     = warning: this was previously accepted by the compiler but is being phased out; it will become a hard error in a future release!
[INFO] [stdout]     = note: for more information, see issue #79813 <https://github.com/rust-lang/rust/issues/79813>
[INFO] [stdout]     = note: this warning originates in the macro `mime_constant_test` which comes from the expansion of the macro `mimes` (in Nightly builds, run with -Z macro-backtrace for more info)
[INFO] [stdout] 
[INFO] [stdout] 
[INFO] [stdout] warning: trailing semicolon in macro used in expression position
[INFO] [stdout]    --> src/lib.rs:713:53
[INFO] [stdout]     |
[INFO] [stdout] 713 |           mime_constant_test!($id, $src, $slash, None);
[INFO] [stdout]     |                                                       ^
[INFO] [stdout] ...
[INFO] [stdout] 746 | / mimes! {
[INFO] [stdout] 747 | |     STAR_STAR, "*/*", 1;
[INFO] [stdout] 748 | |
[INFO] [stdout] 749 | |     TEXT_STAR, "text/*", 4;
[INFO] [stdout] ...   |
[INFO] [stdout] 783 | |     MULTIPART_FORM_DATA, "multipart/form-data", 9;
[INFO] [stdout] 784 | | }
[INFO] [stdout]     | |_- in this macro invocation
[INFO] [stdout]     |
[INFO] [stdout]     = warning: this was previously accepted by the compiler but is being phased out; it will become a hard error in a future release!
[INFO] [stdout]     = note: for more information, see issue #79813 <https://github.com/rust-lang/rust/issues/79813>
[INFO] [stdout]     = note: this warning originates in the macro `mime_constant_test` which comes from the expansion of the macro `mimes` (in Nightly builds, run with -Z macro-backtrace for more info)
[INFO] [stdout] 
[INFO] [stdout] 
[INFO] [stdout] warning: trailing semicolon in macro used in expression position
[INFO] [stdout]    --> src/lib.rs:716:78
[INFO] [stdout]     |
[INFO] [stdout] 716 |           mime_constant_test!(FULL $id, $src, $slash, $plus, ParamSource::None);
[INFO] [stdout]     |                                                                                ^
[INFO] [stdout] ...
[INFO] [stdout] 746 | / mimes! {
[INFO] [stdout] 747 | |     STAR_STAR, "*/*", 1;
[INFO] [stdout] 748 | |
[INFO] [stdout] 749 | |     TEXT_STAR, "text/*", 4;
[INFO] [stdout] ...   |
[INFO] [stdout] 783 | |     MULTIPART_FORM_DATA, "multipart/form-data", 9;
[INFO] [stdout] 784 | | }
[INFO] [stdout]     | |_- in this macro invocation
[INFO] [stdout]     |
[INFO] [stdout]     = warning: this was previously accepted by the compiler but is being phased out; it will become a hard error in a future release!
[INFO] [stdout]     = note: for more information, see issue #79813 <https://github.com/rust-lang/rust/issues/79813>
[INFO] [stdout]     = note: this warning originates in the macro `mime_constant_test` which comes from the expansion of the macro `mimes` (in Nightly builds, run with -Z macro-backtrace for more info)
[INFO] [stdout] 
[INFO] [stdout] 
[INFO] [stdout] warning: trailing semicolon in macro used in expression position
[INFO] [stdout]    --> src/lib.rs:713:53
[INFO] [stdout]     |
[INFO] [stdout] 713 |           mime_constant_test!($id, $src, $slash, None);
[INFO] [stdout]     |                                                       ^
[INFO] [stdout] ...
[INFO] [stdout] 746 | / mimes! {
[INFO] [stdout] 747 | |     STAR_STAR, "*/*", 1;
[INFO] [stdout] 748 | |
[INFO] [stdout] 749 | |     TEXT_STAR, "text/*", 4;
[INFO] [stdout] ...   |
[INFO] [stdout] 783 | |     MULTIPART_FORM_DATA, "multipart/form-data", 9;
[INFO] [stdout] 784 | | }
[INFO] [stdout]     | |_- in this macro invocation
[INFO] [stdout]     |
[INFO] [stdout]     = warning: this was previously accepted by the compiler but is being phased out; it will become a hard error in a future release!
[INFO] [stdout]     = note: for more information, see issue #79813 <https://github.com/rust-lang/rust/issues/79813>
[INFO] [stdout]     = note: this warning originates in the macro `mime_constant_test` which comes from the expansion of the macro `mimes` (in Nightly builds, run with -Z macro-backtrace for more info)
[INFO] [stdout] 
[INFO] [stdout] 
[INFO] [stdout] warning: trailing semicolon in macro used in expression position
[INFO] [stdout]    --> src/lib.rs:716:78
[INFO] [stdout]     |
[INFO] [stdout] 716 |           mime_constant_test!(FULL $id, $src, $slash, $plus, ParamSource::None);
[INFO] [stdout]     |                                                                                ^
[INFO] [stdout] ...
[INFO] [stdout] 746 | / mimes! {
[INFO] [stdout] 747 | |     STAR_STAR, "*/*", 1;
[INFO] [stdout] 748 | |
[INFO] [stdout] 749 | |     TEXT_STAR, "text/*", 4;
[INFO] [stdout] ...   |
[INFO] [stdout] 783 | |     MULTIPART_FORM_DATA, "multipart/form-data", 9;
[INFO] [stdout] 784 | | }
[INFO] [stdout]     | |_- in this macro invocation
[INFO] [stdout]     |
[INFO] [stdout]     = warning: this was previously accepted by the compiler but is being phased out; it will become a hard error in a future release!
[INFO] [stdout]     = note: for more information, see issue #79813 <https://github.com/rust-lang/rust/issues/79813>
[INFO] [stdout]     = note: this warning originates in the macro `mime_constant_test` which comes from the expansion of the macro `mimes` (in Nightly builds, run with -Z macro-backtrace for more info)
[INFO] [stdout] 
[INFO] [stdout] 
[INFO] [stdout] warning: trailing semicolon in macro used in expression position
[INFO] [stdout]    --> src/lib.rs:720:87
[INFO] [stdout]     |
[INFO] [stdout] 720 |           mime_constant_test!(FULL $id, $src, $slash, $plus, ParamSource::Utf8($params));
[INFO] [stdout]     |                                                                                         ^
[INFO] [stdout] ...
[INFO] [stdout] 746 | / mimes! {
[INFO] [stdout] 747 | |     STAR_STAR, "*/*", 1;
[INFO] [stdout] 748 | |
[INFO] [stdout] 749 | |     TEXT_STAR, "text/*", 4;
[INFO] [stdout] ...   |
[INFO] [stdout] 783 | |     MULTIPART_FORM_DATA, "multipart/form-data", 9;
[INFO] [stdout] 784 | | }
[INFO] [stdout]     | |_- in this macro invocation
[INFO] [stdout]     |
[INFO] [stdout]     = warning: this was previously accepted by the compiler but is being phased out; it will become a hard error in a future release!
[INFO] [stdout]     = note: for more information, see issue #79813 <https://github.com/rust-lang/rust/issues/79813>
[INFO] [stdout]     = note: this warning originates in the macro `mime_constant_test` which comes from the expansion of the macro `mimes` (in Nightly builds, run with -Z macro-backtrace for more info)
[INFO] [stdout] 
[INFO] [stdout] 
[INFO] [stdout] warning: trailing semicolon in macro used in expression position
[INFO] [stdout]    --> src/lib.rs:713:53
[INFO] [stdout]     |
[INFO] [stdout] 713 |           mime_constant_test!($id, $src, $slash, None);
[INFO] [stdout]     |                                                       ^
[INFO] [stdout] ...
[INFO] [stdout] 746 | / mimes! {
[INFO] [stdout] 747 | |     STAR_STAR, "*/*", 1;
[INFO] [stdout] 748 | |
[INFO] [stdout] 749 | |     TEXT_STAR, "text/*", 4;
[INFO] [stdout] ...   |
[INFO] [stdout] 783 | |     MULTIPART_FORM_DATA, "multipart/form-data", 9;
[INFO] [stdout] 784 | | }
[INFO] [stdout]     | |_- in this macro invocation
[INFO] [stdout]     |
[INFO] [stdout]     = warning: this was previously accepted by the compiler but is being phased out; it will become a hard error in a future release!
[INFO] [stdout]     = note: for more information, see issue #79813 <https://github.com/rust-lang/rust/issues/79813>
[INFO] [stdout]     = note: this warning originates in the macro `mime_constant_test` which comes from the expansion of the macro `mimes` (in Nightly builds, run with -Z macro-backtrace for more info)
[INFO] [stdout] 
[INFO] [stdout] 
[INFO] [stdout] warning: trailing semicolon in macro used in expression position
[INFO] [stdout]    --> src/lib.rs:716:78
[INFO] [stdout]     |
[INFO] [stdout] 716 |           mime_constant_test!(FULL $id, $src, $slash, $plus, ParamSource::None);
[INFO] [stdout]     |                                                                                ^
[INFO] [stdout] ...
[INFO] [stdout] 746 | / mimes! {
[INFO] [stdout] 747 | |     STAR_STAR, "*/*", 1;
[INFO] [stdout] 748 | |
[INFO] [stdout] 749 | |     TEXT_STAR, "text/*", 4;
[INFO] [stdout] ...   |
[INFO] [stdout] 783 | |     MULTIPART_FORM_DATA, "multipart/form-data", 9;
[INFO] [stdout] 784 | | }
[INFO] [stdout]     | |_- in this macro invocation
[INFO] [stdout]     |
[INFO] [stdout]     = warning: this was previously accepted by the compiler but is being phased out; it will become a hard error in a future release!
[INFO] [stdout]     = note: for more information, see issue #79813 <https://github.com/rust-lang/rust/issues/79813>
[INFO] [stdout]     = note: this warning originates in the macro `mime_constant_test` which comes from the expansion of the macro `mimes` (in Nightly builds, run with -Z macro-backtrace for more info)
[INFO] [stdout] 
[INFO] [stdout] 
[INFO] [stdout] warning: trailing semicolon in macro used in expression position
[INFO] [stdout]    --> src/lib.rs:713:53
[INFO] [stdout]     |
[INFO] [stdout] 713 |           mime_constant_test!($id, $src, $slash, None);
[INFO] [stdout]     |                                                       ^
[INFO] [stdout] ...
[INFO] [stdout] 746 | / mimes! {
[INFO] [stdout] 747 | |     STAR_STAR, "*/*", 1;
[INFO] [stdout] 748 | |
[INFO] [stdout] 749 | |     TEXT_STAR, "text/*", 4;
[INFO] [stdout] ...   |
[INFO] [stdout] 783 | |     MULTIPART_FORM_DATA, "multipart/form-data", 9;
[INFO] [stdout] 784 | | }
[INFO] [stdout]     | |_- in this macro invocation
[INFO] [stdout]     |
[INFO] [stdout]     = warning: this was previously accepted by the compiler but is being phased out; it will become a hard error in a future release!
[INFO] [stdout]     = note: for more information, see issue #79813 <https://github.com/rust-lang/rust/issues/79813>
[INFO] [stdout]     = note: this warning originates in the macro `mime_constant_test` which comes from the expansion of the macro `mimes` (in Nightly builds, run with -Z macro-backtrace for more info)
[INFO] [stdout] 
[INFO] [stdout] 
[INFO] [stdout] warning: trailing semicolon in macro used in expression position
[INFO] [stdout]    --> src/lib.rs:716:78
[INFO] [stdout]     |
[INFO] [stdout] 716 |           mime_constant_test!(FULL $id, $src, $slash, $plus, ParamSource::None);
[INFO] [stdout]     |                                                                                ^
[INFO] [stdout] ...
[INFO] [stdout] 746 | / mimes! {
[INFO] [stdout] 747 | |     STAR_STAR, "*/*", 1;
[INFO] [stdout] 748 | |
[INFO] [stdout] 749 | |     TEXT_STAR, "text/*", 4;
[INFO] [stdout] ...   |
[INFO] [stdout] 783 | |     MULTIPART_FORM_DATA, "multipart/form-data", 9;
[INFO] [stdout] 784 | | }
[INFO] [stdout]     | |_- in this macro invocation
[INFO] [stdout]     |
[INFO] [stdout]     = warning: this was previously accepted by the compiler but is being phased out; it will become a hard error in a future release!
[INFO] [stdout]     = note: for more information, see issue #79813 <https://github.com/rust-lang/rust/issues/79813>
[INFO] [stdout]     = note: this warning originates in the macro `mime_constant_test` which comes from the expansion of the macro `mimes` (in Nightly builds, run with -Z macro-backtrace for more info)
[INFO] [stdout] 
[INFO] [stdout] 
[INFO] [stdout] warning: trailing semicolon in macro used in expression position
[INFO] [stdout]    --> src/lib.rs:713:53
[INFO] [stdout]     |
[INFO] [stdout] 713 |           mime_constant_test!($id, $src, $slash, None);
[INFO] [stdout]     |                                                       ^
[INFO] [stdout] ...
[INFO] [stdout] 746 | / mimes! {
[INFO] [stdout] 747 | |     STAR_STAR, "*/*", 1;
[INFO] [stdout] 748 | |
[INFO] [stdout] 749 | |     TEXT_STAR, "text/*", 4;
[INFO] [stdout] ...   |
[INFO] [stdout] 783 | |     MULTIPART_FORM_DATA, "multipart/form-data", 9;
[INFO] [stdout] 784 | | }
[INFO] [stdout]     | |_- in this macro invocation
[INFO] [stdout]     |
[INFO] [stdout]     = warning: this was previously accepted by the compiler but is being phased out; it will become a hard error in a future release!
[INFO] [stdout]     = note: for more information, see issue #79813 <https://github.com/rust-lang/rust/issues/79813>
[INFO] [stdout]     = note: this warning originates in the macro `mime_constant_test` which comes from the expansion of the macro `mimes` (in Nightly builds, run with -Z macro-backtrace for more info)
[INFO] [stdout] 
[INFO] [stdout] 
[INFO] [stdout] warning: trailing semicolon in macro used in expression position
[INFO] [stdout]    --> src/lib.rs:716:78
[INFO] [stdout]     |
[INFO] [stdout] 716 |           mime_constant_test!(FULL $id, $src, $slash, $plus, ParamSource::None);
[INFO] [stdout]     |                                                                                ^
[INFO] [stdout] ...
[INFO] [stdout] 746 | / mimes! {
[INFO] [stdout] 747 | |     STAR_STAR, "*/*", 1;
[INFO] [stdout] 748 | |
[INFO] [stdout] 749 | |     TEXT_STAR, "text/*", 4;
[INFO] [stdout] ...   |
[INFO] [stdout] 783 | |     MULTIPART_FORM_DATA, "multipart/form-data", 9;
[INFO] [stdout] 784 | | }
[INFO] [stdout]     | |_- in this macro invocation
[INFO] [stdout]     |
[INFO] [stdout]     = warning: this was previously accepted by the compiler but is being phased out; it will become a hard error in a future release!
[INFO] [stdout]     = note: for more information, see issue #79813 <https://github.com/rust-lang/rust/issues/79813>
[INFO] [stdout]     = note: this warning originates in the macro `mime_constant_test` which comes from the expansion of the macro `mimes` (in Nightly builds, run with -Z macro-backtrace for more info)
[INFO] [stdout] 
[INFO] [stdout] 
[INFO] [stdout] warning: trailing semicolon in macro used in expression position
[INFO] [stdout]    --> src/lib.rs:713:53
[INFO] [stdout]     |
[INFO] [stdout] 713 |           mime_constant_test!($id, $src, $slash, None);
[INFO] [stdout]     |                                                       ^
[INFO] [stdout] ...
[INFO] [stdout] 746 | / mimes! {
[INFO] [stdout] 747 | |     STAR_STAR, "*/*", 1;
[INFO] [stdout] 748 | |
[INFO] [stdout] 749 | |     TEXT_STAR, "text/*", 4;
[INFO] [stdout] ...   |
[INFO] [stdout] 783 | |     MULTIPART_FORM_DATA, "multipart/form-data", 9;
[INFO] [stdout] 784 | | }
[INFO] [stdout]     | |_- in this macro invocation
[INFO] [stdout]     |
[INFO] [stdout]     = warning: this was previously accepted by the compiler but is being phased out; it will become a hard error in a future release!
[INFO] [stdout]     = note: for more information, see issue #79813 <https://github.com/rust-lang/rust/issues/79813>
[INFO] [stdout]     = note: this warning originates in the macro `mime_constant_test` which comes from the expansion of the macro `mimes` (in Nightly builds, run with -Z macro-backtrace for more info)
[INFO] [stdout] 
[INFO] [stdout] 
[INFO] [stdout] warning: trailing semicolon in macro used in expression position
[INFO] [stdout]    --> src/lib.rs:716:78
[INFO] [stdout]     |
[INFO] [stdout] 716 |           mime_constant_test!(FULL $id, $src, $slash, $plus, ParamSource::None);
[INFO] [stdout]     |                                                                                ^
[INFO] [stdout] ...
[INFO] [stdout] 746 | / mimes! {
[INFO] [stdout] 747 | |     STAR_STAR, "*/*", 1;
[INFO] [stdout] 748 | |
[INFO] [stdout] 749 | |     TEXT_STAR, "text/*", 4;
[INFO] [stdout] ...   |
[INFO] [stdout] 783 | |     MULTIPART_FORM_DATA, "multipart/form-data", 9;
[INFO] [stdout] 784 | | }
[INFO] [stdout]     | |_- in this macro invocation
[INFO] [stdout]     |
[INFO] [stdout]     = warning: this was previously accepted by the compiler but is being phased out; it will become a hard error in a future release!
[INFO] [stdout]     = note: for more information, see issue #79813 <https://github.com/rust-lang/rust/issues/79813>
[INFO] [stdout]     = note: this warning originates in the macro `mime_constant_test` which comes from the expansion of the macro `mimes` (in Nightly builds, run with -Z macro-backtrace for more info)
[INFO] [stdout] 
[INFO] [stdout] 
[INFO] [stdout] warning: trailing semicolon in macro used in expression position
[INFO] [stdout]    --> src/lib.rs:713:53
[INFO] [stdout]     |
[INFO] [stdout] 713 |           mime_constant_test!($id, $src, $slash, None);
[INFO] [stdout]     |                                                       ^
[INFO] [stdout] ...
[INFO] [stdout] 746 | / mimes! {
[INFO] [stdout] 747 | |     STAR_STAR, "*/*", 1;
[INFO] [stdout] 748 | |
[INFO] [stdout] 749 | |     TEXT_STAR, "text/*", 4;
[INFO] [stdout] ...   |
[INFO] [stdout] 783 | |     MULTIPART_FORM_DATA, "multipart/form-data", 9;
[INFO] [stdout] 784 | | }
[INFO] [stdout]     | |_- in this macro invocation
[INFO] [stdout]     |
[INFO] [stdout]     = warning: this was previously accepted by the compiler but is being phased out; it will become a hard error in a future release!
[INFO] [stdout]     = note: for more information, see issue #79813 <https://github.com/rust-lang/rust/issues/79813>
[INFO] [stdout]     = note: this warning originates in the macro `mime_constant_test` which comes from the expansion of the macro `mimes` (in Nightly builds, run with -Z macro-backtrace for more info)
[INFO] [stdout] 
[INFO] [stdout] 
[INFO] [stdout] warning: trailing semicolon in macro used in expression position
[INFO] [stdout]    --> src/lib.rs:716:78
[INFO] [stdout]     |
[INFO] [stdout] 716 |           mime_constant_test!(FULL $id, $src, $slash, $plus, ParamSource::None);
[INFO] [stdout]     |                                                                                ^
[INFO] [stdout] ...
[INFO] [stdout] 746 | / mimes! {
[INFO] [stdout] 747 | |     STAR_STAR, "*/*", 1;
[INFO] [stdout] 748 | |
[INFO] [stdout] 749 | |     TEXT_STAR, "text/*", 4;
[INFO] [stdout] ...   |
[INFO] [stdout] 783 | |     MULTIPART_FORM_DATA, "multipart/form-data", 9;
[INFO] [stdout] 784 | | }
[INFO] [stdout]     | |_- in this macro invocation
[INFO] [stdout]     |
[INFO] [stdout]     = warning: this was previously accepted by the compiler but is being phased out; it will become a hard error in a future release!
[INFO] [stdout]     = note: for more information, see issue #79813 <https://github.com/rust-lang/rust/issues/79813>
[INFO] [stdout]     = note: this warning originates in the macro `mime_constant_test` which comes from the expansion of the macro `mimes` (in Nightly builds, run with -Z macro-backtrace for more info)
[INFO] [stdout] 
[INFO] [stdout] 
[INFO] [stdout] warning: 57 warnings emitted
[INFO] [stdout] 
[INFO] [stdout] 
[INFO] [stderr]     Finished test [unoptimized + debuginfo] target(s) in 1.14s
[INFO] [stderr] warning: the following packages contain code that will be rejected by a future version of Rust: mime v0.3.17 (/opt/rustwide/workdir)
[INFO] [stderr] note: to see what the problems were, use the option `--future-incompat-report`, or run `cargo report future-incompatibilities --id 1`
[INFO] running `Command { std: "docker" "inspect" "c37fa040bf30dee043e515a1830e1e011ad10971adf1f10914a113d26622912a", kill_on_drop: false }`
[INFO] running `Command { std: "docker" "rm" "-f" "c37fa040bf30dee043e515a1830e1e011ad10971adf1f10914a113d26622912a", kill_on_drop: false }`
[INFO] [stdout] c37fa040bf30dee043e515a1830e1e011ad10971adf1f10914a113d26622912a
[INFO] running `Command { std: "docker" "create" "-v" "/var/lib/crater-agent-workspace/builds/worker-0-tc2/target:/opt/rustwide/target:rw,Z" "-v" "/var/lib/crater-agent-workspace/builds/worker-0-tc2/source:/opt/rustwide/workdir:ro,Z" "-v" "/var/lib/crater-agent-workspace/cargo-home:/opt/rustwide/cargo-home:ro,Z" "-v" "/var/lib/crater-agent-workspace/rustup-home:/opt/rustwide/rustup-home:ro,Z" "-e" "SOURCE_DIR=/opt/rustwide/workdir" "-e" "CARGO_TARGET_DIR=/opt/rustwide/target" "-e" "CARGO_INCREMENTAL=0" "-e" "RUST_BACKTRACE=full" "-e" "RUSTFLAGS=--cap-lints=warn" "-e" "RUSTDOCFLAGS=--cap-lints=warn" "-e" "CARGO_HOME=/opt/rustwide/cargo-home" "-e" "RUSTUP_HOME=/opt/rustwide/rustup-home" "-w" "/opt/rustwide/workdir" "-m" "1610612736" "--user" "0:0" "--network" "none" "ghcr.io/rust-lang/crates-build-env/linux@sha256:5ff2268d62e97bff2cde7d5815dd6ed5b47097566f13b8d0ca110b04b60e07ed" "/opt/rustwide/cargo-home/bin/cargo" "+beta-2023-04-20" "test" "--frozen", kill_on_drop: false }`
[INFO] [stdout] 41a6ae6fa02840a55c3d983f4bca2ab0d91a7d82111422fcd72cefe99fd8d636
[INFO] running `Command { std: "docker" "start" "-a" "41a6ae6fa02840a55c3d983f4bca2ab0d91a7d82111422fcd72cefe99fd8d636", kill_on_drop: false }`
[INFO] [stderr] warning: trailing semicolon in macro used in expression position
[INFO] [stderr]    --> src/lib.rs:713:53
[INFO] [stderr]     |
[INFO] [stderr] 713 |           mime_constant_test!($id, $src, $slash, None);
[INFO] [stderr]     |                                                       ^
[INFO] [stderr] ...
[INFO] [stderr] 746 | / mimes! {
[INFO] [stderr] 747 | |     STAR_STAR, "*/*", 1;
[INFO] [stderr] 748 | |
[INFO] [stderr] 749 | |     TEXT_STAR, "text/*", 4;
[INFO] [stderr] ...   |
[INFO] [stderr] 783 | |     MULTIPART_FORM_DATA, "multipart/form-data", 9;
[INFO] [stderr] 784 | | }
[INFO] [stderr]     | |_- in this macro invocation
[INFO] [stderr]     |
[INFO] [stderr]     = warning: this was previously accepted by the compiler but is being phased out; it will become a hard error in a future release!
[INFO] [stderr]     = note: for more information, see issue #79813 <https://github.com/rust-lang/rust/issues/79813>
[INFO] [stderr] note: the lint level is defined here
[INFO] [stderr]    --> src/lib.rs:27:9
[INFO] [stderr]     |
[INFO] [stderr] 27  | #![deny(warnings)]
[INFO] [stderr]     |         ^^^^^^^^
[INFO] [stderr]     = note: `#[warn(semicolon_in_expressions_from_macros)]` implied by `#[warn(warnings)]`
[INFO] [stderr]     = note: this warning originates in the macro `mime_constant_test` which comes from the expansion of the macro `mimes` (in Nightly builds, run with -Z macro-backtrace for more info)
[INFO] [stderr] 
[INFO] [stderr] warning: trailing semicolon in macro used in expression position
[INFO] [stderr]    --> src/lib.rs:716:78
[INFO] [stderr]     |
[INFO] [stderr] 716 |           mime_constant_test!(FULL $id, $src, $slash, $plus, ParamSource::None);
[INFO] [stderr]     |                                                                                ^
[INFO] [stderr] ...
[INFO] [stderr] 746 | / mimes! {
[INFO] [stderr] 747 | |     STAR_STAR, "*/*", 1;
[INFO] [stderr] 748 | |
[INFO] [stderr] 749 | |     TEXT_STAR, "text/*", 4;
[INFO] [stderr] ...   |
[INFO] [stderr] 783 | |     MULTIPART_FORM_DATA, "multipart/form-data", 9;
[INFO] [stderr] 784 | | }
[INFO] [stderr]     | |_- in this macro invocation
[INFO] [stderr]     |
[INFO] [stderr]     = warning: this was previously accepted by the compiler but is being phased out; it will become a hard error in a future release!
[INFO] [stderr]     = note: for more information, see issue #79813 <https://github.com/rust-lang/rust/issues/79813>
[INFO] [stderr]     = note: this warning originates in the macro `mime_constant_test` which comes from the expansion of the macro `mimes` (in Nightly builds, run with -Z macro-backtrace for more info)
[INFO] [stderr] 
[INFO] [stderr] warning: trailing semicolon in macro used in expression position
[INFO] [stderr]    --> src/lib.rs:713:53
[INFO] [stderr]     |
[INFO] [stderr] 713 |           mime_constant_test!($id, $src, $slash, None);
[INFO] [stderr]     |                                                       ^
[INFO] [stderr] ...
[INFO] [stderr] 746 | / mimes! {
[INFO] [stderr] 747 | |     STAR_STAR, "*/*", 1;
[INFO] [stderr] 748 | |
[INFO] [stderr] 749 | |     TEXT_STAR, "text/*", 4;
[INFO] [stderr] ...   |
[INFO] [stderr] 783 | |     MULTIPART_FORM_DATA, "multipart/form-data", 9;
[INFO] [stderr] 784 | | }
[INFO] [stderr]     | |_- in this macro invocation
[INFO] [stderr]     |
[INFO] [stderr]     = warning: this was previously accepted by the compiler but is being phased out; it will become a hard error in a future release!
[INFO] [stderr]     = note: for more information, see issue #79813 <https://github.com/rust-lang/rust/issues/79813>
[INFO] [stderr]     = note: this warning originates in the macro `mime_constant_test` which comes from the expansion of the macro `mimes` (in Nightly builds, run with -Z macro-backtrace for more info)
[INFO] [stderr] 
[INFO] [stderr] warning: trailing semicolon in macro used in expression position
[INFO] [stderr]    --> src/lib.rs:720:87
[INFO] [stderr]     |
[INFO] [stderr] 720 |           mime_constant_test!(FULL $id, $src, $slash, $plus, ParamSource::Utf8($params));
[INFO] [stderr]     |                                                                                         ^
[INFO] [stderr] ...
[INFO] [stderr] 746 | / mimes! {
[INFO] [stderr] 747 | |     STAR_STAR, "*/*", 1;
[INFO] [stderr] 748 | |
[INFO] [stderr] 749 | |     TEXT_STAR, "text/*", 4;
[INFO] [stderr] ...   |
[INFO] [stderr] 783 | |     MULTIPART_FORM_DATA, "multipart/form-data", 9;
[INFO] [stderr] 784 | | }
[INFO] [stderr]     | |_- in this macro invocation
[INFO] [stderr]     |
[INFO] [stderr]     = warning: this was previously accepted by the compiler but is being phased out; it will become a hard error in a future release!
[INFO] [stderr]     = note: for more information, see issue #79813 <https://github.com/rust-lang/rust/issues/79813>
[INFO] [stderr]     = note: this warning originates in the macro `mime_constant_test` which comes from the expansion of the macro `mimes` (in Nightly builds, run with -Z macro-backtrace for more info)
[INFO] [stderr] 
[INFO] [stderr] warning: `mime` (lib test) generated 57 warnings (53 duplicates)
[INFO] [stderr]     Finished test [unoptimized + debuginfo] target(s) in 0.02s
[INFO] [stderr] warning: the following packages contain code that will be rejected by a future version of Rust: mime v0.3.17 (/opt/rustwide/workdir)
[INFO] [stderr] note: to see what the problems were, use the option `--future-incompat-report`, or run `cargo report future-incompatibilities --id 1`
[INFO] [stderr]      Running unittests src/lib.rs (/opt/rustwide/target/debug/deps/mime-4063c28ef3d3d1b3)
[INFO] [stdout] 
[INFO] [stdout] running 17 tests
[INFO] [stdout] test parse::test_lookup_tables ... ok
[INFO] [stdout] test test_names_macro_consts ... ok
[INFO] [stdout] test parse::test_parse_iterator_invalid ... ok
[INFO] [stdout] test tests::test_essence_str ... ok
[INFO] [stdout] test tests::test_case_sensitive_values ... ok
[INFO] [stdout] test tests::test_get_param ... ok
[INFO] [stdout] test tests::test_mime_fmt ... ok
[INFO] [stdout] test parse::test_parse_iterator ... ok
[INFO] [stdout] test parse::test_parse_iterator_all_invalid ... FAILED
[INFO] [stdout] test tests::test_mime_from_str_empty_parameter_list ... ok
[INFO] [stdout] test tests::test_suffix ... ok
[INFO] [stdout] test tests::test_mime_from_str ... ok
[INFO] [stdout] test tests::test_name_eq ... ok
[INFO] [stdout] test tests::test_type_ ... ok
[INFO] [stdout] test tests::test_matching ... ok
[INFO] [stdout] test test_mimes_macro_consts ... ok
[INFO] [stdout] test tests::test_subtype ... ok
[INFO] [stdout] 
[INFO] [stdout] failures:
[INFO] [stdout] 
[INFO] [stdout] ---- parse::test_parse_iterator_all_invalid stdout ----
[INFO] [stdout] thread 'parse::test_parse_iterator_all_invalid' panicked at 'called `Result::unwrap_err()` on an `Ok` value: "application/json"', src/parse.rs:452:37
[INFO] [stdout] stack backtrace:
[INFO] [stdout]    0:     0x559ca250320a - std::backtrace_rs::backtrace::libunwind::trace::h2f05d0192276a8f6
[INFO] [stdout]                                at /rustc/1b7dd2252b99671ce5d1cb9664c5f8636329436d/library/std/src/../../backtrace/src/backtrace/libunwind.rs:93:5
[INFO] [stdout]    1:     0x559ca250320a - std::backtrace_rs::backtrace::trace_unsynchronized::hedc23dff7a1af150
[INFO] [stdout]                                at /rustc/1b7dd2252b99671ce5d1cb9664c5f8636329436d/library/std/src/../../backtrace/src/backtrace/mod.rs:66:5
[INFO] [stdout]    2:     0x559ca250320a - std::sys_common::backtrace::_print_fmt::h17541ef7592f3ce2
[INFO] [stdout]                                at /rustc/1b7dd2252b99671ce5d1cb9664c5f8636329436d/library/std/src/sys_common/backtrace.rs:65:5
[INFO] [stdout]    3:     0x559ca250320a - <std::sys_common::backtrace::_print::DisplayBacktrace as core::fmt::Display>::fmt::h20f75df5ab0c0792
[INFO] [stdout]                                at /rustc/1b7dd2252b99671ce5d1cb9664c5f8636329436d/library/std/src/sys_common/backtrace.rs:44:22
[INFO] [stdout]    4:     0x559ca2526e5f - core::fmt::write::h78109e6f466b3af6
[INFO] [stdout]                                at /rustc/1b7dd2252b99671ce5d1cb9664c5f8636329436d/library/core/src/fmt/mod.rs:1254:17
[INFO] [stdout]    5:     0x559ca2500555 - std::io::Write::write_fmt::hd24bfb68a1b35a25
[INFO] [stdout]                                at /rustc/1b7dd2252b99671ce5d1cb9664c5f8636329436d/library/std/src/io/mod.rs:1698:15
[INFO] [stdout]    6:     0x559ca2502fd5 - std::sys_common::backtrace::_print::h8dac57a9f8fbf9a5
[INFO] [stdout]                                at /rustc/1b7dd2252b99671ce5d1cb9664c5f8636329436d/library/std/src/sys_common/backtrace.rs:47:5
[INFO] [stdout]    7:     0x559ca2502fd5 - std::sys_common::backtrace::print::hf9ecbf41d1aa712f
[INFO] [stdout]                                at /rustc/1b7dd2252b99671ce5d1cb9664c5f8636329436d/library/std/src/sys_common/backtrace.rs:34:9
[INFO] [stdout]    8:     0x559ca2504c8e - std::panicking::default_hook::{{closure}}::h04c07acfc84ca028
[INFO] [stdout]                                at /rustc/1b7dd2252b99671ce5d1cb9664c5f8636329436d/library/std/src/panicking.rs:269:22
[INFO] [stdout]    9:     0x559ca25049c1 - std::panicking::default_hook::h01f6bb23e1eceb2c
[INFO] [stdout]                                at /rustc/1b7dd2252b99671ce5d1cb9664c5f8636329436d/library/std/src/panicking.rs:285:9
[INFO] [stdout]   10:     0x559ca24d835b - <alloc::boxed::Box<F,A> as core::ops::function::Fn<Args>>::call::h87fe9f7b2fd49e4c
[INFO] [stdout]                                at /rustc/1b7dd2252b99671ce5d1cb9664c5f8636329436d/library/alloc/src/boxed.rs:1987:9
[INFO] [stdout]   11:     0x559ca24d835b - test::test_main::{{closure}}::he94d679243a7531b
[INFO] [stdout]                                at /rustc/1b7dd2252b99671ce5d1cb9664c5f8636329436d/library/test/src/lib.rs:134:21
[INFO] [stdout]   12:     0x559ca2505374 - <alloc::boxed::Box<F,A> as core::ops::function::Fn<Args>>::call::h3f2d6d8b14c4769f
[INFO] [stdout]                                at /rustc/1b7dd2252b99671ce5d1cb9664c5f8636329436d/library/alloc/src/boxed.rs:1987:9
[INFO] [stdout]   13:     0x559ca2505374 - std::panicking::rust_panic_with_hook::h2bb3722bbaf2f6df
[INFO] [stdout]                                at /rustc/1b7dd2252b99671ce5d1cb9664c5f8636329436d/library/std/src/panicking.rs:695:13
[INFO] [stdout]   14:     0x559ca25050e9 - std::panicking::begin_panic_handler::{{closure}}::h91bc7f36a4be011b
[INFO] [stdout]                                at /rustc/1b7dd2252b99671ce5d1cb9664c5f8636329436d/library/std/src/panicking.rs:582:13
[INFO] [stdout]   15:     0x559ca2503676 - std::sys_common::backtrace::__rust_end_short_backtrace::h8b3d3717114f9e59
[INFO] [stdout]                                at /rustc/1b7dd2252b99671ce5d1cb9664c5f8636329436d/library/std/src/sys_common/backtrace.rs:150:18
[INFO] [stdout]   16:     0x559ca2504e42 - rust_begin_unwind
[INFO] [stdout]                                at /rustc/1b7dd2252b99671ce5d1cb9664c5f8636329436d/library/std/src/panicking.rs:578:5
[INFO] [stdout]   17:     0x559ca2477ba3 - core::panicking::panic_fmt::hfd368e3fbdabea26
[INFO] [stdout]                                at /rustc/1b7dd2252b99671ce5d1cb9664c5f8636329436d/library/core/src/panicking.rs:67:14
[INFO] [stdout]   18:     0x559ca24780e3 - core::result::unwrap_failed::he54eb4b2f125b26f
[INFO] [stdout]                                at /rustc/1b7dd2252b99671ce5d1cb9664c5f8636329436d/library/core/src/result.rs:1687:5
[INFO] [stdout]   19:     0x559ca2493cd5 - core::result::Result<T,E>::unwrap_err::hd2b3f1336d3307c3
[INFO] [stdout]                                at /rustc/1b7dd2252b99671ce5d1cb9664c5f8636329436d/library/core/src/result.rs:1183:22
[INFO] [stdout]   20:     0x559ca24a0988 - mime::parse::test_parse_iterator_all_invalid::h2483b51721c7976e
[INFO] [stdout]                                at /opt/rustwide/workdir/src/parse.rs:452:16
[INFO] [stdout]   21:     0x559ca24a0907 - mime::parse::test_parse_iterator_all_invalid::{{closure}}::hf91d98ed553c0343
[INFO] [stdout]                                at /opt/rustwide/workdir/src/parse.rs:450:38
[INFO] [stdout]   22:     0x559ca2496635 - core::ops::function::FnOnce::call_once::h06efdee93eec9cfa
[INFO] [stdout]                                at /rustc/1b7dd2252b99671ce5d1cb9664c5f8636329436d/library/core/src/ops/function.rs:250:5
[INFO] [stdout]   23:     0x559ca24dd22f - core::ops::function::FnOnce::call_once::ha6a70e79f7481a7e
[INFO] [stdout]                                at /rustc/1b7dd2252b99671ce5d1cb9664c5f8636329436d/library/core/src/ops/function.rs:250:5
[INFO] [stdout]   24:     0x559ca24dd22f - test::__rust_begin_short_backtrace::hce33033019b61e69
[INFO] [stdout]                                at /rustc/1b7dd2252b99671ce5d1cb9664c5f8636329436d/library/test/src/lib.rs:655:18
[INFO] [stdout]   25:     0x559ca24aaa1c - test::run_test::{{closure}}::h858d3528838ae3e5
[INFO] [stdout]                                at /rustc/1b7dd2252b99671ce5d1cb9664c5f8636329436d/library/test/src/lib.rs:646:30
[INFO] [stdout]   26:     0x559ca24aaa1c - core::ops::function::FnOnce::call_once{{vtable.shim}}::he8ac2b00f01ae79e
[INFO] [stdout]                                at /rustc/1b7dd2252b99671ce5d1cb9664c5f8636329436d/library/core/src/ops/function.rs:250:5
[INFO] [stdout]   27:     0x559ca24dc306 - <alloc::boxed::Box<F,A> as core::ops::function::FnOnce<Args>>::call_once::h8093d25b522725ef
[INFO] [stdout]                                at /rustc/1b7dd2252b99671ce5d1cb9664c5f8636329436d/library/alloc/src/boxed.rs:1973:9
[INFO] [stdout]   28:     0x559ca24dc306 - <core::panic::unwind_safe::AssertUnwindSafe<F> as core::ops::function::FnOnce<()>>::call_once::h5c334c204e4a3913
[INFO] [stdout]                                at /rustc/1b7dd2252b99671ce5d1cb9664c5f8636329436d/library/core/src/panic/unwind_safe.rs:271:9
[INFO] [stdout]   29:     0x559ca24dc306 - std::panicking::try::do_call::ha8b740c7b9478074
[INFO] [stdout]                                at /rustc/1b7dd2252b99671ce5d1cb9664c5f8636329436d/library/std/src/panicking.rs:485:40
[INFO] [stdout]   30:     0x559ca24dc306 - std::panicking::try::h5d34f63d0e41b64e
[INFO] [stdout]                                at /rustc/1b7dd2252b99671ce5d1cb9664c5f8636329436d/library/std/src/panicking.rs:449:19
[INFO] [stdout]   31:     0x559ca24dc306 - std::panic::catch_unwind::hcfbb511e1aa7fc67
[INFO] [stdout]                                at /rustc/1b7dd2252b99671ce5d1cb9664c5f8636329436d/library/std/src/panic.rs:140:14
[INFO] [stdout]   32:     0x559ca24dc306 - test::run_test_in_process::h9abda90f802eaf21
[INFO] [stdout]                                at /rustc/1b7dd2252b99671ce5d1cb9664c5f8636329436d/library/test/src/lib.rs:678:27
[INFO] [stdout]   33:     0x559ca24dc306 - test::run_test::run_test_inner::{{closure}}::h0f058de91f6c6edf
[INFO] [stdout]                                at /rustc/1b7dd2252b99671ce5d1cb9664c5f8636329436d/library/test/src/lib.rs:572:39
[INFO] [stdout]   34:     0x559ca24a5225 - test::run_test::run_test_inner::{{closure}}::h5ca48a4c59c6c1fb
[INFO] [stdout]                                at /rustc/1b7dd2252b99671ce5d1cb9664c5f8636329436d/library/test/src/lib.rs:599:37
[INFO] [stdout]   35:     0x559ca24a5225 - std::sys_common::backtrace::__rust_begin_short_backtrace::h32bd51e1495d4a33
[INFO] [stdout]                                at /rustc/1b7dd2252b99671ce5d1cb9664c5f8636329436d/library/std/src/sys_common/backtrace.rs:134:18
[INFO] [stdout]   36:     0x559ca24aa761 - std::thread::Builder::spawn_unchecked_::{{closure}}::{{closure}}::hc086fae9b128b2db
[INFO] [stdout]                                at /rustc/1b7dd2252b99671ce5d1cb9664c5f8636329436d/library/std/src/thread/mod.rs:526:17
[INFO] [stdout]   37:     0x559ca24aa761 - <core::panic::unwind_safe::AssertUnwindSafe<F> as core::ops::function::FnOnce<()>>::call_once::hb66571888d270d43
[INFO] [stdout]                                at /rustc/1b7dd2252b99671ce5d1cb9664c5f8636329436d/library/core/src/panic/unwind_safe.rs:271:9
[INFO] [stdout]   38:     0x559ca24aa761 - std::panicking::try::do_call::h4fa2ef4f6e51fecf
[INFO] [stdout]                                at /rustc/1b7dd2252b99671ce5d1cb9664c5f8636329436d/library/std/src/panicking.rs:485:40
[INFO] [stdout]   39:     0x559ca24aa761 - std::panicking::try::h1e9e22b8584489b5
[INFO] [stdout]                                at /rustc/1b7dd2252b99671ce5d1cb9664c5f8636329436d/library/std/src/panicking.rs:449:19
[INFO] [stdout]   40:     0x559ca24aa761 - std::panic::catch_unwind::h44698a3de0e0769e
[INFO] [stdout]                                at /rustc/1b7dd2252b99671ce5d1cb9664c5f8636329436d/library/std/src/panic.rs:140:14
[INFO] [stdout]   41:     0x559ca24aa761 - std::thread::Builder::spawn_unchecked_::{{closure}}::h50153abde3fe239e
[INFO] [stdout]                                at /rustc/1b7dd2252b99671ce5d1cb9664c5f8636329436d/library/std/src/thread/mod.rs:525:30
[INFO] [stdout]   42:     0x559ca24aa761 - core::ops::function::FnOnce::call_once{{vtable.shim}}::hbe5bbf6f38394364
[INFO] [stdout]                                at /rustc/1b7dd2252b99671ce5d1cb9664c5f8636329436d/library/core/src/ops/function.rs:250:5
[INFO] [stdout]   43:     0x559ca2509845 - <alloc::boxed::Box<F,A> as core::ops::function::FnOnce<Args>>::call_once::h0d83cb2920a49046
[INFO] [stdout]                                at /rustc/1b7dd2252b99671ce5d1cb9664c5f8636329436d/library/alloc/src/boxed.rs:1973:9
[INFO] [stdout]   44:     0x559ca2509845 - <alloc::boxed::Box<F,A> as core::ops::function::FnOnce<Args>>::call_once::hbe0a008aa7d9ef59
[INFO] [stdout]                                at /rustc/1b7dd2252b99671ce5d1cb9664c5f8636329436d/library/alloc/src/boxed.rs:1973:9
[INFO] [stdout]   45:     0x559ca2509845 - std::sys::unix::thread::Thread::new::thread_start::h3a466996bdf6b1f9
[INFO] [stdout]                                at /rustc/1b7dd2252b99671ce5d1cb9664c5f8636329436d/library/std/src/sys/unix/thread.rs:108:17
[INFO] [stdout]   46:     0x7f2163766b43 - <unknown>
[INFO] [stdout]   47:     0x7f21637f7bb4 - __clone
[INFO] [stdout]   48:                0x0 - <unknown>
[INFO] [stdout] 
[INFO] [stdout] 
[INFO] [stdout] failures:
[INFO] [stdout]     parse::test_parse_iterator_all_invalid
[INFO] [stdout] 
[INFO] [stdout] test result: FAILED. 16 passed; 1 failed; 0 ignored; 0 measured; 0 filtered out; finished in 0.05s
[INFO] [stdout] 
[INFO] [stderr] error: test failed, to rerun pass `--lib`
[INFO] running `Command { std: "docker" "inspect" "41a6ae6fa02840a55c3d983f4bca2ab0d91a7d82111422fcd72cefe99fd8d636", kill_on_drop: false }`
[INFO] running `Command { std: "docker" "rm" "-f" "41a6ae6fa02840a55c3d983f4bca2ab0d91a7d82111422fcd72cefe99fd8d636", kill_on_drop: false }`
[INFO] [stdout] 41a6ae6fa02840a55c3d983f4bca2ab0d91a7d82111422fcd72cefe99fd8d636
