[INFO] fetching crate mibig-taxa 0.1.0...
[INFO] testing mibig-taxa-0.1.0 against 1.69.0 for beta-1.70-1
[INFO] extracting crate mibig-taxa 0.1.0 into /workspace/builds/worker-2-tc1/source
[INFO] validating manifest of crates.io crate mibig-taxa 0.1.0 on toolchain 1.69.0
[INFO] running `Command { std: CARGO_HOME="/workspace/cargo-home" RUSTUP_HOME="/workspace/rustup-home" "/workspace/cargo-home/bin/cargo" "+1.69.0" "metadata" "--manifest-path" "Cargo.toml" "--no-deps", kill_on_drop: false }`
[INFO] started tweaking crates.io crate mibig-taxa 0.1.0
[INFO] finished tweaking crates.io crate mibig-taxa 0.1.0
[INFO] tweaked toml for crates.io crate mibig-taxa 0.1.0 written to /workspace/builds/worker-2-tc1/source/Cargo.toml
[INFO] crate crates.io crate mibig-taxa 0.1.0 already has a lockfile, it will not be regenerated
[INFO] running `Command { std: CARGO_HOME="/workspace/cargo-home" RUSTUP_HOME="/workspace/rustup-home" "/workspace/cargo-home/bin/cargo" "+1.69.0" "fetch" "--manifest-path" "Cargo.toml", kill_on_drop: false }`
[INFO] running `Command { std: "docker" "create" "-v" "/var/lib/crater-agent-workspace/builds/worker-2-tc1/target:/opt/rustwide/target:rw,Z" "-v" "/var/lib/crater-agent-workspace/builds/worker-2-tc1/source:/opt/rustwide/workdir:ro,Z" "-v" "/var/lib/crater-agent-workspace/cargo-home:/opt/rustwide/cargo-home:ro,Z" "-v" "/var/lib/crater-agent-workspace/rustup-home:/opt/rustwide/rustup-home:ro,Z" "-e" "SOURCE_DIR=/opt/rustwide/workdir" "-e" "CARGO_TARGET_DIR=/opt/rustwide/target" "-e" "CARGO_HOME=/opt/rustwide/cargo-home" "-e" "RUSTUP_HOME=/opt/rustwide/rustup-home" "-w" "/opt/rustwide/workdir" "-m" "1610612736" "--user" "0:0" "--network" "none" "ghcr.io/rust-lang/crates-build-env/linux@sha256:5ff2268d62e97bff2cde7d5815dd6ed5b47097566f13b8d0ca110b04b60e07ed" "/opt/rustwide/cargo-home/bin/cargo" "+1.69.0" "metadata" "--no-deps" "--format-version=1", kill_on_drop: false }`
[INFO] [stdout] 4cbe25ccc2653f7efb7367a9aa175f7295953c27a547adc61f301d4fbc356c51
[INFO] running `Command { std: "docker" "start" "-a" "4cbe25ccc2653f7efb7367a9aa175f7295953c27a547adc61f301d4fbc356c51", kill_on_drop: false }`
[INFO] running `Command { std: "docker" "inspect" "4cbe25ccc2653f7efb7367a9aa175f7295953c27a547adc61f301d4fbc356c51", kill_on_drop: false }`
[INFO] running `Command { std: "docker" "rm" "-f" "4cbe25ccc2653f7efb7367a9aa175f7295953c27a547adc61f301d4fbc356c51", kill_on_drop: false }`
[INFO] [stdout] 4cbe25ccc2653f7efb7367a9aa175f7295953c27a547adc61f301d4fbc356c51
[INFO] running `Command { std: "docker" "create" "-v" "/var/lib/crater-agent-workspace/builds/worker-2-tc1/target:/opt/rustwide/target:rw,Z" "-v" "/var/lib/crater-agent-workspace/builds/worker-2-tc1/source:/opt/rustwide/workdir:ro,Z" "-v" "/var/lib/crater-agent-workspace/cargo-home:/opt/rustwide/cargo-home:ro,Z" "-v" "/var/lib/crater-agent-workspace/rustup-home:/opt/rustwide/rustup-home:ro,Z" "-e" "SOURCE_DIR=/opt/rustwide/workdir" "-e" "CARGO_TARGET_DIR=/opt/rustwide/target" "-e" "CARGO_INCREMENTAL=0" "-e" "RUST_BACKTRACE=full" "-e" "RUSTFLAGS=--cap-lints=warn" "-e" "RUSTDOCFLAGS=--cap-lints=warn" "-e" "CARGO_HOME=/opt/rustwide/cargo-home" "-e" "RUSTUP_HOME=/opt/rustwide/rustup-home" "-w" "/opt/rustwide/workdir" "-m" "1610612736" "--user" "0:0" "--network" "none" "ghcr.io/rust-lang/crates-build-env/linux@sha256:5ff2268d62e97bff2cde7d5815dd6ed5b47097566f13b8d0ca110b04b60e07ed" "/opt/rustwide/cargo-home/bin/cargo" "+1.69.0" "build" "--frozen" "--message-format=json", kill_on_drop: false }`
[INFO] [stdout] 9bebcbbfcbee3be2fbbc3dacdbd72c090f1b4a88162a170ca63b73500bec8f54
[INFO] running `Command { std: "docker" "start" "-a" "9bebcbbfcbee3be2fbbc3dacdbd72c090f1b4a88162a170ca63b73500bec8f54", kill_on_drop: false }`
[INFO] [stderr]    Compiling proc-macro2 v1.0.34
[INFO] [stderr]    Compiling syn v1.0.82
[INFO] [stderr]    Compiling version_check v0.9.3
[INFO] [stderr]    Compiling libc v0.2.112
[INFO] [stderr]    Compiling serde_derive v1.0.131
[INFO] [stderr]    Compiling unicode-width v0.1.9
[INFO] [stderr]    Compiling unicode-segmentation v1.8.0
[INFO] [stderr]    Compiling serde v1.0.131
[INFO] [stderr]    Compiling textwrap v0.11.0
[INFO] [stderr]    Compiling serde_json v1.0.73
[INFO] [stderr]    Compiling proc-macro-error-attr v1.0.4
[INFO] [stderr]    Compiling proc-macro-error v1.0.4
[INFO] [stderr]    Compiling heck v0.3.3
[INFO] [stderr]    Compiling ryu v1.0.9
[INFO] [stderr]    Compiling itoa v1.0.1
[INFO] [stderr]    Compiling atty v0.2.14
[INFO] [stderr]    Compiling quote v1.0.10
[INFO] [stderr]    Compiling clap v2.34.0
[INFO] [stderr]    Compiling structopt-derive v0.4.18
[INFO] [stderr]    Compiling structopt v0.3.25
[INFO] [stderr]    Compiling mibig-taxa v0.1.0 (/opt/rustwide/workdir)
[INFO] [stderr]     Finished dev [unoptimized + debuginfo] target(s) in 14.48s
[INFO] running `Command { std: "docker" "inspect" "9bebcbbfcbee3be2fbbc3dacdbd72c090f1b4a88162a170ca63b73500bec8f54", kill_on_drop: false }`
[INFO] running `Command { std: "docker" "rm" "-f" "9bebcbbfcbee3be2fbbc3dacdbd72c090f1b4a88162a170ca63b73500bec8f54", kill_on_drop: false }`
[INFO] [stdout] 9bebcbbfcbee3be2fbbc3dacdbd72c090f1b4a88162a170ca63b73500bec8f54
[INFO] running `Command { std: "docker" "create" "-v" "/var/lib/crater-agent-workspace/builds/worker-2-tc1/target:/opt/rustwide/target:rw,Z" "-v" "/var/lib/crater-agent-workspace/builds/worker-2-tc1/source:/opt/rustwide/workdir:ro,Z" "-v" "/var/lib/crater-agent-workspace/cargo-home:/opt/rustwide/cargo-home:ro,Z" "-v" "/var/lib/crater-agent-workspace/rustup-home:/opt/rustwide/rustup-home:ro,Z" "-e" "SOURCE_DIR=/opt/rustwide/workdir" "-e" "CARGO_TARGET_DIR=/opt/rustwide/target" "-e" "CARGO_INCREMENTAL=0" "-e" "RUST_BACKTRACE=full" "-e" "RUSTFLAGS=--cap-lints=warn" "-e" "RUSTDOCFLAGS=--cap-lints=warn" "-e" "CARGO_HOME=/opt/rustwide/cargo-home" "-e" "RUSTUP_HOME=/opt/rustwide/rustup-home" "-w" "/opt/rustwide/workdir" "-m" "1610612736" "--user" "0:0" "--network" "none" "ghcr.io/rust-lang/crates-build-env/linux@sha256:5ff2268d62e97bff2cde7d5815dd6ed5b47097566f13b8d0ca110b04b60e07ed" "/opt/rustwide/cargo-home/bin/cargo" "+1.69.0" "test" "--frozen" "--no-run" "--message-format=json", kill_on_drop: false }`
[INFO] [stdout] 048a53b9c3195a357e56ef8b8682c2fc99c9ccb055ded43e0201b9e5ca30ee4a
[INFO] running `Command { std: "docker" "start" "-a" "048a53b9c3195a357e56ef8b8682c2fc99c9ccb055ded43e0201b9e5ca30ee4a", kill_on_drop: false }`
[INFO] [stderr]     Blocking waiting for file lock on package cache
[INFO] [stderr]    Compiling mibig-taxa v0.1.0 (/opt/rustwide/workdir)
[INFO] [stderr]     Finished test [unoptimized + debuginfo] target(s) in 1.29s
[INFO] running `Command { std: "docker" "inspect" "048a53b9c3195a357e56ef8b8682c2fc99c9ccb055ded43e0201b9e5ca30ee4a", kill_on_drop: false }`
[INFO] running `Command { std: "docker" "rm" "-f" "048a53b9c3195a357e56ef8b8682c2fc99c9ccb055ded43e0201b9e5ca30ee4a", kill_on_drop: false }`
[INFO] [stdout] 048a53b9c3195a357e56ef8b8682c2fc99c9ccb055ded43e0201b9e5ca30ee4a
[INFO] running `Command { std: "docker" "create" "-v" "/var/lib/crater-agent-workspace/builds/worker-2-tc1/target:/opt/rustwide/target:rw,Z" "-v" "/var/lib/crater-agent-workspace/builds/worker-2-tc1/source:/opt/rustwide/workdir:ro,Z" "-v" "/var/lib/crater-agent-workspace/cargo-home:/opt/rustwide/cargo-home:ro,Z" "-v" "/var/lib/crater-agent-workspace/rustup-home:/opt/rustwide/rustup-home:ro,Z" "-e" "SOURCE_DIR=/opt/rustwide/workdir" "-e" "CARGO_TARGET_DIR=/opt/rustwide/target" "-e" "CARGO_INCREMENTAL=0" "-e" "RUST_BACKTRACE=full" "-e" "RUSTFLAGS=--cap-lints=warn" "-e" "RUSTDOCFLAGS=--cap-lints=warn" "-e" "CARGO_HOME=/opt/rustwide/cargo-home" "-e" "RUSTUP_HOME=/opt/rustwide/rustup-home" "-w" "/opt/rustwide/workdir" "-m" "1610612736" "--user" "0:0" "--network" "none" "ghcr.io/rust-lang/crates-build-env/linux@sha256:5ff2268d62e97bff2cde7d5815dd6ed5b47097566f13b8d0ca110b04b60e07ed" "/opt/rustwide/cargo-home/bin/cargo" "+1.69.0" "test" "--frozen", kill_on_drop: false }`
[INFO] [stdout] cc253d3d95c0473faec65471e10695055602be0d7536d16020eb5aa7e4471ac9
[INFO] running `Command { std: "docker" "start" "-a" "cc253d3d95c0473faec65471e10695055602be0d7536d16020eb5aa7e4471ac9", kill_on_drop: false }`
[INFO] [stderr]     Blocking waiting for file lock on package cache
[INFO] [stderr]     Finished test [unoptimized + debuginfo] target(s) in 0.14s
[INFO] [stderr]      Running unittests src/lib.rs (/opt/rustwide/target/debug/deps/mibig_taxa-3c91092410807947)
[INFO] [stdout] 
[INFO] [stdout] running 1 test
[INFO] [stdout] test mibig::tests::test_initialise ... ok
[INFO] [stdout] 
[INFO] [stdout] test result: ok. 1 passed; 0 failed; 0 ignored; 0 measured; 0 filtered out; finished in 0.00s
[INFO] [stdout] 
[INFO] [stderr]      Running unittests src/main.rs (/opt/rustwide/target/debug/deps/mibig_taxa-34d165e0e4c8ecef)
[INFO] [stdout] 
[INFO] [stderr]    Doc-tests mibig-taxa
[INFO] [stdout] running 0 tests
[INFO] [stdout] 
[INFO] [stdout] test result: ok. 0 passed; 0 failed; 0 ignored; 0 measured; 0 filtered out; finished in 0.00s
[INFO] [stdout] 
[INFO] [stdout] 
[INFO] [stdout] running 1 test
[INFO] [stdout] test src/lib.rs - (line 21) - compile ... FAILED
[INFO] [stderr] error: doctest failed, to rerun pass `--doc`
[INFO] [stdout] 
[INFO] [stdout] failures:
[INFO] [stdout] 
[INFO] [stdout] ---- src/lib.rs - (line 21) stdout ----
[INFO] [stdout] error[E0061]: this function takes 0 arguments but 1 argument was supplied
[INFO] [stdout]   --> src/lib.rs:33:23
[INFO] [stdout]    |
[INFO] [stdout] 14 | let mut taxon_cache = TaxonCache::new(cachefile);
[INFO] [stdout]    |                       ^^^^^^^^^^^^^^^ ---------
[INFO] [stdout]    |                                       |
[INFO] [stdout]    |                                       unexpected argument of type `PathBuf`
[INFO] [stdout]    |                                       help: remove the extra argument
[INFO] [stdout]    |
[INFO] [stdout] note: associated function defined here
[INFO] [stdout]   --> /opt/rustwide/workdir/src/mibig.rs:35:12
[INFO] [stdout]    |
[INFO] [stdout] 35 |     pub fn new() -> TaxonCache {
[INFO] [stdout]    |            ^^^
[INFO] [stdout] 
[INFO] [stdout] error[E0308]: mismatched types
[INFO] [stdout]   --> src/lib.rs:35:23
[INFO] [stdout]    |
[INFO] [stdout] 16 | taxon_cache.save_path(cachefile)?;
[INFO] [stdout]    |             --------- ^^^^^^^^^
[INFO] [stdout]    |             |         |
[INFO] [stdout]    |             |         expected `&PathBuf`, found `PathBuf`
[INFO] [stdout]    |             |         help: consider borrowing here: `&cachefile`
[INFO] [stdout]    |             arguments to this method are incorrect
[INFO] [stdout]    |
[INFO] [stdout] note: method defined here
[INFO] [stdout]   --> /opt/rustwide/workdir/src/mibig.rs:96:12
[INFO] [stdout]    |
[INFO] [stdout] 96 |     pub fn save_path(&self, outfile: &PathBuf) -> Result<usize, MibigTaxonError> {
[INFO] [stdout]    |            ^^^^^^^^^
[INFO] [stdout] 
[INFO] [stdout] error: aborting due to 2 previous errors
[INFO] [stdout] 
[INFO] [stdout] Some errors have detailed explanations: E0061, E0308.
[INFO] [stdout] For more information about an error, try `rustc --explain E0061`.
[INFO] [stdout] Couldn't compile the test.
[INFO] [stdout] 
[INFO] [stdout] failures:
[INFO] [stdout]     src/lib.rs - (line 21)
[INFO] [stdout] 
[INFO] [stdout] test result: FAILED. 0 passed; 1 failed; 0 ignored; 0 measured; 0 filtered out; finished in 0.07s
[INFO] [stdout] 
[INFO] running `Command { std: "docker" "inspect" "cc253d3d95c0473faec65471e10695055602be0d7536d16020eb5aa7e4471ac9", kill_on_drop: false }`
[INFO] running `Command { std: "docker" "rm" "-f" "cc253d3d95c0473faec65471e10695055602be0d7536d16020eb5aa7e4471ac9", kill_on_drop: false }`
[INFO] [stdout] cc253d3d95c0473faec65471e10695055602be0d7536d16020eb5aa7e4471ac9
