[INFO] fetching crate metasophiea_minigrep 0.1.1...
[INFO] testing metasophiea_minigrep-0.1.1 against 1.69.0 for beta-1.70-1
[INFO] extracting crate metasophiea_minigrep 0.1.1 into /workspace/builds/worker-0-tc1/source
[INFO] validating manifest of crates.io crate metasophiea_minigrep 0.1.1 on toolchain 1.69.0
[INFO] running `Command { std: CARGO_HOME="/workspace/cargo-home" RUSTUP_HOME="/workspace/rustup-home" "/workspace/cargo-home/bin/cargo" "+1.69.0" "metadata" "--manifest-path" "Cargo.toml" "--no-deps", kill_on_drop: false }`
[INFO] started tweaking crates.io crate metasophiea_minigrep 0.1.1
[INFO] finished tweaking crates.io crate metasophiea_minigrep 0.1.1
[INFO] tweaked toml for crates.io crate metasophiea_minigrep 0.1.1 written to /workspace/builds/worker-0-tc1/source/Cargo.toml
[INFO] crate crates.io crate metasophiea_minigrep 0.1.1 already has a lockfile, it will not be regenerated
[INFO] running `Command { std: CARGO_HOME="/workspace/cargo-home" RUSTUP_HOME="/workspace/rustup-home" "/workspace/cargo-home/bin/cargo" "+1.69.0" "fetch" "--manifest-path" "Cargo.toml", kill_on_drop: false }`
[INFO] running `Command { std: "docker" "create" "-v" "/var/lib/crater-agent-workspace/builds/worker-0-tc1/target:/opt/rustwide/target:rw,Z" "-v" "/var/lib/crater-agent-workspace/builds/worker-0-tc1/source:/opt/rustwide/workdir:ro,Z" "-v" "/var/lib/crater-agent-workspace/cargo-home:/opt/rustwide/cargo-home:ro,Z" "-v" "/var/lib/crater-agent-workspace/rustup-home:/opt/rustwide/rustup-home:ro,Z" "-e" "SOURCE_DIR=/opt/rustwide/workdir" "-e" "CARGO_TARGET_DIR=/opt/rustwide/target" "-e" "CARGO_HOME=/opt/rustwide/cargo-home" "-e" "RUSTUP_HOME=/opt/rustwide/rustup-home" "-w" "/opt/rustwide/workdir" "-m" "1610612736" "--user" "0:0" "--network" "none" "ghcr.io/rust-lang/crates-build-env/linux@sha256:5ff2268d62e97bff2cde7d5815dd6ed5b47097566f13b8d0ca110b04b60e07ed" "/opt/rustwide/cargo-home/bin/cargo" "+1.69.0" "metadata" "--no-deps" "--format-version=1", kill_on_drop: false }`
[INFO] [stdout] 5f28fdddc1b8dc6a93a987c2d3edefdfb31e307a01055851549fe1dccb433d77
[INFO] running `Command { std: "docker" "start" "-a" "5f28fdddc1b8dc6a93a987c2d3edefdfb31e307a01055851549fe1dccb433d77", kill_on_drop: false }`
[INFO] running `Command { std: "docker" "inspect" "5f28fdddc1b8dc6a93a987c2d3edefdfb31e307a01055851549fe1dccb433d77", kill_on_drop: false }`
[INFO] running `Command { std: "docker" "rm" "-f" "5f28fdddc1b8dc6a93a987c2d3edefdfb31e307a01055851549fe1dccb433d77", kill_on_drop: false }`
[INFO] [stdout] 5f28fdddc1b8dc6a93a987c2d3edefdfb31e307a01055851549fe1dccb433d77
[INFO] running `Command { std: "docker" "create" "-v" "/var/lib/crater-agent-workspace/builds/worker-0-tc1/target:/opt/rustwide/target:rw,Z" "-v" "/var/lib/crater-agent-workspace/builds/worker-0-tc1/source:/opt/rustwide/workdir:ro,Z" "-v" "/var/lib/crater-agent-workspace/cargo-home:/opt/rustwide/cargo-home:ro,Z" "-v" "/var/lib/crater-agent-workspace/rustup-home:/opt/rustwide/rustup-home:ro,Z" "-e" "SOURCE_DIR=/opt/rustwide/workdir" "-e" "CARGO_TARGET_DIR=/opt/rustwide/target" "-e" "CARGO_INCREMENTAL=0" "-e" "RUST_BACKTRACE=full" "-e" "RUSTFLAGS=--cap-lints=warn" "-e" "RUSTDOCFLAGS=--cap-lints=warn" "-e" "CARGO_HOME=/opt/rustwide/cargo-home" "-e" "RUSTUP_HOME=/opt/rustwide/rustup-home" "-w" "/opt/rustwide/workdir" "-m" "1610612736" "--user" "0:0" "--network" "none" "ghcr.io/rust-lang/crates-build-env/linux@sha256:5ff2268d62e97bff2cde7d5815dd6ed5b47097566f13b8d0ca110b04b60e07ed" "/opt/rustwide/cargo-home/bin/cargo" "+1.69.0" "build" "--frozen" "--message-format=json", kill_on_drop: false }`
[INFO] [stdout] 8d133d724afb2b08bb6696a95fe32f7ebe2ba1c29c653514dc9fa7b05fd90632
[INFO] running `Command { std: "docker" "start" "-a" "8d133d724afb2b08bb6696a95fe32f7ebe2ba1c29c653514dc9fa7b05fd90632", kill_on_drop: false }`
[INFO] [stderr]    Compiling metasophiea_minigrep v0.1.1 (/opt/rustwide/workdir)
[INFO] [stderr]     Finished dev [unoptimized + debuginfo] target(s) in 0.44s
[INFO] running `Command { std: "docker" "inspect" "8d133d724afb2b08bb6696a95fe32f7ebe2ba1c29c653514dc9fa7b05fd90632", kill_on_drop: false }`
[INFO] running `Command { std: "docker" "rm" "-f" "8d133d724afb2b08bb6696a95fe32f7ebe2ba1c29c653514dc9fa7b05fd90632", kill_on_drop: false }`
[INFO] [stdout] 8d133d724afb2b08bb6696a95fe32f7ebe2ba1c29c653514dc9fa7b05fd90632
[INFO] running `Command { std: "docker" "create" "-v" "/var/lib/crater-agent-workspace/builds/worker-0-tc1/target:/opt/rustwide/target:rw,Z" "-v" "/var/lib/crater-agent-workspace/builds/worker-0-tc1/source:/opt/rustwide/workdir:ro,Z" "-v" "/var/lib/crater-agent-workspace/cargo-home:/opt/rustwide/cargo-home:ro,Z" "-v" "/var/lib/crater-agent-workspace/rustup-home:/opt/rustwide/rustup-home:ro,Z" "-e" "SOURCE_DIR=/opt/rustwide/workdir" "-e" "CARGO_TARGET_DIR=/opt/rustwide/target" "-e" "CARGO_INCREMENTAL=0" "-e" "RUST_BACKTRACE=full" "-e" "RUSTFLAGS=--cap-lints=warn" "-e" "RUSTDOCFLAGS=--cap-lints=warn" "-e" "CARGO_HOME=/opt/rustwide/cargo-home" "-e" "RUSTUP_HOME=/opt/rustwide/rustup-home" "-w" "/opt/rustwide/workdir" "-m" "1610612736" "--user" "0:0" "--network" "none" "ghcr.io/rust-lang/crates-build-env/linux@sha256:5ff2268d62e97bff2cde7d5815dd6ed5b47097566f13b8d0ca110b04b60e07ed" "/opt/rustwide/cargo-home/bin/cargo" "+1.69.0" "test" "--frozen" "--no-run" "--message-format=json", kill_on_drop: false }`
[INFO] [stdout] 23793ee46d53cbce84b0b52a738ce0d9b664c9c4b5aba0b4d2b3223d5b4f1d13
[INFO] running `Command { std: "docker" "start" "-a" "23793ee46d53cbce84b0b52a738ce0d9b664c9c4b5aba0b4d2b3223d5b4f1d13", kill_on_drop: false }`
[INFO] [stderr]    Compiling metasophiea_minigrep v0.1.1 (/opt/rustwide/workdir)
[INFO] [stderr]     Finished test [unoptimized + debuginfo] target(s) in 0.42s
[INFO] running `Command { std: "docker" "inspect" "23793ee46d53cbce84b0b52a738ce0d9b664c9c4b5aba0b4d2b3223d5b4f1d13", kill_on_drop: false }`
[INFO] running `Command { std: "docker" "rm" "-f" "23793ee46d53cbce84b0b52a738ce0d9b664c9c4b5aba0b4d2b3223d5b4f1d13", kill_on_drop: false }`
[INFO] [stdout] 23793ee46d53cbce84b0b52a738ce0d9b664c9c4b5aba0b4d2b3223d5b4f1d13
[INFO] running `Command { std: "docker" "create" "-v" "/var/lib/crater-agent-workspace/builds/worker-0-tc1/target:/opt/rustwide/target:rw,Z" "-v" "/var/lib/crater-agent-workspace/builds/worker-0-tc1/source:/opt/rustwide/workdir:ro,Z" "-v" "/var/lib/crater-agent-workspace/cargo-home:/opt/rustwide/cargo-home:ro,Z" "-v" "/var/lib/crater-agent-workspace/rustup-home:/opt/rustwide/rustup-home:ro,Z" "-e" "SOURCE_DIR=/opt/rustwide/workdir" "-e" "CARGO_TARGET_DIR=/opt/rustwide/target" "-e" "CARGO_INCREMENTAL=0" "-e" "RUST_BACKTRACE=full" "-e" "RUSTFLAGS=--cap-lints=warn" "-e" "RUSTDOCFLAGS=--cap-lints=warn" "-e" "CARGO_HOME=/opt/rustwide/cargo-home" "-e" "RUSTUP_HOME=/opt/rustwide/rustup-home" "-w" "/opt/rustwide/workdir" "-m" "1610612736" "--user" "0:0" "--network" "none" "ghcr.io/rust-lang/crates-build-env/linux@sha256:5ff2268d62e97bff2cde7d5815dd6ed5b47097566f13b8d0ca110b04b60e07ed" "/opt/rustwide/cargo-home/bin/cargo" "+1.69.0" "test" "--frozen", kill_on_drop: false }`
[INFO] [stdout] 51ab0cbf556d899df2cb7154fca2d684c667e3a415082a3d1e5c52265b0fb978
[INFO] running `Command { std: "docker" "start" "-a" "51ab0cbf556d899df2cb7154fca2d684c667e3a415082a3d1e5c52265b0fb978", kill_on_drop: false }`
[INFO] [stderr]     Finished test [unoptimized + debuginfo] target(s) in 0.00s
[INFO] [stderr]      Running unittests src/lib.rs (/opt/rustwide/target/debug/deps/metasophiea_minigrep-9a98e84f91dea2a5)
[INFO] [stdout] 
[INFO] [stdout] running 2 tests
[INFO] [stdout] test tests::case_insensitive ... ok
[INFO] [stdout] test tests::one_result ... ok
[INFO] [stdout] 
[INFO] [stdout] test result: ok. 2 passed; 0 failed; 0 ignored; 0 measured; 0 filtered out; finished in 0.00s
[INFO] [stdout] 
[INFO] [stderr]      Running unittests src/main.rs (/opt/rustwide/target/debug/deps/metasophiea_minigrep-9de662d2295f8aa6)
[INFO] [stdout] 
[INFO] [stderr]    Doc-tests metasophiea_minigrep
[INFO] [stdout] running 0 tests
[INFO] [stdout] 
[INFO] [stdout] test result: ok. 0 passed; 0 failed; 0 ignored; 0 measured; 0 filtered out; finished in 0.00s
[INFO] [stdout] 
[INFO] [stdout] 
[INFO] [stdout] running 2 tests
[INFO] [stdout] test src/lib.rs - search (line 54) ... FAILED
[INFO] [stdout] test src/lib.rs - search_case_insensitive (line 74) ... FAILED
[INFO] [stdout] 
[INFO] [stdout] failures:
[INFO] [stdout] 
[INFO] [stdout] ---- src/lib.rs - search (line 54) stdout ----
[INFO] [stdout] error[E0425]: cannot find function `search` in this scope
[INFO] [stdout]   --> src/lib.rs:62:45
[INFO] [stdout]    |
[INFO] [stdout] 10 | assert_eq!(vec!["safe, fast, productive."], search(query,contents));
[INFO] [stdout]    |                                             ^^^^^^ not found in this scope
[INFO] [stdout]    |
[INFO] [stdout] help: consider importing this function
[INFO] [stdout]    |
[INFO] [stdout] 2  | use metasophiea_minigrep::search;
[INFO] [stdout]    |
[INFO] [stdout] 
[INFO] [stdout] error: aborting due to previous error
[INFO] [stdout] 
[INFO] [stdout] For more information about this error, try `rustc --explain E0425`.
[INFO] [stdout] Couldn't compile the test.
[INFO] [stdout] ---- src/lib.rs - search_case_insensitive (line 74) stdout ----
[INFO] [stdout] error[E0425]: cannot find function `search` in this scope
[INFO] [stdout]   --> src/lib.rs:82:45
[INFO] [stdout]    |
[INFO] [stdout] 10 | assert_eq!(vec!["safe, fast, productive."], search(query,contents));
[INFO] [stdout]    |                                             ^^^^^^ not found in this scope
[INFO] [stdout]    |
[INFO] [stdout] help: consider importing this function
[INFO] [stdout]    |
[INFO] [stdout] 2  | use metasophiea_minigrep::search;
[INFO] [stdout]    |
[INFO] [stdout] 
[INFO] [stdout] error: aborting due to previous error
[INFO] [stdout] 
[INFO] [stdout] For more information about this error, try `rustc --explain E0425`.
[INFO] [stdout] Couldn't compile the test.
[INFO] [stdout] 
[INFO] [stdout] failures:
[INFO] [stdout]     src/lib.rs - search (line 54)
[INFO] [stdout]     src/lib.rs - search_case_insensitive (line 74)
[INFO] [stdout] 
[INFO] [stdout] test result: FAILED. 0 passed; 2 failed; 0 ignored; 0 measured; 0 filtered out; finished in 0.04s
[INFO] [stdout] 
[INFO] [stderr] error: doctest failed, to rerun pass `--doc`
[INFO] running `Command { std: "docker" "inspect" "51ab0cbf556d899df2cb7154fca2d684c667e3a415082a3d1e5c52265b0fb978", kill_on_drop: false }`
[INFO] running `Command { std: "docker" "rm" "-f" "51ab0cbf556d899df2cb7154fca2d684c667e3a415082a3d1e5c52265b0fb978", kill_on_drop: false }`
[INFO] [stdout] 51ab0cbf556d899df2cb7154fca2d684c667e3a415082a3d1e5c52265b0fb978
