[INFO] fetching crate message-io 0.15.1...
[INFO] testing message-io-0.15.1 against beta-2023-04-20 for beta-1.70-1
[INFO] extracting crate message-io 0.15.1 into /workspace/builds/worker-7-tc2/source
[INFO] validating manifest of crates.io crate message-io 0.15.1 on toolchain beta-2023-04-20
[INFO] running `Command { std: CARGO_HOME="/workspace/cargo-home" RUSTUP_HOME="/workspace/rustup-home" "/workspace/cargo-home/bin/cargo" "+beta-2023-04-20" "metadata" "--manifest-path" "Cargo.toml" "--no-deps", kill_on_drop: false }`
[INFO] started tweaking crates.io crate message-io 0.15.1
[INFO] finished tweaking crates.io crate message-io 0.15.1
[INFO] tweaked toml for crates.io crate message-io 0.15.1 written to /workspace/builds/worker-7-tc2/source/Cargo.toml
[INFO] crate crates.io crate message-io 0.15.1 already has a lockfile, it will not be regenerated
[INFO] running `Command { std: CARGO_HOME="/workspace/cargo-home" RUSTUP_HOME="/workspace/rustup-home" "/workspace/cargo-home/bin/cargo" "+beta-2023-04-20" "fetch" "--manifest-path" "Cargo.toml", kill_on_drop: false }`
[INFO] [stderr]     Updating crates.io index
[INFO] [stderr]  Downloading crates ...
[INFO] [stderr]   Downloaded rustversion v1.0.7
[INFO] [stderr]   Downloaded strum_macros v0.24.2
[INFO] [stderr]   Downloaded serde v1.0.138
[INFO] [stderr]   Downloaded serde_derive v1.0.138
[INFO] [stderr]   Downloaded fern v0.6.1
[INFO] [stderr]   Downloaded test-case v1.2.3
[INFO] [stderr]   Downloaded tungstenite v0.16.0
[INFO] running `Command { std: "docker" "create" "-v" "/var/lib/crater-agent-workspace/builds/worker-7-tc2/target:/opt/rustwide/target:rw,Z" "-v" "/var/lib/crater-agent-workspace/builds/worker-7-tc2/source:/opt/rustwide/workdir:ro,Z" "-v" "/var/lib/crater-agent-workspace/cargo-home:/opt/rustwide/cargo-home:ro,Z" "-v" "/var/lib/crater-agent-workspace/rustup-home:/opt/rustwide/rustup-home:ro,Z" "-e" "SOURCE_DIR=/opt/rustwide/workdir" "-e" "CARGO_TARGET_DIR=/opt/rustwide/target" "-e" "CARGO_HOME=/opt/rustwide/cargo-home" "-e" "RUSTUP_HOME=/opt/rustwide/rustup-home" "-w" "/opt/rustwide/workdir" "-m" "1610612736" "--user" "0:0" "--network" "none" "ghcr.io/rust-lang/crates-build-env/linux@sha256:5ff2268d62e97bff2cde7d5815dd6ed5b47097566f13b8d0ca110b04b60e07ed" "/opt/rustwide/cargo-home/bin/cargo" "+beta-2023-04-20" "metadata" "--no-deps" "--format-version=1", kill_on_drop: false }`
[INFO] [stdout] cc75327c753730c21de6efd7c07c556136eb3a8350187bd7acf49e65fc7ed3ef
[INFO] running `Command { std: "docker" "start" "-a" "cc75327c753730c21de6efd7c07c556136eb3a8350187bd7acf49e65fc7ed3ef", kill_on_drop: false }`
[INFO] running `Command { std: "docker" "inspect" "cc75327c753730c21de6efd7c07c556136eb3a8350187bd7acf49e65fc7ed3ef", kill_on_drop: false }`
[INFO] running `Command { std: "docker" "rm" "-f" "cc75327c753730c21de6efd7c07c556136eb3a8350187bd7acf49e65fc7ed3ef", kill_on_drop: false }`
[INFO] [stdout] cc75327c753730c21de6efd7c07c556136eb3a8350187bd7acf49e65fc7ed3ef
[INFO] running `Command { std: "docker" "create" "-v" "/var/lib/crater-agent-workspace/builds/worker-7-tc2/target:/opt/rustwide/target:rw,Z" "-v" "/var/lib/crater-agent-workspace/builds/worker-7-tc2/source:/opt/rustwide/workdir:ro,Z" "-v" "/var/lib/crater-agent-workspace/cargo-home:/opt/rustwide/cargo-home:ro,Z" "-v" "/var/lib/crater-agent-workspace/rustup-home:/opt/rustwide/rustup-home:ro,Z" "-e" "SOURCE_DIR=/opt/rustwide/workdir" "-e" "CARGO_TARGET_DIR=/opt/rustwide/target" "-e" "CARGO_INCREMENTAL=0" "-e" "RUST_BACKTRACE=full" "-e" "RUSTFLAGS=--cap-lints=warn" "-e" "RUSTDOCFLAGS=--cap-lints=warn" "-e" "CARGO_HOME=/opt/rustwide/cargo-home" "-e" "RUSTUP_HOME=/opt/rustwide/rustup-home" "-w" "/opt/rustwide/workdir" "-m" "1610612736" "--user" "0:0" "--network" "none" "ghcr.io/rust-lang/crates-build-env/linux@sha256:5ff2268d62e97bff2cde7d5815dd6ed5b47097566f13b8d0ca110b04b60e07ed" "/opt/rustwide/cargo-home/bin/cargo" "+beta-2023-04-20" "build" "--frozen" "--message-format=json", kill_on_drop: false }`
[INFO] [stdout] 02bca8d9552ba31024b676ba45ce50b5b19fbf88e98ba1597625b851bd62b717
[INFO] running `Command { std: "docker" "start" "-a" "02bca8d9552ba31024b676ba45ce50b5b19fbf88e98ba1597625b851bd62b717", kill_on_drop: false }`
[INFO] [stderr]    Compiling proc-macro2 v1.0.40
[INFO] [stderr]    Compiling libc v0.2.140
[INFO] [stderr]    Compiling quote v1.0.20
[INFO] [stderr]    Compiling unicode-ident v1.0.1
[INFO] [stderr]    Compiling syn v1.0.98
[INFO] [stderr]    Compiling typenum v1.15.0
[INFO] [stderr]    Compiling tinyvec_macros v0.1.0
[INFO] [stderr]    Compiling generic-array v0.14.5
[INFO] [stderr]    Compiling tinyvec v1.6.0
[INFO] [stderr]    Compiling matches v0.1.9
[INFO] [stderr]    Compiling rustversion v1.0.7
[INFO] [stderr]    Compiling memoffset v0.7.1
[INFO] [stderr]    Compiling percent-encoding v2.1.0
[INFO] [stderr]    Compiling unicode-bidi v0.3.8
[INFO] [stderr]    Compiling crossbeam-utils v0.8.10
[INFO] [stderr]    Compiling ppv-lite86 v0.2.16
[INFO] [stderr]    Compiling httparse v1.7.1
[INFO] [stderr]    Compiling unicode-normalization v0.1.21
[INFO] [stderr]    Compiling serde_derive v1.0.138
[INFO] [stderr]    Compiling form_urlencoded v1.0.1
[INFO] [stderr]    Compiling serde v1.0.138
[INFO] [stderr]    Compiling bytes v1.1.0
[INFO] [stderr]    Compiling idna v0.2.3
[INFO] [stderr]    Compiling itoa v1.0.2
[INFO] [stderr]    Compiling getrandom v0.2.7
[INFO] [stderr]    Compiling opaque-debug v0.3.0
[INFO] [stderr]    Compiling rand_core v0.6.3
[INFO] [stderr]    Compiling heck v0.4.0
[INFO] [stderr]    Compiling once_cell v1.13.0
[INFO] [stderr]    Compiling rand_chacha v0.3.1
[INFO] [stderr]    Compiling block-buffer v0.9.0
[INFO] [stderr]    Compiling digest v0.9.0
[INFO] [stderr]    Compiling cpufeatures v0.2.2
[INFO] [stderr]    Compiling url v2.2.2
[INFO] [stderr]    Compiling http v0.2.8
[INFO] [stderr]    Compiling sha-1 v0.9.8
[INFO] [stderr]    Compiling rand v0.8.5
[INFO] [stderr]    Compiling static_assertions v1.1.0
[INFO] [stderr]    Compiling base64 v0.13.0
[INFO] [stderr]    Compiling nix v0.26.2
[INFO] [stderr]    Compiling crossbeam-channel v0.5.5
[INFO] [stderr]    Compiling mio v0.8.6
[INFO] [stderr]    Compiling socket2 v0.5.1
[INFO] [stderr]    Compiling integer-encoding v3.0.4
[INFO] [stderr]    Compiling thiserror-impl v1.0.31
[INFO] [stderr]    Compiling strum_macros v0.24.2
[INFO] [stderr]    Compiling thiserror v1.0.31
[INFO] [stderr]    Compiling strum v0.24.1
[INFO] [stderr]    Compiling tungstenite v0.16.0
[INFO] [stderr]    Compiling message-io v0.15.1 (/opt/rustwide/workdir)
[INFO] [stderr]     Finished dev [unoptimized + debuginfo] target(s) in 32.27s
[INFO] running `Command { std: "docker" "inspect" "02bca8d9552ba31024b676ba45ce50b5b19fbf88e98ba1597625b851bd62b717", kill_on_drop: false }`
[INFO] running `Command { std: "docker" "rm" "-f" "02bca8d9552ba31024b676ba45ce50b5b19fbf88e98ba1597625b851bd62b717", kill_on_drop: false }`
[INFO] [stdout] 02bca8d9552ba31024b676ba45ce50b5b19fbf88e98ba1597625b851bd62b717
[INFO] running `Command { std: "docker" "create" "-v" "/var/lib/crater-agent-workspace/builds/worker-7-tc2/target:/opt/rustwide/target:rw,Z" "-v" "/var/lib/crater-agent-workspace/builds/worker-7-tc2/source:/opt/rustwide/workdir:ro,Z" "-v" "/var/lib/crater-agent-workspace/cargo-home:/opt/rustwide/cargo-home:ro,Z" "-v" "/var/lib/crater-agent-workspace/rustup-home:/opt/rustwide/rustup-home:ro,Z" "-e" "SOURCE_DIR=/opt/rustwide/workdir" "-e" "CARGO_TARGET_DIR=/opt/rustwide/target" "-e" "CARGO_INCREMENTAL=0" "-e" "RUST_BACKTRACE=full" "-e" "RUSTFLAGS=--cap-lints=warn" "-e" "RUSTDOCFLAGS=--cap-lints=warn" "-e" "CARGO_HOME=/opt/rustwide/cargo-home" "-e" "RUSTUP_HOME=/opt/rustwide/rustup-home" "-w" "/opt/rustwide/workdir" "-m" "1610612736" "--user" "0:0" "--network" "none" "ghcr.io/rust-lang/crates-build-env/linux@sha256:5ff2268d62e97bff2cde7d5815dd6ed5b47097566f13b8d0ca110b04b60e07ed" "/opt/rustwide/cargo-home/bin/cargo" "+beta-2023-04-20" "test" "--frozen" "--no-run" "--message-format=json", kill_on_drop: false }`
[INFO] [stdout] 611c8e4fe31e9e5c558ff3cbad75b408008ff4523a098ee8b7e94f989201cc1b
[INFO] running `Command { std: "docker" "start" "-a" "611c8e4fe31e9e5c558ff3cbad75b408008ff4523a098ee8b7e94f989201cc1b", kill_on_drop: false }`
[INFO] [stderr]    Compiling memoffset v0.6.5
[INFO] [stderr]    Compiling num-traits v0.2.15
[INFO] [stderr]    Compiling crossbeam-epoch v0.9.9
[INFO] [stderr]    Compiling rayon-core v1.9.3
[INFO] [stderr]    Compiling indexmap v1.9.2
[INFO] [stderr]    Compiling either v1.7.0
[INFO] [stderr]    Compiling serde_json v1.0.82
[INFO] [stderr]    Compiling num_cpus v1.13.1
[INFO] [stderr]    Compiling rayon v1.5.3
[INFO] [stderr]    Compiling num-integer v0.1.45
[INFO] [stderr]    Compiling ciborium-io v0.2.0
[INFO] [stderr]    Compiling ryu v1.0.10
[INFO] [stderr]    Compiling os_str_bytes v6.4.1
[INFO] [stderr]    Compiling hashbrown v0.12.3
[INFO] [stderr]    Compiling plotters-backend v0.3.2
[INFO] [stderr]    Compiling half v1.8.2
[INFO] [stderr]    Compiling clap_lex v0.2.4
[INFO] [stderr]    Compiling crossbeam-deque v0.8.1
[INFO] [stderr]    Compiling ciborium-ll v0.2.0
[INFO] [stderr]    Compiling plotters-svg v0.3.1
[INFO] [stderr]    Compiling itertools v0.10.3
[INFO] [stderr]    Compiling test-case v1.2.3
[INFO] [stderr]    Compiling doc-comment v0.3.3
[INFO] [stderr]    Compiling textwrap v0.16.0
[INFO] [stderr]    Compiling regex-syntax v0.6.26
[INFO] [stderr]    Compiling cast v0.3.0
[INFO] [stderr]    Compiling clap v3.2.23
[INFO] [stderr]    Compiling plotters v0.3.1
[INFO] [stderr]    Compiling walkdir v2.3.2
[INFO] [stderr]    Compiling tinytemplate v1.2.1
[INFO] [stderr]    Compiling ciborium v0.2.0
[INFO] [stderr]    Compiling criterion-plot v0.5.0
[INFO] [stderr]    Compiling time v0.1.44
[INFO] [stderr]    Compiling regex v1.5.6
[INFO] [stderr]    Compiling atty v0.2.14
[INFO] [stderr]    Compiling oorandom v11.1.3
[INFO] [stderr]    Compiling anes v0.1.6
[INFO] [stderr]    Compiling chrono v0.4.19
[INFO] [stderr]    Compiling fern v0.6.1
[INFO] [stderr]    Compiling bincode v1.3.3
[INFO] [stderr]    Compiling criterion v0.4.0
[INFO] [stderr]    Compiling message-io v0.15.1 (/opt/rustwide/workdir)
[INFO] [stderr]     Finished test [unoptimized + debuginfo] target(s) in 34.29s
[INFO] running `Command { std: "docker" "inspect" "611c8e4fe31e9e5c558ff3cbad75b408008ff4523a098ee8b7e94f989201cc1b", kill_on_drop: false }`
[INFO] running `Command { std: "docker" "rm" "-f" "611c8e4fe31e9e5c558ff3cbad75b408008ff4523a098ee8b7e94f989201cc1b", kill_on_drop: false }`
[INFO] [stdout] 611c8e4fe31e9e5c558ff3cbad75b408008ff4523a098ee8b7e94f989201cc1b
[INFO] running `Command { std: "docker" "create" "-v" "/var/lib/crater-agent-workspace/builds/worker-7-tc2/target:/opt/rustwide/target:rw,Z" "-v" "/var/lib/crater-agent-workspace/builds/worker-7-tc2/source:/opt/rustwide/workdir:ro,Z" "-v" "/var/lib/crater-agent-workspace/cargo-home:/opt/rustwide/cargo-home:ro,Z" "-v" "/var/lib/crater-agent-workspace/rustup-home:/opt/rustwide/rustup-home:ro,Z" "-e" "SOURCE_DIR=/opt/rustwide/workdir" "-e" "CARGO_TARGET_DIR=/opt/rustwide/target" "-e" "CARGO_INCREMENTAL=0" "-e" "RUST_BACKTRACE=full" "-e" "RUSTFLAGS=--cap-lints=warn" "-e" "RUSTDOCFLAGS=--cap-lints=warn" "-e" "CARGO_HOME=/opt/rustwide/cargo-home" "-e" "RUSTUP_HOME=/opt/rustwide/rustup-home" "-w" "/opt/rustwide/workdir" "-m" "1610612736" "--user" "0:0" "--network" "none" "ghcr.io/rust-lang/crates-build-env/linux@sha256:5ff2268d62e97bff2cde7d5815dd6ed5b47097566f13b8d0ca110b04b60e07ed" "/opt/rustwide/cargo-home/bin/cargo" "+beta-2023-04-20" "test" "--frozen", kill_on_drop: false }`
[INFO] [stdout] 386ffb984d108d11773c3a8dd161788ff44c90e3e2c8d436c7f913fb50843944
[INFO] running `Command { std: "docker" "start" "-a" "386ffb984d108d11773c3a8dd161788ff44c90e3e2c8d436c7f913fb50843944", kill_on_drop: false }`
[INFO] [stderr]     Finished test [unoptimized + debuginfo] target(s) in 0.08s
[INFO] [stderr]      Running unittests src/lib.rs (/opt/rustwide/target/debug/deps/message_io-e11726fd574eaebb)
[INFO] [stdout] 
[INFO] [stdout] running 56 tests
[INFO] [stdout] test events::tests::drop_queue_before_sender ... ok
[INFO] [stdout] test events::tests::priority_events_order_try_receive ... ok
[INFO] [stdout] test events::tests::priority_events_order ... ok
[INFO] [stdout] test events::tests::standard_events_order_try_receive ... ok
[INFO] [stdout] test events::tests::standard_events_order ... ok
[INFO] [stdout] test events::tests::waiting_timer_event ... ok
[INFO] [stdout] test network::endpoint::tests::from_local_non_connection_oriented ... ok
[INFO] [stdout] test network::remote_addr::tests::socket_addr_to_socket_addr ... ok
[INFO] [stdout] test network::remote_addr::tests::str_to_socket_addr ... ok
[INFO] [stdout] test network::remote_addr::tests::str_to_string ... ok
[INFO] [stdout] test network::remote_addr::tests::string_to_socket_addr ... ok
[INFO] [stdout] test network::remote_addr::tests::string_to_string ... ok
[INFO] [stdout] test network::resource_id::tests::adapter_id ... ok
[INFO] [stdout] test network::resource_id::tests::base_value ... ok
[INFO] [stdout] test network::resource_id::tests::resource_type ... ok
[INFO] [stdout] test events::tests::timer_events_order_try_receive ... ok
[INFO] [stdout] test network::tests::create_remove_listener ... ok
[INFO] [stdout] test network::tests::create_remove_listener_with_connection ... ok
[INFO] [stdout] test network::tests::successful_connection::_transport_framedtcp ... ok
[INFO] [stdout] test events::tests::default_and_timer_events_order_try_receive ... ok
[INFO] [stdout] test events::tests::default_and_timer_events_order ... ok
[INFO] [stdout] test events::tests::cancel_timers ... ok
[INFO] [stdout] test events::tests::priority_and_timer_events_order ... ok
[INFO] [stdout] test events::tests::priority_and_timer_events_order_try_receive ... ok
[INFO] [stdout] test network::tests::successful_connection::_transport_tcp ... ok
[INFO] [stdout] test events::tests::timer_events_order ... ok
[INFO] [stdout] test network::tests::successful_connection::_transport_ws ... ok
[INFO] [stdout] test network::tests::successful_connection_sync::_transport_framedtcp ... ok
[INFO] [stdout] test network::tests::successful_connection_sync::_transport_ws ... ok
[INFO] [stdout] test network::tests::successful_connection_sync::_transport_tcp ... ok
[INFO] [stdout] test node::tests::create_node_and_drop ... ok
[INFO] [stdout] test node::tests::async_node ... ok
[INFO] [stdout] test node::tests::enqueue ... ok
[INFO] [stdout] test node::tests::sync_node ... ok
[INFO] [stdout] test node::tests::wait_already_waited_task ... ok
[INFO] [stdout] test util::encoding::tests::decode_byte_per_byte ... ok
[INFO] [stdout] test util::encoding::tests::decode_message_after_non_enough_padding ... ok
[INFO] [stdout] test util::encoding::tests::decode_message_no_size ... ok
[INFO] [stdout] test util::encoding::tests::decode_message_one_byte ... ok
[INFO] [stdout] test util::encoding::tests::decode_message_var_size_in_two_data ... ok
[INFO] [stdout] test util::encoding::tests::decode_multiple_messages_exact ... ok
[INFO] [stdout] test util::encoding::tests::decode_one_message ... ok
[INFO] [stdout] test util::encoding::tests::decode_one_message_in_two_parts ... ok
[INFO] [stdout] test util::encoding::tests::decode_two_messages_in_two_parts ... ok
[INFO] [stdout] test util::encoding::tests::encode_one_big_message ... ok
[INFO] [stdout] test util::encoding::tests::encode_one_message ... ok
[INFO] [stdout] test node::tests::wait_task ... ok
[INFO] [stdout] test util::thread::tests::basic_usage ... ok
[INFO] [stdout] test util::thread::tests::drop_implies_join ... ok
[INFO] [stdout] test util::thread::tests::join_result ... ok
[INFO] [stdout] test network::tests::unreachable_connection::_transport_framedtcp ... ok
[INFO] [stdout] test network::tests::unreachable_connection::_transport_ws ... ok
[INFO] [stdout] test network::tests::unreachable_connection_sync::_transport_framedtcp ... ok
[INFO] [stdout] test network::tests::unreachable_connection::_transport_tcp ... ok
[INFO] [stdout] test network::tests::unreachable_connection_sync::_transport_tcp ... ok
[INFO] [stdout] test network::tests::unreachable_connection_sync::_transport_ws ... ok
[INFO] [stdout] 
[INFO] [stdout] test result: ok. 56 passed; 0 failed; 0 ignored; 0 measured; 0 filtered out; finished in 8.25s
[INFO] [stdout] 
[INFO] [stderr]      Running tests/integration.rs (/opt/rustwide/target/debug/deps/integration-568c7950f9f06a6d)
[INFO] [stdout] 
[INFO] [stdout] running 16 tests
[INFO] [stdout] test echo::_transport_tcp_1 ... ok
[INFO] [stdout] test echo::_transport_framedtcp_1 ... ok
[INFO] [stdout] test echo::_transport_udp_1 ... ok
[INFO] [stdout] test echo::_transport_framedtcp_100 ... ok
[INFO] [stdout] test echo::_transport_tcp_100 ... ok
[INFO] [stdout] test echo::_transport_udp_100 ... ok
[INFO] [stdout] test echo::_transport_ws_1 ... ok
[INFO] [stdout] test echo::_transport_ws_100 ... ok
[INFO] [stdout] test multicast_reuse_addr ... FAILED
[INFO] [stdout] test message_size::_transport_udp_udp_max_local_payload_len ... ok
[INFO] [stdout] test burst::_transport_udp_2000 ... ok
[INFO] [stdout] test burst::_transport_framedtcp_200000 ... ok
[INFO] [stdout] test burst::_transport_ws_200000 ... ok
[INFO] [stdout] test message_size::_transport_framedtcp_big_message_size ... ok
[INFO] [stdout] test message_size::_transport_tcp_big_message_size ... ok
[INFO] [stdout] test message_size::_transport_ws_big_message_size ... ok
[INFO] [stdout] 
[INFO] [stdout] failures:
[INFO] [stdout] 
[INFO] [stdout] ---- multicast_reuse_addr stdout ----
[INFO] [stdout] thread 'multicast_reuse_addr' panicked at 'called `Result::unwrap()` on an `Err` value: Os { code: 19, kind: Uncategorized, message: "No such device" }', tests/integration.rs:347:75
[INFO] [stdout] stack backtrace:
[INFO] [stdout]    0:     0x5615791bed4a - std::backtrace_rs::backtrace::libunwind::trace::h2f05d0192276a8f6
[INFO] [stdout]                                at /rustc/1b7dd2252b99671ce5d1cb9664c5f8636329436d/library/std/src/../../backtrace/src/backtrace/libunwind.rs:93:5
[INFO] [stdout]    1:     0x5615791bed4a - std::backtrace_rs::backtrace::trace_unsynchronized::hedc23dff7a1af150
[INFO] [stdout]                                at /rustc/1b7dd2252b99671ce5d1cb9664c5f8636329436d/library/std/src/../../backtrace/src/backtrace/mod.rs:66:5
[INFO] [stdout]    2:     0x5615791bed4a - std::sys_common::backtrace::_print_fmt::h17541ef7592f3ce2
[INFO] [stdout]                                at /rustc/1b7dd2252b99671ce5d1cb9664c5f8636329436d/library/std/src/sys_common/backtrace.rs:65:5
[INFO] [stdout]    3:     0x5615791bed4a - <std::sys_common::backtrace::_print::DisplayBacktrace as core::fmt::Display>::fmt::h20f75df5ab0c0792
[INFO] [stdout]                                at /rustc/1b7dd2252b99671ce5d1cb9664c5f8636329436d/library/std/src/sys_common/backtrace.rs:44:22
[INFO] [stdout]    4:     0x5615791e642f - core::fmt::write::h78109e6f466b3af6
[INFO] [stdout]                                at /rustc/1b7dd2252b99671ce5d1cb9664c5f8636329436d/library/core/src/fmt/mod.rs:1254:17
[INFO] [stdout]    5:     0x5615791bb705 - std::io::Write::write_fmt::hd24bfb68a1b35a25
[INFO] [stdout]                                at /rustc/1b7dd2252b99671ce5d1cb9664c5f8636329436d/library/std/src/io/mod.rs:1698:15
[INFO] [stdout]    6:     0x5615791beb15 - std::sys_common::backtrace::_print::h8dac57a9f8fbf9a5
[INFO] [stdout]                                at /rustc/1b7dd2252b99671ce5d1cb9664c5f8636329436d/library/std/src/sys_common/backtrace.rs:47:5
[INFO] [stdout]    7:     0x5615791beb15 - std::sys_common::backtrace::print::hf9ecbf41d1aa712f
[INFO] [stdout]                                at /rustc/1b7dd2252b99671ce5d1cb9664c5f8636329436d/library/std/src/sys_common/backtrace.rs:34:9
[INFO] [stdout]    8:     0x5615791c07ce - std::panicking::default_hook::{{closure}}::h04c07acfc84ca028
[INFO] [stdout]                                at /rustc/1b7dd2252b99671ce5d1cb9664c5f8636329436d/library/std/src/panicking.rs:269:22
[INFO] [stdout]    9:     0x5615791c0501 - std::panicking::default_hook::h01f6bb23e1eceb2c
[INFO] [stdout]                                at /rustc/1b7dd2252b99671ce5d1cb9664c5f8636329436d/library/std/src/panicking.rs:285:9
[INFO] [stdout]   10:     0x56157903c16b - <alloc::boxed::Box<F,A> as core::ops::function::Fn<Args>>::call::h87fe9f7b2fd49e4c
[INFO] [stdout]                                at /rustc/1b7dd2252b99671ce5d1cb9664c5f8636329436d/library/alloc/src/boxed.rs:1987:9
[INFO] [stdout]   11:     0x56157903c16b - test::test_main::{{closure}}::he94d679243a7531b
[INFO] [stdout]                                at /rustc/1b7dd2252b99671ce5d1cb9664c5f8636329436d/library/test/src/lib.rs:134:21
[INFO] [stdout]   12:     0x5615791c0eb4 - <alloc::boxed::Box<F,A> as core::ops::function::Fn<Args>>::call::h3f2d6d8b14c4769f
[INFO] [stdout]                                at /rustc/1b7dd2252b99671ce5d1cb9664c5f8636329436d/library/alloc/src/boxed.rs:1987:9
[INFO] [stdout]   13:     0x5615791c0eb4 - std::panicking::rust_panic_with_hook::h2bb3722bbaf2f6df
[INFO] [stdout]                                at /rustc/1b7dd2252b99671ce5d1cb9664c5f8636329436d/library/std/src/panicking.rs:695:13
[INFO] [stdout]   14:     0x5615791c0c29 - std::panicking::begin_panic_handler::{{closure}}::h91bc7f36a4be011b
[INFO] [stdout]                                at /rustc/1b7dd2252b99671ce5d1cb9664c5f8636329436d/library/std/src/panicking.rs:582:13
[INFO] [stdout]   15:     0x5615791bf1b6 - std::sys_common::backtrace::__rust_end_short_backtrace::h8b3d3717114f9e59
[INFO] [stdout]                                at /rustc/1b7dd2252b99671ce5d1cb9664c5f8636329436d/library/std/src/sys_common/backtrace.rs:150:18
[INFO] [stdout]   16:     0x5615791c0982 - rust_begin_unwind
[INFO] [stdout]                                at /rustc/1b7dd2252b99671ce5d1cb9664c5f8636329436d/library/std/src/panicking.rs:578:5
[INFO] [stdout]   17:     0x561578f88203 - core::panicking::panic_fmt::hfd368e3fbdabea26
[INFO] [stdout]                                at /rustc/1b7dd2252b99671ce5d1cb9664c5f8636329436d/library/core/src/panicking.rs:67:14
[INFO] [stdout]   18:     0x561578f887a3 - core::result::unwrap_failed::he54eb4b2f125b26f
[INFO] [stdout]                                at /rustc/1b7dd2252b99671ce5d1cb9664c5f8636329436d/library/core/src/result.rs:1687:5
[INFO] [stdout]   19:     0x561578f9a65d - core::result::Result<T,E>::unwrap::haf891d4b812a1458
[INFO] [stdout]                                at /rustc/1b7dd2252b99671ce5d1cb9664c5f8636329436d/library/core/src/result.rs:1089:23
[INFO] [stdout]   20:     0x561578fcc8f9 - integration::multicast_reuse_addr::hced1268e196e6560
[INFO] [stdout]                                at /opt/rustwide/workdir/tests/integration.rs:347:21
[INFO] [stdout]   21:     0x561578fcc7a7 - integration::multicast_reuse_addr::{{closure}}::he519fd74029b3063
[INFO] [stdout]                                at /opt/rustwide/workdir/tests/integration.rs:340:27
[INFO] [stdout]   22:     0x561578fc4625 - core::ops::function::FnOnce::call_once::hac3daadf21a9da08
[INFO] [stdout]                                at /rustc/1b7dd2252b99671ce5d1cb9664c5f8636329436d/library/core/src/ops/function.rs:250:5
[INFO] [stdout]   23:     0x56157904103f - core::ops::function::FnOnce::call_once::ha6a70e79f7481a7e
[INFO] [stdout]                                at /rustc/1b7dd2252b99671ce5d1cb9664c5f8636329436d/library/core/src/ops/function.rs:250:5
[INFO] [stdout]   24:     0x56157904103f - test::__rust_begin_short_backtrace::hce33033019b61e69
[INFO] [stdout]                                at /rustc/1b7dd2252b99671ce5d1cb9664c5f8636329436d/library/test/src/lib.rs:655:18
[INFO] [stdout]   25:     0x56157900e82c - test::run_test::{{closure}}::h858d3528838ae3e5
[INFO] [stdout]                                at /rustc/1b7dd2252b99671ce5d1cb9664c5f8636329436d/library/test/src/lib.rs:646:30
[INFO] [stdout]   26:     0x56157900e82c - core::ops::function::FnOnce::call_once{{vtable.shim}}::he8ac2b00f01ae79e
[INFO] [stdout]                                at /rustc/1b7dd2252b99671ce5d1cb9664c5f8636329436d/library/core/src/ops/function.rs:250:5
[INFO] [stdout]   27:     0x561579040116 - <alloc::boxed::Box<F,A> as core::ops::function::FnOnce<Args>>::call_once::h8093d25b522725ef
[INFO] [stdout]                                at /rustc/1b7dd2252b99671ce5d1cb9664c5f8636329436d/library/alloc/src/boxed.rs:1973:9
[INFO] [stdout]   28:     0x561579040116 - <core::panic::unwind_safe::AssertUnwindSafe<F> as core::ops::function::FnOnce<()>>::call_once::h5c334c204e4a3913
[INFO] [stdout]                                at /rustc/1b7dd2252b99671ce5d1cb9664c5f8636329436d/library/core/src/panic/unwind_safe.rs:271:9
[INFO] [stdout]   29:     0x561579040116 - std::panicking::try::do_call::ha8b740c7b9478074
[INFO] [stdout]                                at /rustc/1b7dd2252b99671ce5d1cb9664c5f8636329436d/library/std/src/panicking.rs:485:40
[INFO] [stdout]   30:     0x561579040116 - std::panicking::try::h5d34f63d0e41b64e
[INFO] [stdout]                                at /rustc/1b7dd2252b99671ce5d1cb9664c5f8636329436d/library/std/src/panicking.rs:449:19
[INFO] [stdout]   31:     0x561579040116 - std::panic::catch_unwind::hcfbb511e1aa7fc67
[INFO] [stdout]                                at /rustc/1b7dd2252b99671ce5d1cb9664c5f8636329436d/library/std/src/panic.rs:140:14
[INFO] [stdout]   32:     0x561579040116 - test::run_test_in_process::h9abda90f802eaf21
[INFO] [stdout]                                at /rustc/1b7dd2252b99671ce5d1cb9664c5f8636329436d/library/test/src/lib.rs:678:27
[INFO] [stdout]   33:     0x561579040116 - test::run_test::run_test_inner::{{closure}}::h0f058de91f6c6edf
[INFO] [stdout]                                at /rustc/1b7dd2252b99671ce5d1cb9664c5f8636329436d/library/test/src/lib.rs:572:39
[INFO] [stdout]   34:     0x561579009035 - test::run_test::run_test_inner::{{closure}}::h5ca48a4c59c6c1fb
[INFO] [stdout]                                at /rustc/1b7dd2252b99671ce5d1cb9664c5f8636329436d/library/test/src/lib.rs:599:37
[INFO] [stdout]   35:     0x561579009035 - std::sys_common::backtrace::__rust_begin_short_backtrace::h32bd51e1495d4a33
[INFO] [stdout]                                at /rustc/1b7dd2252b99671ce5d1cb9664c5f8636329436d/library/std/src/sys_common/backtrace.rs:134:18
[INFO] [stdout]   36:     0x56157900e571 - std::thread::Builder::spawn_unchecked_::{{closure}}::{{closure}}::hc086fae9b128b2db
[INFO] [stdout]                                at /rustc/1b7dd2252b99671ce5d1cb9664c5f8636329436d/library/std/src/thread/mod.rs:526:17
[INFO] [stdout]   37:     0x56157900e571 - <core::panic::unwind_safe::AssertUnwindSafe<F> as core::ops::function::FnOnce<()>>::call_once::hb66571888d270d43
[INFO] [stdout]                                at /rustc/1b7dd2252b99671ce5d1cb9664c5f8636329436d/library/core/src/panic/unwind_safe.rs:271:9
[INFO] [stdout]   38:     0x56157900e571 - std::panicking::try::do_call::h4fa2ef4f6e51fecf
[INFO] [stdout]                                at /rustc/1b7dd2252b99671ce5d1cb9664c5f8636329436d/library/std/src/panicking.rs:485:40
[INFO] [stdout]   39:     0x56157900e571 - std::panicking::try::h1e9e22b8584489b5
[INFO] [stdout]                                at /rustc/1b7dd2252b99671ce5d1cb9664c5f8636329436d/library/std/src/panicking.rs:449:19
[INFO] [stdout]   40:     0x56157900e571 - std::panic::catch_unwind::h44698a3de0e0769e
[INFO] [stdout]                                at /rustc/1b7dd2252b99671ce5d1cb9664c5f8636329436d/library/std/src/panic.rs:140:14
[INFO] [stdout]   41:     0x56157900e571 - std::thread::Builder::spawn_unchecked_::{{closure}}::h50153abde3fe239e
[INFO] [stdout]                                at /rustc/1b7dd2252b99671ce5d1cb9664c5f8636329436d/library/std/src/thread/mod.rs:525:30
[INFO] [stdout]   42:     0x56157900e571 - core::ops::function::FnOnce::call_once{{vtable.shim}}::hbe5bbf6f38394364
[INFO] [stdout]                                at /rustc/1b7dd2252b99671ce5d1cb9664c5f8636329436d/library/core/src/ops/function.rs:250:5
[INFO] [stdout]   43:     0x5615791c5605 - <alloc::boxed::Box<F,A> as core::ops::function::FnOnce<Args>>::call_once::h0d83cb2920a49046
[INFO] [stdout]                                at /rustc/1b7dd2252b99671ce5d1cb9664c5f8636329436d/library/alloc/src/boxed.rs:1973:9
[INFO] [stdout]   44:     0x5615791c5605 - <alloc::boxed::Box<F,A> as core::ops::function::FnOnce<Args>>::call_once::hbe0a008aa7d9ef59
[INFO] [stdout]                                at /rustc/1b7dd2252b99671ce5d1cb9664c5f8636329436d/library/alloc/src/boxed.rs:1973:9
[INFO] [stdout]   45:     0x5615791c5605 - std::sys::unix::thread::Thread::new::thread_start::h3a466996bdf6b1f9
[INFO] [stdout]                                at /rustc/1b7dd2252b99671ce5d1cb9664c5f8636329436d/library/std/src/sys/unix/thread.rs:108:17
[INFO] [stdout]   46:     0x7f8331348b43 - <unknown>
[INFO] [stdout]   47:     0x7f83313d9bb4 - __clone
[INFO] [stdout]   48:                0x0 - <unknown>
[INFO] [stdout] 
[INFO] [stdout] 
[INFO] [stdout] failures:
[INFO] [stdout]     multicast_reuse_addr
[INFO] [stdout] 
[INFO] [stdout] test result: FAILED. 15 passed; 1 failed; 0 ignored; 0 measured; 0 filtered out; finished in 2.14s
[INFO] [stdout] 
[INFO] [stderr] error: test failed, to rerun pass `--test integration`
[INFO] running `Command { std: "docker" "inspect" "386ffb984d108d11773c3a8dd161788ff44c90e3e2c8d436c7f913fb50843944", kill_on_drop: false }`
[INFO] running `Command { std: "docker" "rm" "-f" "386ffb984d108d11773c3a8dd161788ff44c90e3e2c8d436c7f913fb50843944", kill_on_drop: false }`
[INFO] [stdout] 386ffb984d108d11773c3a8dd161788ff44c90e3e2c8d436c7f913fb50843944
